[INFO] fetching crate eppo_core 8.0.2...
[INFO] documenting eppo_core-8.0.2 against 1.85.0 for beta-1.86-rustdoc-1
[INFO] extracting crate eppo_core 8.0.2 into /workspace/builds/worker-1-tc1/source
[INFO] validating manifest of crates.io crate eppo_core 8.0.2 on toolchain 1.85.0
[INFO] running `Command { std: CARGO_HOME="/workspace/cargo-home" RUSTUP_HOME="/workspace/rustup-home" "/workspace/cargo-home/bin/cargo" "+1.85.0" "metadata" "--manifest-path" "Cargo.toml" "--no-deps", kill_on_drop: false }`
[INFO] started tweaking crates.io crate eppo_core 8.0.2
[INFO] finished tweaking crates.io crate eppo_core 8.0.2
[INFO] tweaked toml for crates.io crate eppo_core 8.0.2 written to /workspace/builds/worker-1-tc1/source/Cargo.toml
[INFO] crate crates.io crate eppo_core 8.0.2 already has a lockfile, it will not be regenerated
[INFO] running `Command { std: CARGO_HOME="/workspace/cargo-home" RUSTUP_HOME="/workspace/rustup-home" "/workspace/cargo-home/bin/cargo" "+1.85.0" "fetch" "--manifest-path" "Cargo.toml", kill_on_drop: false }`
[INFO] [stderr]     Updating crates.io index
[INFO] [stderr]  Downloading crates ...
[INFO] [stderr]   Downloaded rb-sys-env v0.1.2
[INFO] [stderr]   Downloaded serde-bool v0.1.3
[INFO] [stderr]   Downloaded magnus-macros v0.6.0
[INFO] [stderr]   Downloaded exponential-backoff v2.0.0
[INFO] [stderr]   Downloaded rb-sys-build v0.9.110
[INFO] [stderr]   Downloaded magnus v0.6.4
[INFO] [stderr]   Downloaded rb-sys v0.9.110
[INFO] [stderr]   Downloaded serde_magnus v0.8.1
[INFO] [stderr]   Downloaded serde-pyobject v0.5.0
[INFO] [stderr]   Downloaded faststr v0.2.29
[INFO] running `Command { std: "docker" "create" "-v" "/var/lib/crater-agent-workspace/builds/worker-1-tc1/target:/opt/rustwide/target:rw,Z" "-v" "/var/lib/crater-agent-workspace/builds/worker-1-tc1/source:/opt/rustwide/workdir:ro,Z" "-v" "/var/lib/crater-agent-workspace/cargo-home:/opt/rustwide/cargo-home:ro,Z" "-v" "/var/lib/crater-agent-workspace/rustup-home:/opt/rustwide/rustup-home:ro,Z" "-e" "SOURCE_DIR=/opt/rustwide/workdir" "-e" "CARGO_TARGET_DIR=/opt/rustwide/target" "-e" "CARGO_HOME=/opt/rustwide/cargo-home" "-e" "RUSTUP_HOME=/opt/rustwide/rustup-home" "-w" "/opt/rustwide/workdir" "-m" "1610612736" "--user" "0:0" "--network" "none" "ghcr.io/rust-lang/crates-build-env/linux@sha256:3959728d45483eb673ba100a951a6b9f5012970368db2a9e08e0ac9b67c8a5ad" "/opt/rustwide/cargo-home/bin/cargo" "+1.85.0" "metadata" "--no-deps" "--format-version=1", kill_on_drop: false }`
[INFO] [stdout] 915cbdb8df6cc4e9b1fedfcbbf3c9b3c6060f2428f12d998b416d0bdd66ed919
[INFO] running `Command { std: "docker" "start" "-a" "915cbdb8df6cc4e9b1fedfcbbf3c9b3c6060f2428f12d998b416d0bdd66ed919", kill_on_drop: false }`
[INFO] running `Command { std: "docker" "inspect" "915cbdb8df6cc4e9b1fedfcbbf3c9b3c6060f2428f12d998b416d0bdd66ed919", kill_on_drop: false }`
[INFO] running `Command { std: "docker" "rm" "-f" "915cbdb8df6cc4e9b1fedfcbbf3c9b3c6060f2428f12d998b416d0bdd66ed919", kill_on_drop: false }`
[INFO] [stdout] 915cbdb8df6cc4e9b1fedfcbbf3c9b3c6060f2428f12d998b416d0bdd66ed919
[INFO] running `Command { std: "docker" "create" "-v" "/var/lib/crater-agent-workspace/builds/worker-1-tc1/target:/opt/rustwide/target:rw,Z" "-v" "/var/lib/crater-agent-workspace/builds/worker-1-tc1/source:/opt/rustwide/workdir:ro,Z" "-v" "/var/lib/crater-agent-workspace/cargo-home:/opt/rustwide/cargo-home:ro,Z" "-v" "/var/lib/crater-agent-workspace/rustup-home:/opt/rustwide/rustup-home:ro,Z" "-e" "SOURCE_DIR=/opt/rustwide/workdir" "-e" "CARGO_TARGET_DIR=/opt/rustwide/target" "-e" "CARGO_INCREMENTAL=0" "-e" "RUST_BACKTRACE=full" "-e" "RUSTFLAGS=--cap-lints=warn" "-e" "RUSTDOCFLAGS=--cap-lints=warn" "-e" "CARGO_HOME=/opt/rustwide/cargo-home" "-e" "RUSTUP_HOME=/opt/rustwide/rustup-home" "-w" "/opt/rustwide/workdir" "-m" "1610612736" "--user" "0:0" "--network" "none" "ghcr.io/rust-lang/crates-build-env/linux@sha256:3959728d45483eb673ba100a951a6b9f5012970368db2a9e08e0ac9b67c8a5ad" "/opt/rustwide/cargo-home/bin/cargo" "+1.85.0" "doc" "--frozen" "--no-deps" "--document-private-items" "--message-format=json", kill_on_drop: false }`
[INFO] [stdout] 1de62ee77ffcaa895f0e8e1ade9562f9b592f3b8c8348525a317177dc9510816
[INFO] running `Command { std: "docker" "start" "-a" "1de62ee77ffcaa895f0e8e1ade9562f9b592f3b8c8348525a317177dc9510816", kill_on_drop: false }`
[INFO] [stderr]    Compiling proc-macro2 v1.0.93
[INFO] [stderr]    Compiling unicode-ident v1.0.16
[INFO] [stderr]    Compiling libc v0.2.169
[INFO] [stderr]    Compiling serde v1.0.217
[INFO] [stderr]    Compiling autocfg v1.4.0
[INFO] [stderr]     Checking bytes v1.10.0
[INFO] [stderr]     Checking stable_deref_trait v1.2.0
[INFO] [stderr]     Checking pin-project-lite v0.2.16
[INFO] [stderr]    Compiling shlex v1.3.0
[INFO] [stderr]     Checking futures-core v0.3.31
[INFO] [stderr]    Compiling cc v1.2.12
[INFO] [stderr]    Compiling pkg-config v0.3.31
[INFO] [stderr]     Checking once_cell v1.20.3
[INFO] [stderr]    Compiling typeid v1.0.2
[INFO] [stderr]    Compiling vcpkg v0.2.15
[INFO] [stderr]    Compiling slab v0.4.9
[INFO] [stderr]     Checking itoa v1.0.14
[INFO] [stderr]     Checking cfg-if v1.0.0
[INFO] [stderr]     Checking futures-task v0.3.31
[INFO] [stderr]     Checking writeable v0.5.5
[INFO] [stderr]     Checking litemap v0.7.4
[INFO] [stderr]     Checking pin-utils v0.1.0
[INFO] [stderr]     Checking fnv v1.0.7
[INFO] [stderr]     Checking smallvec v1.13.2
[INFO] [stderr]     Checking icu_locid_transform_data v1.5.0
[INFO] [stderr]     Checking http v1.2.0
[INFO] [stderr]     Checking tracing-core v0.1.33
[INFO] [stderr]    Compiling quote v1.0.38
[INFO] [stderr]     Checking mio v1.0.3
[INFO] [stderr]     Checking socket2 v0.5.8
[INFO] [stderr]     Checking icu_properties_data v1.5.0
[INFO] [stderr]    Compiling httparse v1.10.0
[INFO] [stderr]    Compiling syn v2.0.98
[INFO] [stderr]     Checking futures-sink v0.3.31
[INFO] [stderr]     Checking foreign-types-shared v0.1.1
[INFO] [stderr]     Checking hashbrown v0.15.2
[INFO] [stderr]    Compiling openssl v0.10.70
[INFO] [stderr]     Checking equivalent v1.0.1
[INFO] [stderr]     Checking foreign-types v0.3.2
[INFO] [stderr]     Checking tracing v0.1.41
[INFO] [stderr]     Checking icu_normalizer_data v1.5.0
[INFO] [stderr]     Checking utf8_iter v1.0.4
[INFO] [stderr]     Checking bitflags v2.8.0
[INFO] [stderr]     Checking memchr v2.7.4
[INFO] [stderr]     Checking utf16_iter v1.0.5
[INFO] [stderr]     Checking try-lock v0.2.5
[INFO] [stderr]    Compiling openssl-sys v0.9.105
[INFO] [stderr]     Checking write16 v1.0.0
[INFO] [stderr]    Compiling ident_case v1.0.1
[INFO] [stderr]    Compiling zerocopy v0.8.17
[INFO] [stderr]    Compiling getrandom v0.3.1
[INFO] [stderr]    Compiling native-tls v0.2.13
[INFO] [stderr]    Compiling strsim v0.11.1
[INFO] [stderr]     Checking atomic-waker v1.1.2
[INFO] [stderr]     Checking want v0.3.1
[INFO] [stderr]     Checking futures-channel v0.3.31
[INFO] [stderr]     Checking byteorder v1.5.0
[INFO] [stderr]     Checking indexmap v2.7.1
[INFO] [stderr]     Checking http-body v1.0.1
[INFO] [stderr]     Checking openssl-probe v0.1.6
[INFO] [stderr]     Checking percent-encoding v2.3.1
[INFO] [stderr]     Checking tower-service v0.3.3
[INFO] [stderr]     Checking form_urlencoded v1.2.1
[INFO] [stderr]    Compiling num-traits v0.2.19
[INFO] [stderr]     Checking ryu v1.0.19
[INFO] [stderr]    Compiling serde_json v1.0.138
[INFO] [stderr]     Checking aho-corasick v1.1.3
[INFO] [stderr]     Checking sync_wrapper v1.0.2
[INFO] [stderr]     Checking base64 v0.22.1
[INFO] [stderr]    Compiling thiserror v2.0.11
[INFO] [stderr]    Compiling semver v1.0.25
[INFO] [stderr]     Checking regex-syntax v0.8.5
[INFO] [stderr]     Checking rustls-pki-types v1.11.0
[INFO] [stderr]     Checking tower-layer v0.3.3
[INFO] [stderr]     Checking encoding_rs v0.8.35
[INFO] [stderr]     Checking rustls-pemfile v2.2.0
[INFO] [stderr]     Checking simdutf8 v0.1.5
[INFO] [stderr]     Checking mime v0.3.17
[INFO] [stderr]     Checking hex v0.4.3
[INFO] [stderr]     Checking ipnet v2.11.0
[INFO] [stderr]     Checking iana-time-zone v0.1.61
[INFO] [stderr]     Checking md5 v0.7.0
[INFO] [stderr]     Checking rand_core v0.9.0
[INFO] [stderr]     Checking regex-automata v0.4.9
[INFO] [stderr]    Compiling synstructure v0.13.1
[INFO] [stderr]    Compiling darling_core v0.20.10
[INFO] [stderr]     Checking regex v1.11.1
[INFO] [stderr]    Compiling serde_derive v1.0.217
[INFO] [stderr]    Compiling zerofrom-derive v0.1.5
[INFO] [stderr]    Compiling yoke-derive v0.7.5
[INFO] [stderr]    Compiling zerovec-derive v0.10.3
[INFO] [stderr]    Compiling displaydoc v0.2.5
[INFO] [stderr]    Compiling futures-macro v0.3.31
[INFO] [stderr]    Compiling tokio-macros v2.5.0
[INFO] [stderr]    Compiling icu_provider_macros v1.5.0
[INFO] [stderr]     Checking tokio v1.43.0
[INFO] [stderr]     Checking futures-util v0.3.31
[INFO] [stderr]    Compiling openssl-macros v0.1.1
[INFO] [stderr]    Compiling zerocopy-derive v0.7.35
[INFO] [stderr]    Compiling thiserror-impl v2.0.11
[INFO] [stderr]     Checking zerofrom v0.1.5
[INFO] [stderr]     Checking yoke v0.7.5
[INFO] [stderr]    Compiling darling_macro v0.20.10
[INFO] [stderr]     Checking zerovec v0.10.4
[INFO] [stderr]     Checking zerocopy v0.7.35
[INFO] [stderr]    Compiling darling v0.20.10
[INFO] [stderr]    Compiling serde_with_macros v3.12.0
[INFO] [stderr]     Checking tinystr v0.7.6
[INFO] [stderr]     Checking icu_collections v1.5.0
[INFO] [stderr]     Checking icu_locid v1.5.0
[INFO] [stderr]     Checking ppv-lite86 v0.2.20
[INFO] [stderr]     Checking http-body-util v0.1.2
[INFO] [stderr]    Compiling derive_more-impl v2.0.1
[INFO] [stderr]     Checking rand_chacha v0.9.0
[INFO] [stderr]     Checking icu_provider v1.5.0
[INFO] [stderr]     Checking tokio-util v0.7.13
[INFO] [stderr]     Checking tower v0.5.2
[INFO] [stderr]     Checking rand v0.9.0
[INFO] [stderr]     Checking icu_locid_transform v1.5.0
[INFO] [stderr]     Checking h2 v0.4.7
[INFO] [stderr]     Checking icu_properties v1.5.1
[INFO] [stderr]     Checking derive_more v2.0.1
[INFO] [stderr]     Checking icu_normalizer v1.5.0
[INFO] [stderr]     Checking erased-serde v0.4.5
[INFO] [stderr]     Checking serde_fmt v1.0.3
[INFO] [stderr]     Checking serde_urlencoded v0.7.1
[INFO] [stderr]     Checking faststr v0.2.29
[INFO] [stderr]     Checking hyper v1.6.0
[INFO] [stderr]     Checking idna_adapter v1.2.0
[INFO] [stderr]     Checking chrono v0.4.39
[INFO] [stderr]     Checking idna v1.0.3
[INFO] [stderr]     Checking serde_with v3.12.0
[INFO] [stderr]     Checking serde-bool v0.1.3
[INFO] [stderr]     Checking url v2.5.4
[INFO] [stderr]     Checking value-bag-serde1 v1.10.0
[INFO] [stderr]     Checking value-bag v1.10.0
[INFO] [stderr]     Checking log v0.4.25
[INFO] [stderr]     Checking hyper-util v0.1.10
[INFO] [stderr]     Checking tokio-native-tls v0.3.1
[INFO] [stderr]     Checking hyper-tls v0.6.0
[INFO] [stderr]     Checking reqwest v0.12.12
[INFO] [stderr]  Documenting eppo_core v8.0.2 (/opt/rustwide/workdir)
[INFO] [stdout] warning: unresolved link to `poller_thread::PollerThread`
[INFO] [stdout]   --> src/lib.rs:25:22
[INFO] [stdout]    |
[INFO] [stdout] 25 | //! [`PollerThread`](poller_thread::PollerThread) launches a background thread that periodically
[INFO] [stdout]    |                      ^^^^^^^^^^^^^^^^^^^^^^^^^^^ no item named `poller_thread` in scope
[INFO] [stdout]    |
[INFO] [stdout]    = note: `#[warn(rustdoc::broken_intra_doc_links)]` on by default
[INFO] [stdout] 
[INFO] [stdout] 
[INFO] [stdout] warning: unresolved link to `BackgroundThread::spawn_tracked`
[INFO] [stdout]   --> src/background/runtime.rs:61:11
[INFO] [stdout]    |
[INFO] [stdout] 61 |     /// [`BackgroundThread::spawn_tracked()`] and watch this cancellation token.
[INFO] [stdout]    |           ^^^^^^^^^^^^^^^^^^^^^^^^^^^^^^^^^ no item named `BackgroundThread` in scope
[INFO] [stdout] 
[INFO] [stdout] 
[INFO] [stdout] warning: unresolved link to `BackgroundThread`
[INFO] [stdout]    --> src/background/runtime.rs:111:72
[INFO] [stdout]     |
[INFO] [stdout] 111 |     /// This is intended to be used by a tokio runtime driver (e.g., [`BackgroundThread`]) to
[INFO] [stdout]     |                                                                        ^^^^^^^^^^^^^^^^ no item named `BackgroundThread` in scope
[INFO] [stdout]     |
[INFO] [stdout]     = help: to escape `[` and `]` characters, add '\' before them like `\[` or `\]`
[INFO] [stdout] 
[INFO] [stdout] 
[INFO] [stdout] warning: public documentation for `ConfigurationPollerConfig` links to private item `configuration_poller`
[INFO] [stdout]   --> src/configuration_poller.rs:11:25
[INFO] [stdout]    |
[INFO] [stdout] 11 | /// Configuration for [`configuration_poller`].
[INFO] [stdout]    |                         ^^^^^^^^^^^^^^^^^^^^ this item is private
[INFO] [stdout]    |
[INFO] [stdout]    = note: this link resolves only because you passed `--document-private-items`, but will break without
[INFO] [stdout]    = note: `#[warn(rustdoc::private_intra_doc_links)]` on by default
[INFO] [stdout] 
[INFO] [stdout] 
[INFO] [stderr]     Finished `dev` profile [unoptimized + debuginfo] target(s) in 1m 24s
[INFO] [stderr]    Generated /opt/rustwide/target/doc/eppo_core/index.html
[INFO] running `Command { std: "docker" "inspect" "1de62ee77ffcaa895f0e8e1ade9562f9b592f3b8c8348525a317177dc9510816", kill_on_drop: false }`
[INFO] running `Command { std: "docker" "rm" "-f" "1de62ee77ffcaa895f0e8e1ade9562f9b592f3b8c8348525a317177dc9510816", kill_on_drop: false }`
[INFO] [stdout] 1de62ee77ffcaa895f0e8e1ade9562f9b592f3b8c8348525a317177dc9510816
[INFO] running `Command { std: "docker" "create" "-v" "/var/lib/crater-agent-workspace/builds/worker-1-tc1/target:/opt/rustwide/target:rw,Z" "-v" "/var/lib/crater-agent-workspace/builds/worker-1-tc1/source:/opt/rustwide/workdir:ro,Z" "-v" "/var/lib/crater-agent-workspace/cargo-home:/opt/rustwide/cargo-home:ro,Z" "-v" "/var/lib/crater-agent-workspace/rustup-home:/opt/rustwide/rustup-home:ro,Z" "-e" "SOURCE_DIR=/opt/rustwide/workdir" "-e" "CARGO_TARGET_DIR=/opt/rustwide/target" "-e" "CARGO_INCREMENTAL=0" "-e" "RUST_BACKTRACE=full" "-e" "RUSTFLAGS=--cap-lints=warn" "-e" "RUSTDOCFLAGS=--cap-lints=warn" "-e" "RUSTC_BOOTSTRAP=1" "-e" "DOCS_RS=1" "-e" "CARGO_HOME=/opt/rustwide/cargo-home" "-e" "RUSTUP_HOME=/opt/rustwide/rustup-home" "-w" "/opt/rustwide/workdir" "-m" "1610612736" "--user" "0:0" "--network" "none" "ghcr.io/rust-lang/crates-build-env/linux@sha256:3959728d45483eb673ba100a951a6b9f5012970368db2a9e08e0ac9b67c8a5ad" "/opt/rustwide/cargo-home/bin/cargo" "+1.85.0" "rustdoc" "--lib" "-Zrustdoc-map" "--config" "build.rustdocflags=[\"--cfg\", \"docsrs\", \"-Z\", \"unstable-options\", \"--document-private-items\"]" "--frozen" "--message-format=json", kill_on_drop: false }`
[INFO] [stdout] 3ff8e4bc9307749e7af46562568a453913f5e548be1a8da0da74fecf8abcfcb5
[INFO] running `Command { std: "docker" "start" "-a" "3ff8e4bc9307749e7af46562568a453913f5e548be1a8da0da74fecf8abcfcb5", kill_on_drop: false }`
[INFO] [stderr]    Compiling proc-macro2 v1.0.93
[INFO] [stderr]    Compiling thiserror v2.0.11
[INFO] [stderr]    Compiling quote v1.0.38
[INFO] [stderr]    Compiling syn v2.0.98
[INFO] [stderr]    Compiling synstructure v0.13.1
[INFO] [stderr]    Compiling darling_core v0.20.10
[INFO] [stderr]    Compiling serde_derive v1.0.217
[INFO] [stderr]    Compiling zerofrom-derive v0.1.5
[INFO] [stderr]    Compiling yoke-derive v0.7.5
[INFO] [stderr]    Compiling zerovec-derive v0.10.3
[INFO] [stderr]    Compiling displaydoc v0.2.5
[INFO] [stderr]    Compiling futures-macro v0.3.31
[INFO] [stderr]    Compiling tokio-macros v2.5.0
[INFO] [stdout] error: couldn't create a temp dir: No space left on device (os error 28) at path "/opt/rustwide/target/debug/deps/rmetaGAmIjL"
[INFO] [stdout] 
[INFO] [stdout] 
[INFO] [stderr] error: could not compile `futures-macro` (lib) due to 1 previous error
[INFO] [stderr] warning: build failed, waiting for other jobs to finish...
[INFO] [stdout] error: linking with `cc` failed: exit status: 1
[INFO] [stdout]   |
[INFO] [stdout]   = note: LC_ALL="C" PATH="/opt/rustwide/rustup-home/toolchains/1.85.0-x86_64-unknown-linux-gnu/lib/rustlib/x86_64-unknown-linux-gnu/bin:/opt/rustwide/cargo-home/bin:/usr/local/sbin:/usr/local/bin:/usr/sbin:/usr/bin:/sbin:/bin" VSLANG="1033" "cc" "-Wl,--version-script=/tmp/rustccuSBv4/list" "-Wl,--no-undefined-version" "-m64" "/tmp/rustccuSBv4/symbols.o" "<6 object files omitted>" "/opt/rustwide/target/debug/deps/tokio_macros-4abfcf201511b51b.8sepujzznp1si00hjnerg4jy0.rcgu.rmeta" "<1 object files omitted>" "-Wl,--as-needed" "-Wl,-Bstatic" "/opt/rustwide/target/debug/deps/{libsyn-8908711228b9beed.rlib,libquote-c99c1a475b6b8e10.rlib,libproc_macro2-6978a52c07252070.rlib,libunicode_ident-0e016c6c86c5f0d5.rlib}" "/opt/rustwide/rustup-home/toolchains/1.85.0-x86_64-unknown-linux-gnu/lib/rustlib/x86_64-unknown-linux-gnu/lib/{libproc_macro-57e423f2e16d22f0.rlib,libstd-6273572f18644c87.rlib,libpanic_unwind-267e668abf74a283.rlib,libobject-ec6154ccae37a33e.rlib,libmemchr-500edd5521c440d4.rlib,libaddr2line-86d8d9428792e8ef.rlib,libgimli-10f06487503767c2.rlib,librustc_demangle-6a38424de1e5bca5.rlib,libstd_detect-de9763ea1c19dca3.rlib,libhashbrown-a7f5bb2f736d3c49.rlib,librustc_std_workspace_alloc-7e368919bdc4a44c.rlib,libminiz_oxide-376454d49910c786.rlib,libadler-fa99f5692b5dce85.rlib,libunwind-91cafdaf16f7fe40.rlib,libcfg_if-f7ee3f1ea78d9dae.rlib,liblibc-d3a35665f881365a.rlib,liballoc-715bc629a88bca60.rlib,librustc_std_workspace_core-ae70165d1278cff7.rlib,libcore-406129d0e3fbc101.rlib,libcompiler_builtins-1af05515ab19524a.rlib}" "-Wl,-Bdynamic" "-lgcc_s" "-lutil" "-lrt" "-lpthread" "-lm" "-ldl" "-lc" "-Wl,--eh-frame-hdr" "-Wl,-z,noexecstack" "-L" "/opt/rustwide/rustup-home/toolchains/1.85.0-x86_64-unknown-linux-gnu/lib/rustlib/x86_64-unknown-linux-gnu/lib" "-o" "/opt/rustwide/target/debug/deps/libtokio_macros-4abfcf201511b51b.so" "-Wl,--gc-sections" "-shared" "-Wl,-z,relro,-z,now" "-nodefaultlibs"
[INFO] [stdout]   = note: some arguments are omitted. use `--verbose` to show all linker arguments
[INFO] [stdout]   = note: /usr/bin/ld: final link failed: No space left on device
[INFO] [stdout]           collect2: error: ld returned 1 exit status
[INFO] [stdout]           
[INFO] [stdout] 
[INFO] [stdout] 
[INFO] [stderr] error: could not compile `tokio-macros` (lib) due to 1 previous error
[INFO] [stderr] rustc-LLVM ERROR: IO failure on output stream: No space left on device
[INFO] [stdout] error: linking with `cc` failed: exit status: 1
[INFO] [stdout]   |
[INFO] [stdout]   = note: LC_ALL="C" PATH="/opt/rustwide/rustup-home/toolchains/1.85.0-x86_64-unknown-linux-gnu/lib/rustlib/x86_64-unknown-linux-gnu/bin:/opt/rustwide/cargo-home/bin:/usr/local/sbin:/usr/local/bin:/usr/sbin:/usr/bin:/sbin:/bin" VSLANG="1033" "cc" "-Wl,--version-script=/tmp/rustc9t5GnA/list" "-Wl,--no-undefined-version" "-m64" "/tmp/rustc9t5GnA/symbols.o" "<10 object files omitted>" "/opt/rustwide/target/debug/deps/zerovec_derive-8b4ebf2f773a686b.d4uu89nylmvwsbhvfuq2peii2.rcgu.rmeta" "<1 object files omitted>" "-Wl,--as-needed" "-Wl,-Bstatic" "/opt/rustwide/target/debug/deps/{libsyn-8908711228b9beed.rlib,libquote-c99c1a475b6b8e10.rlib,libproc_macro2-6978a52c07252070.rlib,libunicode_ident-0e016c6c86c5f0d5.rlib}" "/opt/rustwide/rustup-home/toolchains/1.85.0-x86_64-unknown-linux-gnu/lib/rustlib/x86_64-unknown-linux-gnu/lib/{libproc_macro-57e423f2e16d22f0.rlib,libstd-6273572f18644c87.rlib,libpanic_unwind-267e668abf74a283.rlib,libobject-ec6154ccae37a33e.rlib,libmemchr-500edd5521c440d4.rlib,libaddr2line-86d8d9428792e8ef.rlib,libgimli-10f06487503767c2.rlib,librustc_demangle-6a38424de1e5bca5.rlib,libstd_detect-de9763ea1c19dca3.rlib,libhashbrown-a7f5bb2f736d3c49.rlib,librustc_std_workspace_alloc-7e368919bdc4a44c.rlib,libminiz_oxide-376454d49910c786.rlib,libadler-fa99f5692b5dce85.rlib,libunwind-91cafdaf16f7fe40.rlib,libcfg_if-f7ee3f1ea78d9dae.rlib,liblibc-d3a35665f881365a.rlib,liballoc-715bc629a88bca60.rlib,librustc_std_workspace_core-ae70165d1278cff7.rlib,libcore-406129d0e3fbc101.rlib,libcompiler_builtins-1af05515ab19524a.rlib}" "-Wl,-Bdynamic" "-lgcc_s" "-lutil" "-lrt" "-lpthread" "-lm" "-ldl" "-lc" "-Wl,--eh-frame-hdr" "-Wl,-z,noexecstack" "-L" "/opt/rustwide/rustup-home/toolchains/1.85.0-x86_64-unknown-linux-gnu/lib/rustlib/x86_64-unknown-linux-gnu/lib" "-o" "/opt/rustwide/target/debug/deps/libzerovec_derive-8b4ebf2f773a686b.so" "-Wl,--gc-sections" "-shared" "-Wl,-z,relro,-z,now" "-nodefaultlibs"
[INFO] [stdout]   = note: some arguments are omitted. use `--verbose` to show all linker arguments
[INFO] [stdout]   = note: /usr/bin/ld: final link failed: No space left on device
[INFO] [stdout]           collect2: error: ld returned 1 exit status
[INFO] [stdout]           
[INFO] [stdout] 
[INFO] [stdout] 
[INFO] [stderr] error: could not compile `darling_core` (lib)
[INFO] [stderr] 
[INFO] [stderr] Caused by:
[INFO] [stderr]   process didn't exit successfully: `/opt/rustwide/rustup-home/toolchains/1.85.0-x86_64-unknown-linux-gnu/bin/rustc --crate-name darling_core --edition=2021 /opt/rustwide/cargo-home/registry/src/index.crates.io-1949cf8c6b5b557f/darling_core-0.20.10/src/lib.rs --error-format=json --json=diagnostic-rendered-ansi,artifacts,future-incompat --crate-type lib --emit=dep-info,metadata,link -C embed-bitcode=no --cfg 'feature="strsim"' --cfg 'feature="suggestions"' --check-cfg 'cfg(docsrs,test)' --check-cfg 'cfg(feature, values("diagnostics", "strsim", "suggestions"))' -C metadata=ab463ac60fab4f05 -C extra-filename=-637d16a28cdb192d --out-dir /opt/rustwide/target/debug/deps -L dependency=/opt/rustwide/target/debug/deps --extern fnv=/opt/rustwide/target/debug/deps/libfnv-fa73cbc146328442.rmeta --extern ident_case=/opt/rustwide/target/debug/deps/libident_case-1988a0bca1cac566.rmeta --extern proc_macro2=/opt/rustwide/target/debug/deps/libproc_macro2-6978a52c07252070.rmeta --extern quote=/opt/rustwide/target/debug/deps/libquote-c99c1a475b6b8e10.rmeta --extern strsim=/opt/rustwide/target/debug/deps/libstrsim-338ce9df1fa82b5e.rmeta --extern syn=/opt/rustwide/target/debug/deps/libsyn-8908711228b9beed.rmeta --cap-lints allow --cap-lints=warn` (exit status: 101)
[INFO] [stderr] error: could not compile `zerovec-derive` (lib) due to 1 previous error
[INFO] [stdout] error: linking with `cc` failed: exit status: 1
[INFO] [stdout]   |
[INFO] [stdout]   = note: LC_ALL="C" PATH="/opt/rustwide/rustup-home/toolchains/1.85.0-x86_64-unknown-linux-gnu/lib/rustlib/x86_64-unknown-linux-gnu/bin:/opt/rustwide/cargo-home/bin:/usr/local/sbin:/usr/local/bin:/usr/sbin:/usr/bin:/sbin:/bin" VSLANG="1033" "cc" "-Wl,--version-script=/tmp/rustcvIf6S7/list" "-Wl,--no-undefined-version" "-m64" "/tmp/rustcvIf6S7/symbols.o" "<13 object files omitted>" "/opt/rustwide/target/debug/deps/zerofrom_derive-fa0cdbcc3eb9a162.eorcpr98z1yugbgxmeozfd96l.rcgu.rmeta" "<1 object files omitted>" "-Wl,--as-needed" "-Wl,-Bstatic" "/opt/rustwide/target/debug/deps/{libsynstructure-62db6c2f2ca50476.rlib,libsyn-8908711228b9beed.rlib,libquote-c99c1a475b6b8e10.rlib,libproc_macro2-6978a52c07252070.rlib,libunicode_ident-0e016c6c86c5f0d5.rlib}" "/opt/rustwide/rustup-home/toolchains/1.85.0-x86_64-unknown-linux-gnu/lib/rustlib/x86_64-unknown-linux-gnu/lib/{libproc_macro-57e423f2e16d22f0.rlib,libstd-6273572f18644c87.rlib,libpanic_unwind-267e668abf74a283.rlib,libobject-ec6154ccae37a33e.rlib,libmemchr-500edd5521c440d4.rlib,libaddr2line-86d8d9428792e8ef.rlib,libgimli-10f06487503767c2.rlib,librustc_demangle-6a38424de1e5bca5.rlib,libstd_detect-de9763ea1c19dca3.rlib,libhashbrown-a7f5bb2f736d3c49.rlib,librustc_std_workspace_alloc-7e368919bdc4a44c.rlib,libminiz_oxide-376454d49910c786.rlib,libadler-fa99f5692b5dce85.rlib,libunwind-91cafdaf16f7fe40.rlib,libcfg_if-f7ee3f1ea78d9dae.rlib,liblibc-d3a35665f881365a.rlib,liballoc-715bc629a88bca60.rlib,librustc_std_workspace_core-ae70165d1278cff7.rlib,libcore-406129d0e3fbc101.rlib,libcompiler_builtins-1af05515ab19524a.rlib}" "-Wl,-Bdynamic" "-lgcc_s" "-lutil" "-lrt" "-lpthread" "-lm" "-ldl" "-lc" "-Wl,--eh-frame-hdr" "-Wl,-z,noexecstack" "-L" "/opt/rustwide/rustup-home/toolchains/1.85.0-x86_64-unknown-linux-gnu/lib/rustlib/x86_64-unknown-linux-gnu/lib" "-o" "/opt/rustwide/target/debug/deps/libzerofrom_derive-fa0cdbcc3eb9a162.so" "-Wl,--gc-sections" "-shared" "-Wl,-z,relro,-z,now" "-nodefaultlibs"
[INFO] [stdout]   = note: some arguments are omitted. use `--verbose` to show all linker arguments
[INFO] [stdout]   = note: /usr/bin/ld: final link failed: No space left on device
[INFO] [stdout]           collect2: error: ld returned 1 exit status
[INFO] [stdout]           
[INFO] [stdout] 
[INFO] [stdout] 
[INFO] [stderr] error: could not compile `zerofrom-derive` (lib) due to 1 previous error
[INFO] running `Command { std: "docker" "inspect" "3ff8e4bc9307749e7af46562568a453913f5e548be1a8da0da74fecf8abcfcb5", kill_on_drop: false }`
[INFO] running `Command { std: "docker" "rm" "-f" "3ff8e4bc9307749e7af46562568a453913f5e548be1a8da0da74fecf8abcfcb5", kill_on_drop: false }`
[INFO] [stdout] 3ff8e4bc9307749e7af46562568a453913f5e548be1a8da0da74fecf8abcfcb5
