[INFO] fetching crate eigen-testing-utils 0.4.0...
[INFO] documenting eigen-testing-utils-0.4.0 against 1.85.0 for beta-1.86-rustdoc-1
[INFO] extracting crate eigen-testing-utils 0.4.0 into /workspace/builds/worker-2-tc1/source
[INFO] validating manifest of crates.io crate eigen-testing-utils 0.4.0 on toolchain 1.85.0
[INFO] running `Command { std: CARGO_HOME="/workspace/cargo-home" RUSTUP_HOME="/workspace/rustup-home" "/workspace/cargo-home/bin/cargo" "+1.85.0" "metadata" "--manifest-path" "Cargo.toml" "--no-deps", kill_on_drop: false }`
[INFO] started tweaking crates.io crate eigen-testing-utils 0.4.0
[INFO] finished tweaking crates.io crate eigen-testing-utils 0.4.0
[INFO] tweaked toml for crates.io crate eigen-testing-utils 0.4.0 written to /workspace/builds/worker-2-tc1/source/Cargo.toml
[INFO] crate crates.io crate eigen-testing-utils 0.4.0 already has a lockfile, it will not be regenerated
[INFO] running `Command { std: CARGO_HOME="/workspace/cargo-home" RUSTUP_HOME="/workspace/rustup-home" "/workspace/cargo-home/bin/cargo" "+1.85.0" "fetch" "--manifest-path" "Cargo.toml", kill_on_drop: false }`
[INFO] [stderr]     Updating crates.io index
[INFO] [stderr]  Downloading crates ...
[INFO] [stderr]   Downloaded docker_credential v1.3.1
[INFO] [stderr]   Downloaded tokio-tar v0.3.1
[INFO] [stderr]   Downloaded bollard-stubs v1.45.0-rc.26.0.1
[INFO] [stderr]   Downloaded parse-display-derive v0.9.1
[INFO] [stderr]   Downloaded parse-display v0.9.1
[INFO] [stderr]   Downloaded testcontainers v0.23.1
[INFO] [stderr]   Downloaded bollard v0.17.1
[INFO] [stderr]   Downloaded eigen-utils v0.4.0
[INFO] [stderr]   Downloaded aws-smithy-types v1.2.11
[INFO] [stderr]   Downloaded alloy-serde v0.9.2
[INFO] [stderr]   Downloaded alloy-rpc-types v0.9.2
[INFO] [stderr]   Downloaded alloy-provider v0.9.2
[INFO] [stderr]   Downloaded alloy-dyn-abi v0.8.18
[INFO] [stderr]   Downloaded eigen-common v0.4.0
[INFO] [stderr]   Downloaded alloy-chains v0.1.53
[INFO] [stderr]   Downloaded alloy-rpc-client v0.9.2
[INFO] [stderr]   Downloaded alloy-contract v0.9.2
[INFO] [stderr]   Downloaded alloy-rpc-types-any v0.9.2
[INFO] [stderr]   Downloaded alloy-sol-type-parser v0.8.18
[INFO] [stderr]   Downloaded alloy-core v0.8.18
[INFO] [stderr]   Downloaded aws-runtime v1.5.3
[INFO] [stderr]   Downloaded alloy-consensus v0.9.2
[INFO] [stderr]   Downloaded alloy-signer-local v0.9.2
[INFO] [stderr]   Downloaded alloy-rpc-types-engine v0.9.2
[INFO] [stderr]   Downloaded aws-smithy-runtime v1.7.6
[INFO] [stderr]   Downloaded aws-smithy-async v1.2.3
[INFO] [stderr]   Downloaded alloy-signer-aws v0.9.2
[INFO] [stderr]   Downloaded alloy-consensus-any v0.9.2
[INFO] [stderr]   Downloaded alloy-eip7702 v0.5.0
[INFO] [stderr]   Downloaded alloy-network-primitives v0.9.2
[INFO] [stderr]   Downloaded alloy-genesis v0.9.2
[INFO] [stderr]   Downloaded alloy-rpc-types-eth v0.9.2
[INFO] [stderr]   Downloaded alloy-transport-http v0.9.2
[INFO] [stderr]   Downloaded alloy-sol-macro-expander v0.8.18
[INFO] [stderr]   Downloaded nybbles v0.3.4
[INFO] [stderr]   Downloaded alloy-eips v0.9.2
[INFO] [stderr]   Downloaded alloy-transport-ipc v0.9.2
[INFO] [stderr]   Downloaded alloy-primitives v0.8.18
[INFO] [stderr]   Downloaded alloy-network v0.9.2
[INFO] [stderr]   Downloaded alloy-signer v0.9.2
[INFO] [stderr]   Downloaded alloy-rlp-derive v0.3.10
[INFO] [stderr]   Downloaded alloy-rlp v0.3.10
[INFO] [stderr]   Downloaded fastrlp v0.4.0
[INFO] [stderr]   Downloaded ruint v1.12.4
[INFO] [stderr]   Downloaded alloy-json-abi v0.8.18
[INFO] [stderr]   Downloaded syn-solidity v0.8.18
[INFO] [stderr]   Downloaded aws-sdk-kms v1.54.0
[INFO] [stderr]   Downloaded alloy-sol-macro v0.8.18
[INFO] [stderr]   Downloaded alloy-sol-types v0.8.18
[INFO] [stderr]   Downloaded alloy-transport v0.9.2
[INFO] [stderr]   Downloaded alloy-transport-ws v0.9.2
[INFO] [stderr]   Downloaded alloy v0.9.2
[INFO] [stderr]   Downloaded alloy-trie v0.7.8
[INFO] [stderr]   Downloaded alloy-pubsub v0.9.2
[INFO] [stderr]   Downloaded alloy-sol-macro-input v0.8.18
[INFO] [stderr]   Downloaded alloy-json-rpc v0.9.2
[INFO] running `Command { std: "docker" "create" "-v" "/var/lib/crater-agent-workspace/builds/worker-2-tc1/target:/opt/rustwide/target:rw,Z" "-v" "/var/lib/crater-agent-workspace/builds/worker-2-tc1/source:/opt/rustwide/workdir:ro,Z" "-v" "/var/lib/crater-agent-workspace/cargo-home:/opt/rustwide/cargo-home:ro,Z" "-v" "/var/lib/crater-agent-workspace/rustup-home:/opt/rustwide/rustup-home:ro,Z" "-e" "SOURCE_DIR=/opt/rustwide/workdir" "-e" "CARGO_TARGET_DIR=/opt/rustwide/target" "-e" "CARGO_HOME=/opt/rustwide/cargo-home" "-e" "RUSTUP_HOME=/opt/rustwide/rustup-home" "-w" "/opt/rustwide/workdir" "-m" "1610612736" "--user" "0:0" "--network" "none" "ghcr.io/rust-lang/crates-build-env/linux@sha256:3959728d45483eb673ba100a951a6b9f5012970368db2a9e08e0ac9b67c8a5ad" "/opt/rustwide/cargo-home/bin/cargo" "+1.85.0" "metadata" "--no-deps" "--format-version=1", kill_on_drop: false }`
[INFO] [stdout] 9aa94df3aa1839fac3d0925c11e1c5fbe51355fd79b54516848622c881c3a4f6
[INFO] running `Command { std: "docker" "start" "-a" "9aa94df3aa1839fac3d0925c11e1c5fbe51355fd79b54516848622c881c3a4f6", kill_on_drop: false }`
[INFO] running `Command { std: "docker" "inspect" "9aa94df3aa1839fac3d0925c11e1c5fbe51355fd79b54516848622c881c3a4f6", kill_on_drop: false }`
[INFO] running `Command { std: "docker" "rm" "-f" "9aa94df3aa1839fac3d0925c11e1c5fbe51355fd79b54516848622c881c3a4f6", kill_on_drop: false }`
[INFO] [stdout] 9aa94df3aa1839fac3d0925c11e1c5fbe51355fd79b54516848622c881c3a4f6
[INFO] running `Command { std: "docker" "create" "-v" "/var/lib/crater-agent-workspace/builds/worker-2-tc1/target:/opt/rustwide/target:rw,Z" "-v" "/var/lib/crater-agent-workspace/builds/worker-2-tc1/source:/opt/rustwide/workdir:ro,Z" "-v" "/var/lib/crater-agent-workspace/cargo-home:/opt/rustwide/cargo-home:ro,Z" "-v" "/var/lib/crater-agent-workspace/rustup-home:/opt/rustwide/rustup-home:ro,Z" "-e" "SOURCE_DIR=/opt/rustwide/workdir" "-e" "CARGO_TARGET_DIR=/opt/rustwide/target" "-e" "CARGO_INCREMENTAL=0" "-e" "RUST_BACKTRACE=full" "-e" "RUSTFLAGS=--cap-lints=warn" "-e" "RUSTDOCFLAGS=--cap-lints=warn" "-e" "CARGO_HOME=/opt/rustwide/cargo-home" "-e" "RUSTUP_HOME=/opt/rustwide/rustup-home" "-w" "/opt/rustwide/workdir" "-m" "1610612736" "--user" "0:0" "--network" "none" "ghcr.io/rust-lang/crates-build-env/linux@sha256:3959728d45483eb673ba100a951a6b9f5012970368db2a9e08e0ac9b67c8a5ad" "/opt/rustwide/cargo-home/bin/cargo" "+1.85.0" "doc" "--frozen" "--no-deps" "--document-private-items" "--message-format=json", kill_on_drop: false }`
[INFO] [stdout] 009c327c6c4c14880f3337b36706e8a1755fd9ac6616ed439c1a42541e084d69
[INFO] running `Command { std: "docker" "start" "-a" "009c327c6c4c14880f3337b36706e8a1755fd9ac6616ed439c1a42541e084d69", kill_on_drop: false }`
[INFO] [stderr]    Compiling proc-macro2 v1.0.92
[INFO] [stderr]    Compiling unicode-ident v1.0.14
[INFO] [stderr]    Compiling serde v1.0.217
[INFO] [stderr]    Compiling libc v0.2.169
[INFO] [stderr]     Checking cfg-if v1.0.0
[INFO] [stderr]     Checking itoa v1.0.14
[INFO] [stderr]    Compiling version_check v0.9.5
[INFO] [stderr]     Checking pin-project-lite v0.2.16
[INFO] [stderr]     Checking subtle v2.6.1
[INFO] [stderr]    Compiling typenum v1.17.0
[INFO] [stderr]     Checking memchr v2.7.4
[INFO] [stderr]     Checking once_cell v1.20.2
[INFO] [stderr]     Checking const-oid v0.9.6
[INFO] [stderr]    Compiling autocfg v1.4.0
[INFO] [stderr]    Compiling shlex v1.3.0
[INFO] [stderr]    Compiling cc v1.2.7
[INFO] [stderr]    Compiling generic-array v0.14.7
[INFO] [stderr]     Checking allocator-api2 v0.2.21
[INFO] [stderr]     Checking equivalent v1.0.1
[INFO] [stderr]     Checking futures-core v0.3.31
[INFO] [stderr]     Checking foldhash v0.1.4
[INFO] [stderr]     Checking cpufeatures v0.2.16
[INFO] [stderr]    Compiling crunchy v0.2.2
[INFO] [stderr]    Compiling quote v1.0.38
[INFO] [stderr]     Checking futures-sink v0.3.31
[INFO] [stderr]    Compiling tiny-keccak v2.0.2
[INFO] [stderr]    Compiling unicode-xid v0.2.6
[INFO] [stderr]    Compiling paste v1.0.15
[INFO] [stderr]    Compiling slab v0.4.9
[INFO] [stderr]     Checking tracing-core v0.1.33
[INFO] [stderr]    Compiling syn v2.0.95
[INFO] [stderr]    Compiling ruint-macro v1.2.1
[INFO] [stderr]     Checking ryu v1.0.18
[INFO] [stderr]     Checking futures-channel v0.3.31
[INFO] [stderr]     Checking base16ct v0.2.0
[INFO] [stderr]     Checking futures-task v0.3.31
[INFO] [stderr]     Checking pin-utils v0.1.0
[INFO] [stderr]     Checking futures-io v0.3.31
[INFO] [stderr]     Checking fnv v1.0.7
[INFO] [stderr]    Compiling serde_json v1.0.135
[INFO] [stderr]    Compiling heck v0.5.0
[INFO] [stderr]    Compiling winnow v0.6.22
[INFO] [stderr]     Checking getrandom v0.2.15
[INFO] [stderr]     Checking mio v1.0.3
[INFO] [stderr]     Checking socket2 v0.5.8
[INFO] [stderr]     Checking rand_core v0.6.4
[INFO] [stderr]     Checking stable_deref_trait v1.2.0
[INFO] [stderr]    Compiling proc-macro-error-attr2 v2.0.0
[INFO] [stderr]     Checking ff v0.13.0
[INFO] [stderr]     Checking group v0.13.0
[INFO] [stderr]    Compiling hashbrown v0.15.2
[INFO] [stderr]    Compiling dunce v1.0.5
[INFO] [stderr]    Compiling httparse v1.9.5
[INFO] [stderr]     Checking either v1.13.0
[INFO] [stderr]     Checking percent-encoding v2.3.1
[INFO] [stderr]     Checking writeable v0.5.5
[INFO] [stderr]     Checking litemap v0.7.4
[INFO] [stderr]     Checking hex v0.4.3
[INFO] [stderr]    Compiling thiserror v2.0.9
[INFO] [stderr]     Checking form_urlencoded v1.2.1
[INFO] [stderr]    Compiling indexmap v2.7.0
[INFO] [stderr]     Checking icu_locid_transform_data v1.5.0
[INFO] [stderr]     Checking rustls-pki-types v1.10.1
[INFO] [stderr]    Compiling blst v0.3.13
[INFO] [stderr]     Checking tower-service v0.3.3
[INFO] [stderr]     Checking icu_properties_data v1.5.0
[INFO] [stderr]     Checking num_cpus v1.16.0
[INFO] [stderr]    Compiling ring v0.17.8
[INFO] [stderr]     Checking icu_normalizer_data v1.5.0
[INFO] [stderr]     Checking utf8_iter v1.0.4
[INFO] [stderr]     Checking utf16_iter v1.0.5
[INFO] [stderr]     Checking write16 v1.0.0
[INFO] [stderr]    Compiling c-kzg v1.0.3
[INFO] [stderr]     Checking threadpool v1.8.1
[INFO] [stderr]    Compiling num-traits v0.2.19
[INFO] [stderr]    Compiling vcpkg v0.2.15
[INFO] [stderr]    Compiling pkg-config v0.3.31
[INFO] [stderr]     Checking powerfmt v0.2.0
[INFO] [stderr]     Checking untrusted v0.9.0
[INFO] [stderr]     Checking bitflags v2.6.0
[INFO] [stderr]     Checking try-lock v0.2.5
[INFO] [stderr]     Checking spin v0.9.8
[INFO] [stderr]     Checking log v0.4.22
[INFO] [stderr]     Checking atomic-waker v1.1.2
[INFO] [stderr]    Compiling synstructure v0.13.1
[INFO] [stderr]    Compiling syn-solidity v0.8.18
[INFO] [stderr]    Compiling proc-macro-error2 v2.0.1
[INFO] [stderr]     Checking byteorder v1.5.0
[INFO] [stderr]    Compiling openssl-sys v0.9.105
[INFO] [stderr]     Checking want v0.3.1
[INFO] [stderr]     Checking deranged v0.3.11
[INFO] [stderr]     Checking httpdate v1.0.3
[INFO] [stderr]     Checking time-core v0.1.2
[INFO] [stderr]    Compiling rustls v0.23.20
[INFO] [stderr]     Checking vsimd v0.8.0
[INFO] [stderr]     Checking num-conv v0.1.0
[INFO] [stderr]     Checking outref v0.5.1
[INFO] [stderr]     Checking num-integer v0.1.46
[INFO] [stderr]     Checking futures-utils-wasm v0.1.0
[INFO] [stderr]     Checking openssl-probe v0.1.5
[INFO] [stderr]     Checking base64 v0.22.1
[INFO] [stderr]     Checking sync_wrapper v1.0.2
[INFO] [stderr]    Compiling openssl v0.10.70
[INFO] [stderr]     Checking foreign-types-shared v0.1.1
[INFO] [stderr]     Checking tower-layer v0.3.3
[INFO] [stderr]     Checking base64-simd v0.8.0
[INFO] [stderr]    Compiling thiserror v1.0.69
[INFO] [stderr]     Checking foreign-types v0.3.2
[INFO] [stderr]    Compiling semver v1.0.24
[INFO] [stderr]     Checking time v0.3.37
[INFO] [stderr]    Compiling native-tls v0.2.12
[INFO] [stderr]     Checking rustls-pemfile v2.2.0
[INFO] [stderr]     Checking itertools v0.13.0
[INFO] [stderr]    Compiling rustversion v1.0.19
[INFO] [stderr]    Compiling rustc_version v0.4.1
[INFO] [stderr]    Compiling lock_api v0.4.12
[INFO] [stderr]     Checking bimap v0.6.3
[INFO] [stderr]    Compiling serde_derive v1.0.217
[INFO] [stderr]    Compiling zeroize_derive v1.4.2
[INFO] [stderr]    Compiling derive_more-impl v1.0.0
[INFO] [stderr]    Compiling tracing-attributes v0.1.28
[INFO] [stderr]    Compiling tokio-macros v2.5.0
[INFO] [stderr]    Compiling futures-macro v0.3.31
[INFO] [stderr]    Compiling alloy-rlp-derive v0.3.10
[INFO] [stderr]     Checking zeroize v1.8.1
[INFO] [stderr]     Checking der v0.7.9
[INFO] [stderr]    Compiling zerofrom-derive v0.1.5
[INFO] [stderr]     Checking futures-util v0.3.31
[INFO] [stderr]     Checking tracing v0.1.41
[INFO] [stderr]     Checking crypto-common v0.1.6
[INFO] [stderr]     Checking block-buffer v0.10.4
[INFO] [stderr]     Checking crypto-bigint v0.5.5
[INFO] [stderr]     Checking digest v0.10.7
[INFO] [stderr]     Checking sec1 v0.7.3
[INFO] [stderr]     Checking spki v0.7.3
[INFO] [stderr]     Checking hmac v0.12.1
[INFO] [stderr]     Checking sha2 v0.10.8
[INFO] [stderr]     Checking signature v2.2.0
[INFO] [stderr]     Checking rfc6979 v0.4.0
[INFO] [stderr]    Compiling yoke-derive v0.7.5
[INFO] [stderr]    Compiling zerovec-derive v0.10.3
[INFO] [stderr]    Compiling displaydoc v0.2.5
[INFO] [stderr]    Compiling icu_provider_macros v1.5.0
[INFO] [stderr]     Checking elliptic-curve v0.13.8
[INFO] [stderr]     Checking zerofrom v0.1.5
[INFO] [stderr]    Compiling thiserror-impl v2.0.9
[INFO] [stderr]     Checking ecdsa v0.16.9
[INFO] [stderr]     Checking yoke v0.7.5
[INFO] [stderr]    Compiling zerocopy-derive v0.7.35
[INFO] [stderr]     Checking zerovec v0.10.4
[INFO] [stderr]     Checking k256 v0.13.4
[INFO] [stderr]    Compiling auto_impl v1.2.0
[INFO] [stderr]     Checking derive_more v1.0.0
[INFO] [stderr]     Checking rustls-webpki v0.102.8
[INFO] [stderr]    Compiling thiserror-impl v1.0.69
[INFO] [stderr]     Checking tinystr v0.7.6
[INFO] [stderr]     Checking icu_collections v1.5.0
[INFO] [stdout] error: linking with `cc` failed: exit status: 1
[INFO] [stdout]   |
[INFO] [stdout]   = note: LC_ALL="C" PATH="/opt/rustwide/rustup-home/toolchains/1.85.0-x86_64-unknown-linux-gnu/lib/rustlib/x86_64-unknown-linux-gnu/bin:/opt/rustwide/cargo-home/bin:/usr/local/sbin:/usr/local/bin:/usr/sbin:/usr/bin:/sbin:/bin" VSLANG="1033" "cc" "-Wl,--version-script=/tmp/rustcUyvxNz/list" "-Wl,--no-undefined-version" "-m64" "/tmp/rustcUyvxNz/symbols.o" "<16 object files omitted>" "/opt/rustwide/target/debug/deps/thiserror_impl-bbce177ba1247a1f.1pcusby6prp2l5y1ohh1pa7rk.rcgu.rmeta" "<1 object files omitted>" "-Wl,--as-needed" "-Wl,-Bstatic" "/opt/rustwide/target/debug/deps/{libsyn-eb9bdbc050a813bb.rlib,libquote-b328f74832dc4468.rlib,libproc_macro2-38e38eb50d2be709.rlib,libunicode_ident-824ffdf5c8ad75db.rlib}" "/opt/rustwide/rustup-home/toolchains/1.85.0-x86_64-unknown-linux-gnu/lib/rustlib/x86_64-unknown-linux-gnu/lib/{libproc_macro-57e423f2e16d22f0.rlib,libstd-6273572f18644c87.rlib,libpanic_unwind-267e668abf74a283.rlib,libobject-ec6154ccae37a33e.rlib,libmemchr-500edd5521c440d4.rlib,libaddr2line-86d8d9428792e8ef.rlib,libgimli-10f06487503767c2.rlib,librustc_demangle-6a38424de1e5bca5.rlib,libstd_detect-de9763ea1c19dca3.rlib,libhashbrown-a7f5bb2f736d3c49.rlib,librustc_std_workspace_alloc-7e368919bdc4a44c.rlib,libminiz_oxide-376454d49910c786.rlib,libadler-fa99f5692b5dce85.rlib,libunwind-91cafdaf16f7fe40.rlib,libcfg_if-f7ee3f1ea78d9dae.rlib,liblibc-d3a35665f881365a.rlib,liballoc-715bc629a88bca60.rlib,librustc_std_workspace_core-ae70165d1278cff7.rlib,libcore-406129d0e3fbc101.rlib,libcompiler_builtins-1af05515ab19524a.rlib}" "-Wl,-Bdynamic" "-lgcc_s" "-lutil" "-lrt" "-lpthread" "-lm" "-ldl" "-lc" "-Wl,--eh-frame-hdr" "-Wl,-z,noexecstack" "-L" "/opt/rustwide/rustup-home/toolchains/1.85.0-x86_64-unknown-linux-gnu/lib/rustlib/x86_64-unknown-linux-gnu/lib" "-o" "/opt/rustwide/target/debug/deps/libthiserror_impl-bbce177ba1247a1f.so" "-Wl,--gc-sections" "-shared" "-Wl,-z,relro,-z,now" "-nodefaultlibs"
[INFO] [stdout]   = note: some arguments are omitted. use `--verbose` to show all linker arguments
[INFO] [stdout]   = note: /usr/bin/ld: final link failed: No space left on device
[INFO] [stdout]           collect2: error: ld returned 1 exit status
[INFO] [stdout]           
[INFO] [stdout] 
[INFO] [stdout] 
[INFO] [stderr] error: could not compile `thiserror-impl` (lib) due to 1 previous error
[INFO] [stderr] warning: build failed, waiting for other jobs to finish...
[INFO] [stdout] error: linking with `cc` failed: exit status: 1
[INFO] [stdout]   |
[INFO] [stdout]   = note: LC_ALL="C" PATH="/opt/rustwide/rustup-home/toolchains/1.85.0-x86_64-unknown-linux-gnu/lib/rustlib/x86_64-unknown-linux-gnu/bin:/opt/rustwide/cargo-home/bin:/usr/local/sbin:/usr/local/bin:/usr/sbin:/usr/bin:/sbin:/bin" VSLANG="1033" "cc" "-Wl,--version-script=/tmp/rustc4PYu7S/list" "-Wl,--no-undefined-version" "-m64" "/tmp/rustc4PYu7S/symbols.o" "<10 object files omitted>" "/opt/rustwide/target/debug/deps/zerocopy_derive-34ed29f865b5ce22.8iupuvwyvi2ovv1uzuf7822d6.rcgu.rmeta" "<1 object files omitted>" "-Wl,--as-needed" "-Wl,-Bstatic" "/opt/rustwide/target/debug/deps/{libsyn-eb9bdbc050a813bb.rlib,libquote-b328f74832dc4468.rlib,libproc_macro2-38e38eb50d2be709.rlib,libunicode_ident-824ffdf5c8ad75db.rlib}" "/opt/rustwide/rustup-home/toolchains/1.85.0-x86_64-unknown-linux-gnu/lib/rustlib/x86_64-unknown-linux-gnu/lib/{libproc_macro-57e423f2e16d22f0.rlib,libstd-6273572f18644c87.rlib,libpanic_unwind-267e668abf74a283.rlib,libobject-ec6154ccae37a33e.rlib,libmemchr-500edd5521c440d4.rlib,libaddr2line-86d8d9428792e8ef.rlib,libgimli-10f06487503767c2.rlib,librustc_demangle-6a38424de1e5bca5.rlib,libstd_detect-de9763ea1c19dca3.rlib,libhashbrown-a7f5bb2f736d3c49.rlib,librustc_std_workspace_alloc-7e368919bdc4a44c.rlib,libminiz_oxide-376454d49910c786.rlib,libadler-fa99f5692b5dce85.rlib,libunwind-91cafdaf16f7fe40.rlib,libcfg_if-f7ee3f1ea78d9dae.rlib,liblibc-d3a35665f881365a.rlib,liballoc-715bc629a88bca60.rlib,librustc_std_workspace_core-ae70165d1278cff7.rlib,libcore-406129d0e3fbc101.rlib,libcompiler_builtins-1af05515ab19524a.rlib}" "-Wl,-Bdynamic" "-lgcc_s" "-lutil" "-lrt" "-lpthread" "-lm" "-ldl" "-lc" "-Wl,--eh-frame-hdr" "-Wl,-z,noexecstack" "-L" "/opt/rustwide/rustup-home/toolchains/1.85.0-x86_64-unknown-linux-gnu/lib/rustlib/x86_64-unknown-linux-gnu/lib" "-o" "/opt/rustwide/target/debug/deps/libzerocopy_derive-34ed29f865b5ce22.so" "-Wl,--gc-sections" "-shared" "-Wl,-z,relro,-z,now" "-nodefaultlibs"
[INFO] [stdout]   = note: some arguments are omitted. use `--verbose` to show all linker arguments
[INFO] [stdout]   = note: /usr/bin/ld: final link failed: No space left on device
[INFO] [stdout]           collect2: error: ld returned 1 exit status
[INFO] [stdout]           
[INFO] [stdout] 
[INFO] [stdout] 
[INFO] [stderr] error: could not compile `zerocopy-derive` (lib) due to 1 previous error
[INFO] [stdout] error: linking with `cc` failed: exit status: 1
[INFO] [stdout]   |
[INFO] [stdout]   = note: LC_ALL="C" PATH="/opt/rustwide/rustup-home/toolchains/1.85.0-x86_64-unknown-linux-gnu/lib/rustlib/x86_64-unknown-linux-gnu/bin:/opt/rustwide/cargo-home/bin:/usr/local/sbin:/usr/local/bin:/usr/sbin:/usr/bin:/sbin:/bin" VSLANG="1033" "cc" "-Wl,--version-script=/tmp/rustcJBSGvE/list" "-Wl,--no-undefined-version" "-m64" "/tmp/rustcJBSGvE/symbols.o" "<11 object files omitted>" "/opt/rustwide/target/debug/deps/auto_impl-9ded0461262f833b.9hun5plw41w2rcp4gx5dwpkcu.rcgu.rmeta" "<1 object files omitted>" "-Wl,--as-needed" "-Wl,-Bstatic" "/opt/rustwide/target/debug/deps/{libsyn-eb9bdbc050a813bb.rlib,libquote-b328f74832dc4468.rlib,libproc_macro2-38e38eb50d2be709.rlib,libunicode_ident-824ffdf5c8ad75db.rlib}" "/opt/rustwide/rustup-home/toolchains/1.85.0-x86_64-unknown-linux-gnu/lib/rustlib/x86_64-unknown-linux-gnu/lib/{libproc_macro-57e423f2e16d22f0.rlib,libstd-6273572f18644c87.rlib,libpanic_unwind-267e668abf74a283.rlib,libobject-ec6154ccae37a33e.rlib,libmemchr-500edd5521c440d4.rlib,libaddr2line-86d8d9428792e8ef.rlib,libgimli-10f06487503767c2.rlib,librustc_demangle-6a38424de1e5bca5.rlib,libstd_detect-de9763ea1c19dca3.rlib,libhashbrown-a7f5bb2f736d3c49.rlib,librustc_std_workspace_alloc-7e368919bdc4a44c.rlib,libminiz_oxide-376454d49910c786.rlib,libadler-fa99f5692b5dce85.rlib,libunwind-91cafdaf16f7fe40.rlib,libcfg_if-f7ee3f1ea78d9dae.rlib,liblibc-d3a35665f881365a.rlib,liballoc-715bc629a88bca60.rlib,librustc_std_workspace_core-ae70165d1278cff7.rlib,libcore-406129d0e3fbc101.rlib,libcompiler_builtins-1af05515ab19524a.rlib}" "-Wl,-Bdynamic" "-lgcc_s" "-lutil" "-lrt" "-lpthread" "-lm" "-ldl" "-lc" "-Wl,--eh-frame-hdr" "-Wl,-z,noexecstack" "-L" "/opt/rustwide/rustup-home/toolchains/1.85.0-x86_64-unknown-linux-gnu/lib/rustlib/x86_64-unknown-linux-gnu/lib" "-o" "/opt/rustwide/target/debug/deps/libauto_impl-9ded0461262f833b.so" "-Wl,--gc-sections" "-shared" "-Wl,-z,relro,-z,now" "-nodefaultlibs"
[INFO] [stdout]   = note: some arguments are omitted. use `--verbose` to show all linker arguments
[INFO] [stdout]   = note: /usr/bin/ld: final link failed: No space left on device
[INFO] [stdout]           collect2: error: ld returned 1 exit status
[INFO] [stdout]           
[INFO] [stdout] 
[INFO] [stdout] 
[INFO] [stderr] error: could not compile `auto_impl` (lib) due to 1 previous error
[INFO] [stdout] error: linking with `cc` failed: exit status: 1
[INFO] [stdout]   |
[INFO] [stdout]   = note: LC_ALL="C" PATH="/opt/rustwide/rustup-home/toolchains/1.85.0-x86_64-unknown-linux-gnu/lib/rustlib/x86_64-unknown-linux-gnu/bin:/opt/rustwide/cargo-home/bin:/usr/local/sbin:/usr/local/bin:/usr/sbin:/usr/bin:/sbin:/bin" VSLANG="1033" "cc" "-Wl,--version-script=/tmp/rustcfkIBSf/list" "-Wl,--no-undefined-version" "-m64" "/tmp/rustcfkIBSf/symbols.o" "<16 object files omitted>" "/opt/rustwide/target/debug/deps/thiserror_impl-3925282b14d786f0.23zu0wvn4u2v2i9lvm9cdr2ru.rcgu.rmeta" "<1 object files omitted>" "-Wl,--as-needed" "-Wl,-Bstatic" "/opt/rustwide/target/debug/deps/{libsyn-eb9bdbc050a813bb.rlib,libquote-b328f74832dc4468.rlib,libproc_macro2-38e38eb50d2be709.rlib,libunicode_ident-824ffdf5c8ad75db.rlib}" "/opt/rustwide/rustup-home/toolchains/1.85.0-x86_64-unknown-linux-gnu/lib/rustlib/x86_64-unknown-linux-gnu/lib/{libproc_macro-57e423f2e16d22f0.rlib,libstd-6273572f18644c87.rlib,libpanic_unwind-267e668abf74a283.rlib,libobject-ec6154ccae37a33e.rlib,libmemchr-500edd5521c440d4.rlib,libaddr2line-86d8d9428792e8ef.rlib,libgimli-10f06487503767c2.rlib,librustc_demangle-6a38424de1e5bca5.rlib,libstd_detect-de9763ea1c19dca3.rlib,libhashbrown-a7f5bb2f736d3c49.rlib,librustc_std_workspace_alloc-7e368919bdc4a44c.rlib,libminiz_oxide-376454d49910c786.rlib,libadler-fa99f5692b5dce85.rlib,libunwind-91cafdaf16f7fe40.rlib,libcfg_if-f7ee3f1ea78d9dae.rlib,liblibc-d3a35665f881365a.rlib,liballoc-715bc629a88bca60.rlib,librustc_std_workspace_core-ae70165d1278cff7.rlib,libcore-406129d0e3fbc101.rlib,libcompiler_builtins-1af05515ab19524a.rlib}" "-Wl,-Bdynamic" "-lgcc_s" "-lutil" "-lrt" "-lpthread" "-lm" "-ldl" "-lc" "-Wl,--eh-frame-hdr" "-Wl,-z,noexecstack" "-L" "/opt/rustwide/rustup-home/toolchains/1.85.0-x86_64-unknown-linux-gnu/lib/rustlib/x86_64-unknown-linux-gnu/lib" "-o" "/opt/rustwide/target/debug/deps/libthiserror_impl-3925282b14d786f0.so" "-Wl,--gc-sections" "-shared" "-Wl,-z,relro,-z,now" "-nodefaultlibs"
[INFO] [stdout]   = note: some arguments are omitted. use `--verbose` to show all linker arguments
[INFO] [stdout]   = note: /usr/bin/ld: final link failed: No space left on device
[INFO] [stdout]           collect2: error: ld returned 1 exit status
[INFO] [stdout]           
[INFO] [stdout] 
[INFO] [stdout] 
[INFO] [stderr] error: could not compile `thiserror-impl` (lib) due to 1 previous error
[INFO] running `Command { std: "docker" "inspect" "009c327c6c4c14880f3337b36706e8a1755fd9ac6616ed439c1a42541e084d69", kill_on_drop: false }`
[INFO] running `Command { std: "docker" "rm" "-f" "009c327c6c4c14880f3337b36706e8a1755fd9ac6616ed439c1a42541e084d69", kill_on_drop: false }`
[INFO] [stdout] 009c327c6c4c14880f3337b36706e8a1755fd9ac6616ed439c1a42541e084d69
