[INFO] fetching crate avanza 0.1.3...
[INFO] documenting avanza-0.1.3 against 1.85.0 for beta-1.86-rustdoc-1
[INFO] extracting crate avanza 0.1.3 into /workspace/builds/worker-0-tc1/source
[INFO] validating manifest of crates.io crate avanza 0.1.3 on toolchain 1.85.0
[INFO] running `Command { std: CARGO_HOME="/workspace/cargo-home" RUSTUP_HOME="/workspace/rustup-home" "/workspace/cargo-home/bin/cargo" "+1.85.0" "metadata" "--manifest-path" "Cargo.toml" "--no-deps", kill_on_drop: false }`
[INFO] started tweaking crates.io crate avanza 0.1.3
[INFO] finished tweaking crates.io crate avanza 0.1.3
[INFO] tweaked toml for crates.io crate avanza 0.1.3 written to /workspace/builds/worker-0-tc1/source/Cargo.toml
[INFO] running `Command { std: CARGO_HOME="/workspace/cargo-home" RUSTUP_HOME="/workspace/rustup-home" "/workspace/cargo-home/bin/cargo" "+1.85.0" "generate-lockfile" "--manifest-path" "Cargo.toml", kill_on_drop: false }`
[INFO] [stderr]     Updating crates.io index
[INFO] [stderr]      Locking 200 packages to latest compatible versions
[INFO] [stderr]       Adding reqwest v0.11.27 (available: v0.12.12)
[INFO] [stderr]       Adding wiremock v0.5.22 (available: v0.6.2)
[INFO] running `Command { std: CARGO_HOME="/workspace/cargo-home" RUSTUP_HOME="/workspace/rustup-home" "/workspace/cargo-home/bin/cargo" "+1.85.0" "fetch" "--manifest-path" "Cargo.toml", kill_on_drop: false }`
[INFO] running `Command { std: "docker" "create" "-v" "/var/lib/crater-agent-workspace/builds/worker-0-tc1/target:/opt/rustwide/target:rw,Z" "-v" "/var/lib/crater-agent-workspace/builds/worker-0-tc1/source:/opt/rustwide/workdir:ro,Z" "-v" "/var/lib/crater-agent-workspace/cargo-home:/opt/rustwide/cargo-home:ro,Z" "-v" "/var/lib/crater-agent-workspace/rustup-home:/opt/rustwide/rustup-home:ro,Z" "-e" "SOURCE_DIR=/opt/rustwide/workdir" "-e" "CARGO_TARGET_DIR=/opt/rustwide/target" "-e" "CARGO_HOME=/opt/rustwide/cargo-home" "-e" "RUSTUP_HOME=/opt/rustwide/rustup-home" "-w" "/opt/rustwide/workdir" "-m" "1610612736" "--user" "0:0" "--network" "none" "ghcr.io/rust-lang/crates-build-env/linux@sha256:3959728d45483eb673ba100a951a6b9f5012970368db2a9e08e0ac9b67c8a5ad" "/opt/rustwide/cargo-home/bin/cargo" "+1.85.0" "metadata" "--no-deps" "--format-version=1", kill_on_drop: false }`
[INFO] [stdout] b048bb664ae628338ebd6cc57c55168b58fc3a15df47c1231b60c8b912a08709
[INFO] running `Command { std: "docker" "start" "-a" "b048bb664ae628338ebd6cc57c55168b58fc3a15df47c1231b60c8b912a08709", kill_on_drop: false }`
[INFO] running `Command { std: "docker" "inspect" "b048bb664ae628338ebd6cc57c55168b58fc3a15df47c1231b60c8b912a08709", kill_on_drop: false }`
[INFO] running `Command { std: "docker" "rm" "-f" "b048bb664ae628338ebd6cc57c55168b58fc3a15df47c1231b60c8b912a08709", kill_on_drop: false }`
[INFO] [stdout] b048bb664ae628338ebd6cc57c55168b58fc3a15df47c1231b60c8b912a08709
[INFO] running `Command { std: "docker" "create" "-v" "/var/lib/crater-agent-workspace/builds/worker-0-tc1/target:/opt/rustwide/target:rw,Z" "-v" "/var/lib/crater-agent-workspace/builds/worker-0-tc1/source:/opt/rustwide/workdir:ro,Z" "-v" "/var/lib/crater-agent-workspace/cargo-home:/opt/rustwide/cargo-home:ro,Z" "-v" "/var/lib/crater-agent-workspace/rustup-home:/opt/rustwide/rustup-home:ro,Z" "-e" "SOURCE_DIR=/opt/rustwide/workdir" "-e" "CARGO_TARGET_DIR=/opt/rustwide/target" "-e" "CARGO_INCREMENTAL=0" "-e" "RUST_BACKTRACE=full" "-e" "RUSTFLAGS=--cap-lints=warn" "-e" "RUSTDOCFLAGS=--cap-lints=warn" "-e" "CARGO_HOME=/opt/rustwide/cargo-home" "-e" "RUSTUP_HOME=/opt/rustwide/rustup-home" "-w" "/opt/rustwide/workdir" "-m" "1610612736" "--user" "0:0" "--network" "none" "ghcr.io/rust-lang/crates-build-env/linux@sha256:3959728d45483eb673ba100a951a6b9f5012970368db2a9e08e0ac9b67c8a5ad" "/opt/rustwide/cargo-home/bin/cargo" "+1.85.0" "doc" "--frozen" "--no-deps" "--document-private-items" "--message-format=json", kill_on_drop: false }`
[INFO] [stdout] 11c4e9e3aaa54509ce7185c88d0e75e05e4d03a9568c6fcf10eee17d4ed7f8be
[INFO] running `Command { std: "docker" "start" "-a" "11c4e9e3aaa54509ce7185c88d0e75e05e4d03a9568c6fcf10eee17d4ed7f8be", kill_on_drop: false }`
[INFO] [stderr]    Compiling proc-macro2 v1.0.93
[INFO] [stderr]    Compiling unicode-ident v1.0.17
[INFO] [stderr]    Compiling libc v0.2.170
[INFO] [stderr]     Checking pin-project-lite v0.2.16
[INFO] [stderr]     Checking futures-core v0.3.31
[INFO] [stderr]     Checking memchr v2.7.4
[INFO] [stderr]     Checking stable_deref_trait v1.2.0
[INFO] [stderr]     Checking bytes v1.10.0
[INFO] [stderr]     Checking cfg-if v1.0.0
[INFO] [stderr]     Checking writeable v0.5.5
[INFO] [stderr]    Compiling autocfg v1.4.0
[INFO] [stderr]     Checking itoa v1.0.14
[INFO] [stderr]    Compiling serde v1.0.218
[INFO] [stderr]    Compiling shlex v1.3.0
[INFO] [stderr]     Checking litemap v0.7.4
[INFO] [stderr]     Checking once_cell v1.20.3
[INFO] [stderr]    Compiling cc v1.2.15
[INFO] [stderr]     Checking futures-io v0.3.31
[INFO] [stderr]    Compiling vcpkg v0.2.15
[INFO] [stderr]     Checking futures-sink v0.3.31
[INFO] [stderr]    Compiling pkg-config v0.3.31
[INFO] [stderr]     Checking icu_locid_transform_data v1.5.0
[INFO] [stderr]     Checking futures-channel v0.3.31
[INFO] [stderr]     Checking futures-task v0.3.31
[INFO] [stderr]    Compiling slab v0.4.9
[INFO] [stderr]     Checking pin-utils v0.1.0
[INFO] [stderr]     Checking fnv v1.0.7
[INFO] [stderr]     Checking icu_properties_data v1.5.0
[INFO] [stderr]     Checking http v0.2.12
[INFO] [stderr]     Checking icu_normalizer_data v1.5.0
[INFO] [stderr]     Checking write16 v1.0.0
[INFO] [stderr]     Checking percent-encoding v2.3.1
[INFO] [stderr]    Compiling getrandom v0.1.16
[INFO] [stderr]    Compiling quote v1.0.38
[INFO] [stderr]     Checking socket2 v0.5.8
[INFO] [stderr]     Checking mio v1.0.3
[INFO] [stderr]     Checking utf8_iter v1.0.4
[INFO] [stderr]    Compiling syn v2.0.98
[INFO] [stderr]     Checking smallvec v1.14.0
[INFO] [stderr]     Checking utf16_iter v1.0.5
[INFO] [stderr]     Checking tracing-core v0.1.33
[INFO] [stderr]     Checking hashbrown v0.15.2
[INFO] [stderr]     Checking ryu v1.0.19
[INFO] [stderr]     Checking equivalent v1.0.2
[INFO] [stderr]    Compiling crossbeam-utils v0.8.21
[INFO] [stderr]    Compiling httparse v1.10.0
[INFO] [stderr]    Compiling openssl v0.10.71
[INFO] [stderr]     Checking foreign-types-shared v0.1.1
[INFO] [stderr]    Compiling serde_json v1.0.139
[INFO] [stderr]     Checking byteorder v1.5.0
[INFO] [stderr]     Checking tracing v0.1.41
[INFO] [stderr]     Checking foreign-types v0.3.2
[INFO] [stderr]     Checking form_urlencoded v1.2.1
[INFO] [stderr]     Checking bitflags v2.8.0
[INFO] [stderr]     Checking try-lock v0.2.5
[INFO] [stderr]     Checking indexmap v2.7.1
[INFO] [stderr]    Compiling native-tls v0.2.14
[INFO] [stderr]    Compiling thiserror v1.0.69
[INFO] [stderr]     Checking log v0.4.26
[INFO] [stderr]     Checking want v0.3.1
[INFO] [stderr]     Checking rand_core v0.5.1
[INFO] [stderr]     Checking http-body v0.4.6
[INFO] [stderr]     Checking httpdate v1.0.3
[INFO] [stderr]    Compiling anyhow v1.0.96
[INFO] [stderr]     Checking openssl-probe v0.1.6
[INFO] [stderr]     Checking tower-service v0.3.3
[INFO] [stderr]     Checking aho-corasick v1.1.3
[INFO] [stderr]     Checking parking v2.2.1
[INFO] [stderr]     Checking base64 v0.21.7
[INFO] [stderr]    Compiling openssl-sys v0.9.106
[INFO] [stderr]     Checking concurrent-queue v2.5.0
[INFO] [stderr]     Checking fastrand v1.9.0
[INFO] [stderr]     Checking event-listener v2.5.3
[INFO] [stderr]     Checking waker-fn v1.2.0
[INFO] [stderr]     Checking regex-syntax v0.8.5
[INFO] [stderr]    Compiling http-types v2.12.0
[INFO] [stderr]     Checking futures-lite v1.13.0
[INFO] [stderr]     Checking async-channel v1.9.0
[INFO] [stderr]     Checking num_cpus v1.16.0
[INFO] [stderr]     Checking infer v0.2.3
[INFO] [stderr]     Checking deadpool-runtime v0.1.4
[INFO] [stderr]     Checking retain_mut v0.1.9
[INFO] [stderr]     Checking base64 v0.13.1
[INFO] [stderr]     Checking rustls-pemfile v1.0.4
[INFO] [stderr]     Checking encoding_rs v0.8.35
[INFO] [stderr]     Checking mime v0.3.17
[INFO] [stderr]     Checking futures-timer v3.0.3
[INFO] [stderr]     Checking sync_wrapper v0.1.2
[INFO] [stderr]     Checking ipnet v2.11.0
[INFO] [stderr]     Checking regex-automata v0.4.9
[INFO] [stderr]    Compiling synstructure v0.13.1
[INFO] [stderr]    Compiling zerofrom-derive v0.1.5
[INFO] [stderr]    Compiling yoke-derive v0.7.5
[INFO] [stderr]    Compiling zerovec-derive v0.10.3
[INFO] [stderr]    Compiling displaydoc v0.2.5
[INFO] [stderr]    Compiling tokio-macros v2.5.0
[INFO] [stderr]    Compiling icu_provider_macros v1.5.0
[INFO] [stderr]    Compiling serde_derive v1.0.218
[INFO] [stderr]    Compiling futures-macro v0.3.31
[INFO] [stderr]    Compiling zerocopy-derive v0.7.35
[INFO] [stderr]    Compiling openssl-macros v0.1.1
[INFO] [stderr]     Checking tokio v1.43.0
[INFO] [stderr]    Compiling thiserror-impl v1.0.69
[INFO] [stdout] error: linking with `cc` failed: exit status: 1
[INFO] [stdout]   |
[INFO] [stdout]   = note: LC_ALL="C" PATH="/opt/rustwide/rustup-home/toolchains/1.85.0-x86_64-unknown-linux-gnu/lib/rustlib/x86_64-unknown-linux-gnu/bin:/opt/rustwide/cargo-home/bin:/usr/local/sbin:/usr/local/bin:/usr/sbin:/usr/bin:/sbin:/bin" VSLANG="1033" "cc" "-Wl,--version-script=/tmp/rustc1qnPIh/list" "-Wl,--no-undefined-version" "-m64" "/tmp/rustc1qnPIh/symbols.o" "<6 object files omitted>" "/opt/rustwide/target/debug/deps/futures_macro-46cae243201a4964.8usg0jyja6xyt4xj098g2eyin.rcgu.rmeta" "<1 object files omitted>" "-Wl,--as-needed" "-Wl,-Bstatic" "/opt/rustwide/target/debug/deps/{libsyn-e259f30d7542e80a.rlib,libquote-fd21622cb56dc272.rlib,libproc_macro2-42fbee28c02d4999.rlib,libunicode_ident-ee6756191ba329bf.rlib}" "/opt/rustwide/rustup-home/toolchains/1.85.0-x86_64-unknown-linux-gnu/lib/rustlib/x86_64-unknown-linux-gnu/lib/{libproc_macro-57e423f2e16d22f0.rlib,libstd-6273572f18644c87.rlib,libpanic_unwind-267e668abf74a283.rlib,libobject-ec6154ccae37a33e.rlib,libmemchr-500edd5521c440d4.rlib,libaddr2line-86d8d9428792e8ef.rlib,libgimli-10f06487503767c2.rlib,librustc_demangle-6a38424de1e5bca5.rlib,libstd_detect-de9763ea1c19dca3.rlib,libhashbrown-a7f5bb2f736d3c49.rlib,librustc_std_workspace_alloc-7e368919bdc4a44c.rlib,libminiz_oxide-376454d49910c786.rlib,libadler-fa99f5692b5dce85.rlib,libunwind-91cafdaf16f7fe40.rlib,libcfg_if-f7ee3f1ea78d9dae.rlib,liblibc-d3a35665f881365a.rlib,liballoc-715bc629a88bca60.rlib,librustc_std_workspace_core-ae70165d1278cff7.rlib,libcore-406129d0e3fbc101.rlib,libcompiler_builtins-1af05515ab19524a.rlib}" "-Wl,-Bdynamic" "-lgcc_s" "-lutil" "-lrt" "-lpthread" "-lm" "-ldl" "-lc" "-Wl,--eh-frame-hdr" "-Wl,-z,noexecstack" "-L" "/opt/rustwide/rustup-home/toolchains/1.85.0-x86_64-unknown-linux-gnu/lib/rustlib/x86_64-unknown-linux-gnu/lib" "-o" "/opt/rustwide/target/debug/deps/libfutures_macro-46cae243201a4964.so" "-Wl,--gc-sections" "-shared" "-Wl,-z,relro,-z,now" "-nodefaultlibs"
[INFO] [stdout]   = note: some arguments are omitted. use `--verbose` to show all linker arguments
[INFO] [stdout]   = note: /usr/bin/ld: final link failed: No space left on device
[INFO] [stdout]           collect2: error: ld returned 1 exit status
[INFO] [stdout]           
[INFO] [stdout] 
[INFO] [stdout] 
[INFO] [stderr] error: could not compile `futures-macro` (lib) due to 1 previous error
[INFO] [stderr] warning: build failed, waiting for other jobs to finish...
[INFO] [stdout] error: linking with `cc` failed: exit status: 1
[INFO] [stdout]   |
[INFO] [stdout]   = note: LC_ALL="C" PATH="/opt/rustwide/rustup-home/toolchains/1.85.0-x86_64-unknown-linux-gnu/lib/rustlib/x86_64-unknown-linux-gnu/bin:/opt/rustwide/cargo-home/bin:/usr/local/sbin:/usr/local/bin:/usr/sbin:/usr/bin:/sbin:/bin" VSLANG="1033" "cc" "-Wl,--version-script=/tmp/rustc1DG4Em/list" "-Wl,--no-undefined-version" "-m64" "/tmp/rustc1DG4Em/symbols.o" "<10 object files omitted>" "/opt/rustwide/target/debug/deps/zerovec_derive-2c05ef799dd83b83.117dg0nxcgrjulthf36e6kco2.rcgu.rmeta" "<1 object files omitted>" "-Wl,--as-needed" "-Wl,-Bstatic" "/opt/rustwide/target/debug/deps/{libsyn-e259f30d7542e80a.rlib,libquote-fd21622cb56dc272.rlib,libproc_macro2-42fbee28c02d4999.rlib,libunicode_ident-ee6756191ba329bf.rlib}" "/opt/rustwide/rustup-home/toolchains/1.85.0-x86_64-unknown-linux-gnu/lib/rustlib/x86_64-unknown-linux-gnu/lib/{libproc_macro-57e423f2e16d22f0.rlib,libstd-6273572f18644c87.rlib,libpanic_unwind-267e668abf74a283.rlib,libobject-ec6154ccae37a33e.rlib,libmemchr-500edd5521c440d4.rlib,libaddr2line-86d8d9428792e8ef.rlib,libgimli-10f06487503767c2.rlib,librustc_demangle-6a38424de1e5bca5.rlib,libstd_detect-de9763ea1c19dca3.rlib,libhashbrown-a7f5bb2f736d3c49.rlib,librustc_std_workspace_alloc-7e368919bdc4a44c.rlib,libminiz_oxide-376454d49910c786.rlib,libadler-fa99f5692b5dce85.rlib,libunwind-91cafdaf16f7fe40.rlib,libcfg_if-f7ee3f1ea78d9dae.rlib,liblibc-d3a35665f881365a.rlib,liballoc-715bc629a88bca60.rlib,librustc_std_workspace_core-ae70165d1278cff7.rlib,libcore-406129d0e3fbc101.rlib,libcompiler_builtins-1af05515ab19524a.rlib}" "-Wl,-Bdynamic" "-lgcc_s" "-lutil" "-lrt" "-lpthread" "-lm" "-ldl" "-lc" "-Wl,--eh-frame-hdr" "-Wl,-z,noexecstack" "-L" "/opt/rustwide/rustup-home/toolchains/1.85.0-x86_64-unknown-linux-gnu/lib/rustlib/x86_64-unknown-linux-gnu/lib" "-o" "/opt/rustwide/target/debug/deps/libzerovec_derive-2c05ef799dd83b83.so" "-Wl,--gc-sections" "-shared" "-Wl,-z,relro,-z,now" "-nodefaultlibs"
[INFO] [stdout]   = note: some arguments are omitted. use `--verbose` to show all linker arguments
[INFO] [stdout]   = note: /usr/bin/ld: final link failed: No space left on device
[INFO] [stdout]           collect2: error: ld returned 1 exit status
[INFO] [stdout]           
[INFO] [stdout] 
[INFO] [stdout] 
[INFO] [stderr] error: could not compile `zerovec-derive` (lib) due to 1 previous error
[INFO] [stdout] error: linking with `cc` failed: exit status: 1
[INFO] [stdout]   |
[INFO] [stdout]   = note: LC_ALL="C" PATH="/opt/rustwide/rustup-home/toolchains/1.85.0-x86_64-unknown-linux-gnu/lib/rustlib/x86_64-unknown-linux-gnu/bin:/opt/rustwide/cargo-home/bin:/usr/local/sbin:/usr/local/bin:/usr/sbin:/usr/bin:/sbin:/bin" VSLANG="1033" "cc" "-Wl,--version-script=/tmp/rustcRqZnR1/list" "-Wl,--no-undefined-version" "-m64" "/tmp/rustcRqZnR1/symbols.o" "<13 object files omitted>" "/opt/rustwide/target/debug/deps/zerofrom_derive-b25a2d0e813e26f5.bja4leab5z6b51nuni55g4ami.rcgu.rmeta" "<1 object files omitted>" "-Wl,--as-needed" "-Wl,-Bstatic" "/opt/rustwide/target/debug/deps/{libsynstructure-e30bccf730129193.rlib,libsyn-e259f30d7542e80a.rlib,libquote-fd21622cb56dc272.rlib,libproc_macro2-42fbee28c02d4999.rlib,libunicode_ident-ee6756191ba329bf.rlib}" "/opt/rustwide/rustup-home/toolchains/1.85.0-x86_64-unknown-linux-gnu/lib/rustlib/x86_64-unknown-linux-gnu/lib/{libproc_macro-57e423f2e16d22f0.rlib,libstd-6273572f18644c87.rlib,libpanic_unwind-267e668abf74a283.rlib,libobject-ec6154ccae37a33e.rlib,libmemchr-500edd5521c440d4.rlib,libaddr2line-86d8d9428792e8ef.rlib,libgimli-10f06487503767c2.rlib,librustc_demangle-6a38424de1e5bca5.rlib,libstd_detect-de9763ea1c19dca3.rlib,libhashbrown-a7f5bb2f736d3c49.rlib,librustc_std_workspace_alloc-7e368919bdc4a44c.rlib,libminiz_oxide-376454d49910c786.rlib,libadler-fa99f5692b5dce85.rlib,libunwind-91cafdaf16f7fe40.rlib,libcfg_if-f7ee3f1ea78d9dae.rlib,liblibc-d3a35665f881365a.rlib,liballoc-715bc629a88bca60.rlib,librustc_std_workspace_core-ae70165d1278cff7.rlib,libcore-406129d0e3fbc101.rlib,libcompiler_builtins-1af05515ab19524a.rlib}" "-Wl,-Bdynamic" "-lgcc_s" "-lutil" "-lrt" "-lpthread" "-lm" "-ldl" "-lc" "-Wl,--eh-frame-hdr" "-Wl,-z,noexecstack" "-L" "/opt/rustwide/rustup-home/toolchains/1.85.0-x86_64-unknown-linux-gnu/lib/rustlib/x86_64-unknown-linux-gnu/lib" "-o" "/opt/rustwide/target/debug/deps/libzerofrom_derive-b25a2d0e813e26f5.so" "-Wl,--gc-sections" "-shared" "-Wl,-z,relro,-z,now" "-nodefaultlibs"
[INFO] [stdout]   = note: some arguments are omitted. use `--verbose` to show all linker arguments
[INFO] [stdout]   = note: /usr/bin/ld: final link failed: No space left on device
[INFO] [stdout]           collect2: error: ld returned 1 exit status
[INFO] [stdout]           
[INFO] [stdout] 
[INFO] [stdout] 
[INFO] [stderr] error: could not compile `zerofrom-derive` (lib) due to 1 previous error
[INFO] [stdout] error: couldn't create a temp dir: No space left on device (os error 28) at path "/opt/rustwide/target/debug/deps/rmetaYZdVrP"
[INFO] [stdout] 
[INFO] [stdout] 
[INFO] [stderr] error: could not compile `serde_derive` (lib) due to 1 previous error
[INFO] running `Command { std: "docker" "inspect" "11c4e9e3aaa54509ce7185c88d0e75e05e4d03a9568c6fcf10eee17d4ed7f8be", kill_on_drop: false }`
[INFO] running `Command { std: "docker" "rm" "-f" "11c4e9e3aaa54509ce7185c88d0e75e05e4d03a9568c6fcf10eee17d4ed7f8be", kill_on_drop: false }`
[INFO] [stdout] 11c4e9e3aaa54509ce7185c88d0e75e05e4d03a9568c6fcf10eee17d4ed7f8be
