[INFO] fetching crate arpack-ng 0.2.2...
[INFO] documenting arpack-ng-0.2.2 against 1.85.0 for beta-1.86-rustdoc-1
[INFO] extracting crate arpack-ng 0.2.2 into /workspace/builds/worker-5-tc1/source
[INFO] validating manifest of crates.io crate arpack-ng 0.2.2 on toolchain 1.85.0
[INFO] running `Command { std: CARGO_HOME="/workspace/cargo-home" RUSTUP_HOME="/workspace/rustup-home" "/workspace/cargo-home/bin/cargo" "+1.85.0" "metadata" "--manifest-path" "Cargo.toml" "--no-deps", kill_on_drop: false }`
[INFO] started tweaking crates.io crate arpack-ng 0.2.2
[INFO] finished tweaking crates.io crate arpack-ng 0.2.2
[INFO] tweaked toml for crates.io crate arpack-ng 0.2.2 written to /workspace/builds/worker-5-tc1/source/Cargo.toml
[INFO] crate crates.io crate arpack-ng 0.2.2 already has a lockfile, it will not be regenerated
[INFO] running `Command { std: CARGO_HOME="/workspace/cargo-home" RUSTUP_HOME="/workspace/rustup-home" "/workspace/cargo-home/bin/cargo" "+1.85.0" "fetch" "--manifest-path" "Cargo.toml", kill_on_drop: false }`
[INFO] [stderr]     Blocking waiting for file lock on package cache
[INFO] [stderr]     Updating crates.io index
[INFO] [stderr]  Downloading crates ...
[INFO] [stderr]   Downloaded arpack-ng-sys v0.2.1
[INFO] running `Command { std: "docker" "create" "-v" "/var/lib/crater-agent-workspace/builds/worker-5-tc1/target:/opt/rustwide/target:rw,Z" "-v" "/var/lib/crater-agent-workspace/builds/worker-5-tc1/source:/opt/rustwide/workdir:ro,Z" "-v" "/var/lib/crater-agent-workspace/cargo-home:/opt/rustwide/cargo-home:ro,Z" "-v" "/var/lib/crater-agent-workspace/rustup-home:/opt/rustwide/rustup-home:ro,Z" "-e" "SOURCE_DIR=/opt/rustwide/workdir" "-e" "CARGO_TARGET_DIR=/opt/rustwide/target" "-e" "CARGO_HOME=/opt/rustwide/cargo-home" "-e" "RUSTUP_HOME=/opt/rustwide/rustup-home" "-w" "/opt/rustwide/workdir" "-m" "1610612736" "--user" "0:0" "--network" "none" "ghcr.io/rust-lang/crates-build-env/linux@sha256:3959728d45483eb673ba100a951a6b9f5012970368db2a9e08e0ac9b67c8a5ad" "/opt/rustwide/cargo-home/bin/cargo" "+1.85.0" "metadata" "--no-deps" "--format-version=1", kill_on_drop: false }`
[INFO] [stdout] ca7f7aad1aabb8cd464b6daa7f688c42d39ab6d88445dd3bfe757c1df5d3bed5
[INFO] running `Command { std: "docker" "start" "-a" "ca7f7aad1aabb8cd464b6daa7f688c42d39ab6d88445dd3bfe757c1df5d3bed5", kill_on_drop: false }`
[INFO] running `Command { std: "docker" "inspect" "ca7f7aad1aabb8cd464b6daa7f688c42d39ab6d88445dd3bfe757c1df5d3bed5", kill_on_drop: false }`
[INFO] running `Command { std: "docker" "rm" "-f" "ca7f7aad1aabb8cd464b6daa7f688c42d39ab6d88445dd3bfe757c1df5d3bed5", kill_on_drop: false }`
[INFO] [stdout] ca7f7aad1aabb8cd464b6daa7f688c42d39ab6d88445dd3bfe757c1df5d3bed5
[INFO] running `Command { std: "docker" "create" "-v" "/var/lib/crater-agent-workspace/builds/worker-5-tc1/target:/opt/rustwide/target:rw,Z" "-v" "/var/lib/crater-agent-workspace/builds/worker-5-tc1/source:/opt/rustwide/workdir:ro,Z" "-v" "/var/lib/crater-agent-workspace/cargo-home:/opt/rustwide/cargo-home:ro,Z" "-v" "/var/lib/crater-agent-workspace/rustup-home:/opt/rustwide/rustup-home:ro,Z" "-e" "SOURCE_DIR=/opt/rustwide/workdir" "-e" "CARGO_TARGET_DIR=/opt/rustwide/target" "-e" "CARGO_INCREMENTAL=0" "-e" "RUST_BACKTRACE=full" "-e" "RUSTFLAGS=--cap-lints=warn" "-e" "RUSTDOCFLAGS=--cap-lints=warn" "-e" "CARGO_HOME=/opt/rustwide/cargo-home" "-e" "RUSTUP_HOME=/opt/rustwide/rustup-home" "-w" "/opt/rustwide/workdir" "-m" "1610612736" "--user" "0:0" "--network" "none" "ghcr.io/rust-lang/crates-build-env/linux@sha256:3959728d45483eb673ba100a951a6b9f5012970368db2a9e08e0ac9b67c8a5ad" "/opt/rustwide/cargo-home/bin/cargo" "+1.85.0" "doc" "--frozen" "--no-deps" "--document-private-items" "--message-format=json", kill_on_drop: false }`
[INFO] [stdout] 24a33ceb12c825fbdcec727ae7e8dcb36e52409994d4ce14fdd8e3c2fd22a065
[INFO] running `Command { std: "docker" "start" "-a" "24a33ceb12c825fbdcec727ae7e8dcb36e52409994d4ce14fdd8e3c2fd22a065", kill_on_drop: false }`
[INFO] [stderr]    Compiling autocfg v1.1.0
[INFO] [stderr]    Compiling libc v0.2.147
[INFO] [stderr]    Compiling proc-macro2 v1.0.66
[INFO] [stderr]    Compiling unicode-ident v1.0.11
[INFO] [stderr]    Compiling glob v0.3.1
[INFO] [stderr]    Compiling memchr v2.5.0
[INFO] [stderr]    Compiling prettyplease v0.2.12
[INFO] [stderr]    Compiling minimal-lexical v0.2.1
[INFO] [stderr]    Compiling regex-syntax v0.7.4
[INFO] [stderr]    Compiling cfg-if v1.0.0
[INFO] [stderr]    Compiling libloading v0.7.4
[INFO] [stderr]    Compiling either v1.9.0
[INFO] [stderr]    Compiling num-traits v0.2.16
[INFO] [stderr]    Compiling clang-sys v1.6.1
[INFO] [stderr]    Compiling bindgen v0.66.1
[INFO] [stderr]    Compiling lazy_static v1.4.0
[INFO] [stderr]    Compiling rustc-hash v1.1.0
[INFO] [stderr]    Compiling log v0.4.20
[INFO] [stderr]    Compiling nom v7.1.3
[INFO] [stderr]    Compiling bitflags v2.4.0
[INFO] [stderr]    Compiling peeking_take_while v0.1.2
[INFO] [stderr]    Compiling lazycell v1.3.0
[INFO] [stderr]    Compiling shlex v1.1.0
[INFO] [stderr]    Compiling num-integer v0.1.45
[INFO] [stderr]    Compiling matrixmultiply v0.3.7
[INFO] [stderr]     Checking rawpointer v0.2.1
[INFO] [stderr]    Compiling cc v1.0.83
[INFO] [stderr]    Compiling which v4.4.0
[INFO] [stderr]    Compiling quote v1.0.33
[INFO] [stderr]    Compiling syn v2.0.29
[INFO] [stderr]    Compiling cmake v0.1.50
[INFO] [stderr]     Checking num-complex v0.4.4
[INFO] [stderr]     Checking ndarray v0.15.6
[INFO] [stderr]    Compiling cexpr v0.6.0
[INFO] [stderr]    Compiling regex-automata v0.3.6
[INFO] [stderr]    Compiling regex v1.9.3
[INFO] [stderr]    Compiling arpack-ng-sys v0.2.1
[INFO] [stderr] error: failed to run custom build command for `arpack-ng-sys v0.2.1`
[INFO] [stderr] note: To improve backtraces for build dependencies, set the CARGO_PROFILE_DEV_BUILD_OVERRIDE_DEBUG=true environment variable to enable debug information generation.
[INFO] [stderr] 
[INFO] [stderr] Caused by:
[INFO] [stderr]   process didn't exit successfully: `/opt/rustwide/target/debug/build/arpack-ng-sys-ae18c511485d530c/build-script-build` (exit status: 101)
[INFO] [stderr]   --- stdout
[INFO] [stderr]   CMAKE_TOOLCHAIN_FILE_x86_64-unknown-linux-gnu = None
[INFO] [stderr]   CMAKE_TOOLCHAIN_FILE_x86_64_unknown_linux_gnu = None
[INFO] [stderr]   HOST_CMAKE_TOOLCHAIN_FILE = None
[INFO] [stderr]   CMAKE_TOOLCHAIN_FILE = None
[INFO] [stderr]   CMAKE_GENERATOR_x86_64-unknown-linux-gnu = None
[INFO] [stderr]   CMAKE_GENERATOR_x86_64_unknown_linux_gnu = None
[INFO] [stderr]   HOST_CMAKE_GENERATOR = None
[INFO] [stderr]   CMAKE_GENERATOR = None
[INFO] [stderr]   CMAKE_PREFIX_PATH_x86_64-unknown-linux-gnu = None
[INFO] [stderr]   CMAKE_PREFIX_PATH_x86_64_unknown_linux_gnu = None
[INFO] [stderr]   HOST_CMAKE_PREFIX_PATH = None
[INFO] [stderr]   CMAKE_PREFIX_PATH = None
[INFO] [stderr]   CMAKE_x86_64-unknown-linux-gnu = None
[INFO] [stderr]   CMAKE_x86_64_unknown_linux_gnu = None
[INFO] [stderr]   HOST_CMAKE = None
[INFO] [stderr]   CMAKE = None
[INFO] [stderr]   running: cd "/opt/rustwide/target/debug/build/arpack-ng-sys-427c5848972ce727/out/build" && CMAKE_PREFIX_PATH="" "cmake" "/opt/rustwide/cargo-home/registry/src/index.crates.io-1949cf8c6b5b557f/arpack-ng-sys-0.2.1/source" "-DICB=ON" "-DBUILD_TESTING=OFF" "-DCMAKE_Fortran_FLAGS=-fPIC" "-DCMAKE_INSTALL_PREFIX=/opt/rustwide/target/debug/build/arpack-ng-sys-427c5848972ce727/out" "-DCMAKE_C_FLAGS= -ffunction-sections -fdata-sections -fPIC -m64" "-DCMAKE_C_COMPILER=/usr/bin/cc" "-DCMAKE_CXX_FLAGS= -ffunction-sections -fdata-sections -fPIC -m64" "-DCMAKE_CXX_COMPILER=/usr/bin/c++" "-DCMAKE_ASM_FLAGS= -ffunction-sections -fdata-sections -fPIC -m64" "-DCMAKE_ASM_COMPILER=/usr/bin/cc" "-DCMAKE_BUILD_TYPE=Debug"
[INFO] [stderr]   -- The C compiler identification is GNU 11.4.0
[INFO] [stderr]   -- The Fortran compiler identification is GNU 11.4.0
[INFO] [stderr]   -- Detecting C compiler ABI info
[INFO] [stderr]   -- Detecting C compiler ABI info - done
[INFO] [stderr]   -- Check for working C compiler: /usr/bin/cc - skipped
[INFO] [stderr]   -- Detecting C compile features
[INFO] [stderr]   -- Detecting C compile features - done
[INFO] [stderr]   -- Detecting Fortran compiler ABI info
[INFO] [stderr]   -- Detecting Fortran compiler ABI info - done
[INFO] [stderr]   -- Check for working Fortran compiler: /usr/bin/gfortran - skipped
[INFO] [stderr]   -- The CXX compiler identification is GNU 11.4.0
[INFO] [stderr]   -- Detecting CXX compiler ABI info
[INFO] [stderr]   -- Detecting CXX compiler ABI info - done
[INFO] [stderr]   -- Check for working CXX compiler: /usr/bin/c++ - skipped
[INFO] [stderr]   -- Detecting CXX compile features
[INFO] [stderr]   -- Detecting CXX compile features - done
[INFO] [stderr]   -- Looking for Fortran sgemm
[INFO] [stderr]   -- Looking for Fortran sgemm - not found
[INFO] [stderr]   -- Looking for pthread.h
[INFO] [stderr]   -- Looking for pthread.h - found
[INFO] [stderr]   -- Performing Test CMAKE_HAVE_LIBC_PTHREAD
[INFO] [stderr]   -- Performing Test CMAKE_HAVE_LIBC_PTHREAD - Success
[INFO] [stderr]   -- Found Threads: TRUE  
[INFO] [stderr]   -- Looking for Fortran sgemm
[INFO] [stderr]   -- Looking for Fortran sgemm - found
[INFO] [stderr]   -- Found BLAS: /usr/lib/x86_64-linux-gnu/libopenblas.so  
[INFO] [stderr]   -- Looking for Fortran cheev
[INFO] [stderr]   -- Looking for Fortran cheev - found
[INFO] [stderr]   -- Found LAPACK: /usr/lib/x86_64-linux-gnu/libopenblas.so;-lm;-ldl  
[INFO] [stderr]   -- Configuring done
[INFO] [stderr]   -- Generating done
[INFO] [stderr]   -- Build files have been written to: /opt/rustwide/target/debug/build/arpack-ng-sys-427c5848972ce727/out/build
[INFO] [stderr]   running: cd "/opt/rustwide/target/debug/build/arpack-ng-sys-427c5848972ce727/out/build" && MAKEFLAGS="-j --jobserver-fds=8,9 --jobserver-auth=8,9" "cmake" "--build" "." "--target" "install" "--config" "Debug"
[INFO] [stderr]   Scanning dependencies of target arpack
[INFO] [stderr]   [  0%] Building Fortran object CMakeFiles/arpack.dir/UTIL/icnteq.f.o
[INFO] [stderr]   [  1%] Building Fortran object CMakeFiles/arpack.dir/UTIL/icopy.f.o
[INFO] [stderr]   [  2%] Building Fortran object CMakeFiles/arpack.dir/UTIL/iswap.f.o
[INFO] [stderr]   [  3%] Building Fortran object CMakeFiles/arpack.dir/UTIL/iset.f.o
[INFO] [stderr]   [  4%] Building Fortran object CMakeFiles/arpack.dir/UTIL/second_NONE.f.o
[INFO] [stderr]   [  5%] Building Fortran object CMakeFiles/arpack.dir/UTIL/smout.f.o
[INFO] [stderr]   [  6%] Building Fortran object CMakeFiles/arpack.dir/UTIL/svout.f.o
[INFO] [stderr]   [  7%] Building Fortran object CMakeFiles/arpack.dir/UTIL/ivout.f.o
[INFO] [stderr]   [  8%] Building Fortran object CMakeFiles/arpack.dir/UTIL/dvout.f.o
[INFO] [stderr]   [  9%] Building Fortran object CMakeFiles/arpack.dir/UTIL/dmout.f.o
[INFO] [stderr]   [ 10%] Building Fortran object CMakeFiles/arpack.dir/UTIL/cvout.f.o
[INFO] [stderr]   [ 11%] Building Fortran object CMakeFiles/arpack.dir/UTIL/cmout.f.o
[INFO] [stderr]   [ 11%] Building Fortran object CMakeFiles/arpack.dir/UTIL/zmout.f.o
[INFO] [stderr]   [ 12%] Building Fortran object CMakeFiles/arpack.dir/SRC/cgetv0.f.o
[INFO] [stderr]   [ 13%] Building Fortran object CMakeFiles/arpack.dir/UTIL/zvout.f.o
[INFO] [stderr]   [ 14%] Building Fortran object CMakeFiles/arpack.dir/SRC/cnaitr.f.o
[INFO] [stderr]   [ 15%] Building Fortran object CMakeFiles/arpack.dir/SRC/cnapps.f.o
[INFO] [stderr]   [ 16%] Building Fortran object CMakeFiles/arpack.dir/SRC/cnaup2.f.o
[INFO] [stderr]   [ 17%] Building Fortran object CMakeFiles/arpack.dir/SRC/cnaupd.f.o
[INFO] [stderr]   [ 18%] Building Fortran object CMakeFiles/arpack.dir/SRC/cneigh.f.o
[INFO] [stderr]   [ 19%] Building Fortran object CMakeFiles/arpack.dir/SRC/cngets.f.o
[INFO] [stderr]   [ 20%] Building Fortran object CMakeFiles/arpack.dir/SRC/cneupd.f.o
[INFO] [stderr]   [ 21%] Building Fortran object CMakeFiles/arpack.dir/SRC/csortc.f.o
[INFO] [stderr]   [ 22%] Building Fortran object CMakeFiles/arpack.dir/SRC/cstatn.f.o
[INFO] [stderr]   [ 23%] Building Fortran object CMakeFiles/arpack.dir/SRC/dnaitr.f.o
[INFO] [stderr]   [ 24%] Building Fortran object CMakeFiles/arpack.dir/SRC/dgetv0.f.o
[INFO] [stderr]   [ 25%] Building Fortran object CMakeFiles/arpack.dir/SRC/dnapps.f.o
[INFO] [stderr]   [ 25%] Building Fortran object CMakeFiles/arpack.dir/SRC/dnaup2.f.o
[INFO] [stderr]   [ 26%] Building Fortran object CMakeFiles/arpack.dir/SRC/dnaupd.f.o
[INFO] [stderr]   [ 27%] Building Fortran object CMakeFiles/arpack.dir/SRC/dneigh.f.o
[INFO] [stderr]   [ 28%] Building Fortran object CMakeFiles/arpack.dir/SRC/dnconv.f.o
[INFO] [stderr]   [ 29%] Building Fortran object CMakeFiles/arpack.dir/SRC/dneupd.f.o
[INFO] [stderr]   [ 30%] Building Fortran object CMakeFiles/arpack.dir/SRC/dngets.f.o
[INFO] [stderr]   [ 31%] Building Fortran object CMakeFiles/arpack.dir/SRC/dsaitr.f.o
[INFO] [stderr]   [ 32%] Building Fortran object CMakeFiles/arpack.dir/SRC/dsapps.f.o
[INFO] [stderr]   [ 33%] Building Fortran object CMakeFiles/arpack.dir/SRC/dsaupd.f.o
[INFO] [stderr]   [ 34%] Building Fortran object CMakeFiles/arpack.dir/SRC/dsaup2.f.o
[INFO] [stderr]   [ 35%] Building Fortran object CMakeFiles/arpack.dir/SRC/dsconv.f.o
[INFO] [stderr]   [ 36%] Building Fortran object CMakeFiles/arpack.dir/SRC/dseigt.f.o
[INFO] [stderr]   [ 37%] Building Fortran object CMakeFiles/arpack.dir/SRC/dsesrt.f.o
[INFO] [stderr]   [ 37%] Building Fortran object CMakeFiles/arpack.dir/SRC/dseupd.f.o
[INFO] [stderr]   [ 38%] Building Fortran object CMakeFiles/arpack.dir/SRC/dsgets.f.o
[INFO] [stderr]   [ 39%] Building Fortran object CMakeFiles/arpack.dir/SRC/dsortc.f.o
[INFO] [stderr]   [ 40%] Building Fortran object CMakeFiles/arpack.dir/SRC/dsortr.f.o
[INFO] [stderr]   [ 41%] Building Fortran object CMakeFiles/arpack.dir/SRC/dstqrb.f.o
[INFO] [stderr]   [ 43%] Building Fortran object CMakeFiles/arpack.dir/SRC/sgetv0.f.o
[INFO] [stderr]   [ 43%] Building Fortran object CMakeFiles/arpack.dir/SRC/dstatn.f.o
[INFO] [stderr]   [ 44%] Building Fortran object CMakeFiles/arpack.dir/SRC/dstats.f.o
[INFO] [stderr]   [ 45%] Building Fortran object CMakeFiles/arpack.dir/SRC/snaitr.f.o
[INFO] [stderr]   [ 46%] Building Fortran object CMakeFiles/arpack.dir/SRC/snaup2.f.o
[INFO] [stderr]   [ 47%] Building Fortran object CMakeFiles/arpack.dir/SRC/snapps.f.o
[INFO] [stderr]   [ 48%] Building Fortran object CMakeFiles/arpack.dir/SRC/snaupd.f.o
[INFO] [stderr]   [ 49%] Building Fortran object CMakeFiles/arpack.dir/SRC/snconv.f.o
[INFO] [stderr]   [ 50%] Building Fortran object CMakeFiles/arpack.dir/SRC/sneigh.f.o
[INFO] [stderr]   [ 50%] Building Fortran object CMakeFiles/arpack.dir/SRC/sneupd.f.o
[INFO] [stderr]   [ 51%] Building Fortran object CMakeFiles/arpack.dir/SRC/sngets.f.o
[INFO] [stderr]   [ 52%] Building Fortran object CMakeFiles/arpack.dir/SRC/ssaitr.f.o
[INFO] [stderr]   [ 53%] Building Fortran object CMakeFiles/arpack.dir/SRC/ssapps.f.o
[INFO] [stderr]   [ 54%] Building Fortran object CMakeFiles/arpack.dir/SRC/ssaup2.f.o
[INFO] [stderr]   [ 55%] Building Fortran object CMakeFiles/arpack.dir/SRC/ssaupd.f.o
[INFO] [stderr]   [ 56%] Building Fortran object CMakeFiles/arpack.dir/SRC/ssconv.f.o
[INFO] [stderr]   [ 57%] Building Fortran object CMakeFiles/arpack.dir/SRC/sseigt.f.o
[INFO] [stderr]   [ 58%] Building Fortran object CMakeFiles/arpack.dir/SRC/ssesrt.f.o
[INFO] [stderr]   [ 59%] Building Fortran object CMakeFiles/arpack.dir/SRC/sseupd.f.o
[INFO] [stderr]   [ 60%] Building Fortran object CMakeFiles/arpack.dir/SRC/ssgets.f.o
[INFO] [stderr]   [ 60%] Building Fortran object CMakeFiles/arpack.dir/SRC/sstatn.f.o
[INFO] [stderr]   [ 61%] Building Fortran object CMakeFiles/arpack.dir/SRC/ssortc.f.o
[INFO] [stderr]   [ 63%] Building Fortran object CMakeFiles/arpack.dir/SRC/sstats.f.o
[INFO] [stderr]   [ 62%] Building Fortran object CMakeFiles/arpack.dir/SRC/ssortr.f.o
[INFO] [stderr]   [ 64%] Building Fortran object CMakeFiles/arpack.dir/SRC/znaitr.f.o
[INFO] [stderr]   [ 65%] Building Fortran object CMakeFiles/arpack.dir/SRC/sstqrb.f.o
[INFO] [stderr]   [ 66%] Building Fortran object CMakeFiles/arpack.dir/SRC/zgetv0.f.o
[INFO] [stderr]   [ 67%] Building Fortran object CMakeFiles/arpack.dir/SRC/znapps.f.o
[INFO] [stderr]   [ 68%] Building Fortran object CMakeFiles/arpack.dir/SRC/znaup2.f.o
[INFO] [stderr]   [ 69%] Building Fortran object CMakeFiles/arpack.dir/SRC/znaupd.f.o
[INFO] [stderr]   [ 70%] Building Fortran object CMakeFiles/arpack.dir/SRC/zneigh.f.o
[INFO] [stderr]   [ 71%] Building Fortran object CMakeFiles/arpack.dir/SRC/zneupd.f.o
[INFO] [stderr]   [ 72%] Building Fortran object CMakeFiles/arpack.dir/SRC/zngets.f.o
[INFO] [stderr]   [ 73%] Building Fortran object CMakeFiles/arpack.dir/SRC/zsortc.f.o
[INFO] [stderr]   [ 74%] Building Fortran object CMakeFiles/arpack.dir/SRC/zstatn.f.o
[INFO] [stderr]   [ 75%] Building Fortran object CMakeFiles/arpack.dir/dbgini.f.o
[INFO] [stderr]   [ 75%] Building Fortran object CMakeFiles/arpack.dir/staini.f.o
[INFO] [stderr]   [ 76%] Building Fortran object CMakeFiles/arpack.dir/ICB/debug_icb.F90.o
[INFO] [stderr]   [ 77%] Building Fortran object CMakeFiles/arpack.dir/ICB/stat_icb.F90.o
[INFO] [stderr]   [ 78%] Building Fortran object CMakeFiles/arpack.dir/SRC/icbadn.F90.o
[INFO] [stderr]   [ 79%] Building Fortran object CMakeFiles/arpack.dir/SRC/icbacn.F90.o
[INFO] [stderr]   [ 81%] Building Fortran object CMakeFiles/arpack.dir/SRC/icbass.F90.o
[INFO] [stderr]   [ 82%] Building Fortran object CMakeFiles/arpack.dir/SRC/icbads.F90.o
[INFO] [stderr]   [ 80%] Building Fortran object CMakeFiles/arpack.dir/SRC/icbasn.F90.o
[INFO] [stderr]   [ 83%] Building Fortran object CMakeFiles/arpack.dir/SRC/icbazn.F90.o
[INFO] [stderr]   [ 84%] Linking Fortran static library libarpack.a
[INFO] [stderr]   [ 84%] Built target arpack
[INFO] [stderr]   Scanning dependencies of target dnsimp_test
[INFO] [stderr]   Scanning dependencies of target bug_1323
[INFO] [stderr]   Scanning dependencies of target bug_58_double
[INFO] [stderr]   [ 85%] Building Fortran object CMakeFiles/dnsimp_test.dir/TESTS/dnsimp.f.o
[INFO] [stderr]   Scanning dependencies of target bug_142
[INFO] [stderr]   [ 86%] Building Fortran object CMakeFiles/bug_58_double.dir/TESTS/bug_58_double.f.o
[INFO] [stderr]   Scanning dependencies of target bug_79_double_complex
[INFO] [stderr]   Scanning dependencies of target bug_142_gen
[INFO] [stderr]   [ 87%] Building Fortran object CMakeFiles/dnsimp_test.dir/TESTS/mmio.f.o
[INFO] [stderr]   [ 88%] Building Fortran object CMakeFiles/bug_1323.dir/TESTS/bug_1323.f.o
[INFO] [stderr]   [ 89%] Building C object CMakeFiles/icb_arpack_c.dir/TESTS/icb_arpack_c.c.o
[INFO] [stderr]   [ 90%] Building Fortran object CMakeFiles/bug_142_gen.dir/TESTS/bug_142_gen.f.o
[INFO] [stderr]   [ 91%] Building Fortran object CMakeFiles/bug_79_double_complex.dir/TESTS/bug_79_double_complex.f.o
[INFO] [stderr]   [ 92%] Building Fortran object CMakeFiles/bug_142.dir/TESTS/bug_142.f.o
[INFO] [stderr]   [ 93%] Building CXX object CMakeFiles/icb_arpack_cpp.dir/TESTS/icb_arpack_cpp.cpp.o
[INFO] [stderr]   [ 94%] Linking Fortran executable TESTS/bug_58_double
[INFO] [stderr]   [ 94%] Linking Fortran executable TESTS/bug_142
[INFO] [stderr]   [ 95%] Linking Fortran executable TESTS/bug_1323
[INFO] [stderr]   [ 96%] Linking Fortran executable TESTS/bug_79_double_complex
[INFO] [stderr]   [ 97%] Linking Fortran executable TESTS/bug_142_gen
[INFO] [stderr]   [ 98%] Linking C executable TESTS/icb_arpack_c
[INFO] [stderr]   [ 99%] Linking Fortran executable TESTS/dnsimp
[INFO] [stderr]   [ 99%] Built target bug_1323
[INFO] [stderr]   [ 99%] Built target icb_arpack_c
[INFO] [stderr]   [ 99%] Built target bug_79_double_complex
[INFO] [stderr] 
[INFO] [stderr]   --- stderr
[INFO] [stderr]   CMake Deprecation Warning at CMakeLists.txt:1 (cmake_minimum_required):
[INFO] [stderr]     Compatibility with CMake < 2.8.12 will be removed from a future version of
[INFO] [stderr]     CMake.
[INFO] [stderr] 
[INFO] [stderr]     Update the VERSION argument <min> value or use a ...<max> suffix to tell
[INFO] [stderr]     CMake that the project does not need compatibility with older versions.
[INFO] [stderr] 
[INFO] [stderr] 
[INFO] [stderr]   -- Fortran compiler does support iso_c_binding.
[INFO] [stderr]   -- Configuration summary for arpack-ng-3.7.0:
[INFO] [stderr]      -- prefix: /opt/rustwide/target/debug/build/arpack-ng-sys-427c5848972ce727/out
[INFO] [stderr]      -- MPI: OFF
[INFO] [stderr]      -- ICB: ON
[INFO] [stderr]      -- INTERFACE64: 0
[INFO] [stderr]      -- FC:      /usr/bin/gfortran
[INFO] [stderr]      -- FCFLAGS: -g -fPIC
[INFO] [stderr]      -- CC:      /usr/bin/cc
[INFO] [stderr]      -- CCFLAGS: -g  -ffunction-sections -fdata-sections -fPIC -m64
[INFO] [stderr]      -- CXX:      /usr/bin/c++
[INFO] [stderr]      -- CXXFLAGS: -g  -ffunction-sections -fdata-sections -fPIC -m64
[INFO] [stderr]      -- BLAS:
[INFO] [stderr]         -- link:    /usr/lib/x86_64-linux-gnu/libopenblas.so
[INFO] [stderr]      -- LAPACK:
[INFO] [stderr]         -- link:    /usr/lib/x86_64-linux-gnu/libopenblas.so
[INFO] [stderr]         -- link:    -lm
[INFO] [stderr]         -- link:    -ldl
[INFO] [stderr]   CMake Warning:
[INFO] [stderr]     Manually-specified variables were not used by the project:
[INFO] [stderr] 
[INFO] [stderr]       BUILD_TESTING
[INFO] [stderr]       CMAKE_ASM_COMPILER
[INFO] [stderr]       CMAKE_ASM_FLAGS
[INFO] [stderr] 
[INFO] [stderr] 
[INFO] [stderr]   /usr/bin/ld/tmp/ccD2b7E5.s: Assembler messages:
[INFO] [stderr]   /tmp/ccD2b7E5.s: Fatal error: CMakeFiles/icb_arpack_cpp.dir/TESTS/icb_arpack_cpp.cpp.o: No space left on device
[INFO] [stderr]   /usr/bin/ld: final link failed: No space left on device
[INFO] [stderr]   gmake[2]: *** [CMakeFiles/icb_arpack_cpp.dir/build.make:76: CMakeFiles/icb_arpack_cpp.dir/TESTS/icb_arpack_cpp.cpp.o] Error 1
[INFO] [stderr]   gmake[1]: *** [CMakeFiles/Makefile2:307: CMakeFiles/icb_arpack_cpp.dir/all] Error 2
[INFO] [stderr]   gmake[1]: *** Waiting for unfinished jobs....
[INFO] [stderr]   : final link failed: No space left on device
[INFO] [stderr]   collect2: error: ld returned 1 exit status
[INFO] [stderr]   gmake[2]: *** [CMakeFiles/bug_58_double.dir/build.make:99: TESTS/bug_58_double] Error 1
[INFO] [stderr]   collect2: error: ld returned 1 exit status
[INFO] [stderr]   gmake[1]: *** [CMakeFiles/Makefile2:177: CMakeFiles/bug_58_double.dir/all] Error 2
[INFO] [stderr]   gmake[2]: *** [CMakeFiles/bug_142_gen.dir/build.make:99: TESTS/bug_142_gen] Error 1
[INFO] [stderr]   gmake[1]: *** [CMakeFiles/Makefile2:255: CMakeFiles/bug_142_gen.dir/all] Error 2
[INFO] [stderr]   /usr/bin/ld: final link failed: No space left on device
[INFO] [stderr]   Error copying file "/opt/rustwide/cargo-home/registry/src/index.crates.io-1949cf8c6b5b557f/arpack-ng-sys-0.2.1/source/TESTS/testA.mtx" to "testA.mtx".
[INFO] [stderr]   gmake[2]: *** [CMakeFiles/dnsimp_test.dir/build.make:115: TESTS/dnsimp] Error 1
[INFO] [stderr]   gmake[2]: *** Deleting file 'TESTS/dnsimp'
[INFO] [stderr]   gmake[1]: *** [CMakeFiles/Makefile2:125: CMakeFiles/dnsimp_test.dir/all] Error 2
[INFO] [stderr]   collect2: error: ld returned 1 exit status
[INFO] [stderr]   gmake[2]: *** [CMakeFiles/bug_142.dir/build.make:99: TESTS/bug_142] Error 1
[INFO] [stderr]   gmake[1]: *** [CMakeFiles/Makefile2:229: CMakeFiles/bug_142.dir/all] Error 2
[INFO] [stderr]   gmake: *** [Makefile:166: all] Error 2
[INFO] [stderr] 
[INFO] [stderr]   thread 'main' panicked at /opt/rustwide/cargo-home/registry/src/index.crates.io-1949cf8c6b5b557f/cmake-0.1.50/src/lib.rs:1098:5:
[INFO] [stderr] 
[INFO] [stderr]   command did not execute successfully, got: exit status: 2
[INFO] [stderr] 
[INFO] [stderr]   build script failed, must exit now
[INFO] [stderr]   stack backtrace:
[INFO] [stderr]      0:     0x5b70ac2533ba - std::backtrace_rs::backtrace::libunwind::trace::h88deb10bd0145eb8
[INFO] [stderr]                                  at /rustc/4d91de4e48198da2e33413efdcd9cd2cc0c46688/library/std/src/../../backtrace/src/backtrace/libunwind.rs:116:5
[INFO] [stderr]      1:     0x5b70ac2533ba - std::backtrace_rs::backtrace::trace_unsynchronized::he1036f5481c14dff
[INFO] [stderr]                                  at /rustc/4d91de4e48198da2e33413efdcd9cd2cc0c46688/library/std/src/../../backtrace/src/backtrace/mod.rs:66:5
[INFO] [stderr]      2:     0x5b70ac2533ba - std::sys::backtrace::_print_fmt::hecc345b6e70c4b20
[INFO] [stderr]                                  at /rustc/4d91de4e48198da2e33413efdcd9cd2cc0c46688/library/std/src/sys/backtrace.rs:66:9
[INFO] [stderr]      3:     0x5b70ac2533ba - <std::sys::backtrace::BacktraceLock::print::DisplayBacktrace as core::fmt::Display>::fmt::he089f96442833f67
[INFO] [stderr]                                  at /rustc/4d91de4e48198da2e33413efdcd9cd2cc0c46688/library/std/src/sys/backtrace.rs:39:26
[INFO] [stderr]      4:     0x5b70ac27b883 - core::fmt::rt::Argument::fmt::h1f77cded99c71a14
[INFO] [stderr]                                  at /rustc/4d91de4e48198da2e33413efdcd9cd2cc0c46688/library/core/src/fmt/rt.rs:177:76
[INFO] [stderr]      5:     0x5b70ac27b883 - core::fmt::write::h2f210ed4c94745cb
[INFO] [stderr]                                  at /rustc/4d91de4e48198da2e33413efdcd9cd2cc0c46688/library/core/src/fmt/mod.rs:1440:21
[INFO] [stderr]      6:     0x5b70ac24fcf3 - std::io::Write::write_fmt::h7de08171ab770fb2
[INFO] [stderr]                                  at /rustc/4d91de4e48198da2e33413efdcd9cd2cc0c46688/library/std/src/io/mod.rs:1887:15
[INFO] [stderr]      7:     0x5b70ac253202 - std::sys::backtrace::BacktraceLock::print::h810fbd31421329e6
[INFO] [stderr]                                  at /rustc/4d91de4e48198da2e33413efdcd9cd2cc0c46688/library/std/src/sys/backtrace.rs:42:9
[INFO] [stderr]      8:     0x5b70ac2544a0 - std::panicking::default_hook::{{closure}}::hbaad47ed9dc6356d
[INFO] [stderr]                                  at /rustc/4d91de4e48198da2e33413efdcd9cd2cc0c46688/library/std/src/panicking.rs:295:22
[INFO] [stderr]      9:     0x5b70ac254280 - std::panicking::default_hook::h24e207139139d40a
[INFO] [stderr]                                  at /rustc/4d91de4e48198da2e33413efdcd9cd2cc0c46688/library/std/src/panicking.rs:322:9
[INFO] [stderr]     10:     0x5b70ac254c02 - std::panicking::rust_panic_with_hook::ha9131beeb2ddc506
[INFO] [stderr]                                  at /rustc/4d91de4e48198da2e33413efdcd9cd2cc0c46688/library/std/src/panicking.rs:828:13
[INFO] [stderr]     11:     0x5b70ac2549aa - std::panicking::begin_panic_handler::{{closure}}::h1bba0eaeb6da506f
[INFO] [stderr]                                  at /rustc/4d91de4e48198da2e33413efdcd9cd2cc0c46688/library/std/src/panicking.rs:701:13
[INFO] [stderr]     12:     0x5b70ac2538b9 - std::sys::backtrace::__rust_end_short_backtrace::h1d1ca3eade483f4c
[INFO] [stderr]                                  at /rustc/4d91de4e48198da2e33413efdcd9cd2cc0c46688/library/std/src/sys/backtrace.rs:168:18
[INFO] [stderr]     13:     0x5b70ac25463d - rust_begin_unwind
[INFO] [stderr]                                  at /rustc/4d91de4e48198da2e33413efdcd9cd2cc0c46688/library/std/src/panicking.rs:692:5
[INFO] [stderr]     14:     0x5b70abcf4b00 - core::panicking::panic_fmt::h896a0727a1a943f9
[INFO] [stderr]                                  at /rustc/4d91de4e48198da2e33413efdcd9cd2cc0c46688/library/core/src/panicking.rs:75:14
[INFO] [stderr]     15:     0x5b70abd0fa6f - cmake::fail::ha4ba1d128eb69632
[INFO] [stderr]     16:     0x5b70abd0f2ea - cmake::run::h6a430ac541d511ac
[INFO] [stderr]     17:     0x5b70abd0be68 - cmake::Config::build::hc01aa6f1290166af
[INFO] [stderr]     18:     0x5b70abcf80c6 - build_script_build::main::hb8d2d2a52ed1dd56
[INFO] [stderr]     19:     0x5b70abcf5b83 - core::ops::function::FnOnce::call_once::hfcd3405bbe17741d
[INFO] [stderr]     20:     0x5b70abcf5a96 - std::sys::backtrace::__rust_begin_short_backtrace::h7de267feef0f5bc0
[INFO] [stderr]     21:     0x5b70abcf5a19 - std::rt::lang_start::{{closure}}::ha5b04ad0265b2688
[INFO] [stderr]     22:     0x5b70ac24b437 - core::ops::function::impls::<impl core::ops::function::FnOnce<A> for &F>::call_once::ha29694188d478cce
[INFO] [stderr]                                  at /rustc/4d91de4e48198da2e33413efdcd9cd2cc0c46688/library/core/src/ops/function.rs:284:13
[INFO] [stderr]     23:     0x5b70ac24b437 - std::panicking::try::do_call::h146aeebcd3824393
[INFO] [stderr]                                  at /rustc/4d91de4e48198da2e33413efdcd9cd2cc0c46688/library/std/src/panicking.rs:584:40
[INFO] [stderr]     24:     0x5b70ac24b437 - std::panicking::try::hf3596e381ccb2229
[INFO] [stderr]                                  at /rustc/4d91de4e48198da2e33413efdcd9cd2cc0c46688/library/std/src/panicking.rs:547:19
[INFO] [stderr]     25:     0x5b70ac24b437 - std::panic::catch_unwind::h7b076e21cb40b9bf
[INFO] [stderr]                                  at /rustc/4d91de4e48198da2e33413efdcd9cd2cc0c46688/library/std/src/panic.rs:358:14
[INFO] [stderr]     26:     0x5b70ac24b437 - std::rt::lang_start_internal::{{closure}}::h481008de4850e7c0
[INFO] [stderr]                                  at /rustc/4d91de4e48198da2e33413efdcd9cd2cc0c46688/library/std/src/rt.rs:174:48
[INFO] [stderr]     27:     0x5b70ac24b437 - std::panicking::try::do_call::h865e627c98d1c4cc
[INFO] [stderr]                                  at /rustc/4d91de4e48198da2e33413efdcd9cd2cc0c46688/library/std/src/panicking.rs:584:40
[INFO] [stderr]     28:     0x5b70ac24b437 - std::panicking::try::hf53b8617a1069bb3
[INFO] [stderr]                                  at /rustc/4d91de4e48198da2e33413efdcd9cd2cc0c46688/library/std/src/panicking.rs:547:19
[INFO] [stderr]     29:     0x5b70ac24b437 - std::panic::catch_unwind::h9d30caa3add162e9
[INFO] [stderr]                                  at /rustc/4d91de4e48198da2e33413efdcd9cd2cc0c46688/library/std/src/panic.rs:358:14
[INFO] [stderr]     30:     0x5b70ac24b437 - std::rt::lang_start_internal::hbb268f70c879621d
[INFO] [stderr]                                  at /rustc/4d91de4e48198da2e33413efdcd9cd2cc0c46688/library/std/src/rt.rs:174:20
[INFO] [stderr]     31:     0x5b70abcf59f7 - std::rt::lang_start::h8b34f2e25cd42d24
[INFO] [stderr]     32:     0x5b70abcf8685 - main
[INFO] [stderr]     33:     0x7900e1777d90 - <unknown>
[INFO] [stderr]     34:     0x7900e1777e40 - __libc_start_main
[INFO] [stderr]     35:     0x5b70abcf5345 - _start
[INFO] [stderr]     36:                0x0 - <unknown>
[INFO] running `Command { std: "docker" "inspect" "24a33ceb12c825fbdcec727ae7e8dcb36e52409994d4ce14fdd8e3c2fd22a065", kill_on_drop: false }`
[INFO] running `Command { std: "docker" "rm" "-f" "24a33ceb12c825fbdcec727ae7e8dcb36e52409994d4ce14fdd8e3c2fd22a065", kill_on_drop: false }`
[INFO] [stdout] 24a33ceb12c825fbdcec727ae7e8dcb36e52409994d4ce14fdd8e3c2fd22a065
