[INFO] cloning repository https://github.com/yayeandriy/bevy_template
[INFO] running `Command { std: "git" "-c" "credential.helper=" "-c" "credential.helper=/workspace/cargo-home/bin/git-credential-null" "clone" "--bare" "https://github.com/yayeandriy/bevy_template" "/workspace/cache/git-repos/https%3A%2F%2Fgithub.com%2Fyayeandriy%2Fbevy_template", kill_on_drop: false }`
[INFO] [stderr] Cloning into bare repository '/workspace/cache/git-repos/https%3A%2F%2Fgithub.com%2Fyayeandriy%2Fbevy_template'...
[INFO] running `Command { std: "git" "rev-parse" "HEAD", kill_on_drop: false }`
[INFO] [stdout] a23e919a625d0bacab5f3e538d11fff7a262a0fa
[INFO] documenting yayeandriy/bevy_template against 1.85.0 for beta-1.86-rustdoc-1
[INFO] running `Command { std: "git" "clone" "/workspace/cache/git-repos/https%3A%2F%2Fgithub.com%2Fyayeandriy%2Fbevy_template" "/workspace/builds/worker-4-tc1/source", kill_on_drop: false }`
[INFO] [stderr] Cloning into '/workspace/builds/worker-4-tc1/source'...
[INFO] [stderr] done.
[INFO] validating manifest of git repo https://github.com/yayeandriy/bevy_template on toolchain 1.85.0
[INFO] running `Command { std: CARGO_HOME="/workspace/cargo-home" RUSTUP_HOME="/workspace/rustup-home" "/workspace/cargo-home/bin/cargo" "+1.85.0" "metadata" "--manifest-path" "Cargo.toml" "--no-deps", kill_on_drop: false }`
[INFO] removed /workspace/builds/worker-4-tc1/source/.cargo/config.toml
[INFO] removed /workspace/builds/worker-4-tc1/source/rust-toolchain.toml
[INFO] started tweaking git repo https://github.com/yayeandriy/bevy_template
[INFO] finished tweaking git repo https://github.com/yayeandriy/bevy_template
[INFO] tweaked toml for git repo https://github.com/yayeandriy/bevy_template written to /workspace/builds/worker-4-tc1/source/Cargo.toml
[INFO] crate git repo https://github.com/yayeandriy/bevy_template already has a lockfile, it will not be regenerated
[INFO] running `Command { std: CARGO_HOME="/workspace/cargo-home" RUSTUP_HOME="/workspace/rustup-home" "/workspace/cargo-home/bin/cargo" "+1.85.0" "fetch" "--manifest-path" "Cargo.toml", kill_on_drop: false }`
[INFO] running `Command { std: "docker" "create" "-v" "/var/lib/crater-agent-workspace/builds/worker-4-tc1/target:/opt/rustwide/target:rw,Z" "-v" "/var/lib/crater-agent-workspace/builds/worker-4-tc1/source:/opt/rustwide/workdir:ro,Z" "-v" "/var/lib/crater-agent-workspace/cargo-home:/opt/rustwide/cargo-home:ro,Z" "-v" "/var/lib/crater-agent-workspace/rustup-home:/opt/rustwide/rustup-home:ro,Z" "-e" "SOURCE_DIR=/opt/rustwide/workdir" "-e" "CARGO_TARGET_DIR=/opt/rustwide/target" "-e" "CARGO_HOME=/opt/rustwide/cargo-home" "-e" "RUSTUP_HOME=/opt/rustwide/rustup-home" "-w" "/opt/rustwide/workdir" "-m" "1610612736" "--user" "0:0" "--network" "none" "ghcr.io/rust-lang/crates-build-env/linux@sha256:3959728d45483eb673ba100a951a6b9f5012970368db2a9e08e0ac9b67c8a5ad" "/opt/rustwide/cargo-home/bin/cargo" "+1.85.0" "metadata" "--no-deps" "--format-version=1", kill_on_drop: false }`
[INFO] [stdout] 56797b4c9ebdbe0c38a3c05fe4393e53d3e91232a9435cc8974db6e3bfaca16b
[INFO] running `Command { std: "docker" "start" "-a" "56797b4c9ebdbe0c38a3c05fe4393e53d3e91232a9435cc8974db6e3bfaca16b", kill_on_drop: false }`
[INFO] running `Command { std: "docker" "inspect" "56797b4c9ebdbe0c38a3c05fe4393e53d3e91232a9435cc8974db6e3bfaca16b", kill_on_drop: false }`
[INFO] running `Command { std: "docker" "rm" "-f" "56797b4c9ebdbe0c38a3c05fe4393e53d3e91232a9435cc8974db6e3bfaca16b", kill_on_drop: false }`
[INFO] [stdout] 56797b4c9ebdbe0c38a3c05fe4393e53d3e91232a9435cc8974db6e3bfaca16b
[INFO] running `Command { std: "docker" "create" "-v" "/var/lib/crater-agent-workspace/builds/worker-4-tc1/target:/opt/rustwide/target:rw,Z" "-v" "/var/lib/crater-agent-workspace/builds/worker-4-tc1/source:/opt/rustwide/workdir:ro,Z" "-v" "/var/lib/crater-agent-workspace/cargo-home:/opt/rustwide/cargo-home:ro,Z" "-v" "/var/lib/crater-agent-workspace/rustup-home:/opt/rustwide/rustup-home:ro,Z" "-e" "SOURCE_DIR=/opt/rustwide/workdir" "-e" "CARGO_TARGET_DIR=/opt/rustwide/target" "-e" "CARGO_INCREMENTAL=0" "-e" "RUST_BACKTRACE=full" "-e" "RUSTFLAGS=--cap-lints=warn" "-e" "RUSTDOCFLAGS=--cap-lints=warn" "-e" "CARGO_HOME=/opt/rustwide/cargo-home" "-e" "RUSTUP_HOME=/opt/rustwide/rustup-home" "-w" "/opt/rustwide/workdir" "-m" "1610612736" "--user" "0:0" "--network" "none" "ghcr.io/rust-lang/crates-build-env/linux@sha256:3959728d45483eb673ba100a951a6b9f5012970368db2a9e08e0ac9b67c8a5ad" "/opt/rustwide/cargo-home/bin/cargo" "+1.85.0" "doc" "--frozen" "--no-deps" "--document-private-items" "--message-format=json", kill_on_drop: false }`
[INFO] [stdout] a29c79a55008f14385cf89b9a0bbf209e7bd37c322f9f01b8e45930b629b447d
[INFO] running `Command { std: "docker" "start" "-a" "a29c79a55008f14385cf89b9a0bbf209e7bd37c322f9f01b8e45930b629b447d", kill_on_drop: false }`
[INFO] [stderr]    Compiling proc-macro2 v1.0.89
[INFO] [stderr]    Compiling unicode-ident v1.0.13
[INFO] [stderr]     Checking cfg-if v1.0.0
[INFO] [stderr]    Compiling serde v1.0.214
[INFO] [stderr]    Compiling libc v0.2.161
[INFO] [stderr]    Compiling autocfg v1.4.0
[INFO] [stderr]     Checking once_cell v1.20.2
[INFO] [stderr]     Checking pin-project-lite v0.2.15
[INFO] [stderr]    Compiling version_check v0.9.5
[INFO] [stderr]     Checking smallvec v1.13.2
[INFO] [stderr]    Compiling thiserror v1.0.68
[INFO] [stderr]    Compiling equivalent v1.0.1
[INFO] [stderr]    Compiling hashbrown v0.15.1
[INFO] [stderr]    Compiling toml_datetime v0.6.8
[INFO] [stderr]    Compiling winnow v0.6.20
[INFO] [stderr]    Compiling ahash v0.8.11
[INFO] [stderr]     Checking tracing-core v0.1.32
[INFO] [stderr]     Checking zerocopy v0.7.35
[INFO] [stderr]    Compiling crossbeam-utils v0.8.20
[INFO] [stderr]     Checking allocator-api2 v0.2.18
[INFO] [stderr]     Checking parking v2.2.1
[INFO] [stderr]     Checking rand_core v0.6.4
[INFO] [stderr]    Compiling quote v1.0.37
[INFO] [stderr]    Compiling indexmap v2.6.0
[INFO] [stderr]    Compiling syn v2.0.87
[INFO] [stderr]     Checking rand v0.8.5
[INFO] [stderr]     Checking concurrent-queue v2.5.0
[INFO] [stderr]    Compiling slab v0.4.9
[INFO] [stderr]     Checking arrayvec v0.7.6
[INFO] [stderr]     Checking futures-core v0.3.31
[INFO] [stderr]     Checking event-listener v5.3.1
[INFO] [stderr]     Checking thread_local v1.1.8
[INFO] [stderr]     Checking getrandom v0.2.15
[INFO] [stderr]     Checking futures-io v0.3.31
[INFO] [stderr]     Checking fastrand v2.1.1
[INFO] [stderr]    Compiling typeid v1.0.2
[INFO] [stderr]     Checking event-listener-strategy v0.5.2
[INFO] [stderr]     Checking smol_str v0.2.2
[INFO] [stderr]     Checking futures-lite v2.4.0
[INFO] [stderr]     Checking async-task v4.7.1
[INFO] [stderr]     Checking fixedbitset v0.4.2
[INFO] [stderr]     Checking web-time v1.1.0
[INFO] [stderr]     Checking async-channel v2.3.1
[INFO] [stderr]     Checking downcast-rs v1.2.1
[INFO] [stderr]     Checking bevy_ptr v0.14.2
[INFO] [stderr]     Checking log v0.4.22
[INFO] [stderr]     Checking nonmax v0.5.5
[INFO] [stderr]     Checking fixedbitset v0.5.7
[INFO] [stderr]    Compiling num-traits v0.2.19
[INFO] [stderr]    Compiling toml_edit v0.22.22
[INFO] [stderr]    Compiling lock_api v0.4.12
[INFO] [stderr]     Checking libloading v0.8.5
[INFO] [stderr]    Compiling parking_lot_core v0.9.10
[INFO] [stderr]    Compiling uuid v1.11.0
[INFO] [stderr]     Checking memchr v2.7.4
[INFO] [stderr]     Checking scopeguard v1.2.0
[INFO] [stderr]    Compiling pkg-config v0.3.31
[INFO] [stderr]    Compiling cfg_aliases v0.1.1
[INFO] [stderr]     Checking async-executor v1.13.1
[INFO] [stderr]     Checking parking_lot v0.12.3
[INFO] [stderr]     Checking bitflags v1.3.2
[INFO] [stderr]     Checking raw-window-handle v0.6.2
[INFO] [stderr]     Checking bevy_tasks v0.14.2
[INFO] [stderr]     Checking bit-vec v0.6.3
[INFO] [stderr]     Checking aho-corasick v1.1.3
[INFO] [stderr]     Checking simd-adler32 v0.3.7
[INFO] [stderr]     Checking termcolor v1.4.1
[INFO] [stderr]     Checking regex-syntax v0.8.5
[INFO] [stderr]     Checking unicode-width v0.1.14
[INFO] [stderr]    Compiling shlex v1.3.0
[INFO] [stderr]     Checking bit-set v0.5.3
[INFO] [stderr]     Checking crossbeam-channel v0.5.13
[INFO] [stderr]     Checking rustc-hash v1.1.0
[INFO] [stderr]    Compiling cc v1.1.36
[INFO] [stderr]     Checking atomic-waker v1.1.2
[INFO] [stderr]     Checking codespan-reporting v0.11.1
[INFO] [stderr]    Compiling ash v0.37.3+1.3.251
[INFO] [stderr]     Checking hexf-parse v0.2.1
[INFO] [stderr]    Compiling khronos-egl v6.0.0
[INFO] [stderr]     Checking adler2 v2.0.0
[INFO] [stderr]     Checking unicode-xid v0.2.6
[INFO] [stderr]     Checking miniz_oxide v0.8.0
[INFO] [stderr]     Checking piper v0.2.4
[INFO] [stderr]    Compiling wgpu-hal v0.21.1
[INFO] [stderr]     Checking libloading v0.7.4
[INFO] [stderr]     Checking crc32fast v1.4.2
[INFO] [stderr]     Checking accesskit v0.14.0
[INFO] [stderr]     Checking flate2 v1.0.34
[INFO] [stderr]     Checking blocking v1.6.1
[INFO] [stderr]     Checking fdeflate v0.3.6
[INFO] [stderr]    Compiling wgpu-core v0.21.1
[INFO] [stderr]     Checking async-lock v3.4.0
[INFO] [stderr]    Compiling blake3 v1.5.4
[INFO] [stderr]     Checking event-listener v2.5.3
[INFO] [stderr]     Checking base64 v0.21.7
[INFO] [stderr]     Checking glow v0.13.1
[INFO] [stderr]    Compiling bevy_macro_utils v0.14.2
[INFO] [stderr]    Compiling encase_derive_impl v0.8.0
[INFO] [stderr]    Compiling synstructure v0.13.1
[INFO] [stderr]     Checking regex-automata v0.4.8
[INFO] [stderr]     Checking static_assertions v1.1.0
[INFO] [stderr]     Checking renderdoc-sys v1.1.0
[INFO] [stderr]    Compiling litrs v0.4.1
[INFO] [stderr]     Checking arrayref v0.3.9
[INFO] [stderr]     Checking profiling v1.0.16
[INFO] [stderr]     Checking constant_time_eq v0.3.1
[INFO] [stderr]     Checking async-fs v2.1.2
[INFO] [stderr]     Checking async-broadcast v0.5.1
[INFO] [stderr]     Checking png v0.17.14
[INFO] [stderr]    Compiling wgpu v0.20.1
[INFO] [stderr]     Checking const_soft_float v0.1.4
[INFO] [stderr]    Compiling document-features v0.2.10
[INFO] [stderr]     Checking const_panic v0.2.10
[INFO] [stderr]     Checking byteorder-lite v0.1.0
[INFO] [stderr]     Checking constgebra v0.1.4
[INFO] [stderr]     Checking twox-hash v1.6.3
[INFO] [stderr]     Checking sysinfo v0.30.13
[INFO] [stderr]     Checking data-encoding v2.6.0
[INFO] [stderr]    Compiling cfg_aliases v0.2.1
[INFO] [stderr]     Checking const-fnv1a-hash v1.1.0
[INFO] [stderr]     Checking ktx2 v0.3.0
[INFO] [stderr]     Checking ruzstd v0.7.2
[INFO] [stderr]     Checking stable_deref_trait v1.2.0
[INFO] [stderr]    Compiling rustix v0.38.39
[INFO] [stderr]     Checking linux-raw-sys v0.4.14
[INFO] [stderr]     Checking ttf-parser v0.25.0
[INFO] [stderr]    Compiling serde_derive v1.0.214
[INFO] [stderr]    Compiling bytemuck_derive v1.8.0
[INFO] [stderr]    Compiling thiserror-impl v1.0.68
[INFO] [stderr]    Compiling tracing-attributes v0.1.27
[INFO] [stderr]    Compiling bevy_utils_proc_macros v0.14.2
[INFO] [stderr]    Compiling bevy_reflect_derive v0.14.2
[INFO] [stderr]    Compiling bevy_ecs_macros v0.14.2
[INFO] [stderr]    Compiling bevy_derive v0.14.2
[INFO] [stderr]     Checking bytemuck v1.19.0
[INFO] [stderr]     Checking regex v1.11.1
[INFO] [stderr]    Compiling bevy_asset_macros v0.14.2
[INFO] [stderr]     Checking tracing v0.1.40
[INFO] [stderr]    Compiling encase_derive v0.8.0
[INFO] [stderr]     Checking image v0.25.5
[INFO] [stderr]    Compiling zerofrom-derive v0.1.4
[INFO] [stderr]    Compiling bevy_encase_derive v0.14.2
[INFO] [stderr]    Compiling bevy_render_macros v0.14.2
[INFO] [stderr]    Compiling yoke-derive v0.7.4
[INFO] [stderr]    Compiling zerovec-derive v0.10.3
[INFO] [stderr]    Compiling displaydoc v0.2.5
[INFO] [stderr]     Checking lazy_static v1.5.0
[INFO] [stderr]     Checking regex-syntax v0.6.29
[INFO] [stderr]     Checking percent-encoding v2.3.1
[INFO] [stderr]     Checking radsort v0.1.1
[INFO] [stderr]     Checking owned_ttf_parser v0.25.0
[INFO] [stderr]     Checking zerofrom v0.1.4
[INFO] [stderr]    Compiling alsa-sys v0.3.1
[INFO] [stderr]     Checking ab_glyph_rasterizer v0.1.8
[INFO] [stderr]     Checking byteorder v1.5.0
[INFO] [stderr]     Checking writeable v0.5.5
[INFO] [stderr]     Checking yoke v0.7.4
[INFO] [stderr]     Checking overload v0.1.1
[INFO] [stderr]     Checking litemap v0.7.3
[INFO] [stderr]     Checking nu-ansi-term v0.46.0
[INFO] [stderr]     Checking ab_glyph v0.2.29
[INFO] [stderr]     Checking sharded-slab v0.1.7
[INFO] [stderr]    Compiling icu_provider_macros v1.5.0
[INFO] [stderr]    Compiling nix v0.29.0
[INFO] [stderr]     Checking euclid v0.22.11
[INFO] [stderr]     Checking regex-automata v0.1.10
[INFO] [stderr]    Compiling x11-dl v2.21.0
[INFO] [stdout] error: linking with `cc` failed: exit status: 1
[INFO] [stdout]   |
[INFO] [stdout]   = note: LC_ALL="C" PATH="/opt/rustwide/rustup-home/toolchains/1.85.0-x86_64-unknown-linux-gnu/lib/rustlib/x86_64-unknown-linux-gnu/bin:/opt/rustwide/cargo-home/bin:/usr/local/sbin:/usr/local/bin:/usr/sbin:/usr/bin:/sbin:/bin" VSLANG="1033" "cc" "-m64" "/tmp/rustcwCGR2J/symbols.o" "<5 object files omitted>" "-Wl,--as-needed" "-Wl,-Bstatic" "/opt/rustwide/target/debug/deps/{libcfg_aliases-38d5a5db87f5fdc0.rlib}" "/opt/rustwide/rustup-home/toolchains/1.85.0-x86_64-unknown-linux-gnu/lib/rustlib/x86_64-unknown-linux-gnu/lib/{libstd-6273572f18644c87.rlib,libpanic_unwind-267e668abf74a283.rlib,libobject-ec6154ccae37a33e.rlib,libmemchr-500edd5521c440d4.rlib,libaddr2line-86d8d9428792e8ef.rlib,libgimli-10f06487503767c2.rlib,librustc_demangle-6a38424de1e5bca5.rlib,libstd_detect-de9763ea1c19dca3.rlib,libhashbrown-a7f5bb2f736d3c49.rlib,librustc_std_workspace_alloc-7e368919bdc4a44c.rlib,libminiz_oxide-376454d49910c786.rlib,libadler-fa99f5692b5dce85.rlib,libunwind-91cafdaf16f7fe40.rlib,libcfg_if-f7ee3f1ea78d9dae.rlib,liblibc-d3a35665f881365a.rlib,liballoc-715bc629a88bca60.rlib,librustc_std_workspace_core-ae70165d1278cff7.rlib,libcore-406129d0e3fbc101.rlib,libcompiler_builtins-1af05515ab19524a.rlib}" "-Wl,-Bdynamic" "-lgcc_s" "-lutil" "-lrt" "-lpthread" "-lm" "-ldl" "-lc" "-Wl,--eh-frame-hdr" "-Wl,-z,noexecstack" "-L" "/opt/rustwide/rustup-home/toolchains/1.85.0-x86_64-unknown-linux-gnu/lib/rustlib/x86_64-unknown-linux-gnu/lib" "-o" "/opt/rustwide/target/debug/build/nix-7c28d8588a12351c/build_script_build-7c28d8588a12351c" "-Wl,--gc-sections" "-pie" "-Wl,-z,relro,-z,now" "-nodefaultlibs"
[INFO] [stdout]   = note: some arguments are omitted. use `--verbose` to show all linker arguments
[INFO] [stdout]   = note: /usr/bin/ld: final link failed: No space left on device
[INFO] [stdout]           collect2: error: ld returned 1 exit status
[INFO] [stdout]           
[INFO] [stdout] 
[INFO] [stdout] 
[INFO] [stdout] error: linking with `cc` failed: exit status: 1
[INFO] [stdout]   |
[INFO] [stdout]   = note: LC_ALL="C" PATH="/opt/rustwide/rustup-home/toolchains/1.85.0-x86_64-unknown-linux-gnu/lib/rustlib/x86_64-unknown-linux-gnu/bin:/opt/rustwide/cargo-home/bin:/usr/local/sbin:/usr/local/bin:/usr/sbin:/usr/bin:/sbin:/bin" VSLANG="1033" "cc" "-m64" "/tmp/rustcaLTUvn/symbols.o" "<2 object files omitted>" "-Wl,--as-needed" "-Wl,-Bstatic" "/opt/rustwide/target/debug/deps/{libpkg_config-ec5f871582a444a7.rlib}" "/opt/rustwide/rustup-home/toolchains/1.85.0-x86_64-unknown-linux-gnu/lib/rustlib/x86_64-unknown-linux-gnu/lib/{libstd-6273572f18644c87.rlib,libpanic_unwind-267e668abf74a283.rlib,libobject-ec6154ccae37a33e.rlib,libmemchr-500edd5521c440d4.rlib,libaddr2line-86d8d9428792e8ef.rlib,libgimli-10f06487503767c2.rlib,librustc_demangle-6a38424de1e5bca5.rlib,libstd_detect-de9763ea1c19dca3.rlib,libhashbrown-a7f5bb2f736d3c49.rlib,librustc_std_workspace_alloc-7e368919bdc4a44c.rlib,libminiz_oxide-376454d49910c786.rlib,libadler-fa99f5692b5dce85.rlib,libunwind-91cafdaf16f7fe40.rlib,libcfg_if-f7ee3f1ea78d9dae.rlib,liblibc-d3a35665f881365a.rlib,liballoc-715bc629a88bca60.rlib,librustc_std_workspace_core-ae70165d1278cff7.rlib,libcore-406129d0e3fbc101.rlib,libcompiler_builtins-1af05515ab19524a.rlib}" "-Wl,-Bdynamic" "-lgcc_s" "-lutil" "-lrt" "-lpthread" "-lm" "-ldl" "-lc" "-Wl,--eh-frame-hdr" "-Wl,-z,noexecstack" "-L" "/opt/rustwide/rustup-home/toolchains/1.85.0-x86_64-unknown-linux-gnu/lib/rustlib/x86_64-unknown-linux-gnu/lib" "-o" "/opt/rustwide/target/debug/build/x11-dl-ca3b0fff40603a5e/build_script_build-ca3b0fff40603a5e" "-Wl,--gc-sections" "-pie" "-Wl,-z,relro,-z,now" "-nodefaultlibs"
[INFO] [stdout]   = note: some arguments are omitted. use `--verbose` to show all linker arguments
[INFO] [stdout]   = note: /usr/bin/ld: final link failed: No space left on device
[INFO] [stdout]           collect2: error: ld returned 1 exit status
[INFO] [stdout]           
[INFO] [stdout] 
[INFO] [stdout] 
[INFO] [stderr] error: could not compile `nix` (build script) due to 1 previous error
[INFO] [stderr] warning: build failed, waiting for other jobs to finish...
[INFO] [stderr] error: could not compile `x11-dl` (build script) due to 1 previous error
[INFO] [stdout] error: linking with `cc` failed: exit status: 1
[INFO] [stdout]   |
[INFO] [stdout]   = note: LC_ALL="C" PATH="/opt/rustwide/rustup-home/toolchains/1.85.0-x86_64-unknown-linux-gnu/lib/rustlib/x86_64-unknown-linux-gnu/bin:/opt/rustwide/cargo-home/bin:/usr/local/sbin:/usr/local/bin:/usr/sbin:/usr/bin:/sbin:/bin" VSLANG="1033" "cc" "-Wl,--version-script=/tmp/rustcsXBKpj/list" "-Wl,--no-undefined-version" "-m64" "/tmp/rustcsXBKpj/symbols.o" "<10 object files omitted>" "/opt/rustwide/target/debug/deps/zerovec_derive-4e781e26d095bb36.6mxqvc9lup9vo7ac2ypk2qjs0.rcgu.rmeta" "<1 object files omitted>" "-Wl,--as-needed" "-Wl,-Bstatic" "/opt/rustwide/target/debug/deps/{libsyn-750d0951ef7aee5f.rlib,libquote-1eee8cae9f2e7266.rlib,libproc_macro2-e642433ebf7771e7.rlib,libunicode_ident-4779219cbf6819ed.rlib}" "/opt/rustwide/rustup-home/toolchains/1.85.0-x86_64-unknown-linux-gnu/lib/rustlib/x86_64-unknown-linux-gnu/lib/{libproc_macro-57e423f2e16d22f0.rlib,libstd-6273572f18644c87.rlib,libpanic_unwind-267e668abf74a283.rlib,libobject-ec6154ccae37a33e.rlib,libmemchr-500edd5521c440d4.rlib,libaddr2line-86d8d9428792e8ef.rlib,libgimli-10f06487503767c2.rlib,librustc_demangle-6a38424de1e5bca5.rlib,libstd_detect-de9763ea1c19dca3.rlib,libhashbrown-a7f5bb2f736d3c49.rlib,librustc_std_workspace_alloc-7e368919bdc4a44c.rlib,libminiz_oxide-376454d49910c786.rlib,libadler-fa99f5692b5dce85.rlib,libunwind-91cafdaf16f7fe40.rlib,libcfg_if-f7ee3f1ea78d9dae.rlib,liblibc-d3a35665f881365a.rlib,liballoc-715bc629a88bca60.rlib,librustc_std_workspace_core-ae70165d1278cff7.rlib,libcore-406129d0e3fbc101.rlib,libcompiler_builtins-1af05515ab19524a.rlib}" "-Wl,-Bdynamic" "-lgcc_s" "-lutil" "-lrt" "-lpthread" "-lm" "-ldl" "-lc" "-Wl,--eh-frame-hdr" "-Wl,-z,noexecstack" "-L" "/opt/rustwide/rustup-home/toolchains/1.85.0-x86_64-unknown-linux-gnu/lib/rustlib/x86_64-unknown-linux-gnu/lib" "-o" "/opt/rustwide/target/debug/deps/libzerovec_derive-4e781e26d095bb36.so" "-Wl,--gc-sections" "-shared" "-Wl,-z,relro,-z,now" "-nodefaultlibs"
[INFO] [stdout]   = note: some arguments are omitted. use `--verbose` to show all linker arguments
[INFO] [stdout]   = note: /usr/bin/ld: final link failed: No space left on device
[INFO] [stdout]           collect2: error: ld returned 1 exit status
[INFO] [stdout]           
[INFO] [stdout] 
[INFO] [stdout] 
[INFO] [stderr] error: could not compile `zerovec-derive` (lib) due to 1 previous error
[INFO] [stdout] error: failed to write to `/opt/rustwide/target/debug/deps/rmeta9mKp9s/lib.rmeta`: No space left on device (os error 28)
[INFO] [stdout] 
[INFO] [stdout] 
[INFO] [stderr] error: could not compile `ash` (lib) due to 1 previous error
[INFO] [stdout] error: linking with `cc` failed: exit status: 1
[INFO] [stdout]   |
[INFO] [stdout]   = note: LC_ALL="C" PATH="/opt/rustwide/rustup-home/toolchains/1.85.0-x86_64-unknown-linux-gnu/lib/rustlib/x86_64-unknown-linux-gnu/bin:/opt/rustwide/cargo-home/bin:/usr/local/sbin:/usr/local/bin:/usr/sbin:/usr/bin:/sbin:/bin" VSLANG="1033" "cc" "-Wl,--version-script=/tmp/rustcuEUUmX/list" "-Wl,--no-undefined-version" "-m64" "/tmp/rustcuEUUmX/symbols.o" "<3 object files omitted>" "/opt/rustwide/target/debug/deps/icu_provider_macros-1a8023765e6f3b2f.ce07ll385myll4fpzpo8vamnd.rcgu.rmeta" "<1 object files omitted>" "-Wl,--as-needed" "-Wl,-Bstatic" "/opt/rustwide/target/debug/deps/{libsyn-750d0951ef7aee5f.rlib,libquote-1eee8cae9f2e7266.rlib,libproc_macro2-e642433ebf7771e7.rlib,libunicode_ident-4779219cbf6819ed.rlib}" "/opt/rustwide/rustup-home/toolchains/1.85.0-x86_64-unknown-linux-gnu/lib/rustlib/x86_64-unknown-linux-gnu/lib/{libproc_macro-57e423f2e16d22f0.rlib,libstd-6273572f18644c87.rlib,libpanic_unwind-267e668abf74a283.rlib,libobject-ec6154ccae37a33e.rlib,libmemchr-500edd5521c440d4.rlib,libaddr2line-86d8d9428792e8ef.rlib,libgimli-10f06487503767c2.rlib,librustc_demangle-6a38424de1e5bca5.rlib,libstd_detect-de9763ea1c19dca3.rlib,libhashbrown-a7f5bb2f736d3c49.rlib,librustc_std_workspace_alloc-7e368919bdc4a44c.rlib,libminiz_oxide-376454d49910c786.rlib,libadler-fa99f5692b5dce85.rlib,libunwind-91cafdaf16f7fe40.rlib,libcfg_if-f7ee3f1ea78d9dae.rlib,liblibc-d3a35665f881365a.rlib,liballoc-715bc629a88bca60.rlib,librustc_std_workspace_core-ae70165d1278cff7.rlib,libcore-406129d0e3fbc101.rlib,libcompiler_builtins-1af05515ab19524a.rlib}" "-Wl,-Bdynamic" "-lgcc_s" "-lutil" "-lrt" "-lpthread" "-lm" "-ldl" "-lc" "-Wl,--eh-frame-hdr" "-Wl,-z,noexecstack" "-L" "/opt/rustwide/rustup-home/toolchains/1.85.0-x86_64-unknown-linux-gnu/lib/rustlib/x86_64-unknown-linux-gnu/lib" "-o" "/opt/rustwide/target/debug/deps/libicu_provider_macros-1a8023765e6f3b2f.so" "-Wl,--gc-sections" "-shared" "-Wl,-z,relro,-z,now" "-nodefaultlibs"
[INFO] [stdout]   = note: some arguments are omitted. use `--verbose` to show all linker arguments
[INFO] [stdout]   = note: /usr/bin/ld: final link failed: No space left on device
[INFO] [stdout]           collect2: error: ld returned 1 exit status
[INFO] [stdout]           
[INFO] [stdout] 
[INFO] [stdout] 
[INFO] [stderr] error: could not compile `icu_provider_macros` (lib) due to 1 previous error
[INFO] running `Command { std: "docker" "inspect" "a29c79a55008f14385cf89b9a0bbf209e7bd37c322f9f01b8e45930b629b447d", kill_on_drop: false }`
[INFO] running `Command { std: "docker" "rm" "-f" "a29c79a55008f14385cf89b9a0bbf209e7bd37c322f9f01b8e45930b629b447d", kill_on_drop: false }`
[INFO] [stdout] a29c79a55008f14385cf89b9a0bbf209e7bd37c322f9f01b8e45930b629b447d
