[INFO] cloning repository https://github.com/tramondi/worum_top
[INFO] running `Command { std: "git" "-c" "credential.helper=" "-c" "credential.helper=/workspace/cargo-home/bin/git-credential-null" "clone" "--bare" "https://github.com/tramondi/worum_top" "/workspace/cache/git-repos/https%3A%2F%2Fgithub.com%2Ftramondi%2Fworum_top", kill_on_drop: false }`
[INFO] [stderr] Cloning into bare repository '/workspace/cache/git-repos/https%3A%2F%2Fgithub.com%2Ftramondi%2Fworum_top'...
[INFO] running `Command { std: "git" "rev-parse" "HEAD", kill_on_drop: false }`
[INFO] [stdout] ecd29d50f7b91b71064db41da95a8b05a405cf77
[INFO] documenting tramondi/worum_top against 1.85.0 for beta-1.86-rustdoc-1
[INFO] running `Command { std: "git" "clone" "/workspace/cache/git-repos/https%3A%2F%2Fgithub.com%2Ftramondi%2Fworum_top" "/workspace/builds/worker-6-tc1/source", kill_on_drop: false }`
[INFO] [stderr] Cloning into '/workspace/builds/worker-6-tc1/source'...
[INFO] [stderr] done.
[INFO] validating manifest of git repo https://github.com/tramondi/worum_top on toolchain 1.85.0
[INFO] running `Command { std: CARGO_HOME="/workspace/cargo-home" RUSTUP_HOME="/workspace/rustup-home" "/workspace/cargo-home/bin/cargo" "+1.85.0" "metadata" "--manifest-path" "Cargo.toml" "--no-deps", kill_on_drop: false }`
[INFO] started tweaking git repo https://github.com/tramondi/worum_top
[INFO] finished tweaking git repo https://github.com/tramondi/worum_top
[INFO] tweaked toml for git repo https://github.com/tramondi/worum_top written to /workspace/builds/worker-6-tc1/source/Cargo.toml
[INFO] crate git repo https://github.com/tramondi/worum_top already has a lockfile, it will not be regenerated
[INFO] running `Command { std: CARGO_HOME="/workspace/cargo-home" RUSTUP_HOME="/workspace/rustup-home" "/workspace/cargo-home/bin/cargo" "+1.85.0" "fetch" "--manifest-path" "Cargo.toml", kill_on_drop: false }`
[INFO] [stderr]     Blocking waiting for file lock on package cache
[INFO] [stderr]  Downloading crates ...
[INFO] [stderr]   Downloaded sqlite v0.36.1
[INFO] [stderr]   Downloaded sqlite3-sys v0.17.0
[INFO] [stderr]   Downloaded tokio-cron-scheduler v0.10.2
[INFO] [stderr]   Downloaded sqlite3-src v0.6.1
[INFO] running `Command { std: "docker" "create" "-v" "/var/lib/crater-agent-workspace/builds/worker-6-tc1/target:/opt/rustwide/target:rw,Z" "-v" "/var/lib/crater-agent-workspace/builds/worker-6-tc1/source:/opt/rustwide/workdir:ro,Z" "-v" "/var/lib/crater-agent-workspace/cargo-home:/opt/rustwide/cargo-home:ro,Z" "-v" "/var/lib/crater-agent-workspace/rustup-home:/opt/rustwide/rustup-home:ro,Z" "-e" "SOURCE_DIR=/opt/rustwide/workdir" "-e" "CARGO_TARGET_DIR=/opt/rustwide/target" "-e" "CARGO_HOME=/opt/rustwide/cargo-home" "-e" "RUSTUP_HOME=/opt/rustwide/rustup-home" "-w" "/opt/rustwide/workdir" "-m" "1610612736" "--user" "0:0" "--network" "none" "ghcr.io/rust-lang/crates-build-env/linux@sha256:3959728d45483eb673ba100a951a6b9f5012970368db2a9e08e0ac9b67c8a5ad" "/opt/rustwide/cargo-home/bin/cargo" "+1.85.0" "metadata" "--no-deps" "--format-version=1", kill_on_drop: false }`
[INFO] [stdout] 7bf9cdd27e57804b17bb085e12d6ab5232888abafe731138daafa254638060d6
[INFO] running `Command { std: "docker" "start" "-a" "7bf9cdd27e57804b17bb085e12d6ab5232888abafe731138daafa254638060d6", kill_on_drop: false }`
[INFO] running `Command { std: "docker" "inspect" "7bf9cdd27e57804b17bb085e12d6ab5232888abafe731138daafa254638060d6", kill_on_drop: false }`
[INFO] running `Command { std: "docker" "rm" "-f" "7bf9cdd27e57804b17bb085e12d6ab5232888abafe731138daafa254638060d6", kill_on_drop: false }`
[INFO] [stdout] 7bf9cdd27e57804b17bb085e12d6ab5232888abafe731138daafa254638060d6
[INFO] running `Command { std: "docker" "create" "-v" "/var/lib/crater-agent-workspace/builds/worker-6-tc1/target:/opt/rustwide/target:rw,Z" "-v" "/var/lib/crater-agent-workspace/builds/worker-6-tc1/source:/opt/rustwide/workdir:ro,Z" "-v" "/var/lib/crater-agent-workspace/cargo-home:/opt/rustwide/cargo-home:ro,Z" "-v" "/var/lib/crater-agent-workspace/rustup-home:/opt/rustwide/rustup-home:ro,Z" "-e" "SOURCE_DIR=/opt/rustwide/workdir" "-e" "CARGO_TARGET_DIR=/opt/rustwide/target" "-e" "CARGO_INCREMENTAL=0" "-e" "RUST_BACKTRACE=full" "-e" "RUSTFLAGS=--cap-lints=warn" "-e" "RUSTDOCFLAGS=--cap-lints=warn" "-e" "CARGO_HOME=/opt/rustwide/cargo-home" "-e" "RUSTUP_HOME=/opt/rustwide/rustup-home" "-w" "/opt/rustwide/workdir" "-m" "1610612736" "--user" "0:0" "--network" "none" "ghcr.io/rust-lang/crates-build-env/linux@sha256:3959728d45483eb673ba100a951a6b9f5012970368db2a9e08e0ac9b67c8a5ad" "/opt/rustwide/cargo-home/bin/cargo" "+1.85.0" "doc" "--frozen" "--no-deps" "--document-private-items" "--message-format=json", kill_on_drop: false }`
[INFO] [stdout] 3650cea71d854905369f61ddb269b94c0cb41de0de2519165541dddba4c0b293
[INFO] running `Command { std: "docker" "start" "-a" "3650cea71d854905369f61ddb269b94c0cb41de0de2519165541dddba4c0b293", kill_on_drop: false }`
[INFO] [stderr]    Compiling proc-macro2 v1.0.86
[INFO] [stderr]    Compiling unicode-ident v1.0.12
[INFO] [stderr]    Compiling libc v0.2.155
[INFO] [stderr]    Compiling autocfg v1.3.0
[INFO] [stderr]     Checking memchr v2.7.4
[INFO] [stderr]     Checking pin-project-lite v0.2.14
[INFO] [stderr]     Checking cfg-if v1.0.0
[INFO] [stderr]     Checking once_cell v1.19.0
[INFO] [stderr]     Checking bytes v1.7.1
[INFO] [stderr]     Checking itoa v1.0.11
[INFO] [stderr]    Compiling version_check v0.9.5
[INFO] [stderr]    Compiling byteorder v1.5.0
[INFO] [stderr]     Checking futures-core v0.3.30
[INFO] [stderr]    Compiling slab v0.4.9
[INFO] [stderr]    Compiling pkg-config v0.3.30
[INFO] [stderr]    Compiling cc v1.1.7
[INFO] [stderr]     Checking futures-sink v0.3.30
[INFO] [stderr]    Compiling siphasher v0.3.11
[INFO] [stderr]    Compiling quote v1.0.36
[INFO] [stderr]     Checking futures-channel v0.3.30
[INFO] [stderr]    Compiling syn v2.0.72
[INFO] [stderr]     Checking futures-task v0.3.30
[INFO] [stderr]     Checking fnv v1.0.7
[INFO] [stderr]     Checking futures-io v0.3.30
[INFO] [stderr]     Checking pin-utils v0.1.0
[INFO] [stderr]     Checking log v0.4.22
[INFO] [stderr]    Compiling vcpkg v0.2.15
[INFO] [stderr]    Compiling syn v1.0.109
[INFO] [stderr]    Compiling serde v1.0.204
[INFO] [stderr]     Checking tracing-core v0.1.32
[INFO] [stderr]     Checking socket2 v0.5.7
[INFO] [stderr]    Compiling getrandom v0.2.15
[INFO] [stderr]     Checking mio v1.0.1
[INFO] [stderr]     Checking signal-hook-registry v1.4.2
[INFO] [stderr]    Compiling rand_core v0.6.4
[INFO] [stderr]     Checking equivalent v1.0.1
[INFO] [stderr]     Checking hashbrown v0.14.5
[INFO] [stderr]     Checking smallvec v1.13.2
[INFO] [stderr]    Compiling phf_shared v0.11.2
[INFO] [stderr]    Compiling phf_shared v0.10.0
[INFO] [stderr]     Checking bitflags v2.6.0
[INFO] [stderr]    Compiling httparse v1.9.4
[INFO] [stderr]     Checking scopeguard v1.2.0
[INFO] [stderr]     Checking try-lock v0.2.5
[INFO] [stderr]     Checking foreign-types-shared v0.1.1
[INFO] [stderr]    Compiling openssl v0.10.66
[INFO] [stderr]     Checking want v0.3.1
[INFO] [stderr]    Compiling openssl-sys v0.9.103
[INFO] [stderr]     Checking foreign-types v0.3.2
[INFO] [stderr]    Compiling unicase v2.7.0
[INFO] [stderr]     Checking tower-service v0.3.2
[INFO] [stderr]    Compiling native-tls v0.2.12
[INFO] [stderr]     Checking tinyvec_macros v0.1.1
[INFO] [stderr]     Checking openssl-probe v0.1.5
[INFO] [stderr]     Checking indexmap v2.3.0
[INFO] [stderr]     Checking tinyvec v1.8.0
[INFO] [stderr]     Checking http v1.1.0
[INFO] [stderr]     Checking http v0.2.12
[INFO] [stderr]    Compiling num-traits v0.2.19
[INFO] [stderr]    Compiling lock_api v0.4.12
[INFO] [stderr]     Checking new_debug_unreachable v1.0.6
[INFO] [stderr]    Compiling ident_case v1.0.1
[INFO] [stderr]     Checking percent-encoding v2.3.1
[INFO] [stderr]    Compiling parking_lot_core v0.9.10
[INFO] [stderr]    Compiling strsim v0.10.0
[INFO] [stderr]     Checking form_urlencoded v1.2.1
[INFO] [stderr]     Checking ryu v1.0.18
[INFO] [stderr]     Checking unicode-bidi v0.3.15
[INFO] [stderr]     Checking unicode-normalization v0.1.23
[INFO] [stderr]    Compiling mime_guess v2.0.5
[INFO] [stderr]     Checking http-body v1.0.1
[INFO] [stderr]     Checking http-body v0.4.6
[INFO] [stderr]    Compiling proc-macro-error-attr v1.0.4
[INFO] [stderr]    Compiling erasable v1.2.1
[INFO] [stderr]     Checking iana-time-zone v0.1.60
[INFO] [stderr]     Checking idna v0.5.0
[INFO] [stderr]    Compiling serde_json v1.0.122
[INFO] [stderr]     Checking atomic-waker v1.1.2
[INFO] [stderr]     Checking mime v0.3.17
[INFO] [stderr]     Checking httpdate v1.0.3
[INFO] [stderr]     Checking precomputed-hash v0.1.1
[INFO] [stderr]    Compiling convert_case v0.4.0
[INFO] [stderr]     Checking mac v0.1.1
[INFO] [stderr]     Checking futf v0.1.5
[INFO] [stderr]     Checking parking_lot v0.12.3
[INFO] [stderr]    Compiling sqlite3-src v0.6.1
[INFO] [stderr]     Checking chrono v0.4.38
[INFO] [stderr]     Checking aho-corasick v1.1.3
[INFO] [stderr]    Compiling proc-macro-error v1.0.4
[INFO] [stderr]     Checking encoding_rs v0.8.34
[INFO] [stderr]     Checking tower-layer v0.3.2
[INFO] [stderr]     Checking utf-8 v0.7.6
[INFO] [stderr]     Checking dtoa v1.0.9
[INFO] [stderr]    Compiling thiserror v1.0.63
[INFO] [stderr]     Checking ipnet v2.9.0
[INFO] [stderr]     Checking base64 v0.21.7
[INFO] [stderr]     Checking regex-syntax v0.8.4
[INFO] [stderr]     Checking rustls-pemfile v1.0.4
[INFO] [stderr]     Checking tendril v0.4.3
[INFO] [stderr]     Checking dtoa-short v0.3.5
[INFO] [stderr]     Checking uuid v1.10.0
[INFO] [stderr]    Compiling include_dir_macros v0.7.4
[INFO] [stderr]    Compiling ahash v0.8.11
[INFO] [stderr]    Compiling either v1.13.0
[INFO] [stderr]    Compiling darling_core v0.13.4
[INFO] [stderr]     Checking quick-error v1.2.3
[INFO] [stderr]     Checking stable_deref_trait v1.2.0
[INFO] [stderr]     Checking minimal-lexical v0.2.1
[INFO] [stderr]     Checking sync_wrapper v0.1.2
[INFO] [stderr]     Checking servo_arc v0.3.0
[INFO] [stderr]     Checking humantime v1.3.0
[INFO] [stderr]    Compiling include_dir v0.7.4
[INFO] [stderr]     Checking nom v7.1.3
[INFO] [stderr]    Compiling itertools v0.10.5
[INFO] [stderr]     Checking rc-box v1.2.0
[INFO] [stderr]     Checking phf v0.10.1
[INFO] [stderr]     Checking fxhash v0.2.1
[INFO] [stderr]     Checking atty v0.2.14
[INFO] [stderr]     Checking unicode-width v0.1.13
[INFO] [stderr]     Checking rustls-pki-types v1.7.0
[INFO] [stderr]     Checking takecell v0.1.1
[INFO] [stderr]    Compiling tokio-cron-scheduler v0.10.2
[INFO] [stderr]    Compiling heck v0.4.1
[INFO] [stderr]     Checking base64 v0.22.1
[INFO] [stderr]     Checking take_mut v0.2.2
[INFO] [stderr]     Checking termcolor v1.4.1
[INFO] [stderr]     Checking regex-automata v0.4.7
[INFO] [stderr]     Checking bitflags v1.3.2
[INFO] [stderr]     Checking rustls-pemfile v2.1.3
[INFO] [stderr]     Checking getopts v0.2.21
[INFO] [stderr]     Checking sqlite3-sys v0.17.0
[INFO] [stderr]     Checking ego-tree v0.6.2
[INFO] [stderr]     Checking sync_wrapper v1.0.1
[INFO] [stderr]     Checking dotenv v0.15.0
[INFO] [stderr]     Checking sqlite v0.36.1
[INFO] [stderr]    Compiling zerocopy-derive v0.7.35
[INFO] [stderr]    Compiling tokio-macros v2.4.0
[INFO] [stderr]    Compiling futures-macro v0.3.30
[INFO] [stderr]    Compiling serde_derive v1.0.204
[INFO] [stderr]    Compiling tracing-attributes v0.1.27
[INFO] [stderr]    Compiling openssl-macros v0.1.1
[INFO] [stderr]    Compiling pin-project-internal v1.1.5
[INFO] [stdout] error: error writing metadata object file: No space left on device (os error 28)
[INFO] [stdout] 
[INFO] [stdout] 
[INFO] [stderr] error: could not compile `tracing-attributes` (lib) due to 1 previous error
[INFO] [stderr] warning: build failed, waiting for other jobs to finish...
[INFO] [stdout] error: linking with `cc` failed: exit status: 1
[INFO] [stdout]   |
[INFO] [stdout]   = note: LC_ALL="C" PATH="/opt/rustwide/rustup-home/toolchains/1.85.0-x86_64-unknown-linux-gnu/lib/rustlib/x86_64-unknown-linux-gnu/bin:/opt/rustwide/cargo-home/bin:/usr/local/sbin:/usr/local/bin:/usr/sbin:/usr/bin:/sbin:/bin" VSLANG="1033" "cc" "-Wl,--version-script=/tmp/rustcrWSi7a/list" "-Wl,--no-undefined-version" "-m64" "/tmp/rustcrWSi7a/symbols.o" "<10 object files omitted>" "/opt/rustwide/target/debug/deps/zerocopy_derive-9d397ee3573e6542.841kh9pb5qlo0indsy34t0btq.rcgu.rmeta" "<1 object files omitted>" "-Wl,--as-needed" "-Wl,-Bstatic" "/opt/rustwide/target/debug/deps/{libsyn-43758486bd47f1c8.rlib,libquote-a095d4c1f3ef290b.rlib,libproc_macro2-417a1af19fd78c30.rlib,libunicode_ident-ef3bfab9a6597483.rlib}" "/opt/rustwide/rustup-home/toolchains/1.85.0-x86_64-unknown-linux-gnu/lib/rustlib/x86_64-unknown-linux-gnu/lib/{libproc_macro-57e423f2e16d22f0.rlib,libstd-6273572f18644c87.rlib,libpanic_unwind-267e668abf74a283.rlib,libobject-ec6154ccae37a33e.rlib,libmemchr-500edd5521c440d4.rlib,libaddr2line-86d8d9428792e8ef.rlib,libgimli-10f06487503767c2.rlib,librustc_demangle-6a38424de1e5bca5.rlib,libstd_detect-de9763ea1c19dca3.rlib,libhashbrown-a7f5bb2f736d3c49.rlib,librustc_std_workspace_alloc-7e368919bdc4a44c.rlib,libminiz_oxide-376454d49910c786.rlib,libadler-fa99f5692b5dce85.rlib,libunwind-91cafdaf16f7fe40.rlib,libcfg_if-f7ee3f1ea78d9dae.rlib,liblibc-d3a35665f881365a.rlib,liballoc-715bc629a88bca60.rlib,librustc_std_workspace_core-ae70165d1278cff7.rlib,libcore-406129d0e3fbc101.rlib,libcompiler_builtins-1af05515ab19524a.rlib}" "-Wl,-Bdynamic" "-lgcc_s" "-lutil" "-lrt" "-lpthread" "-lm" "-ldl" "-lc" "-Wl,--eh-frame-hdr" "-Wl,-z,noexecstack" "-L" "/opt/rustwide/rustup-home/toolchains/1.85.0-x86_64-unknown-linux-gnu/lib/rustlib/x86_64-unknown-linux-gnu/lib" "-o" "/opt/rustwide/target/debug/deps/libzerocopy_derive-9d397ee3573e6542.so" "-Wl,--gc-sections" "-shared" "-Wl,-z,relro,-z,now" "-nodefaultlibs"
[INFO] [stdout]   = note: some arguments are omitted. use `--verbose` to show all linker arguments
[INFO] [stdout]   = note: /usr/bin/ld: final link failed: No space left on device
[INFO] [stdout]           collect2: error: ld returned 1 exit status
[INFO] [stdout]           
[INFO] [stdout] 
[INFO] [stdout] 
[INFO] [stderr] error: could not compile `zerocopy-derive` (lib) due to 1 previous error
[INFO] [stdout] error: linking with `cc` failed: exit status: 1
[INFO] [stdout]   |
[INFO] [stdout]   = note: LC_ALL="C" PATH="/opt/rustwide/rustup-home/toolchains/1.85.0-x86_64-unknown-linux-gnu/lib/rustlib/x86_64-unknown-linux-gnu/bin:/opt/rustwide/cargo-home/bin:/usr/local/sbin:/usr/local/bin:/usr/sbin:/usr/bin:/sbin:/bin" VSLANG="1033" "cc" "-Wl,--version-script=/tmp/rustc0dxjIh/list" "-Wl,--no-undefined-version" "-m64" "/tmp/rustc0dxjIh/symbols.o" "<6 object files omitted>" "/opt/rustwide/target/debug/deps/tokio_macros-a086681db670fae1.0vhh2rvk7yv2j1ke9crrt9e5z.rcgu.rmeta" "<1 object files omitted>" "-Wl,--as-needed" "-Wl,-Bstatic" "/opt/rustwide/target/debug/deps/{libsyn-43758486bd47f1c8.rlib,libquote-a095d4c1f3ef290b.rlib,libproc_macro2-417a1af19fd78c30.rlib,libunicode_ident-ef3bfab9a6597483.rlib}" "/opt/rustwide/rustup-home/toolchains/1.85.0-x86_64-unknown-linux-gnu/lib/rustlib/x86_64-unknown-linux-gnu/lib/{libproc_macro-57e423f2e16d22f0.rlib,libstd-6273572f18644c87.rlib,libpanic_unwind-267e668abf74a283.rlib,libobject-ec6154ccae37a33e.rlib,libmemchr-500edd5521c440d4.rlib,libaddr2line-86d8d9428792e8ef.rlib,libgimli-10f06487503767c2.rlib,librustc_demangle-6a38424de1e5bca5.rlib,libstd_detect-de9763ea1c19dca3.rlib,libhashbrown-a7f5bb2f736d3c49.rlib,librustc_std_workspace_alloc-7e368919bdc4a44c.rlib,libminiz_oxide-376454d49910c786.rlib,libadler-fa99f5692b5dce85.rlib,libunwind-91cafdaf16f7fe40.rlib,libcfg_if-f7ee3f1ea78d9dae.rlib,liblibc-d3a35665f881365a.rlib,liballoc-715bc629a88bca60.rlib,librustc_std_workspace_core-ae70165d1278cff7.rlib,libcore-406129d0e3fbc101.rlib,libcompiler_builtins-1af05515ab19524a.rlib}" "-Wl,-Bdynamic" "-lgcc_s" "-lutil" "-lrt" "-lpthread" "-lm" "-ldl" "-lc" "-Wl,--eh-frame-hdr" "-Wl,-z,noexecstack" "-L" "/opt/rustwide/rustup-home/toolchains/1.85.0-x86_64-unknown-linux-gnu/lib/rustlib/x86_64-unknown-linux-gnu/lib" "-o" "/opt/rustwide/target/debug/deps/libtokio_macros-a086681db670fae1.so" "-Wl,--gc-sections" "-shared" "-Wl,-z,relro,-z,now" "-nodefaultlibs"
[INFO] [stdout]   = note: some arguments are omitted. use `--verbose` to show all linker arguments
[INFO] [stdout]   = note: /usr/bin/ld: final link failed: No space left on device
[INFO] [stdout]           collect2: error: ld returned 1 exit status
[INFO] [stdout]           
[INFO] [stdout] 
[INFO] [stdout] 
[INFO] [stderr] error: could not compile `tokio-macros` (lib) due to 1 previous error
[INFO] [stdout] error: linking with `cc` failed: exit status: 1
[INFO] [stdout]   |
[INFO] [stdout]   = note: LC_ALL="C" PATH="/opt/rustwide/rustup-home/toolchains/1.85.0-x86_64-unknown-linux-gnu/lib/rustlib/x86_64-unknown-linux-gnu/bin:/opt/rustwide/cargo-home/bin:/usr/local/sbin:/usr/local/bin:/usr/sbin:/usr/bin:/sbin:/bin" VSLANG="1033" "cc" "-Wl,--version-script=/tmp/rustc0z4E3g/list" "-Wl,--no-undefined-version" "-m64" "/tmp/rustc0z4E3g/symbols.o" "<6 object files omitted>" "/opt/rustwide/target/debug/deps/futures_macro-663762d0a452cbd1.aun86zxz7xk4nbhvqtahbik6j.rcgu.rmeta" "<1 object files omitted>" "-Wl,--as-needed" "-Wl,-Bstatic" "/opt/rustwide/target/debug/deps/{libsyn-43758486bd47f1c8.rlib,libquote-a095d4c1f3ef290b.rlib,libproc_macro2-417a1af19fd78c30.rlib,libunicode_ident-ef3bfab9a6597483.rlib}" "/opt/rustwide/rustup-home/toolchains/1.85.0-x86_64-unknown-linux-gnu/lib/rustlib/x86_64-unknown-linux-gnu/lib/{libproc_macro-57e423f2e16d22f0.rlib,libstd-6273572f18644c87.rlib,libpanic_unwind-267e668abf74a283.rlib,libobject-ec6154ccae37a33e.rlib,libmemchr-500edd5521c440d4.rlib,libaddr2line-86d8d9428792e8ef.rlib,libgimli-10f06487503767c2.rlib,librustc_demangle-6a38424de1e5bca5.rlib,libstd_detect-de9763ea1c19dca3.rlib,libhashbrown-a7f5bb2f736d3c49.rlib,librustc_std_workspace_alloc-7e368919bdc4a44c.rlib,libminiz_oxide-376454d49910c786.rlib,libadler-fa99f5692b5dce85.rlib,libunwind-91cafdaf16f7fe40.rlib,libcfg_if-f7ee3f1ea78d9dae.rlib,liblibc-d3a35665f881365a.rlib,liballoc-715bc629a88bca60.rlib,librustc_std_workspace_core-ae70165d1278cff7.rlib,libcore-406129d0e3fbc101.rlib,libcompiler_builtins-1af05515ab19524a.rlib}" "-Wl,-Bdynamic" "-lgcc_s" "-lutil" "-lrt" "-lpthread" "-lm" "-ldl" "-lc" "-Wl,--eh-frame-hdr" "-Wl,-z,noexecstack" "-L" "/opt/rustwide/rustup-home/toolchains/1.85.0-x86_64-unknown-linux-gnu/lib/rustlib/x86_64-unknown-linux-gnu/lib" "-o" "/opt/rustwide/target/debug/deps/libfutures_macro-663762d0a452cbd1.so" "-Wl,--gc-sections" "-shared" "-Wl,-z,relro,-z,now" "-nodefaultlibs"
[INFO] [stdout]   = note: some arguments are omitted. use `--verbose` to show all linker arguments
[INFO] [stdout]   = note: /usr/bin/ld: final link failed: No space left on device
[INFO] [stdout]           collect2: error: ld returned 1 exit status
[INFO] [stdout]           
[INFO] [stdout] 
[INFO] [stdout] 
[INFO] [stderr] error: could not compile `futures-macro` (lib) due to 1 previous error
[INFO] [stderr] rustc-LLVM ERROR: IO failure on output stream: No space left on device
[INFO] [stderr] error: could not compile `pin-project-internal` (lib)
[INFO] [stderr] 
[INFO] [stderr] Caused by:
[INFO] [stderr]   process didn't exit successfully: `/opt/rustwide/rustup-home/toolchains/1.85.0-x86_64-unknown-linux-gnu/bin/rustc --crate-name pin_project_internal --edition=2021 /opt/rustwide/cargo-home/registry/src/index.crates.io-1949cf8c6b5b557f/pin-project-internal-1.1.5/src/lib.rs --error-format=json --json=diagnostic-rendered-ansi,artifacts,future-incompat --crate-type proc-macro --emit=dep-info,link -C prefer-dynamic -C embed-bitcode=no --warn=unreachable_pub '--warn=clippy::undocumented_unsafe_blocks' '--warn=clippy::transmute_undefined_repr' '--warn=clippy::trailing_empty_array' --warn=single_use_lifetimes --warn=rust_2018_idioms '--warn=clippy::pedantic' --warn=non_ascii_idents '--warn=clippy::inline_asm_x86_att_syntax' --warn=improper_ctypes_definitions --warn=improper_ctypes '--warn=clippy::default_union_representation' '--warn=clippy::as_ptr_cast_mut' '--warn=clippy::all' '--allow=clippy::type_complexity' '--allow=clippy::too_many_lines' '--allow=clippy::too_many_arguments' '--allow=clippy::struct_field_names' '--allow=clippy::struct_excessive_bools' '--allow=clippy::single_match_else' '--allow=clippy::single_match' '--allow=clippy::similar_names' '--allow=clippy::module_name_repetitions' '--allow=clippy::missing_errors_doc' '--allow=clippy::manual_range_contains' '--allow=clippy::manual_assert' '--allow=clippy::float_cmp' '--allow=clippy::doc_markdown' '--allow=clippy::declare_interior_mutable_const' '--allow=clippy::borrow_as_ptr' '--allow=clippy::bool_assert_comparison' --check-cfg 'cfg(docsrs,test)' --check-cfg 'cfg(feature, values())' -C metadata=5543067dcb35aaf4 -C extra-filename=-cdca2a0aa9598ab5 --out-dir /opt/rustwide/target/debug/deps -L dependency=/opt/rustwide/target/debug/deps --extern proc_macro2=/opt/rustwide/target/debug/deps/libproc_macro2-417a1af19fd78c30.rlib --extern quote=/opt/rustwide/target/debug/deps/libquote-a095d4c1f3ef290b.rlib --extern syn=/opt/rustwide/target/debug/deps/libsyn-43758486bd47f1c8.rlib --extern proc_macro --cap-lints allow --cap-lints=warn` (exit status: 101)
[INFO] running `Command { std: "docker" "inspect" "3650cea71d854905369f61ddb269b94c0cb41de0de2519165541dddba4c0b293", kill_on_drop: false }`
[INFO] running `Command { std: "docker" "rm" "-f" "3650cea71d854905369f61ddb269b94c0cb41de0de2519165541dddba4c0b293", kill_on_drop: false }`
[INFO] [stdout] 3650cea71d854905369f61ddb269b94c0cb41de0de2519165541dddba4c0b293
