[INFO] cloning repository https://github.com/tasercake/lyghts
[INFO] running `Command { std: "git" "-c" "credential.helper=" "-c" "credential.helper=/workspace/cargo-home/bin/git-credential-null" "clone" "--bare" "https://github.com/tasercake/lyghts" "/workspace/cache/git-repos/https%3A%2F%2Fgithub.com%2Ftasercake%2Flyghts", kill_on_drop: false }`
[INFO] [stderr] Cloning into bare repository '/workspace/cache/git-repos/https%3A%2F%2Fgithub.com%2Ftasercake%2Flyghts'...
[INFO] running `Command { std: "git" "rev-parse" "HEAD", kill_on_drop: false }`
[INFO] [stdout] a7f1f1907a801c492d0c1f1402311d83327bcadb
[INFO] documenting tasercake/lyghts against 1.85.0 for beta-1.86-rustdoc-1
[INFO] running `Command { std: "git" "clone" "/workspace/cache/git-repos/https%3A%2F%2Fgithub.com%2Ftasercake%2Flyghts" "/workspace/builds/worker-1-tc1/source", kill_on_drop: false }`
[INFO] [stderr] Cloning into '/workspace/builds/worker-1-tc1/source'...
[INFO] [stderr] done.
[INFO] validating manifest of git repo https://github.com/tasercake/lyghts on toolchain 1.85.0
[INFO] running `Command { std: CARGO_HOME="/workspace/cargo-home" RUSTUP_HOME="/workspace/rustup-home" "/workspace/cargo-home/bin/cargo" "+1.85.0" "metadata" "--manifest-path" "Cargo.toml" "--no-deps", kill_on_drop: false }`
[INFO] started tweaking git repo https://github.com/tasercake/lyghts
[INFO] finished tweaking git repo https://github.com/tasercake/lyghts
[INFO] tweaked toml for git repo https://github.com/tasercake/lyghts written to /workspace/builds/worker-1-tc1/source/Cargo.toml
[INFO] crate git repo https://github.com/tasercake/lyghts already has a lockfile, it will not be regenerated
[INFO] running `Command { std: CARGO_HOME="/workspace/cargo-home" RUSTUP_HOME="/workspace/rustup-home" "/workspace/cargo-home/bin/cargo" "+1.85.0" "fetch" "--manifest-path" "Cargo.toml", kill_on_drop: false }`
[INFO] [stderr]  Downloading crates ...
[INFO] [stderr]   Downloaded iced_winit v0.2.0
[INFO] [stderr]   Downloaded smithay-clipboard v0.6.2
[INFO] [stderr]   Downloaded clipboard_wayland v0.1.2
[INFO] [stderr]   Downloaded iced_style v0.2.0
[INFO] [stderr]   Downloaded error-code v2.0.2
[INFO] [stderr]   Downloaded iced_web v0.3.0
[INFO] [stderr]   Downloaded ordered-float v2.0.1
[INFO] [stderr]   Downloaded iced_native v0.3.0
[INFO] [stderr]   Downloaded dodrio v0.2.0
[INFO] [stderr]   Downloaded iced_graphics v0.1.0
[INFO] [stderr]   Downloaded glyph_brush v0.7.1
[INFO] [stderr]   Downloaded wgpu_glyph v0.10.0
[INFO] [stderr]   Downloaded font-kit v0.8.0
[INFO] [stderr]   Downloaded iced_wgpu v0.3.0
[INFO] [stderr]   Downloaded iced_core v0.3.0
[INFO] [stderr]   Downloaded window_clipboard v0.1.3
[INFO] [stderr]   Downloaded glyph_brush_draw_cache v0.1.3
[INFO] [stderr]   Downloaded iced_futures v0.2.0
[INFO] [stderr]   Downloaded clipboard-win v4.0.3
[INFO] [stderr]   Downloaded iced v0.2.0
[INFO] running `Command { std: "docker" "create" "-v" "/var/lib/crater-agent-workspace/builds/worker-1-tc1/target:/opt/rustwide/target:rw,Z" "-v" "/var/lib/crater-agent-workspace/builds/worker-1-tc1/source:/opt/rustwide/workdir:ro,Z" "-v" "/var/lib/crater-agent-workspace/cargo-home:/opt/rustwide/cargo-home:ro,Z" "-v" "/var/lib/crater-agent-workspace/rustup-home:/opt/rustwide/rustup-home:ro,Z" "-e" "SOURCE_DIR=/opt/rustwide/workdir" "-e" "CARGO_TARGET_DIR=/opt/rustwide/target" "-e" "CARGO_HOME=/opt/rustwide/cargo-home" "-e" "RUSTUP_HOME=/opt/rustwide/rustup-home" "-w" "/opt/rustwide/workdir" "-m" "1610612736" "--user" "0:0" "--network" "none" "ghcr.io/rust-lang/crates-build-env/linux@sha256:3959728d45483eb673ba100a951a6b9f5012970368db2a9e08e0ac9b67c8a5ad" "/opt/rustwide/cargo-home/bin/cargo" "+1.85.0" "metadata" "--no-deps" "--format-version=1", kill_on_drop: false }`
[INFO] [stdout] 6a5a399675cb31cd7c12acf6b1dd515690b9cfa70292bc63a6aacc58f0053faa
[INFO] running `Command { std: "docker" "start" "-a" "6a5a399675cb31cd7c12acf6b1dd515690b9cfa70292bc63a6aacc58f0053faa", kill_on_drop: false }`
[INFO] running `Command { std: "docker" "inspect" "6a5a399675cb31cd7c12acf6b1dd515690b9cfa70292bc63a6aacc58f0053faa", kill_on_drop: false }`
[INFO] running `Command { std: "docker" "rm" "-f" "6a5a399675cb31cd7c12acf6b1dd515690b9cfa70292bc63a6aacc58f0053faa", kill_on_drop: false }`
[INFO] [stdout] 6a5a399675cb31cd7c12acf6b1dd515690b9cfa70292bc63a6aacc58f0053faa
[INFO] running `Command { std: "docker" "create" "-v" "/var/lib/crater-agent-workspace/builds/worker-1-tc1/target:/opt/rustwide/target:rw,Z" "-v" "/var/lib/crater-agent-workspace/builds/worker-1-tc1/source:/opt/rustwide/workdir:ro,Z" "-v" "/var/lib/crater-agent-workspace/cargo-home:/opt/rustwide/cargo-home:ro,Z" "-v" "/var/lib/crater-agent-workspace/rustup-home:/opt/rustwide/rustup-home:ro,Z" "-e" "SOURCE_DIR=/opt/rustwide/workdir" "-e" "CARGO_TARGET_DIR=/opt/rustwide/target" "-e" "CARGO_INCREMENTAL=0" "-e" "RUST_BACKTRACE=full" "-e" "RUSTFLAGS=--cap-lints=warn" "-e" "RUSTDOCFLAGS=--cap-lints=warn" "-e" "CARGO_HOME=/opt/rustwide/cargo-home" "-e" "RUSTUP_HOME=/opt/rustwide/rustup-home" "-w" "/opt/rustwide/workdir" "-m" "1610612736" "--user" "0:0" "--network" "none" "ghcr.io/rust-lang/crates-build-env/linux@sha256:3959728d45483eb673ba100a951a6b9f5012970368db2a9e08e0ac9b67c8a5ad" "/opt/rustwide/cargo-home/bin/cargo" "+1.85.0" "doc" "--frozen" "--no-deps" "--document-private-items" "--message-format=json", kill_on_drop: false }`
[INFO] [stdout] f82f4aec8dfad3c1521eb70570b34bc285b6b5649af9127725e7ad6fc3129c78
[INFO] running `Command { std: "docker" "start" "-a" "f82f4aec8dfad3c1521eb70570b34bc285b6b5649af9127725e7ad6fc3129c78", kill_on_drop: false }`
[INFO] [stderr]    Compiling libc v0.2.81
[INFO] [stderr]    Compiling autocfg v1.0.1
[INFO] [stderr]     Checking cfg-if v1.0.0
[INFO] [stderr]    Compiling proc-macro2 v1.0.24
[INFO] [stderr]    Compiling unicode-xid v0.2.1
[INFO] [stderr]    Compiling pkg-config v0.3.19
[INFO] [stderr]     Checking cfg-if v0.1.10
[INFO] [stderr]     Checking lazy_static v1.4.0
[INFO] [stderr]    Compiling bitflags v1.2.1
[INFO] [stderr]    Compiling log v0.4.11
[INFO] [stderr]    Compiling syn v1.0.56
[INFO] [stderr]    Compiling memchr v2.3.4
[INFO] [stderr]     Checking once_cell v1.5.2
[INFO] [stderr]    Compiling byteorder v1.3.4
[INFO] [stderr]     Checking libloading v0.6.6
[INFO] [stderr]    Compiling num-traits v0.2.14
[INFO] [stderr]     Checking scopeguard v1.1.0
[INFO] [stderr]     Checking smallvec v1.6.0
[INFO] [stderr]    Compiling version_check v0.9.2
[INFO] [stderr]     Checking slab v0.4.2
[INFO] [stderr]    Compiling crossbeam-utils v0.8.1
[INFO] [stderr]    Compiling xml-rs v0.8.3
[INFO] [stderr]     Checking ab_glyph_rasterizer v0.1.4
[INFO] [stderr]    Compiling quote v1.0.8
[INFO] [stderr]    Compiling memoffset v0.6.1
[INFO] [stderr]    Compiling nix v0.18.0
[INFO] [stderr]    Compiling wayland-scanner v0.28.3
[INFO] [stderr]    Compiling proc-macro-hack v0.5.19
[INFO] [stderr]    Compiling const_fn v0.4.4
[INFO] [stderr]     Checking num_cpus v1.13.0
[INFO] [stderr]     Checking raw-window-handle v0.3.3
[INFO] [stderr]    Compiling wayland-sys v0.28.3
[INFO] [stderr]    Compiling proc-macro-nested v0.1.6
[INFO] [stderr]    Compiling getrandom v0.1.16
[INFO] [stderr]    Compiling jobserver v0.1.21
[INFO] [stderr]     Checking dlib v0.4.2
[INFO] [stderr]     Checking futures-sink v0.3.8
[INFO] [stderr]     Checking same-file v1.0.6
[INFO] [stderr]     Checking futures-core v0.3.8
[INFO] [stderr]    Compiling cc v1.0.66
[INFO] [stderr]    Compiling rayon-core v1.9.0
[INFO] [stderr]     Checking futures-channel v0.3.8
[INFO] [stderr]     Checking crossbeam-epoch v0.9.1
[INFO] [stderr]     Checking walkdir v2.3.1
[INFO] [stderr]    Compiling nom v6.0.1
[INFO] [stderr]     Checking futures-task v0.3.8
[INFO] [stderr]     Checking futures-io v0.3.8
[INFO] [stderr]     Checking pin-utils v0.1.0
[INFO] [stderr]    Compiling semver-parser v0.7.0
[INFO] [stderr]     Checking rand_core v0.5.1
[INFO] [stderr]    Compiling cmake v0.1.45
[INFO] [stderr]    Compiling wayland-client v0.28.3
[INFO] [stderr]    Compiling semver v0.9.0
[INFO] [stderr]     Checking crossbeam-deque v0.8.0
[INFO] [stderr]     Checking crossbeam-channel v0.5.0
[INFO] [stderr]    Compiling rayon v1.5.0
[INFO] [stderr]     Checking scoped-tls v1.0.0
[INFO] [stderr]     Checking ppv-lite86 v0.2.10
[INFO] [stderr]     Checking downcast-rs v1.2.0
[INFO] [stderr]    Compiling servo-freetype-sys v4.0.5
[INFO] [stderr]    Compiling expat-sys v2.1.6
[INFO] [stderr]     Checking ttf-parser v0.6.2
[INFO] [stderr]    Compiling rustc_version v0.2.3
[INFO] [stderr]     Checking rand_chacha v0.2.2
[INFO] [stderr]    Compiling wayland-protocols v0.28.3
[INFO] [stderr]     Checking gfx-hal v0.6.0
[INFO] [stderr]     Checking instant v0.1.9
[INFO] [stderr]     Checking either v1.6.1
[INFO] [stderr]     Checking owned_ttf_parser v0.6.0
[INFO] [stderr]     Checking rusttype v0.9.2
[INFO] [stderr]     Checking wayland-commons v0.28.3
[INFO] [stderr]     Checking parking_lot_core v0.8.2
[INFO] [stderr]     Checking rand v0.7.3
[INFO] [stderr]    Compiling pathfinder_simd v0.5.0
[INFO] [stderr]     Checking xcursor v0.3.3
[INFO] [stderr]     Checking fxhash v0.2.1
[INFO] [stderr]    Compiling x11 v2.18.2
[INFO] [stderr]    Compiling servo-fontconfig-sys v4.0.9
[INFO] [stderr]     Checking lock_api v0.4.2
[INFO] [stderr]     Checking static_assertions v1.1.0
[INFO] [stderr]     Checking xdg v2.2.0
[INFO] [stderr]     Checking ttf-parser v0.9.0
[INFO] [stderr]     Checking twox-hash v1.6.0
[INFO] [stderr]     Checking parking_lot v0.11.1
[INFO] [stderr]     Checking calloop v0.6.5
[INFO] [stderr]     Checking memmap2 v0.1.0
[INFO] [stderr]    Compiling num-integer v0.1.44
[INFO] [stderr]     Checking bit-vec v0.6.3
[INFO] [stderr]     Checking arrayvec v0.5.2
[INFO] [stderr]     Checking bit-set v0.5.2
[INFO] [stderr]     Checking andrew v0.3.1
[INFO] [stderr]     Checking wayland-cursor v0.28.3
[INFO] [stderr]    Compiling xcb v0.9.0
[INFO] [stderr]     Checking spirv_headers v1.5.0
[INFO] [stderr]     Checking dirs-sys v0.3.5
[INFO] [stderr]    Compiling glam v0.10.2
[INFO] [stderr]     Checking ash v0.31.0
[INFO] [stderr]    Compiling miniz_oxide v0.4.3
[INFO] [stderr]     Checking tracing-core v0.1.17
[INFO] [stderr]    Compiling maybe-uninit v2.0.0
[INFO] [stderr]     Checking adler32 v1.2.0
[INFO] [stderr]    Compiling crc32fast v1.2.1
[INFO] [stderr]     Checking owned_ttf_parser v0.9.0
[INFO] [stderr]     Checking ab_glyph v0.2.7
[INFO] [stderr]     Checking inplace_it v0.3.2
[INFO] [stderr]     Checking iced_core v0.3.0
[INFO] [stderr]     Checking pin-project-lite v0.2.0
[INFO] [stderr]     Checking tracing v0.1.22
[INFO] [stderr]     Checking pathfinder_geometry v0.5.1
[INFO] [stderr]     Checking dirs v2.0.2
[INFO] [stderr]    Compiling synstructure v0.12.4
[INFO] [stderr]     Checking servo-fontconfig v0.4.0
[INFO] [stderr]     Checking gfx-descriptor v0.2.0
[INFO] [stderr]     Checking gfx-memory v0.2.2
[INFO] [stderr]     Checking gfx-backend-empty v0.6.0
[INFO] [stderr]     Checking freetype v0.4.1
[INFO] [stderr]     Checking approx v0.4.0
[INFO] [stderr]     Checking net2 v0.2.37
[INFO] [stderr]     Checking iovec v0.1.4
[INFO] [stderr]    Compiling x11-dl v2.18.5
[INFO] [stderr]    Compiling num-iter v0.1.42
[INFO] [stderr]    Compiling num-rational v0.3.2
[INFO] [stderr]     Checking wgpu-types v0.6.1
[INFO] [stderr]     Checking rustc-hash v1.1.0
[INFO] [stderr]     Checking linked-hash-map v0.5.3
[INFO] [stderr]     Checking float-ord v0.2.0
[INFO] [stderr]     Checking xi-unicode v0.3.0
[INFO] [stderr]     Checking unicode-segmentation v1.7.1
[INFO] [stderr]     Checking copyless v0.1.5
[INFO] [stderr]     Checking weezl v0.1.3
[INFO] [stderr]     Checking adler v0.2.3
[INFO] [stderr]    Compiling pin-project-internal v1.0.2
[INFO] [stderr]    Compiling futures-macro v0.3.8
[INFO] [stderr]    Compiling thiserror-impl v1.0.23
[INFO] [stderr]    Compiling bytemuck_derive v1.0.1
[INFO] [stderr]    Compiling zerocopy-derive v0.2.0
[INFO] [stderr]     Checking glyph_brush_layout v0.2.1
[INFO] [stderr]     Checking bytemuck v1.4.1
[INFO] [stderr] rustc-LLVM ERROR: IO failure on output stream: No space left on device
[INFO] [stdout] error: couldn't create a temp dir: No space left on device (os error 28) at path "/opt/rustwide/target/debug/deps/rmetagX6uR5"
[INFO] [stdout] 
[INFO] [stdout] 
[INFO] [stderr] error: could not compile `bytemuck` (lib) due to 1 previous error
[INFO] [stderr] warning: build failed, waiting for other jobs to finish...
[INFO] [stderr] error: could not compile `zerocopy-derive` (lib)
[INFO] [stderr] 
[INFO] [stderr] Caused by:
[INFO] [stderr]   No space left on device (os error 28)
[INFO] [stderr] 
[INFO] [stderr] Caused by:
[INFO] [stderr]   failed to parse process output: `/opt/rustwide/rustup-home/toolchains/1.85.0-x86_64-unknown-linux-gnu/bin/rustc --crate-name zerocopy_derive --edition=2018 /opt/rustwide/cargo-home/registry/src/index.crates.io-1949cf8c6b5b557f/zerocopy-derive-0.2.0/src/lib.rs --error-format=json --json=diagnostic-rendered-ansi,artifacts,future-incompat --crate-type proc-macro --emit=dep-info,link -C prefer-dynamic -C embed-bitcode=no --check-cfg 'cfg(docsrs,test)' --check-cfg 'cfg(feature, values())' -C metadata=9c7afeb052eac13e -C extra-filename=-8fcda88b346a5333 --out-dir /opt/rustwide/target/debug/deps -L dependency=/opt/rustwide/target/debug/deps --extern proc_macro2=/opt/rustwide/target/debug/deps/libproc_macro2-7fdac8b79427ff35.rlib --extern syn=/opt/rustwide/target/debug/deps/libsyn-6fae7d879f144564.rlib --extern synstructure=/opt/rustwide/target/debug/deps/libsynstructure-ce9321cab1b1d63b.rlib --extern proc_macro --cap-lints allow --cap-lints=warn` (exit status: 101)
[INFO] [stdout] error: linking with `cc` failed: exit status: 1
[INFO] [stdout]   |
[INFO] [stdout]   = note: LC_ALL="C" PATH="/opt/rustwide/rustup-home/toolchains/1.85.0-x86_64-unknown-linux-gnu/lib/rustlib/x86_64-unknown-linux-gnu/bin:/opt/rustwide/cargo-home/bin:/usr/local/sbin:/usr/local/bin:/usr/sbin:/usr/bin:/sbin:/bin" VSLANG="1033" "cc" "-Wl,--version-script=/tmp/rustcCZF1I9/list" "-Wl,--no-undefined-version" "-m64" "/tmp/rustcCZF1I9/symbols.o" "<9 object files omitted>" "/opt/rustwide/target/debug/deps/thiserror_impl-5b5c29a173961ef3.181x5wgb9pocypqcp53pqjchb.rcgu.rmeta" "<1 object files omitted>" "-Wl,--as-needed" "-Wl,-Bstatic" "/opt/rustwide/target/debug/deps/{libsyn-6fae7d879f144564.rlib,libquote-53e8573a9ffc1c60.rlib,libproc_macro2-7fdac8b79427ff35.rlib,libunicode_xid-d00b22fdce8baa61.rlib}" "/opt/rustwide/rustup-home/toolchains/1.85.0-x86_64-unknown-linux-gnu/lib/rustlib/x86_64-unknown-linux-gnu/lib/{libproc_macro-57e423f2e16d22f0.rlib,libstd-6273572f18644c87.rlib,libpanic_unwind-267e668abf74a283.rlib,libobject-ec6154ccae37a33e.rlib,libmemchr-500edd5521c440d4.rlib,libaddr2line-86d8d9428792e8ef.rlib,libgimli-10f06487503767c2.rlib,librustc_demangle-6a38424de1e5bca5.rlib,libstd_detect-de9763ea1c19dca3.rlib,libhashbrown-a7f5bb2f736d3c49.rlib,librustc_std_workspace_alloc-7e368919bdc4a44c.rlib,libminiz_oxide-376454d49910c786.rlib,libadler-fa99f5692b5dce85.rlib,libunwind-91cafdaf16f7fe40.rlib,libcfg_if-f7ee3f1ea78d9dae.rlib,liblibc-d3a35665f881365a.rlib,liballoc-715bc629a88bca60.rlib,librustc_std_workspace_core-ae70165d1278cff7.rlib,libcore-406129d0e3fbc101.rlib,libcompiler_builtins-1af05515ab19524a.rlib}" "-Wl,-Bdynamic" "-lgcc_s" "-lutil" "-lrt" "-lpthread" "-lm" "-ldl" "-lc" "-Wl,--eh-frame-hdr" "-Wl,-z,noexecstack" "-L" "/opt/rustwide/rustup-home/toolchains/1.85.0-x86_64-unknown-linux-gnu/lib/rustlib/x86_64-unknown-linux-gnu/lib" "-o" "/opt/rustwide/target/debug/deps/libthiserror_impl-5b5c29a173961ef3.so" "-Wl,--gc-sections" "-shared" "-Wl,-z,relro,-z,now" "-nodefaultlibs"
[INFO] [stdout]   = note: some arguments are omitted. use `--verbose` to show all linker arguments
[INFO] [stdout]   = note: /usr/bin/ld: final link failed: No space left on device
[INFO] [stdout]           collect2: error: ld returned 1 exit status
[INFO] [stdout]           
[INFO] [stdout] 
[INFO] [stdout] 
[INFO] [stderr] error: could not compile `thiserror-impl` (lib) due to 1 previous error
[INFO] [stdout] error: linking with `cc` failed: exit status: 1
[INFO] [stdout]   |
[INFO] [stdout]   = note: LC_ALL="C" PATH="/opt/rustwide/rustup-home/toolchains/1.85.0-x86_64-unknown-linux-gnu/lib/rustlib/x86_64-unknown-linux-gnu/bin:/opt/rustwide/cargo-home/bin:/usr/local/sbin:/usr/local/bin:/usr/sbin:/usr/bin:/sbin:/bin" VSLANG="1033" "cc" "-Wl,--version-script=/tmp/rustckvdV74/list" "-Wl,--no-undefined-version" "-m64" "/tmp/rustckvdV74/symbols.o" "<11 object files omitted>" "/opt/rustwide/target/debug/deps/pin_project_internal-44fd31cc55ac1df2.d9546aji622q24jyr9i0rb52d.rcgu.rmeta" "<1 object files omitted>" "-Wl,--as-needed" "-Wl,-Bstatic" "/opt/rustwide/target/debug/deps/{libsyn-6fae7d879f144564.rlib,libquote-53e8573a9ffc1c60.rlib,libproc_macro2-7fdac8b79427ff35.rlib,libunicode_xid-d00b22fdce8baa61.rlib}" "/opt/rustwide/rustup-home/toolchains/1.85.0-x86_64-unknown-linux-gnu/lib/rustlib/x86_64-unknown-linux-gnu/lib/{libproc_macro-57e423f2e16d22f0.rlib,libstd-6273572f18644c87.rlib,libpanic_unwind-267e668abf74a283.rlib,libobject-ec6154ccae37a33e.rlib,libmemchr-500edd5521c440d4.rlib,libaddr2line-86d8d9428792e8ef.rlib,libgimli-10f06487503767c2.rlib,librustc_demangle-6a38424de1e5bca5.rlib,libstd_detect-de9763ea1c19dca3.rlib,libhashbrown-a7f5bb2f736d3c49.rlib,librustc_std_workspace_alloc-7e368919bdc4a44c.rlib,libminiz_oxide-376454d49910c786.rlib,libadler-fa99f5692b5dce85.rlib,libunwind-91cafdaf16f7fe40.rlib,libcfg_if-f7ee3f1ea78d9dae.rlib,liblibc-d3a35665f881365a.rlib,liballoc-715bc629a88bca60.rlib,librustc_std_workspace_core-ae70165d1278cff7.rlib,libcore-406129d0e3fbc101.rlib,libcompiler_builtins-1af05515ab19524a.rlib}" "-Wl,-Bdynamic" "-lgcc_s" "-lutil" "-lrt" "-lpthread" "-lm" "-ldl" "-lc" "-Wl,--eh-frame-hdr" "-Wl,-z,noexecstack" "-L" "/opt/rustwide/rustup-home/toolchains/1.85.0-x86_64-unknown-linux-gnu/lib/rustlib/x86_64-unknown-linux-gnu/lib" "-o" "/opt/rustwide/target/debug/deps/libpin_project_internal-44fd31cc55ac1df2.so" "-Wl,--gc-sections" "-shared" "-Wl,-z,relro,-z,now" "-nodefaultlibs"
[INFO] [stdout]   = note: some arguments are omitted. use `--verbose` to show all linker arguments
[INFO] [stdout]   = note: /usr/bin/ld: final link failed: No space left on device
[INFO] [stdout]           collect2: error: ld returned 1 exit status
[INFO] [stdout]           
[INFO] [stdout] 
[INFO] [stdout] 
[INFO] [stderr] error: could not compile `pin-project-internal` (lib) due to 1 previous error
[INFO] [stderr] error: failed to run custom build command for `xcb v0.9.0`
[INFO] [stderr] note: To improve backtraces for build dependencies, set the CARGO_PROFILE_DEV_BUILD_OVERRIDE_DEBUG=true environment variable to enable debug information generation.
[INFO] [stderr] 
[INFO] [stderr] Caused by:
[INFO] [stderr]   process didn't exit successfully: `/opt/rustwide/target/debug/build/xcb-400a009f6ed4e098/build-script-build` (exit status: 101)
[INFO] [stderr]   --- stdout
[INFO] [stderr]   event  ('xcb', 'Present', 'CompleteNotify')  is packed
[INFO] [stderr]   event  ('xcb', 'Present', 'RedirectNotify')  is packed
[INFO] [stderr] 
[INFO] [stderr]   --- stderr
[INFO] [stderr]   error occured in handler:  ('request: ', ('xcb', 'Render', 'CreateConicalGradient'))
[INFO] [stderr]   Traceback (most recent call last):
[INFO] [stderr]     File "/opt/rustwide/cargo-home/registry/src/index.crates.io-1949cf8c6b5b557f/xcb-0.9.0/rs_client.py", line 2455, in <module>
[INFO] [stderr]       module.generate()
[INFO] [stderr]     File "/opt/rustwide/cargo-home/registry/src/index.crates.io-1949cf8c6b5b557f/xcb-0.9.0/xcbgen/state.py", line 108, in generate
[INFO] [stderr]       self.close()
[INFO] [stderr]     File "/opt/rustwide/cargo-home/registry/src/index.crates.io-1949cf8c6b5b557f/xcb-0.9.0/rs_client.py", line 293, in rs_close
[INFO] [stderr]       _f.writeout(os.path.join(module.rs_srcdir, "ffi", "%s.rs" % _module_name(_ns.ext_name)))
[INFO] [stderr]     File "/opt/rustwide/cargo-home/registry/src/index.crates.io-1949cf8c6b5b557f/xcb-0.9.0/rs_client.py", line 118, in writeout
[INFO] [stderr]       print(line.rstrip(), file=f)
[INFO] [stderr]   OSError: [Errno 28] No space left on device
[INFO] [stderr] 
[INFO] [stderr]   thread 'main' panicked at /opt/rustwide/cargo-home/registry/src/index.crates.io-1949cf8c6b5b557f/xcb-0.9.0/build.rs:77:17:
[INFO] [stderr]   processing of /opt/rustwide/cargo-home/registry/src/index.crates.io-1949cf8c6b5b557f/xcb-0.9.0/xml/render.xml returned non-zero (1)
[INFO] [stderr]   stack backtrace:
[INFO] [stderr]      0:     0x5a8b1c2b742a - std::backtrace_rs::backtrace::libunwind::trace::h88deb10bd0145eb8
[INFO] [stderr]                                  at /rustc/4d91de4e48198da2e33413efdcd9cd2cc0c46688/library/std/src/../../backtrace/src/backtrace/libunwind.rs:116:5
[INFO] [stderr]      1:     0x5a8b1c2b742a - std::backtrace_rs::backtrace::trace_unsynchronized::he1036f5481c14dff
[INFO] [stderr]                                  at /rustc/4d91de4e48198da2e33413efdcd9cd2cc0c46688/library/std/src/../../backtrace/src/backtrace/mod.rs:66:5
[INFO] [stderr]      2:     0x5a8b1c2b742a - std::sys::backtrace::_print_fmt::hecc345b6e70c4b20
[INFO] [stderr]                                  at /rustc/4d91de4e48198da2e33413efdcd9cd2cc0c46688/library/std/src/sys/backtrace.rs:66:9
[INFO] [stderr]      3:     0x5a8b1c2b742a - <std::sys::backtrace::BacktraceLock::print::DisplayBacktrace as core::fmt::Display>::fmt::he089f96442833f67
[INFO] [stderr]                                  at /rustc/4d91de4e48198da2e33413efdcd9cd2cc0c46688/library/std/src/sys/backtrace.rs:39:26
[INFO] [stderr]      4:     0x5a8b1c2d6b93 - core::fmt::rt::Argument::fmt::h1f77cded99c71a14
[INFO] [stderr]                                  at /rustc/4d91de4e48198da2e33413efdcd9cd2cc0c46688/library/core/src/fmt/rt.rs:177:76
[INFO] [stderr]      5:     0x5a8b1c2d6b93 - core::fmt::write::h2f210ed4c94745cb
[INFO] [stderr]                                  at /rustc/4d91de4e48198da2e33413efdcd9cd2cc0c46688/library/core/src/fmt/mod.rs:1440:21
[INFO] [stderr]      6:     0x5a8b1c2b48d3 - std::io::Write::write_fmt::h7de08171ab770fb2
[INFO] [stderr]                                  at /rustc/4d91de4e48198da2e33413efdcd9cd2cc0c46688/library/std/src/io/mod.rs:1887:15
[INFO] [stderr]      7:     0x5a8b1c2b7272 - std::sys::backtrace::BacktraceLock::print::h810fbd31421329e6
[INFO] [stderr]                                  at /rustc/4d91de4e48198da2e33413efdcd9cd2cc0c46688/library/std/src/sys/backtrace.rs:42:9
[INFO] [stderr]      8:     0x5a8b1c2b8480 - std::panicking::default_hook::{{closure}}::hbaad47ed9dc6356d
[INFO] [stderr]                                  at /rustc/4d91de4e48198da2e33413efdcd9cd2cc0c46688/library/std/src/panicking.rs:295:22
[INFO] [stderr]      9:     0x5a8b1c2b8260 - std::panicking::default_hook::h24e207139139d40a
[INFO] [stderr]                                  at /rustc/4d91de4e48198da2e33413efdcd9cd2cc0c46688/library/std/src/panicking.rs:322:9
[INFO] [stderr]     10:     0x5a8b1c2b8af2 - std::panicking::rust_panic_with_hook::ha9131beeb2ddc506
[INFO] [stderr]                                  at /rustc/4d91de4e48198da2e33413efdcd9cd2cc0c46688/library/std/src/panicking.rs:828:13
[INFO] [stderr]     11:     0x5a8b1c2b898a - std::panicking::begin_panic_handler::{{closure}}::h1bba0eaeb6da506f
[INFO] [stderr]                                  at /rustc/4d91de4e48198da2e33413efdcd9cd2cc0c46688/library/std/src/panicking.rs:701:13
[INFO] [stderr]     12:     0x5a8b1c2b7929 - std::sys::backtrace::__rust_end_short_backtrace::h1d1ca3eade483f4c
[INFO] [stderr]                                  at /rustc/4d91de4e48198da2e33413efdcd9cd2cc0c46688/library/std/src/sys/backtrace.rs:168:18
[INFO] [stderr]     13:     0x5a8b1c2b861d - rust_begin_unwind
[INFO] [stderr]                                  at /rustc/4d91de4e48198da2e33413efdcd9cd2cc0c46688/library/std/src/panicking.rs:692:5
[INFO] [stderr]     14:     0x5a8b1c28b430 - core::panicking::panic_fmt::h896a0727a1a943f9
[INFO] [stderr]                                  at /rustc/4d91de4e48198da2e33413efdcd9cd2cc0c46688/library/core/src/panicking.rs:75:14
[INFO] [stderr]     15:     0x5a8b1c291b13 - build_script_build::main::{{closure}}::hc8bb9d5a5bbd2104
[INFO] [stderr]     16:     0x5a8b1c2906c6 - build_script_build::visit_xml::h1f269e7641408320
[INFO] [stderr]     17:     0x5a8b1c29113c - build_script_build::main::hd96259237474c950
[INFO] [stderr]     18:     0x5a8b1c28d593 - core::ops::function::FnOnce::call_once::h3c033dc0e45404f9
[INFO] [stderr]     19:     0x5a8b1c28ccf6 - std::sys::backtrace::__rust_begin_short_backtrace::hf2c15b2eede9cded
[INFO] [stderr]     20:     0x5a8b1c28cb79 - std::rt::lang_start::{{closure}}::h52ccb5981f755627
[INFO] [stderr]     21:     0x5a8b1c2b1c87 - core::ops::function::impls::<impl core::ops::function::FnOnce<A> for &F>::call_once::ha29694188d478cce
[INFO] [stderr]                                  at /rustc/4d91de4e48198da2e33413efdcd9cd2cc0c46688/library/core/src/ops/function.rs:284:13
[INFO] [stderr]     22:     0x5a8b1c2b1c87 - std::panicking::try::do_call::h146aeebcd3824393
[INFO] [stderr]                                  at /rustc/4d91de4e48198da2e33413efdcd9cd2cc0c46688/library/std/src/panicking.rs:584:40
[INFO] [stderr]     23:     0x5a8b1c2b1c87 - std::panicking::try::hf3596e381ccb2229
[INFO] [stderr]                                  at /rustc/4d91de4e48198da2e33413efdcd9cd2cc0c46688/library/std/src/panicking.rs:547:19
[INFO] [stderr]     24:     0x5a8b1c2b1c87 - std::panic::catch_unwind::h7b076e21cb40b9bf
[INFO] [stderr]                                  at /rustc/4d91de4e48198da2e33413efdcd9cd2cc0c46688/library/std/src/panic.rs:358:14
[INFO] [stderr]     25:     0x5a8b1c2b1c87 - std::rt::lang_start_internal::{{closure}}::h481008de4850e7c0
[INFO] [stderr]                                  at /rustc/4d91de4e48198da2e33413efdcd9cd2cc0c46688/library/std/src/rt.rs:174:48
[INFO] [stderr]     26:     0x5a8b1c2b1c87 - std::panicking::try::do_call::h865e627c98d1c4cc
[INFO] [stderr]                                  at /rustc/4d91de4e48198da2e33413efdcd9cd2cc0c46688/library/std/src/panicking.rs:584:40
[INFO] [stderr]     27:     0x5a8b1c2b1c87 - std::panicking::try::hf53b8617a1069bb3
[INFO] [stderr]                                  at /rustc/4d91de4e48198da2e33413efdcd9cd2cc0c46688/library/std/src/panicking.rs:547:19
[INFO] [stderr]     28:     0x5a8b1c2b1c87 - std::panic::catch_unwind::h9d30caa3add162e9
[INFO] [stderr]                                  at /rustc/4d91de4e48198da2e33413efdcd9cd2cc0c46688/library/std/src/panic.rs:358:14
[INFO] [stderr]     29:     0x5a8b1c2b1c87 - std::rt::lang_start_internal::hbb268f70c879621d
[INFO] [stderr]                                  at /rustc/4d91de4e48198da2e33413efdcd9cd2cc0c46688/library/std/src/rt.rs:174:20
[INFO] [stderr]     30:     0x5a8b1c28cb57 - std::rt::lang_start::h39845ecc1f0af439
[INFO] [stderr]     31:     0x5a8b1c291b95 - main
[INFO] [stderr]     32:     0x70d56dc56d90 - <unknown>
[INFO] [stderr]     33:     0x70d56dc56e40 - __libc_start_main
[INFO] [stderr]     34:     0x5a8b1c28b9a5 - _start
[INFO] [stderr]     35:                0x0 - <unknown>
[INFO] running `Command { std: "docker" "inspect" "f82f4aec8dfad3c1521eb70570b34bc285b6b5649af9127725e7ad6fc3129c78", kill_on_drop: false }`
[INFO] running `Command { std: "docker" "rm" "-f" "f82f4aec8dfad3c1521eb70570b34bc285b6b5649af9127725e7ad6fc3129c78", kill_on_drop: false }`
[INFO] [stdout] f82f4aec8dfad3c1521eb70570b34bc285b6b5649af9127725e7ad6fc3129c78
