[INFO] cloning repository https://github.com/ruancomelli/old-lady
[INFO] running `Command { std: "git" "-c" "credential.helper=" "-c" "credential.helper=/workspace/cargo-home/bin/git-credential-null" "clone" "--bare" "https://github.com/ruancomelli/old-lady" "/workspace/cache/git-repos/https%3A%2F%2Fgithub.com%2Fruancomelli%2Fold-lady", kill_on_drop: false }`
[INFO] [stderr] Cloning into bare repository '/workspace/cache/git-repos/https%3A%2F%2Fgithub.com%2Fruancomelli%2Fold-lady'...
[INFO] running `Command { std: "git" "rev-parse" "HEAD", kill_on_drop: false }`
[INFO] [stdout] 507e5554925c8a88c572b1445ad4ca17e26767b6
[INFO] documenting ruancomelli/old-lady against 1.85.0 for beta-1.86-rustdoc-1
[INFO] running `Command { std: "git" "clone" "/workspace/cache/git-repos/https%3A%2F%2Fgithub.com%2Fruancomelli%2Fold-lady" "/workspace/builds/worker-2-tc1/source", kill_on_drop: false }`
[INFO] [stderr] Cloning into '/workspace/builds/worker-2-tc1/source'...
[INFO] [stderr] done.
[INFO] validating manifest of git repo https://github.com/ruancomelli/old-lady on toolchain 1.85.0
[INFO] running `Command { std: CARGO_HOME="/workspace/cargo-home" RUSTUP_HOME="/workspace/rustup-home" "/workspace/cargo-home/bin/cargo" "+1.85.0" "metadata" "--manifest-path" "Cargo.toml" "--no-deps", kill_on_drop: false }`
[INFO] started tweaking git repo https://github.com/ruancomelli/old-lady
[INFO] finished tweaking git repo https://github.com/ruancomelli/old-lady
[INFO] tweaked toml for git repo https://github.com/ruancomelli/old-lady written to /workspace/builds/worker-2-tc1/source/Cargo.toml
[INFO] crate git repo https://github.com/ruancomelli/old-lady already has a lockfile, it will not be regenerated
[INFO] running `Command { std: CARGO_HOME="/workspace/cargo-home" RUSTUP_HOME="/workspace/rustup-home" "/workspace/cargo-home/bin/cargo" "+1.85.0" "fetch" "--manifest-path" "Cargo.toml", kill_on_drop: false }`
[INFO] running `Command { std: "docker" "create" "-v" "/var/lib/crater-agent-workspace/builds/worker-2-tc1/target:/opt/rustwide/target:rw,Z" "-v" "/var/lib/crater-agent-workspace/builds/worker-2-tc1/source:/opt/rustwide/workdir:ro,Z" "-v" "/var/lib/crater-agent-workspace/cargo-home:/opt/rustwide/cargo-home:ro,Z" "-v" "/var/lib/crater-agent-workspace/rustup-home:/opt/rustwide/rustup-home:ro,Z" "-e" "SOURCE_DIR=/opt/rustwide/workdir" "-e" "CARGO_TARGET_DIR=/opt/rustwide/target" "-e" "CARGO_HOME=/opt/rustwide/cargo-home" "-e" "RUSTUP_HOME=/opt/rustwide/rustup-home" "-w" "/opt/rustwide/workdir" "-m" "1610612736" "--user" "0:0" "--network" "none" "ghcr.io/rust-lang/crates-build-env/linux@sha256:3959728d45483eb673ba100a951a6b9f5012970368db2a9e08e0ac9b67c8a5ad" "/opt/rustwide/cargo-home/bin/cargo" "+1.85.0" "metadata" "--no-deps" "--format-version=1", kill_on_drop: false }`
[INFO] [stdout] 6e63404d708d2db5cac0c36f7a5204cb9b73c7e9e5f9f02230e82aa1949a5560
[INFO] running `Command { std: "docker" "start" "-a" "6e63404d708d2db5cac0c36f7a5204cb9b73c7e9e5f9f02230e82aa1949a5560", kill_on_drop: false }`
[INFO] running `Command { std: "docker" "inspect" "6e63404d708d2db5cac0c36f7a5204cb9b73c7e9e5f9f02230e82aa1949a5560", kill_on_drop: false }`
[INFO] running `Command { std: "docker" "rm" "-f" "6e63404d708d2db5cac0c36f7a5204cb9b73c7e9e5f9f02230e82aa1949a5560", kill_on_drop: false }`
[INFO] [stdout] 6e63404d708d2db5cac0c36f7a5204cb9b73c7e9e5f9f02230e82aa1949a5560
[INFO] running `Command { std: "docker" "create" "-v" "/var/lib/crater-agent-workspace/builds/worker-2-tc1/target:/opt/rustwide/target:rw,Z" "-v" "/var/lib/crater-agent-workspace/builds/worker-2-tc1/source:/opt/rustwide/workdir:ro,Z" "-v" "/var/lib/crater-agent-workspace/cargo-home:/opt/rustwide/cargo-home:ro,Z" "-v" "/var/lib/crater-agent-workspace/rustup-home:/opt/rustwide/rustup-home:ro,Z" "-e" "SOURCE_DIR=/opt/rustwide/workdir" "-e" "CARGO_TARGET_DIR=/opt/rustwide/target" "-e" "CARGO_INCREMENTAL=0" "-e" "RUST_BACKTRACE=full" "-e" "RUSTFLAGS=--cap-lints=warn" "-e" "RUSTDOCFLAGS=--cap-lints=warn" "-e" "CARGO_HOME=/opt/rustwide/cargo-home" "-e" "RUSTUP_HOME=/opt/rustwide/rustup-home" "-w" "/opt/rustwide/workdir" "-m" "1610612736" "--user" "0:0" "--network" "none" "ghcr.io/rust-lang/crates-build-env/linux@sha256:3959728d45483eb673ba100a951a6b9f5012970368db2a9e08e0ac9b67c8a5ad" "/opt/rustwide/cargo-home/bin/cargo" "+1.85.0" "doc" "--frozen" "--no-deps" "--document-private-items" "--message-format=json", kill_on_drop: false }`
[INFO] [stdout] bdeb765d440db43fa01f318a78448d54528e4aab605a376bdab330158e014dd9
[INFO] running `Command { std: "docker" "start" "-a" "bdeb765d440db43fa01f318a78448d54528e4aab605a376bdab330158e014dd9", kill_on_drop: false }`
[INFO] [stderr]    Compiling proc-macro2 v1.0.78
[INFO] [stderr]    Compiling unicode-ident v1.0.12
[INFO] [stderr]     Checking cfg-if v1.0.0
[INFO] [stderr]    Compiling autocfg v1.1.0
[INFO] [stderr]    Compiling libc v0.2.152
[INFO] [stderr]    Compiling pkg-config v0.3.29
[INFO] [stderr]     Checking bitflags v1.3.2
[INFO] [stderr]    Compiling version_check v0.9.4
[INFO] [stderr]    Compiling libm v0.2.8
[INFO] [stderr]     Checking arrayvec v0.7.4
[INFO] [stderr]     Checking log v0.4.20
[INFO] [stderr]     Checking smallvec v1.13.1
[INFO] [stderr]     Checking once_cell v1.19.0
[INFO] [stderr]    Compiling num-traits v0.2.17
[INFO] [stderr]    Compiling memoffset v0.6.5
[INFO] [stderr]    Compiling serde v1.0.195
[INFO] [stderr]    Compiling xml-rs v0.8.19
[INFO] [stderr]     Checking lazy_static v1.4.0
[INFO] [stderr]     Checking libloading v0.8.1
[INFO] [stderr]    Compiling crc32fast v1.3.2
[INFO] [stderr]     Checking simd-adler32 v0.3.7
[INFO] [stderr]    Compiling quote v1.0.35
[INFO] [stderr]    Compiling thiserror v1.0.56
[INFO] [stderr]    Compiling wayland-sys v0.29.5
[INFO] [stderr]     Checking adler v1.0.2
[INFO] [stderr]    Compiling crossbeam-utils v0.8.19
[INFO] [stderr]     Checking bitflags v2.4.2
[INFO] [stderr]    Compiling syn v2.0.48
[INFO] [stderr]    Compiling wayland-scanner v0.29.5
[INFO] [stderr]    Compiling jobserver v0.1.27
[INFO] [stderr]     Checking miniz_oxide v0.7.1
[INFO] [stderr]     Checking dlib v0.5.2
[INFO] [stderr]    Compiling lock_api v0.4.11
[INFO] [stderr]    Compiling cc v1.0.83
[INFO] [stderr]    Compiling parking_lot_core v0.9.9
[INFO] [stderr]     Checking nix v0.24.3
[INFO] [stderr]     Checking flate2 v1.0.28
[INFO] [stderr]    Compiling ahash v0.8.7
[INFO] [stderr]     Checking ttf-parser v0.20.0
[INFO] [stderr]     Checking scopeguard v1.2.0
[INFO] [stderr]    Compiling unicase v2.7.0
[INFO] [stderr]    Compiling slotmap v1.0.7
[INFO] [stderr]    Compiling indexmap v1.9.3
[INFO] [stderr]     Checking downcast-rs v1.2.0
[INFO] [stderr]    Compiling rustix v0.38.30
[INFO] [stderr]     Checking scoped-tls v1.0.1
[INFO] [stderr]    Compiling camino v1.1.6
[INFO] [stderr]     Checking zerocopy v0.7.32
[INFO] [stderr]    Compiling wayland-client v0.29.5
[INFO] [stderr]     Checking ab_glyph_rasterizer v0.1.8
[INFO] [stderr]    Compiling serde_json v1.0.111
[INFO] [stderr]     Checking vec_map v0.8.2
[INFO] [stderr]     Checking rustc-hash v1.1.0
[INFO] [stderr]    Compiling zstd-sys v2.0.9+zstd.1.5.5
[INFO] [stderr]    Compiling semver v1.0.21
[INFO] [stderr]    Compiling wayland-protocols v0.29.5
[INFO] [stderr]     Checking wayland-commons v0.29.5
[INFO] [stderr]     Checking parking_lot v0.12.1
[INFO] [stderr]     Checking crossbeam-epoch v0.9.18
[INFO] [stderr]     Checking euclid v0.22.9
[INFO] [stderr]     Checking getrandom v0.2.12
[INFO] [stderr]     Checking fdeflate v0.3.4
[INFO] [stderr]    Compiling alsa-sys v0.3.1
[INFO] [stderr]    Compiling error-chain v0.12.4
[INFO] [stderr]     Checking libloading v0.7.4
[INFO] [stderr]    Compiling itoa v1.0.10
[INFO] [stderr]    Compiling khronos-egl v4.1.0
[INFO] [stderr]    Compiling ash v0.37.3+1.3.251
[INFO] [stderr]    Compiling ryu v1.0.16
[INFO] [stderr]     Checking unicode-width v0.1.11
[INFO] [stderr]     Checking byteorder v1.5.0
[INFO] [stderr]     Checking bit-vec v0.6.3
[INFO] [stderr]     Checking owned_ttf_parser v0.20.0
[INFO] [stderr]    Compiling linux-raw-sys v0.4.13
[INFO] [stderr]     Checking ab_glyph v0.2.23
[INFO] [stderr]     Checking termcolor v1.4.1
[INFO] [stderr]    Compiling rayon-core v1.12.1
[INFO] [stderr]     Checking hashbrown v0.12.3
[INFO] [stderr]     Checking allocator-api2 v0.2.16
[INFO] [stderr]    Compiling pulldown-cmark v0.9.3
[INFO] [stderr]     Checking codespan-reporting v0.11.1
[INFO] [stderr]     Checking lyon_geom v1.0.5
[INFO] [stderr]    Compiling serde_derive v1.0.195
[INFO] [stderr]    Compiling bytemuck_derive v1.5.0
[INFO] [stderr]    Compiling thiserror-impl v1.0.56
[INFO] [stderr]     Checking hashbrown v0.14.3
[INFO] [stderr]     Checking bit-set v0.5.3
[INFO] [stderr]     Checking png v0.17.11
[INFO] [stderr]     Checking crossbeam-deque v0.8.5
[INFO] [stderr]     Checking rand_core v0.6.4
[INFO] [stderr]    Compiling bzip2-sys v0.1.11+1.0.8
[INFO] [stderr]     Checking bytemuck v1.14.0
[INFO] [stderr]     Checking spirv v0.2.0+1.5.4
[INFO] [stderr]     Checking symphonia-core v0.5.3
[INFO] [stderr]     Checking nix v0.25.1
[INFO] [stderr]     Checking gpu-descriptor-types v0.1.2
[INFO] [stderr]    Compiling libudev-sys v0.1.4
[INFO] [stderr]    Compiling smithay-client-toolkit v0.16.1
[INFO] [stderr]     Checking gpu-alloc-types v0.2.0
[INFO] [stderr]     Checking encoding_rs v0.8.33
[INFO] [stderr]    Compiling same-file v1.0.6
[INFO] [stderr]    Compiling fastrand v2.0.1
[INFO] [stderr]     Checking ppv-lite86 v0.2.17
[INFO] [stderr]    Compiling memchr v2.7.1
[INFO] [stderr]     Checking unicode-xid v0.2.4
[INFO] [stderr]     Checking strict-num v0.1.1
[INFO] [stderr]     Checking arrayref v0.3.7
[INFO] [stderr]     Checking xcursor v0.3.5
[INFO] [stderr]     Checking hexf-parse v0.2.1
[INFO] [stdout] error: failed to write /tmp/rustcNa3AjI/lib.rmeta: No space left on device (os error 28)
[INFO] [stdout] 
[INFO] [stdout] 
[INFO] [stderr]    Compiling syn v1.0.109
[INFO] [stderr]    Compiling zstd-safe v5.0.2+zstd.1.5.2
[INFO] [stderr] error: could not compile `rustix` (lib) due to 1 previous error
[INFO] [stderr] warning: build failed, waiting for other jobs to finish...
[INFO] [stdout] error: linking with `cc` failed: exit status: 1
[INFO] [stdout]   |
[INFO] [stdout]   = note: LC_ALL="C" PATH="/opt/rustwide/rustup-home/toolchains/1.85.0-x86_64-unknown-linux-gnu/lib/rustlib/x86_64-unknown-linux-gnu/bin:/opt/rustwide/cargo-home/bin:/usr/local/sbin:/usr/local/bin:/usr/sbin:/usr/bin:/sbin:/bin" VSLANG="1033" "cc" "-Wl,--version-script=/tmp/rustcODoe29/list" "-Wl,--no-undefined-version" "-m64" "/tmp/rustcODoe29/symbols.o" "<16 object files omitted>" "/opt/rustwide/target/debug/deps/serde_derive-69c008ba10085dd3.0jf7whriddtmc5vnx5z1s242r.rcgu.rmeta" "<1 object files omitted>" "-Wl,--as-needed" "-Wl,-Bstatic" "/opt/rustwide/target/debug/deps/{libsyn-40710e8d3c8e3aea.rlib,libquote-0dc3b961c86d8f86.rlib,libproc_macro2-f6e7d96838642c15.rlib,libunicode_ident-ef3bfab9a6597483.rlib}" "/opt/rustwide/rustup-home/toolchains/1.85.0-x86_64-unknown-linux-gnu/lib/rustlib/x86_64-unknown-linux-gnu/lib/{libproc_macro-57e423f2e16d22f0.rlib,libstd-6273572f18644c87.rlib,libpanic_unwind-267e668abf74a283.rlib,libobject-ec6154ccae37a33e.rlib,libmemchr-500edd5521c440d4.rlib,libaddr2line-86d8d9428792e8ef.rlib,libgimli-10f06487503767c2.rlib,librustc_demangle-6a38424de1e5bca5.rlib,libstd_detect-de9763ea1c19dca3.rlib,libhashbrown-a7f5bb2f736d3c49.rlib,librustc_std_workspace_alloc-7e368919bdc4a44c.rlib,libminiz_oxide-376454d49910c786.rlib,libadler-fa99f5692b5dce85.rlib,libunwind-91cafdaf16f7fe40.rlib,libcfg_if-f7ee3f1ea78d9dae.rlib,liblibc-d3a35665f881365a.rlib,liballoc-715bc629a88bca60.rlib,librustc_std_workspace_core-ae70165d1278cff7.rlib,libcore-406129d0e3fbc101.rlib,libcompiler_builtins-1af05515ab19524a.rlib}" "-Wl,-Bdynamic" "-lgcc_s" "-lutil" "-lrt" "-lpthread" "-lm" "-ldl" "-lc" "-Wl,--eh-frame-hdr" "-Wl,-z,noexecstack" "-L" "/opt/rustwide/rustup-home/toolchains/1.85.0-x86_64-unknown-linux-gnu/lib/rustlib/x86_64-unknown-linux-gnu/lib" "-o" "/opt/rustwide/target/debug/deps/libserde_derive-69c008ba10085dd3.so" "-Wl,--gc-sections" "-shared" "-Wl,-z,relro,-z,now" "-nodefaultlibs"
[INFO] [stdout]   = note: some arguments are omitted. use `--verbose` to show all linker arguments
[INFO] [stdout]   = note: /usr/bin/ld: final link failed: No space left on device
[INFO] [stdout]           collect2: error: ld returned 1 exit status
[INFO] [stdout]           
[INFO] [stdout] 
[INFO] [stdout] 
[INFO] [stderr] error: could not compile `serde_derive` (lib) due to 1 previous error
[INFO] [stderr] warning: zstd-sys@2.0.9+zstd.1.5.5: /tmp/ccUFY6dR.s: Assembler messages:
[INFO] [stderr] warning: zstd-sys@2.0.9+zstd.1.5.5: /tmp/ccUFY6dR.s: Fatal error: can't write 11 bytes to section .text.MEM_32bits of /opt/rustwide/target/debug/build/zstd-sys-5e196a8cfd83e411/out/zstd/lib/compress/zstdmt_compress.o: 'No space left on device'
[INFO] [stderr] warning: zstd-sys@2.0.9+zstd.1.5.5: as: BFD (GNU Binutils for Ubuntu) 2.38 assertion fail ../../bfd/elf.c:3120
[INFO] [stderr] warning: zstd-sys@2.0.9+zstd.1.5.5: as: BFD (GNU Binutils for Ubuntu) 2.38 assertion fail ../../bfd/elf.c:3120
[INFO] [stderr] warning: zstd-sys@2.0.9+zstd.1.5.5: as: BFD (GNU Binutils for Ubuntu) 2.38 assertion fail ../../bfd/elf.c:3120
[INFO] [stderr] warning: zstd-sys@2.0.9+zstd.1.5.5: as: BFD (GNU Binutils for Ubuntu) 2.38 assertion fail ../../bfd/elf.c:3120
[INFO] [stderr] warning: zstd-sys@2.0.9+zstd.1.5.5: as: BFD (GNU Binutils for Ubuntu) 2.38 assertion fail ../../bfd/elf.c:3120
[INFO] [stderr] warning: zstd-sys@2.0.9+zstd.1.5.5: as: BFD (GNU Binutils for Ubuntu) 2.38 assertion fail ../../bfd/elf.c:3120
[INFO] [stderr] warning: zstd-sys@2.0.9+zstd.1.5.5: as: BFD (GNU Binutils for Ubuntu) 2.38 assertion fail ../../bfd/elf.c:3120
[INFO] [stderr] warning: zstd-sys@2.0.9+zstd.1.5.5: as: BFD (GNU Binutils for Ubuntu) 2.38 assertion fail ../../bfd/elf.c:3120
[INFO] [stderr] warning: zstd-sys@2.0.9+zstd.1.5.5: as: BFD (GNU Binutils for Ubuntu) 2.38 assertion fail ../../bfd/elf.c:3120
[INFO] [stderr] warning: zstd-sys@2.0.9+zstd.1.5.5: as: BFD (GNU Binutils for Ubuntu) 2.38 assertion fail ../../bfd/elf.c:3120
[INFO] [stderr] warning: zstd-sys@2.0.9+zstd.1.5.5: as: BFD (GNU Binutils for Ubuntu) 2.38 assertion fail ../../bfd/elf.c:3120
[INFO] [stderr] warning: zstd-sys@2.0.9+zstd.1.5.5: as: BFD (GNU Binutils for Ubuntu) 2.38 assertion fail ../../bfd/elf.c:3120
[INFO] [stderr] warning: zstd-sys@2.0.9+zstd.1.5.5: as: BFD (GNU Binutils for Ubuntu) 2.38 assertion fail ../../bfd/elf.c:3120
[INFO] [stderr] warning: zstd-sys@2.0.9+zstd.1.5.5: as: BFD (GNU Binutils for Ubuntu) 2.38 assertion fail ../../bfd/elf.c:3120
[INFO] [stderr] warning: zstd-sys@2.0.9+zstd.1.5.5: as: BFD (GNU Binutils for Ubuntu) 2.38 assertion fail ../../bfd/elf.c:3120
[INFO] [stderr] warning: zstd-sys@2.0.9+zstd.1.5.5: as: BFD (GNU Binutils for Ubuntu) 2.38 assertion fail ../../bfd/elf.c:3120
[INFO] [stderr] warning: zstd-sys@2.0.9+zstd.1.5.5: as: BFD (GNU Binutils for Ubuntu) 2.38 assertion fail ../../bfd/elf.c:3120
[INFO] [stderr] warning: zstd-sys@2.0.9+zstd.1.5.5: as: BFD (GNU Binutils for Ubuntu) 2.38 assertion fail ../../bfd/elf.c:3120
[INFO] [stderr] warning: zstd-sys@2.0.9+zstd.1.5.5: as: BFD (GNU Binutils for Ubuntu) 2.38 assertion fail ../../bfd/elf.c:3120
[INFO] [stderr] warning: zstd-sys@2.0.9+zstd.1.5.5: as: BFD (GNU Binutils for Ubuntu) 2.38 assertion fail ../../bfd/elf.c:3120
[INFO] [stderr] warning: zstd-sys@2.0.9+zstd.1.5.5: as: BFD (GNU Binutils for Ubuntu) 2.38 assertion fail ../../bfd/elf.c:3120
[INFO] [stderr] warning: zstd-sys@2.0.9+zstd.1.5.5: as: BFD (GNU Binutils for Ubuntu) 2.38 assertion fail ../../bfd/elf.c:3120
[INFO] [stderr] warning: zstd-sys@2.0.9+zstd.1.5.5: as: BFD (GNU Binutils for Ubuntu) 2.38 assertion fail ../../bfd/elf.c:3120
[INFO] [stderr] warning: zstd-sys@2.0.9+zstd.1.5.5: as: BFD (GNU Binutils for Ubuntu) 2.38 assertion fail ../../bfd/elf.c:3120
[INFO] [stderr] warning: zstd-sys@2.0.9+zstd.1.5.5: as: BFD (GNU Binutils for Ubuntu) 2.38 assertion fail ../../bfd/elf.c:3120
[INFO] [stderr] warning: zstd-sys@2.0.9+zstd.1.5.5: as: BFD (GNU Binutils for Ubuntu) 2.38 assertion fail ../../bfd/elf.c:3120
[INFO] [stderr] warning: zstd-sys@2.0.9+zstd.1.5.5: as: BFD (GNU Binutils for Ubuntu) 2.38 assertion fail ../../bfd/elf.c:3120
[INFO] [stderr] warning: zstd-sys@2.0.9+zstd.1.5.5: as: BFD (GNU Binutils for Ubuntu) 2.38 assertion fail ../../bfd/elf.c:3120
[INFO] [stderr] warning: zstd-sys@2.0.9+zstd.1.5.5: as: BFD (GNU Binutils for Ubuntu) 2.38 assertion fail ../../bfd/elf.c:3120
[INFO] [stderr] warning: zstd-sys@2.0.9+zstd.1.5.5: as: BFD (GNU Binutils for Ubuntu) 2.38 assertion fail ../../bfd/elf.c:3120
[INFO] [stderr] warning: zstd-sys@2.0.9+zstd.1.5.5: as: BFD (GNU Binutils for Ubuntu) 2.38 assertion fail ../../bfd/elf.c:3120
[INFO] [stderr] warning: zstd-sys@2.0.9+zstd.1.5.5: as: BFD (GNU Binutils for Ubuntu) 2.38 assertion fail ../../bfd/elf.c:3120
[INFO] [stderr] warning: zstd-sys@2.0.9+zstd.1.5.5: as: BFD (GNU Binutils for Ubuntu) 2.38 assertion fail ../../bfd/elf.c:3120
[INFO] [stderr] warning: zstd-sys@2.0.9+zstd.1.5.5: as: BFD (GNU Binutils for Ubuntu) 2.38 assertion fail ../../bfd/elf.c:3120
[INFO] [stderr] warning: zstd-sys@2.0.9+zstd.1.5.5: as: BFD (GNU Binutils for Ubuntu) 2.38 assertion fail ../../bfd/elf.c:3120
[INFO] [stderr] warning: zstd-sys@2.0.9+zstd.1.5.5: as: BFD (GNU Binutils for Ubuntu) 2.38 assertion fail ../../bfd/elf.c:3120
[INFO] [stderr] warning: zstd-sys@2.0.9+zstd.1.5.5: as: BFD (GNU Binutils for Ubuntu) 2.38 assertion fail ../../bfd/elf.c:3120
[INFO] [stderr] warning: zstd-sys@2.0.9+zstd.1.5.5: as: BFD (GNU Binutils for Ubuntu) 2.38 assertion fail ../../bfd/elf.c:3120
[INFO] [stderr] warning: zstd-sys@2.0.9+zstd.1.5.5: as: BFD (GNU Binutils for Ubuntu) 2.38 assertion fail ../../bfd/elf.c:3120
[INFO] [stderr] warning: zstd-sys@2.0.9+zstd.1.5.5: as: BFD (GNU Binutils for Ubuntu) 2.38 assertion fail ../../bfd/elf.c:3120
[INFO] [stderr] warning: zstd-sys@2.0.9+zstd.1.5.5: as: BFD (GNU Binutils for Ubuntu) 2.38 assertion fail ../../bfd/elf.c:3120
[INFO] [stderr] warning: zstd-sys@2.0.9+zstd.1.5.5: as: BFD (GNU Binutils for Ubuntu) 2.38 assertion fail ../../bfd/elf.c:3120
[INFO] [stderr] warning: zstd-sys@2.0.9+zstd.1.5.5: as: BFD (GNU Binutils for Ubuntu) 2.38 assertion fail ../../bfd/elf.c:3120
[INFO] [stderr] warning: zstd-sys@2.0.9+zstd.1.5.5: as: BFD (GNU Binutils for Ubuntu) 2.38 assertion fail ../../bfd/elf.c:3120
[INFO] [stderr] warning: zstd-sys@2.0.9+zstd.1.5.5: as: BFD (GNU Binutils for Ubuntu) 2.38 assertion fail ../../bfd/elf.c:3120
[INFO] [stderr] warning: zstd-sys@2.0.9+zstd.1.5.5: as: BFD (GNU Binutils for Ubuntu) 2.38 assertion fail ../../bfd/elf.c:3120
[INFO] [stderr] warning: zstd-sys@2.0.9+zstd.1.5.5: as: BFD (GNU Binutils for Ubuntu) 2.38 assertion fail ../../bfd/elf.c:3120
[INFO] [stderr] warning: zstd-sys@2.0.9+zstd.1.5.5: as: BFD (GNU Binutils for Ubuntu) 2.38 assertion fail ../../bfd/elf.c:3120
[INFO] [stderr] warning: zstd-sys@2.0.9+zstd.1.5.5: as: BFD (GNU Binutils for Ubuntu) 2.38 assertion fail ../../bfd/elf.c:3120
[INFO] [stderr] warning: zstd-sys@2.0.9+zstd.1.5.5: as: BFD (GNU Binutils for Ubuntu) 2.38 assertion fail ../../bfd/elf.c:3120
[INFO] [stderr] warning: zstd-sys@2.0.9+zstd.1.5.5: as: BFD (GNU Binutils for Ubuntu) 2.38 assertion fail ../../bfd/elf.c:3120
[INFO] [stderr] warning: zstd-sys@2.0.9+zstd.1.5.5: as: BFD (GNU Binutils for Ubuntu) 2.38 assertion fail ../../bfd/elf.c:3120
[INFO] [stderr] warning: zstd-sys@2.0.9+zstd.1.5.5: as: BFD (GNU Binutils for Ubuntu) 2.38 assertion fail ../../bfd/elf.c:3120
[INFO] [stderr] warning: zstd-sys@2.0.9+zstd.1.5.5: as: BFD (GNU Binutils for Ubuntu) 2.38 assertion fail ../../bfd/elf.c:3120
[INFO] [stderr] warning: zstd-sys@2.0.9+zstd.1.5.5: as: BFD (GNU Binutils for Ubuntu) 2.38 assertion fail ../../bfd/elf.c:3120
[INFO] [stderr] warning: zstd-sys@2.0.9+zstd.1.5.5: as: BFD (GNU Binutils for Ubuntu) 2.38 assertion fail ../../bfd/elf.c:3120
[INFO] [stderr] warning: zstd-sys@2.0.9+zstd.1.5.5: as: BFD (GNU Binutils for Ubuntu) 2.38 assertion fail ../../bfd/elf.c:3120
[INFO] [stderr] warning: zstd-sys@2.0.9+zstd.1.5.5: as: BFD (GNU Binutils for Ubuntu) 2.38 assertion fail ../../bfd/elf.c:3120
[INFO] [stderr] warning: zstd-sys@2.0.9+zstd.1.5.5: as: BFD (GNU Binutils for Ubuntu) 2.38 assertion fail ../../bfd/elf.c:3120
[INFO] [stderr] warning: zstd-sys@2.0.9+zstd.1.5.5: as: BFD (GNU Binutils for Ubuntu) 2.38 assertion fail ../../bfd/elf.c:3120
[INFO] [stderr] warning: zstd-sys@2.0.9+zstd.1.5.5: as: BFD (GNU Binutils for Ubuntu) 2.38 assertion fail ../../bfd/elf.c:3120
[INFO] [stderr] warning: zstd-sys@2.0.9+zstd.1.5.5: as: BFD (GNU Binutils for Ubuntu) 2.38 assertion fail ../../bfd/elf.c:3120
[INFO] [stderr] warning: zstd-sys@2.0.9+zstd.1.5.5: as: BFD (GNU Binutils for Ubuntu) 2.38 assertion fail ../../bfd/elf.c:3120
[INFO] [stderr] warning: zstd-sys@2.0.9+zstd.1.5.5: as: BFD (GNU Binutils for Ubuntu) 2.38 assertion fail ../../bfd/elf.c:3120
[INFO] [stderr] warning: zstd-sys@2.0.9+zstd.1.5.5: as: BFD (GNU Binutils for Ubuntu) 2.38 assertion fail ../../bfd/elf.c:3120
[INFO] [stderr] warning: zstd-sys@2.0.9+zstd.1.5.5: as: BFD (GNU Binutils for Ubuntu) 2.38 assertion fail ../../bfd/elf.c:3120
[INFO] [stderr] warning: zstd-sys@2.0.9+zstd.1.5.5: as: BFD (GNU Binutils for Ubuntu) 2.38 assertion fail ../../bfd/elf.c:3120
[INFO] [stderr] warning: zstd-sys@2.0.9+zstd.1.5.5: as: BFD (GNU Binutils for Ubuntu) 2.38 assertion fail ../../bfd/elf.c:3120
[INFO] [stderr] warning: zstd-sys@2.0.9+zstd.1.5.5: as: BFD (GNU Binutils for Ubuntu) 2.38 assertion fail ../../bfd/elf.c:3120
[INFO] [stderr] warning: zstd-sys@2.0.9+zstd.1.5.5: as: BFD (GNU Binutils for Ubuntu) 2.38 assertion fail ../../bfd/elf.c:3120
[INFO] [stderr] warning: zstd-sys@2.0.9+zstd.1.5.5: as: BFD (GNU Binutils for Ubuntu) 2.38 assertion fail ../../bfd/elf.c:3120
[INFO] [stderr] warning: zstd-sys@2.0.9+zstd.1.5.5: as: BFD (GNU Binutils for Ubuntu) 2.38 assertion fail ../../bfd/elf.c:3120
[INFO] [stderr] warning: zstd-sys@2.0.9+zstd.1.5.5: as: BFD (GNU Binutils for Ubuntu) 2.38 assertion fail ../../bfd/elf.c:3120
[INFO] [stderr] warning: zstd-sys@2.0.9+zstd.1.5.5: as: BFD (GNU Binutils for Ubuntu) 2.38 assertion fail ../../bfd/elf.c:3120
[INFO] [stderr] warning: zstd-sys@2.0.9+zstd.1.5.5: as: BFD (GNU Binutils for Ubuntu) 2.38 assertion fail ../../bfd/elf.c:3120
[INFO] [stderr] warning: zstd-sys@2.0.9+zstd.1.5.5: as: BFD (GNU Binutils for Ubuntu) 2.38 assertion fail ../../bfd/elf.c:3120
[INFO] [stderr] warning: zstd-sys@2.0.9+zstd.1.5.5: as: BFD (GNU Binutils for Ubuntu) 2.38 assertion fail ../../bfd/elf.c:3120
[INFO] [stderr] warning: zstd-sys@2.0.9+zstd.1.5.5: as: BFD (GNU Binutils for Ubuntu) 2.38 assertion fail ../../bfd/elf.c:3120
[INFO] [stderr] warning: zstd-sys@2.0.9+zstd.1.5.5: as: BFD (GNU Binutils for Ubuntu) 2.38 assertion fail ../../bfd/elf.c:3120
[INFO] [stderr] warning: zstd-sys@2.0.9+zstd.1.5.5: as: BFD (GNU Binutils for Ubuntu) 2.38 assertion fail ../../bfd/elf.c:3120
[INFO] [stderr] warning: zstd-sys@2.0.9+zstd.1.5.5: as: BFD (GNU Binutils for Ubuntu) 2.38 assertion fail ../../bfd/elf.c:3120
[INFO] [stderr] warning: zstd-sys@2.0.9+zstd.1.5.5: as: BFD (GNU Binutils for Ubuntu) 2.38 assertion fail ../../bfd/elf.c:3120
[INFO] [stderr] warning: zstd-sys@2.0.9+zstd.1.5.5: as: BFD (GNU Binutils for Ubuntu) 2.38 assertion fail ../../bfd/elf.c:3120
[INFO] [stderr] warning: zstd-sys@2.0.9+zstd.1.5.5: as: BFD (GNU Binutils for Ubuntu) 2.38 assertion fail ../../bfd/elf.c:3120
[INFO] [stderr] warning: zstd-sys@2.0.9+zstd.1.5.5: as: BFD (GNU Binutils for Ubuntu) 2.38 assertion fail ../../bfd/elf.c:3120
[INFO] [stderr] warning: zstd-sys@2.0.9+zstd.1.5.5: as: BFD (GNU Binutils for Ubuntu) 2.38 assertion fail ../../bfd/elf.c:3120
[INFO] [stderr] warning: zstd-sys@2.0.9+zstd.1.5.5: as: BFD (GNU Binutils for Ubuntu) 2.38 assertion fail ../../bfd/elf.c:3120
[INFO] [stderr] warning: zstd-sys@2.0.9+zstd.1.5.5: as: BFD (GNU Binutils for Ubuntu) 2.38 assertion fail ../../bfd/elf.c:3120
[INFO] [stderr] warning: zstd-sys@2.0.9+zstd.1.5.5: as: BFD (GNU Binutils for Ubuntu) 2.38 assertion fail ../../bfd/elf.c:3120
[INFO] [stderr] warning: zstd-sys@2.0.9+zstd.1.5.5: as: BFD (GNU Binutils for Ubuntu) 2.38 assertion fail ../../bfd/elf.c:3120
[INFO] [stderr] warning: zstd-sys@2.0.9+zstd.1.5.5: as: BFD (GNU Binutils for Ubuntu) 2.38 assertion fail ../../bfd/elf.c:3120
[INFO] [stderr] warning: zstd-sys@2.0.9+zstd.1.5.5: as: BFD (GNU Binutils for Ubuntu) 2.38 assertion fail ../../bfd/elf.c:3120
[INFO] [stderr] warning: zstd-sys@2.0.9+zstd.1.5.5: as: BFD (GNU Binutils for Ubuntu) 2.38 assertion fail ../../bfd/elf.c:3120
[INFO] [stderr] warning: zstd-sys@2.0.9+zstd.1.5.5: as: BFD (GNU Binutils for Ubuntu) 2.38 assertion fail ../../bfd/elf.c:3120
[INFO] [stderr] warning: zstd-sys@2.0.9+zstd.1.5.5: as: BFD (GNU Binutils for Ubuntu) 2.38 assertion fail ../../bfd/elf.c:3120
[INFO] [stderr] warning: zstd-sys@2.0.9+zstd.1.5.5: as: BFD (GNU Binutils for Ubuntu) 2.38 assertion fail ../../bfd/elf.c:3120
[INFO] [stderr] warning: zstd-sys@2.0.9+zstd.1.5.5: as: BFD (GNU Binutils for Ubuntu) 2.38 assertion fail ../../bfd/elf.c:3120
[INFO] [stderr] warning: zstd-sys@2.0.9+zstd.1.5.5: as: BFD (GNU Binutils for Ubuntu) 2.38 assertion fail ../../bfd/elf.c:3120
[INFO] [stderr] warning: zstd-sys@2.0.9+zstd.1.5.5: as: BFD (GNU Binutils for Ubuntu) 2.38 assertion fail ../../bfd/elf.c:3120
[INFO] [stderr] warning: zstd-sys@2.0.9+zstd.1.5.5: as: BFD (GNU Binutils for Ubuntu) 2.38 assertion fail ../../bfd/elf.c:3120
[INFO] [stderr] warning: zstd-sys@2.0.9+zstd.1.5.5: as: BFD (GNU Binutils for Ubuntu) 2.38 assertion fail ../../bfd/elf.c:3120
[INFO] [stderr] warning: zstd-sys@2.0.9+zstd.1.5.5: /tmp/ccUFY6dR.s: Fatal error: /opt/rustwide/target/debug/build/zstd-sys-5e196a8cfd83e411/out/zstd/lib/compress/zstdmt_compress.o: No space left on device
[INFO] [stderr] warning: zstd-sys@2.0.9+zstd.1.5.5: ToolExecError: Command "cc" "-O0" "-ffunction-sections" "-fdata-sections" "-fPIC" "-gdwarf-4" "-fno-omit-frame-pointer" "-m64" "-I" "zstd/lib/" "-I" "zstd/lib/common" "-I" "zstd/lib/legacy" "-fvisibility=hidden" "-ffunction-sections" "-fdata-sections" "-fmerge-all-constants" "-DZSTD_LIB_DEPRECATED=0" "-DXXH_PRIVATE_API=" "-DZSTDLIB_VISIBILITY=" "-DZDICTLIB_VISIBILITY=" "-DZSTDERRORLIB_VISIBILITY=" "-DZSTD_LEGACY_SUPPORT=1" "-o" "/opt/rustwide/target/debug/build/zstd-sys-5e196a8cfd83e411/out/zstd/lib/compress/zstdmt_compress.o" "-c" "zstd/lib/compress/zstdmt_compress.c" with args "cc" did not execute successfully (status code exit status: 1).running: "cc" "-O0" "-ffunction-sections" "-fdata-sections" "-fPIC" "-gdwarf-4" "-fno-omit-frame-pointer" "-m64" "-I" "zstd/lib/" "-I" "zstd/lib/common" "-I" "zstd/lib/legacy" "-fvisibility=hidden" "-ffunction-sections" "-fdata-sections" "-fmerge-all-constants" "-DZSTD_LIB_DEPRECATED=0" "-DXXH_PRIVATE_API=" "-DZSTDLIB_VISIBILITY=" "-DZDICTLIB_VISIBILITY=" "-DZSTDERRORLIB_VISIBILITY=" "-DZSTD_LEGACY_SUPPORT=1" "-o" "/opt/rustwide/target/debug/build/zstd-sys-5e196a8cfd83e411/out/zstd/lib/decompress/huf_decompress.o" "-c" "zstd/lib/decompress/huf_decompress.c"
[INFO] [stderr] warning: zstd-sys@2.0.9+zstd.1.5.5: zstd/lib/compress/zstd_double_fast.c:758:1: fatal error: error writing to /tmp/ccfGcLgH.s: No space left on device
[INFO] [stderr] warning: zstd-sys@2.0.9+zstd.1.5.5:   758 | }
[INFO] [stderr] warning: zstd-sys@2.0.9+zstd.1.5.5:       | ^
[INFO] [stderr] warning: zstd-sys@2.0.9+zstd.1.5.5: compilation terminated.
[INFO] [stderr] warning: zstd-sys@2.0.9+zstd.1.5.5: zstd/lib/compress/zstd_opt.c:1468:1: fatal error: error writing to /tmp/cc6U5jk1.s: No space left on device
[INFO] [stderr] warning: zstd-sys@2.0.9+zstd.1.5.5:  1468 | }
[INFO] [stderr] warning: zstd-sys@2.0.9+zstd.1.5.5:       | ^
[INFO] [stderr] warning: zstd-sys@2.0.9+zstd.1.5.5: compilation terminated.
[INFO] [stderr] warning: zstd-sys@2.0.9+zstd.1.5.5: ToolExecError: Command "cc" "-O0" "-ffunction-sections" "-fdata-sections" "-fPIC" "-gdwarf-4" "-fno-omit-frame-pointer" "-m64" "-I" "zstd/lib/" "-I" "zstd/lib/common" "-I" "zstd/lib/legacy" "-fvisibility=hidden" "-ffunction-sections" "-fdata-sections" "-fmerge-all-constants" "-DZSTD_LIB_DEPRECATED=0" "-DXXH_PRIVATE_API=" "-DZSTDLIB_VISIBILITY=" "-DZDICTLIB_VISIBILITY=" "-DZSTDERRORLIB_VISIBILITY=" "-DZSTD_LEGACY_SUPPORT=1" "-o" "/opt/rustwide/target/debug/build/zstd-sys-5e196a8cfd83e411/out/zstd/lib/compress/zstd_double_fast.o" "-c" "zstd/lib/compress/zstd_double_fast.c" with args "cc" did not execute successfully (status code exit status: 1).running: "cc" "-O0" "-ffunction-sections" "-fdata-sections" "-fPIC" "-gdwarf-4" "-fno-omit-frame-pointer" "-m64" "-I" "zstd/lib/" "-I" "zstd/lib/common" "-I" "zstd/lib/legacy" "-fvisibility=hidden" "-ffunction-sections" "-fdata-sections" "-fmerge-all-constants" "-DZSTD_LIB_DEPRECATED=0" "-DXXH_PRIVATE_API=" "-DZSTDLIB_VISIBILITY=" "-DZDICTLIB_VISIBILITY=" "-DZSTDERRORLIB_VISIBILITY=" "-DZSTD_LEGACY_SUPPORT=1" "-o" "/opt/rustwide/target/debug/build/zstd-sys-5e196a8cfd83e411/out/zstd/lib/dictBuilder/cover.o" "-c" "zstd/lib/dictBuilder/cover.c"
[INFO] [stderr] warning: zstd-sys@2.0.9+zstd.1.5.5: ToolExecError: Command "cc" "-O0" "-ffunction-sections" "-fdata-sections" "-fPIC" "-gdwarf-4" "-fno-omit-frame-pointer" "-m64" "-I" "zstd/lib/" "-I" "zstd/lib/common" "-I" "zstd/lib/legacy" "-fvisibility=hidden" "-ffunction-sections" "-fdata-sections" "-fmerge-all-constants" "-DZSTD_LIB_DEPRECATED=0" "-DXXH_PRIVATE_API=" "-DZSTDLIB_VISIBILITY=" "-DZDICTLIB_VISIBILITY=" "-DZSTDERRORLIB_VISIBILITY=" "-DZSTD_LEGACY_SUPPORT=1" "-o" "/opt/rustwide/target/debug/build/zstd-sys-5e196a8cfd83e411/out/zstd/lib/compress/zstd_opt.o" "-c" "zstd/lib/compress/zstd_opt.c" with args "cc" did not execute successfully (status code exit status: 1).running: "cc" "-O0" "-ffunction-sections" "-fdata-sections" "-fPIC" "-gdwarf-4" "-fno-omit-frame-pointer" "-m64" "-I" "zstd/lib/" "-I" "zstd/lib/common" "-I" "zstd/lib/legacy" "-fvisibility=hidden" "-ffunction-sections" "-fdata-sections" "-fmerge-all-constants" "-DZSTD_LIB_DEPRECATED=0" "-DXXH_PRIVATE_API=" "-DZSTDLIB_VISIBILITY=" "-DZDICTLIB_VISIBILITY=" "-DZSTDERRORLIB_VISIBILITY=" "-DZSTD_LEGACY_SUPPORT=1" "-o" "/opt/rustwide/target/debug/build/zstd-sys-5e196a8cfd83e411/out/zstd/lib/dictBuilder/divsufsort.o" "-c" "zstd/lib/dictBuilder/divsufsort.c"
[INFO] [stderr] warning: zstd-sys@2.0.9+zstd.1.5.5: zstd/lib/compress/zstd_compress.c:7032:1: fatal error: error writing to /tmp/ccazmE4J.s: No space left on device
[INFO] [stderr] warning: zstd-sys@2.0.9+zstd.1.5.5:  7032 | }
[INFO] [stderr] warning: zstd-sys@2.0.9+zstd.1.5.5:       | ^
[INFO] [stderr] warning: zstd-sys@2.0.9+zstd.1.5.5: compilation terminated.
[INFO] [stderr] warning: zstd-sys@2.0.9+zstd.1.5.5: zstd/lib/decompress/zstd_decompress.c:2355:1: fatal error: error writing to /tmp/ccxzGvOn.s: No space left on device
[INFO] [stderr] warning: zstd-sys@2.0.9+zstd.1.5.5:  2355 | }
[INFO] [stderr] warning: zstd-sys@2.0.9+zstd.1.5.5:       | ^
[INFO] [stderr] warning: zstd-sys@2.0.9+zstd.1.5.5: compilation terminated.
[INFO] [stderr] warning: zstd-sys@2.0.9+zstd.1.5.5: zstd/lib/dictBuilder/divsufsort.c:1913:1: fatal error: error writing to /tmp/ccznQAsd.s: No space left on device
[INFO] [stderr] warning: zstd-sys@2.0.9+zstd.1.5.5:  1913 | }
[INFO] [stderr] warning: zstd-sys@2.0.9+zstd.1.5.5:       | ^
[INFO] [stderr] warning: zstd-sys@2.0.9+zstd.1.5.5: compilation terminated.
[INFO] [stderr] warning: zstd-sys@2.0.9+zstd.1.5.5: ToolExecError: Command "cc" "-O0" "-ffunction-sections" "-fdata-sections" "-fPIC" "-gdwarf-4" "-fno-omit-frame-pointer" "-m64" "-I" "zstd/lib/" "-I" "zstd/lib/common" "-I" "zstd/lib/legacy" "-fvisibility=hidden" "-ffunction-sections" "-fdata-sections" "-fmerge-all-constants" "-DZSTD_LIB_DEPRECATED=0" "-DXXH_PRIVATE_API=" "-DZSTDLIB_VISIBILITY=" "-DZDICTLIB_VISIBILITY=" "-DZSTDERRORLIB_VISIBILITY=" "-DZSTD_LEGACY_SUPPORT=1" "-o" "/opt/rustwide/target/debug/build/zstd-sys-5e196a8cfd83e411/out/zstd/lib/compress/zstd_compress.o" "-c" "zstd/lib/compress/zstd_compress.c" with args "cc" did not execute successfully (status code exit status: 1).running: "cc" "-O0" "-ffunction-sections" "-fdata-sections" "-fPIC" "-gdwarf-4" "-fno-omit-frame-pointer" "-m64" "-I" "zstd/lib/" "-I" "zstd/lib/common" "-I" "zstd/lib/legacy" "-fvisibility=hidden" "-ffunction-sections" "-fdata-sections" "-fmerge-all-constants" "-DZSTD_LIB_DEPRECATED=0" "-DXXH_PRIVATE_API=" "-DZSTDLIB_VISIBILITY=" "-DZDICTLIB_VISIBILITY=" "-DZSTDERRORLIB_VISIBILITY=" "-DZSTD_LEGACY_SUPPORT=1" "-o" "/opt/rustwide/target/debug/build/zstd-sys-5e196a8cfd83e411/out/zstd/lib/dictBuilder/fastcover.o" "-c" "zstd/lib/dictBuilder/fastcover.c"
[INFO] [stderr] warning: zstd-sys@2.0.9+zstd.1.5.5: ToolExecError: Command "cc" "-O0" "-ffunction-sections" "-fdata-sections" "-fPIC" "-gdwarf-4" "-fno-omit-frame-pointer" "-m64" "-I" "zstd/lib/" "-I" "zstd/lib/common" "-I" "zstd/lib/legacy" "-fvisibility=hidden" "-ffunction-sections" "-fdata-sections" "-fmerge-all-constants" "-DZSTD_LIB_DEPRECATED=0" "-DXXH_PRIVATE_API=" "-DZSTDLIB_VISIBILITY=" "-DZDICTLIB_VISIBILITY=" "-DZSTDERRORLIB_VISIBILITY=" "-DZSTD_LEGACY_SUPPORT=1" "-o" "/opt/rustwide/target/debug/build/zstd-sys-5e196a8cfd83e411/out/zstd/lib/decompress/zstd_decompress.o" "-c" "zstd/lib/decompress/zstd_decompress.c" with args "cc" did not execute successfully (status code exit status: 1).
[INFO] [stderr] warning: zstd-sys@2.0.9+zstd.1.5.5: ToolExecError: Command "cc" "-O0" "-ffunction-sections" "-fdata-sections" "-fPIC" "-gdwarf-4" "-fno-omit-frame-pointer" "-m64" "-I" "zstd/lib/" "-I" "zstd/lib/common" "-I" "zstd/lib/legacy" "-fvisibility=hidden" "-ffunction-sections" "-fdata-sections" "-fmerge-all-constants" "-DZSTD_LIB_DEPRECATED=0" "-DXXH_PRIVATE_API=" "-DZSTDLIB_VISIBILITY=" "-DZDICTLIB_VISIBILITY=" "-DZSTDERRORLIB_VISIBILITY=" "-DZSTD_LEGACY_SUPPORT=1" "-o" "/opt/rustwide/target/debug/build/zstd-sys-5e196a8cfd83e411/out/zstd/lib/dictBuilder/divsufsort.o" "-c" "zstd/lib/dictBuilder/divsufsort.c" with args "cc" did not execute successfully (status code exit status: 1).running: "cc" "-O0" "-ffunction-sections" "-fdata-sections" "-fPIC" "-gdwarf-4" "-fno-omit-frame-pointer" "-m64" "-I" "zstd/lib/" "-I" "zstd/lib/common" "-I" "zstd/lib/legacy" "-fvisibility=hidden" "-ffunction-sections" "-fdata-sections" "-fmerge-all-constants" "-DZSTD_LIB_DEPRECATED=0" "-DXXH_PRIVATE_API=" "-DZSTDLIB_VISIBILITY=" "-DZDICTLIB_VISIBILITY=" "-DZSTDERRORLIB_VISIBILITY=" "-DZSTD_LEGACY_SUPPORT=1" "-o" "/opt/rustwide/target/debug/build/zstd-sys-5e196a8cfd83e411/out/zstd/lib/dictBuilder/zdict.o" "-c" "zstd/lib/dictBuilder/zdict.c"
[INFO] [stderr] warning: zstd-sys@2.0.9+zstd.1.5.5: zstd/lib/decompress/huf_decompress.c:1882:1: fatal error: error writing to /tmp/ccyMUzhp.s: No space left on device
[INFO] [stderr] warning: zstd-sys@2.0.9+zstd.1.5.5:  1882 | }
[INFO] [stderr] warning: zstd-sys@2.0.9+zstd.1.5.5:       | ^
[INFO] [stderr] warning: zstd-sys@2.0.9+zstd.1.5.5: compilation terminated.
[INFO] [stderr] warning: zstd-sys@2.0.9+zstd.1.5.5: ToolExecError: Command "cc" "-O0" "-ffunction-sections" "-fdata-sections" "-fPIC" "-gdwarf-4" "-fno-omit-frame-pointer" "-m64" "-I" "zstd/lib/" "-I" "zstd/lib/common" "-I" "zstd/lib/legacy" "-fvisibility=hidden" "-ffunction-sections" "-fdata-sections" "-fmerge-all-constants" "-DZSTD_LIB_DEPRECATED=0" "-DXXH_PRIVATE_API=" "-DZSTDLIB_VISIBILITY=" "-DZDICTLIB_VISIBILITY=" "-DZSTDERRORLIB_VISIBILITY=" "-DZSTD_LEGACY_SUPPORT=1" "-o" "/opt/rustwide/target/debug/build/zstd-sys-5e196a8cfd83e411/out/zstd/lib/decompress/huf_decompress.o" "-c" "zstd/lib/decompress/huf_decompress.c" with args "cc" did not execute successfully (status code exit status: 1).running: "cc" "-O0" "-ffunction-sections" "-fdata-sections" "-fPIC" "-gdwarf-4" "-fno-omit-frame-pointer" "-m64" "-I" "zstd/lib/" "-I" "zstd/lib/common" "-I" "zstd/lib/legacy" "-fvisibility=hidden" "-ffunction-sections" "-fdata-sections" "-fmerge-all-constants" "-DZSTD_LIB_DEPRECATED=0" "-DXXH_PRIVATE_API=" "-DZSTDLIB_VISIBILITY=" "-DZDICTLIB_VISIBILITY=" "-DZSTDERRORLIB_VISIBILITY=" "-DZSTD_LEGACY_SUPPORT=1" "-o" "/opt/rustwide/target/debug/build/zstd-sys-5e196a8cfd83e411/out/zstd/lib/legacy/zstd_v05.o" "-c" "zstd/lib/legacy/zstd_v05.c"
[INFO] [stderr] error: failed to run custom build command for `zstd-sys v2.0.9+zstd.1.5.5`
[INFO] [stderr] note: To improve backtraces for build dependencies, set the CARGO_PROFILE_DEV_BUILD_OVERRIDE_DEBUG=true environment variable to enable debug information generation.
[INFO] [stderr] 
[INFO] [stderr] Caused by:
[INFO] [stderr]   process didn't exit successfully: `/opt/rustwide/target/debug/build/zstd-sys-f807376763d2dfe2/build-script-build` (exit status: 1)
[INFO] [stderr]   --- stdout
[INFO] [stderr]   cargo:rerun-if-env-changed=ZSTD_SYS_USE_PKG_CONFIG
[INFO] [stderr]   TARGET = Some("x86_64-unknown-linux-gnu")
[INFO] [stderr]   OPT_LEVEL = Some("0")
[INFO] [stderr]   HOST = Some("x86_64-unknown-linux-gnu")
[INFO] [stderr]   cargo:rerun-if-env-changed=CC_x86_64-unknown-linux-gnu
[INFO] [stderr]   CC_x86_64-unknown-linux-gnu = None
[INFO] [stderr]   cargo:rerun-if-env-changed=CC_x86_64_unknown_linux_gnu
[INFO] [stderr]   CC_x86_64_unknown_linux_gnu = None
[INFO] [stderr]   cargo:rerun-if-env-changed=HOST_CC
[INFO] [stderr]   HOST_CC = None
[INFO] [stderr]   cargo:rerun-if-env-changed=CC
[INFO] [stderr]   CC = None
[INFO] [stderr]   cargo:rerun-if-env-changed=CRATE_CC_NO_DEFAULTS
[INFO] [stderr]   CRATE_CC_NO_DEFAULTS = None
[INFO] [stderr]   DEBUG = Some("true")
[INFO] [stderr]   CARGO_CFG_TARGET_FEATURE = Some("fxsr,sse,sse2")
[INFO] [stderr]   cargo:rerun-if-env-changed=CFLAGS_x86_64-unknown-linux-gnu
[INFO] [stderr]   CFLAGS_x86_64-unknown-linux-gnu = None
[INFO] [stderr]   cargo:rerun-if-env-changed=CFLAGS_x86_64_unknown_linux_gnu
[INFO] [stderr]   CFLAGS_x86_64_unknown_linux_gnu = None
[INFO] [stderr]   cargo:rerun-if-env-changed=HOST_CFLAGS
[INFO] [stderr]   HOST_CFLAGS = None
[INFO] [stderr]   cargo:rerun-if-env-changed=CFLAGS
[INFO] [stderr]   CFLAGS = None
[INFO] [stderr]   cargo:rerun-if-env-changed=CC_x86_64-unknown-linux-gnu
[INFO] [stderr]   CC_x86_64-unknown-linux-gnu = None
[INFO] [stderr]   cargo:rerun-if-env-changed=CC_x86_64_unknown_linux_gnu
[INFO] [stderr]   CC_x86_64_unknown_linux_gnu = None
[INFO] [stderr]   cargo:rerun-if-env-changed=HOST_CC
[INFO] [stderr]   HOST_CC = None
[INFO] [stderr]   cargo:rerun-if-env-changed=CC
[INFO] [stderr]   CC = None
[INFO] [stderr]   cargo:rerun-if-env-changed=CRATE_CC_NO_DEFAULTS
[INFO] [stderr]   CRATE_CC_NO_DEFAULTS = None
[INFO] [stderr]   CARGO_CFG_TARGET_FEATURE = Some("fxsr,sse,sse2")
[INFO] [stderr]   cargo:rerun-if-env-changed=CFLAGS_x86_64-unknown-linux-gnu
[INFO] [stderr]   CFLAGS_x86_64-unknown-linux-gnu = None
[INFO] [stderr]   cargo:rerun-if-env-changed=CFLAGS_x86_64_unknown_linux_gnu
[INFO] [stderr]   CFLAGS_x86_64_unknown_linux_gnu = None
[INFO] [stderr]   cargo:rerun-if-env-changed=HOST_CFLAGS
[INFO] [stderr]   HOST_CFLAGS = None
[INFO] [stderr]   cargo:rerun-if-env-changed=CFLAGS
[INFO] [stderr]   CFLAGS = None
[INFO] [stderr]   cargo:rerun-if-env-changed=CC_x86_64-unknown-linux-gnu
[INFO] [stderr]   CC_x86_64-unknown-linux-gnu = None
[INFO] [stderr]   cargo:rerun-if-env-changed=CC_x86_64_unknown_linux_gnu
[INFO] [stderr]   CC_x86_64_unknown_linux_gnu = None
[INFO] [stderr]   cargo:rerun-if-env-changed=HOST_CC
[INFO] [stderr]   HOST_CC = None
[INFO] [stderr]   cargo:rerun-if-env-changed=CC
[INFO] [stderr]   CC = None
[INFO] [stderr]   cargo:rerun-if-env-changed=CRATE_CC_NO_DEFAULTS
[INFO] [stderr]   CRATE_CC_NO_DEFAULTS = None
[INFO] [stderr]   CARGO_CFG_TARGET_FEATURE = Some("fxsr,sse,sse2")
[INFO] [stderr]   cargo:rerun-if-env-changed=CFLAGS_x86_64-unknown-linux-gnu
[INFO] [stderr]   CFLAGS_x86_64-unknown-linux-gnu = None
[INFO] [stderr]   cargo:rerun-if-env-changed=CFLAGS_x86_64_unknown_linux_gnu
[INFO] [stderr]   CFLAGS_x86_64_unknown_linux_gnu = None
[INFO] [stderr]   cargo:rerun-if-env-changed=HOST_CFLAGS
[INFO] [stderr]   HOST_CFLAGS = None
[INFO] [stderr]   cargo:rerun-if-env-changed=CFLAGS
[INFO] [stderr]   CFLAGS = None
[INFO] [stderr]   cargo:rerun-if-env-changed=CC_x86_64-unknown-linux-gnu
[INFO] [stderr]   CC_x86_64-unknown-linux-gnu = None
[INFO] [stderr]   cargo:rerun-if-env-changed=CC_x86_64_unknown_linux_gnu
[INFO] [stderr]   CC_x86_64_unknown_linux_gnu = None
[INFO] [stderr]   cargo:rerun-if-env-changed=HOST_CC
[INFO] [stderr]   HOST_CC = None
[INFO] [stderr]   cargo:rerun-if-env-changed=CC
[INFO] [stderr]   CC = None
[INFO] [stderr]   cargo:rerun-if-env-changed=CRATE_CC_NO_DEFAULTS
[INFO] [stderr]   CRATE_CC_NO_DEFAULTS = None
[INFO] [stderr]   CARGO_CFG_TARGET_FEATURE = Some("fxsr,sse,sse2")
[INFO] [stderr]   cargo:rerun-if-env-changed=CFLAGS_x86_64-unknown-linux-gnu
[INFO] [stderr]   CFLAGS_x86_64-unknown-linux-gnu = None
[INFO] [stderr]   cargo:rerun-if-env-changed=CFLAGS_x86_64_unknown_linux_gnu
[INFO] [stderr]   CFLAGS_x86_64_unknown_linux_gnu = None
[INFO] [stderr]   cargo:rerun-if-env-changed=HOST_CFLAGS
[INFO] [stderr]   HOST_CFLAGS = None
[INFO] [stderr]   cargo:rerun-if-env-changed=CFLAGS
[INFO] [stderr]   CFLAGS = None
[INFO] [stderr]   running: "cc" "-O0" "-ffunction-sections" "-fdata-sections" "-fPIC" "-gdwarf-4" "-fno-omit-frame-pointer" "-m64" "-I" "zstd/lib/" "-I" "zstd/lib/common" "-I" "zstd/lib/legacy" "-fvisibility=hidden" "-ffunction-sections" "-fdata-sections" "-fmerge-all-constants" "-DZSTD_LIB_DEPRECATED=0" "-DXXH_PRIVATE_API=" "-DZSTDLIB_VISIBILITY=" "-DZDICTLIB_VISIBILITY=" "-DZSTDERRORLIB_VISIBILITY=" "-DZSTD_LEGACY_SUPPORT=1" "-o" "/opt/rustwide/target/debug/build/zstd-sys-5e196a8cfd83e411/out/zstd/lib/common/debug.o" "-c" "zstd/lib/common/debug.c"
[INFO] [stderr]   running: "cc" "-O0" "-ffunction-sections" "-fdata-sections" "-fPIC" "-gdwarf-4" "-fno-omit-frame-pointer" "-m64" "-I" "zstd/lib/" "-I" "zstd/lib/common" "-I" "zstd/lib/legacy" "-fvisibility=hidden" "-ffunction-sections" "-fdata-sections" "-fmerge-all-constants" "-DZSTD_LIB_DEPRECATED=0" "-DXXH_PRIVATE_API=" "-DZSTDLIB_VISIBILITY=" "-DZDICTLIB_VISIBILITY=" "-DZSTDERRORLIB_VISIBILITY=" "-DZSTD_LEGACY_SUPPORT=1" "-o" "/opt/rustwide/target/debug/build/zstd-sys-5e196a8cfd83e411/out/zstd/lib/common/entropy_common.o" "-c" "zstd/lib/common/entropy_common.c"
[INFO] [stderr]   running: "cc" "-O0" "-ffunction-sections" "-fdata-sections" "-fPIC" "-gdwarf-4" "-fno-omit-frame-pointer" "-m64" "-I" "zstd/lib/" "-I" "zstd/lib/common" "-I" "zstd/lib/legacy" "-fvisibility=hidden" "-ffunction-sections" "-fdata-sections" "-fmerge-all-constants" "-DZSTD_LIB_DEPRECATED=0" "-DXXH_PRIVATE_API=" "-DZSTDLIB_VISIBILITY=" "-DZDICTLIB_VISIBILITY=" "-DZSTDERRORLIB_VISIBILITY=" "-DZSTD_LEGACY_SUPPORT=1" "-o" "/opt/rustwide/target/debug/build/zstd-sys-5e196a8cfd83e411/out/zstd/lib/common/error_private.o" "-c" "zstd/lib/common/error_private.c"
[INFO] [stderr]   running: "cc" "-O0" "-ffunction-sections" "-fdata-sections" "-fPIC" "-gdwarf-4" "-fno-omit-frame-pointer" "-m64" "-I" "zstd/lib/" "-I" "zstd/lib/common" "-I" "zstd/lib/legacy" "-fvisibility=hidden" "-ffunction-sections" "-fdata-sections" "-fmerge-all-constants" "-DZSTD_LIB_DEPRECATED=0" "-DXXH_PRIVATE_API=" "-DZSTDLIB_VISIBILITY=" "-DZDICTLIB_VISIBILITY=" "-DZSTDERRORLIB_VISIBILITY=" "-DZSTD_LEGACY_SUPPORT=1" "-o" "/opt/rustwide/target/debug/build/zstd-sys-5e196a8cfd83e411/out/zstd/lib/common/fse_decompress.o" "-c" "zstd/lib/common/fse_decompress.c"
[INFO] [stderr]   running: "cc" "-O0" "-ffunction-sections" "-fdata-sections" "-fPIC" "-gdwarf-4" "-fno-omit-frame-pointer" "-m64" "-I" "zstd/lib/" "-I" "zstd/lib/common" "-I" "zstd/lib/legacy" "-fvisibility=hidden" "-ffunction-sections" "-fdata-sections" "-fmerge-all-constants" "-DZSTD_LIB_DEPRECATED=0" "-DXXH_PRIVATE_API=" "-DZSTDLIB_VISIBILITY=" "-DZDICTLIB_VISIBILITY=" "-DZSTDERRORLIB_VISIBILITY=" "-DZSTD_LEGACY_SUPPORT=1" "-o" "/opt/rustwide/target/debug/build/zstd-sys-5e196a8cfd83e411/out/zstd/lib/common/pool.o" "-c" "zstd/lib/common/pool.c"
[INFO] [stderr]   running: "cc" "-O0" "-ffunction-sections" "-fdata-sections" "-fPIC" "-gdwarf-4" "-fno-omit-frame-pointer" "-m64" "-I" "zstd/lib/" "-I" "zstd/lib/common" "-I" "zstd/lib/legacy" "-fvisibility=hidden" "-ffunction-sections" "-fdata-sections" "-fmerge-all-constants" "-DZSTD_LIB_DEPRECATED=0" "-DXXH_PRIVATE_API=" "-DZSTDLIB_VISIBILITY=" "-DZDICTLIB_VISIBILITY=" "-DZSTDERRORLIB_VISIBILITY=" "-DZSTD_LEGACY_SUPPORT=1" "-o" "/opt/rustwide/target/debug/build/zstd-sys-5e196a8cfd83e411/out/zstd/lib/common/threading.o" "-c" "zstd/lib/common/threading.c"
[INFO] [stderr]   running: "cc" "-O0" "-ffunction-sections" "-fdata-sections" "-fPIC" "-gdwarf-4" "-fno-omit-frame-pointer" "-m64" "-I" "zstd/lib/" "-I" "zstd/lib/common" "-I" "zstd/lib/legacy" "-fvisibility=hidden" "-ffunction-sections" "-fdata-sections" "-fmerge-all-constants" "-DZSTD_LIB_DEPRECATED=0" "-DXXH_PRIVATE_API=" "-DZSTDLIB_VISIBILITY=" "-DZDICTLIB_VISIBILITY=" "-DZSTDERRORLIB_VISIBILITY=" "-DZSTD_LEGACY_SUPPORT=1" "-o" "/opt/rustwide/target/debug/build/zstd-sys-5e196a8cfd83e411/out/zstd/lib/common/zstd_common.o" "-c" "zstd/lib/common/zstd_common.c"
[INFO] [stderr]   running: "cc" "-O0" "-ffunction-sections" "-fdata-sections" "-fPIC" "-gdwarf-4" "-fno-omit-frame-pointer" "-m64" "-I" "zstd/lib/" "-I" "zstd/lib/common" "-I" "zstd/lib/legacy" "-fvisibility=hidden" "-ffunction-sections" "-fdata-sections" "-fmerge-all-constants" "-DZSTD_LIB_DEPRECATED=0" "-DXXH_PRIVATE_API=" "-DZSTDLIB_VISIBILITY=" "-DZDICTLIB_VISIBILITY=" "-DZSTDERRORLIB_VISIBILITY=" "-DZSTD_LEGACY_SUPPORT=1" "-o" "/opt/rustwide/target/debug/build/zstd-sys-5e196a8cfd83e411/out/zstd/lib/compress/fse_compress.o" "-c" "zstd/lib/compress/fse_compress.c"
[INFO] [stderr]   running: "cc" "-O0" "-ffunction-sections" "-fdata-sections" "-fPIC" "-gdwarf-4" "-fno-omit-frame-pointer" "-m64" "-I" "zstd/lib/" "-I" "zstd/lib/common" "-I" "zstd/lib/legacy" "-fvisibility=hidden" "-ffunction-sections" "-fdata-sections" "-fmerge-all-constants" "-DZSTD_LIB_DEPRECATED=0" "-DXXH_PRIVATE_API=" "-DZSTDLIB_VISIBILITY=" "-DZDICTLIB_VISIBILITY=" "-DZSTDERRORLIB_VISIBILITY=" "-DZSTD_LEGACY_SUPPORT=1" "-o" "/opt/rustwide/target/debug/build/zstd-sys-5e196a8cfd83e411/out/zstd/lib/compress/hist.o" "-c" "zstd/lib/compress/hist.c"
[INFO] [stderr]   running: "cc" "-O0" "-ffunction-sections" "-fdata-sections" "-fPIC" "-gdwarf-4" "-fno-omit-frame-pointer" "-m64" "-I" "zstd/lib/" "-I" "zstd/lib/common" "-I" "zstd/lib/legacy" "-fvisibility=hidden" "-ffunction-sections" "-fdata-sections" "-fmerge-all-constants" "-DZSTD_LIB_DEPRECATED=0" "-DXXH_PRIVATE_API=" "-DZSTDLIB_VISIBILITY=" "-DZDICTLIB_VISIBILITY=" "-DZSTDERRORLIB_VISIBILITY=" "-DZSTD_LEGACY_SUPPORT=1" "-o" "/opt/rustwide/target/debug/build/zstd-sys-5e196a8cfd83e411/out/zstd/lib/compress/huf_compress.o" "-c" "zstd/lib/compress/huf_compress.c"
[INFO] [stderr]   running: "cc" "-O0" "-ffunction-sections" "-fdata-sections" "-fPIC" "-gdwarf-4" "-fno-omit-frame-pointer" "-m64" "-I" "zstd/lib/" "-I" "zstd/lib/common" "-I" "zstd/lib/legacy" "-fvisibility=hidden" "-ffunction-sections" "-fdata-sections" "-fmerge-all-constants" "-DZSTD_LIB_DEPRECATED=0" "-DXXH_PRIVATE_API=" "-DZSTDLIB_VISIBILITY=" "-DZDICTLIB_VISIBILITY=" "-DZSTDERRORLIB_VISIBILITY=" "-DZSTD_LEGACY_SUPPORT=1" "-o" "/opt/rustwide/target/debug/build/zstd-sys-5e196a8cfd83e411/out/zstd/lib/compress/zstd_compress.o" "-c" "zstd/lib/compress/zstd_compress.c"
[INFO] [stderr]   running: "cc" "-O0" "-ffunction-sections" "-fdata-sections" "-fPIC" "-gdwarf-4" "-fno-omit-frame-pointer" "-m64" "-I" "zstd/lib/" "-I" "zstd/lib/common" "-I" "zstd/lib/legacy" "-fvisibility=hidden" "-ffunction-sections" "-fdata-sections" "-fmerge-all-constants" "-DZSTD_LIB_DEPRECATED=0" "-DXXH_PRIVATE_API=" "-DZSTDLIB_VISIBILITY=" "-DZDICTLIB_VISIBILITY=" "-DZSTDERRORLIB_VISIBILITY=" "-DZSTD_LEGACY_SUPPORT=1" "-o" "/opt/rustwide/target/debug/build/zstd-sys-5e196a8cfd83e411/out/zstd/lib/compress/zstd_compress_literals.o" "-c" "zstd/lib/compress/zstd_compress_literals.c"
[INFO] [stderr]   running: "cc" "-O0" "-ffunction-sections" "-fdata-sections" "-fPIC" "-gdwarf-4" "-fno-omit-frame-pointer" "-m64" "-I" "zstd/lib/" "-I" "zstd/lib/common" "-I" "zstd/lib/legacy" "-fvisibility=hidden" "-ffunction-sections" "-fdata-sections" "-fmerge-all-constants" "-DZSTD_LIB_DEPRECATED=0" "-DXXH_PRIVATE_API=" "-DZSTDLIB_VISIBILITY=" "-DZDICTLIB_VISIBILITY=" "-DZSTDERRORLIB_VISIBILITY=" "-DZSTD_LEGACY_SUPPORT=1" "-o" "/opt/rustwide/target/debug/build/zstd-sys-5e196a8cfd83e411/out/zstd/lib/compress/zstd_compress_sequences.o" "-c" "zstd/lib/compress/zstd_compress_sequences.c"
[INFO] [stderr]   exit status: 0
[INFO] [stderr]   exit status: 0
[INFO] [stderr]   exit status: 0
[INFO] [stderr]   exit status: 0
[INFO] [stderr]   exit status: 0
[INFO] [stderr]   exit status: 0
[INFO] [stderr]   exit status: 0
[INFO] [stderr]   exit status: 0
[INFO] [stderr]   running: "cc" "-O0" "-ffunction-sections" "-fdata-sections" "-fPIC" "-gdwarf-4" "-fno-omit-frame-pointer" "-m64" "-I" "zstd/lib/" "-I" "zstd/lib/common" "-I" "zstd/lib/legacy" "-fvisibility=hidden" "-ffunction-sections" "-fdata-sections" "-fmerge-all-constants" "-DZSTD_LIB_DEPRECATED=0" "-DXXH_PRIVATE_API=" "-DZSTDLIB_VISIBILITY=" "-DZDICTLIB_VISIBILITY=" "-DZSTDERRORLIB_VISIBILITY=" "-DZSTD_LEGACY_SUPPORT=1" "-o" "/opt/rustwide/target/debug/build/zstd-sys-5e196a8cfd83e411/out/zstd/lib/compress/zstd_compress_superblock.o" "-c" "zstd/lib/compress/zstd_compress_superblock.c"
[INFO] [stderr]   running: "cc" "-O0" "-ffunction-sections" "-fdata-sections" "-fPIC" "-gdwarf-4" "-fno-omit-frame-pointer" "-m64" "-I" "zstd/lib/" "-I" "zstd/lib/common" "-I" "zstd/lib/legacy" "-fvisibility=hidden" "-ffunction-sections" "-fdata-sections" "-fmerge-all-constants" "-DZSTD_LIB_DEPRECATED=0" "-DXXH_PRIVATE_API=" "-DZSTDLIB_VISIBILITY=" "-DZDICTLIB_VISIBILITY=" "-DZSTDERRORLIB_VISIBILITY=" "-DZSTD_LEGACY_SUPPORT=1" "-o" "/opt/rustwide/target/debug/build/zstd-sys-5e196a8cfd83e411/out/zstd/lib/compress/zstd_double_fast.o" "-c" "zstd/lib/compress/zstd_double_fast.c"
[INFO] [stderr]   running: "cc" "-O0" "-ffunction-sections" "-fdata-sections" "-fPIC" "-gdwarf-4" "-fno-omit-frame-pointer" "-m64" "-I" "zstd/lib/" "-I" "zstd/lib/common" "-I" "zstd/lib/legacy" "-fvisibility=hidden" "-ffunction-sections" "-fdata-sections" "-fmerge-all-constants" "-DZSTD_LIB_DEPRECATED=0" "-DXXH_PRIVATE_API=" "-DZSTDLIB_VISIBILITY=" "-DZDICTLIB_VISIBILITY=" "-DZSTDERRORLIB_VISIBILITY=" "-DZSTD_LEGACY_SUPPORT=1" "-o" "/opt/rustwide/target/debug/build/zstd-sys-5e196a8cfd83e411/out/zstd/lib/compress/zstd_fast.o" "-c" "zstd/lib/compress/zstd_fast.c"
[INFO] [stderr]   running: "cc" "-O0" "-ffunction-sections" "-fdata-sections" "-fPIC" "-gdwarf-4" "-fno-omit-frame-pointer" "-m64" "-I" "zstd/lib/" "-I" "zstd/lib/common" "-I" "zstd/lib/legacy" "-fvisibility=hidden" "-ffunction-sections" "-fdata-sections" "-fmerge-all-constants" "-DZSTD_LIB_DEPRECATED=0" "-DXXH_PRIVATE_API=" "-DZSTDLIB_VISIBILITY=" "-DZDICTLIB_VISIBILITY=" "-DZSTDERRORLIB_VISIBILITY=" "-DZSTD_LEGACY_SUPPORT=1" "-o" "/opt/rustwide/target/debug/build/zstd-sys-5e196a8cfd83e411/out/zstd/lib/compress/zstd_lazy.o" "-c" "zstd/lib/compress/zstd_lazy.c"
[INFO] [stderr]   running: "cc" "-O0" "-ffunction-sections" "-fdata-sections" "-fPIC" "-gdwarf-4" "-fno-omit-frame-pointer" "-m64" "-I" "zstd/lib/" "-I" "zstd/lib/common" "-I" "zstd/lib/legacy" "-fvisibility=hidden" "-ffunction-sections" "-fdata-sections" "-fmerge-all-constants" "-DZSTD_LIB_DEPRECATED=0" "-DXXH_PRIVATE_API=" "-DZSTDLIB_VISIBILITY=" "-DZDICTLIB_VISIBILITY=" "-DZSTDERRORLIB_VISIBILITY=" "-DZSTD_LEGACY_SUPPORT=1" "-o" "/opt/rustwide/target/debug/build/zstd-sys-5e196a8cfd83e411/out/zstd/lib/compress/zstd_ldm.o" "-c" "zstd/lib/compress/zstd_ldm.c"
[INFO] [stderr]   running: "cc" "-O0" "-ffunction-sections" "-fdata-sections" "-fPIC" "-gdwarf-4" "-fno-omit-frame-pointer" "-m64" "-I" "zstd/lib/" "-I" "zstd/lib/common" "-I" "zstd/lib/legacy" "-fvisibility=hidden" "-ffunction-sections" "-fdata-sections" "-fmerge-all-constants" "-DZSTD_LIB_DEPRECATED=0" "-DXXH_PRIVATE_API=" "-DZSTDLIB_VISIBILITY=" "-DZDICTLIB_VISIBILITY=" "-DZSTDERRORLIB_VISIBILITY=" "-DZSTD_LEGACY_SUPPORT=1" "-o" "/opt/rustwide/target/debug/build/zstd-sys-5e196a8cfd83e411/out/zstd/lib/compress/zstd_opt.o" "-c" "zstd/lib/compress/zstd_opt.c"
[INFO] [stderr]   running: "cc" "-O0" "-ffunction-sections" "-fdata-sections" "-fPIC" "-gdwarf-4" "-fno-omit-frame-pointer" "-m64" "-I" "zstd/lib/" "-I" "zstd/lib/common" "-I" "zstd/lib/legacy" "-fvisibility=hidden" "-ffunction-sections" "-fdata-sections" "-fmerge-all-constants" "-DZSTD_LIB_DEPRECATED=0" "-DXXH_PRIVATE_API=" "-DZSTDLIB_VISIBILITY=" "-DZDICTLIB_VISIBILITY=" "-DZSTDERRORLIB_VISIBILITY=" "-DZSTD_LEGACY_SUPPORT=1" "-o" "/opt/rustwide/target/debug/build/zstd-sys-5e196a8cfd83e411/out/zstd/lib/compress/zstdmt_compress.o" "-c" "zstd/lib/compress/zstdmt_compress.c"
[INFO] [stderr]   cargo:warning=/tmp/ccUFY6dR.s: Assembler messages:
[INFO] [stderr] 
[INFO] [stderr]   cargo:warning=/tmp/ccUFY6dR.s: Fatal error: can't write 11 bytes to section .text.MEM_32bits of /opt/rustwide/target/debug/build/zstd-sys-5e196a8cfd83e411/out/zstd/lib/compress/zstdmt_compress.o: 'No space left on device'
[INFO] [stderr] 
[INFO] [stderr]   cargo:warning=as: BFD (GNU Binutils for Ubuntu) 2.38 assertion fail ../../bfd/elf.c:3120
[INFO] [stderr] 
[INFO] [stderr]   cargo:warning=as: BFD (GNU Binutils for Ubuntu) 2.38 assertion fail ../../bfd/elf.c:3120
[INFO] [stderr] 
[INFO] [stderr]   cargo:warning=as: BFD (GNU Binutils for Ubuntu) 2.38 assertion fail ../../bfd/elf.c:3120
[INFO] [stderr] 
[INFO] [stderr]   cargo:warning=as: BFD (GNU Binutils for Ubuntu) 2.38 assertion fail ../../bfd/elf.c:3120
[INFO] [stderr] 
[INFO] [stderr]   cargo:warning=as: BFD (GNU Binutils for Ubuntu) 2.38 assertion fail ../../bfd/elf.c:3120
[INFO] [stderr] 
[INFO] [stderr]   cargo:warning=as: BFD (GNU Binutils for Ubuntu) 2.38 assertion fail ../../bfd/elf.c:3120
[INFO] [stderr] 
[INFO] [stderr]   cargo:warning=as: BFD (GNU Binutils for Ubuntu) 2.38 assertion fail ../../bfd/elf.c:3120
[INFO] [stderr] 
[INFO] [stderr]   cargo:warning=as: BFD (GNU Binutils for Ubuntu) 2.38 assertion fail ../../bfd/elf.c:3120
[INFO] [stderr] 
[INFO] [stderr]   cargo:warning=as: BFD (GNU Binutils for Ubuntu) 2.38 assertion fail ../../bfd/elf.c:3120
[INFO] [stderr] 
[INFO] [stderr]   cargo:warning=as: BFD (GNU Binutils for Ubuntu) 2.38 assertion fail ../../bfd/elf.c:3120
[INFO] [stderr] 
[INFO] [stderr]   cargo:warning=as: BFD (GNU Binutils for Ubuntu) 2.38 assertion fail ../../bfd/elf.c:3120
[INFO] [stderr] 
[INFO] [stderr]   cargo:warning=as: BFD (GNU Binutils for Ubuntu) 2.38 assertion fail ../../bfd/elf.c:3120
[INFO] [stderr] 
[INFO] [stderr]   cargo:warning=as: BFD (GNU Binutils for Ubuntu) 2.38 assertion fail ../../bfd/elf.c:3120
[INFO] [stderr] 
[INFO] [stderr]   cargo:warning=as: BFD (GNU Binutils for Ubuntu) 2.38 assertion fail ../../bfd/elf.c:3120
[INFO] [stderr] 
[INFO] [stderr]   cargo:warning=as: BFD (GNU Binutils for Ubuntu) 2.38 assertion fail ../../bfd/elf.c:3120
[INFO] [stderr] 
[INFO] [stderr]   cargo:warning=as: BFD (GNU Binutils for Ubuntu) 2.38 assertion fail ../../bfd/elf.c:3120
[INFO] [stderr] 
[INFO] [stderr]   cargo:warning=as: BFD (GNU Binutils for Ubuntu) 2.38 assertion fail ../../bfd/elf.c:3120
[INFO] [stderr] 
[INFO] [stderr]   cargo:warning=as: BFD (GNU Binutils for Ubuntu) 2.38 assertion fail ../../bfd/elf.c:3120
[INFO] [stderr] 
[INFO] [stderr]   cargo:warning=as: BFD (GNU Binutils for Ubuntu) 2.38 assertion fail ../../bfd/elf.c:3120
[INFO] [stderr] 
[INFO] [stderr]   cargo:warning=as: BFD (GNU Binutils for Ubuntu) 2.38 assertion fail ../../bfd/elf.c:3120
[INFO] [stderr] 
[INFO] [stderr]   cargo:warning=as: BFD (GNU Binutils for Ubuntu) 2.38 assertion fail ../../bfd/elf.c:3120
[INFO] [stderr] 
[INFO] [stderr]   cargo:warning=as: BFD (GNU Binutils for Ubuntu) 2.38 assertion fail ../../bfd/elf.c:3120
[INFO] [stderr] 
[INFO] [stderr]   cargo:warning=as: BFD (GNU Binutils for Ubuntu) 2.38 assertion fail ../../bfd/elf.c:3120
[INFO] [stderr] 
[INFO] [stderr]   cargo:warning=as: BFD (GNU Binutils for Ubuntu) 2.38 assertion fail ../../bfd/elf.c:3120
[INFO] [stderr] 
[INFO] [stderr]   cargo:warning=as: BFD (GNU Binutils for Ubuntu) 2.38 assertion fail ../../bfd/elf.c:3120
[INFO] [stderr] 
[INFO] [stderr]   cargo:warning=as: BFD (GNU Binutils for Ubuntu) 2.38 assertion fail ../../bfd/elf.c:3120
[INFO] [stderr] 
[INFO] [stderr]   cargo:warning=as: BFD (GNU Binutils for Ubuntu) 2.38 assertion fail ../../bfd/elf.c:3120
[INFO] [stderr] 
[INFO] [stderr]   cargo:warning=as: BFD (GNU Binutils for Ubuntu) 2.38 assertion fail ../../bfd/elf.c:3120
[INFO] [stderr] 
[INFO] [stderr]   cargo:warning=as: BFD (GNU Binutils for Ubuntu) 2.38 assertion fail ../../bfd/elf.c:3120
[INFO] [stderr] 
[INFO] [stderr]   cargo:warning=as: BFD (GNU Binutils for Ubuntu) 2.38 assertion fail ../../bfd/elf.c:3120
[INFO] [stderr] 
[INFO] [stderr]   cargo:warning=as: BFD (GNU Binutils for Ubuntu) 2.38 assertion fail ../../bfd/elf.c:3120
[INFO] [stderr] 
[INFO] [stderr]   cargo:warning=as: BFD (GNU Binutils for Ubuntu) 2.38 assertion fail ../../bfd/elf.c:3120
[INFO] [stderr] 
[INFO] [stderr]   cargo:warning=as: BFD (GNU Binutils for Ubuntu) 2.38 assertion fail ../../bfd/elf.c:3120
[INFO] [stderr] 
[INFO] [stderr]   cargo:warning=as: BFD (GNU Binutils for Ubuntu) 2.38 assertion fail ../../bfd/elf.c:3120
[INFO] [stderr] 
[INFO] [stderr]   cargo:warning=as: BFD (GNU Binutils for Ubuntu) 2.38 assertion fail ../../bfd/elf.c:3120
[INFO] [stderr] 
[INFO] [stderr]   cargo:warning=as: BFD (GNU Binutils for Ubuntu) 2.38 assertion fail ../../bfd/elf.c:3120
[INFO] [stderr] 
[INFO] [stderr]   cargo:warning=as: BFD (GNU Binutils for Ubuntu) 2.38 assertion fail ../../bfd/elf.c:3120
[INFO] [stderr] 
[INFO] [stderr]   cargo:warning=as: BFD (GNU Binutils for Ubuntu) 2.38 assertion fail ../../bfd/elf.c:3120
[INFO] [stderr] 
[INFO] [stderr]   cargo:warning=as: BFD (GNU Binutils for Ubuntu) 2.38 assertion fail ../../bfd/elf.c:3120
[INFO] [stderr] 
[INFO] [stderr]   cargo:warning=as: BFD (GNU Binutils for Ubuntu) 2.38 assertion fail ../../bfd/elf.c:3120
[INFO] [stderr] 
[INFO] [stderr]   cargo:warning=as: BFD (GNU Binutils for Ubuntu) 2.38 assertion fail ../../bfd/elf.c:3120
[INFO] [stderr] 
[INFO] [stderr]   cargo:warning=as: BFD (GNU Binutils for Ubuntu) 2.38 assertion fail ../../bfd/elf.c:3120
[INFO] [stderr] 
[INFO] [stderr]   cargo:warning=as: BFD (GNU Binutils for Ubuntu) 2.38 assertion fail ../../bfd/elf.c:3120
[INFO] [stderr] 
[INFO] [stderr]   cargo:warning=as: BFD (GNU Binutils for Ubuntu) 2.38 assertion fail ../../bfd/elf.c:3120
[INFO] [stderr] 
[INFO] [stderr]   cargo:warning=as: BFD (GNU Binutils for Ubuntu) 2.38 assertion fail ../../bfd/elf.c:3120
[INFO] [stderr] 
[INFO] [stderr]   cargo:warning=as: BFD (GNU Binutils for Ubuntu) 2.38 assertion fail ../../bfd/elf.c:3120
[INFO] [stderr] 
[INFO] [stderr]   cargo:warning=as: BFD (GNU Binutils for Ubuntu) 2.38 assertion fail ../../bfd/elf.c:3120
[INFO] [stderr] 
[INFO] [stderr]   cargo:warning=as: BFD (GNU Binutils for Ubuntu) 2.38 assertion fail ../../bfd/elf.c:3120
[INFO] [stderr] 
[INFO] [stderr]   cargo:warning=as: BFD (GNU Binutils for Ubuntu) 2.38 assertion fail ../../bfd/elf.c:3120
[INFO] [stderr] 
[INFO] [stderr]   cargo:warning=as: BFD (GNU Binutils for Ubuntu) 2.38 assertion fail ../../bfd/elf.c:3120
[INFO] [stderr] 
[INFO] [stderr]   cargo:warning=as: BFD (GNU Binutils for Ubuntu) 2.38 assertion fail ../../bfd/elf.c:3120
[INFO] [stderr] 
[INFO] [stderr]   cargo:warning=as: BFD (GNU Binutils for Ubuntu) 2.38 assertion fail ../../bfd/elf.c:3120
[INFO] [stderr] 
[INFO] [stderr]   cargo:warning=as: BFD (GNU Binutils for Ubuntu) 2.38 assertion fail ../../bfd/elf.c:3120
[INFO] [stderr] 
[INFO] [stderr]   cargo:warning=as: BFD (GNU Binutils for Ubuntu) 2.38 assertion fail ../../bfd/elf.c:3120
[INFO] [stderr] 
[INFO] [stderr]   cargo:warning=as: BFD (GNU Binutils for Ubuntu) 2.38 assertion fail ../../bfd/elf.c:3120
[INFO] [stderr] 
[INFO] [stderr]   cargo:warning=as: BFD (GNU Binutils for Ubuntu) 2.38 assertion fail ../../bfd/elf.c:3120
[INFO] [stderr] 
[INFO] [stderr]   cargo:warning=as: BFD (GNU Binutils for Ubuntu) 2.38 assertion fail ../../bfd/elf.c:3120
[INFO] [stderr] 
[INFO] [stderr]   cargo:warning=as: BFD (GNU Binutils for Ubuntu) 2.38 assertion fail ../../bfd/elf.c:3120
[INFO] [stderr] 
[INFO] [stderr]   cargo:warning=as: BFD (GNU Binutils for Ubuntu) 2.38 assertion fail ../../bfd/elf.c:3120
[INFO] [stderr] 
[INFO] [stderr]   cargo:warning=as: BFD (GNU Binutils for Ubuntu) 2.38 assertion fail ../../bfd/elf.c:3120
[INFO] [stderr] 
[INFO] [stderr]   cargo:warning=as: BFD (GNU Binutils for Ubuntu) 2.38 assertion fail ../../bfd/elf.c:3120
[INFO] [stderr] 
[INFO] [stderr]   cargo:warning=as: BFD (GNU Binutils for Ubuntu) 2.38 assertion fail ../../bfd/elf.c:3120
[INFO] [stderr] 
[INFO] [stderr]   cargo:warning=as: BFD (GNU Binutils for Ubuntu) 2.38 assertion fail ../../bfd/elf.c:3120
[INFO] [stderr] 
[INFO] [stderr]   cargo:warning=as: BFD (GNU Binutils for Ubuntu) 2.38 assertion fail ../../bfd/elf.c:3120
[INFO] [stderr] 
[INFO] [stderr]   cargo:warning=as: BFD (GNU Binutils for Ubuntu) 2.38 assertion fail ../../bfd/elf.c:3120
[INFO] [stderr] 
[INFO] [stderr]   cargo:warning=as: BFD (GNU Binutils for Ubuntu) 2.38 assertion fail ../../bfd/elf.c:3120
[INFO] [stderr] 
[INFO] [stderr]   cargo:warning=as: BFD (GNU Binutils for Ubuntu) 2.38 assertion fail ../../bfd/elf.c:3120
[INFO] [stderr] 
[INFO] [stderr]   cargo:warning=as: BFD (GNU Binutils for Ubuntu) 2.38 assertion fail ../../bfd/elf.c:3120
[INFO] [stderr] 
[INFO] [stderr]   cargo:warning=as: BFD (GNU Binutils for Ubuntu) 2.38 assertion fail ../../bfd/elf.c:3120
[INFO] [stderr] 
[INFO] [stderr]   cargo:warning=as: BFD (GNU Binutils for Ubuntu) 2.38 assertion fail ../../bfd/elf.c:3120
[INFO] [stderr] 
[INFO] [stderr]   cargo:warning=as: BFD (GNU Binutils for Ubuntu) 2.38 assertion fail ../../bfd/elf.c:3120
[INFO] [stderr] 
[INFO] [stderr]   cargo:warning=as: BFD (GNU Binutils for Ubuntu) 2.38 assertion fail ../../bfd/elf.c:3120
[INFO] [stderr] 
[INFO] [stderr]   cargo:warning=as: BFD (GNU Binutils for Ubuntu) 2.38 assertion fail ../../bfd/elf.c:3120
[INFO] [stderr] 
[INFO] [stderr]   cargo:warning=as: BFD (GNU Binutils for Ubuntu) 2.38 assertion fail ../../bfd/elf.c:3120
[INFO] [stderr] 
[INFO] [stderr]   cargo:warning=as: BFD (GNU Binutils for Ubuntu) 2.38 assertion fail ../../bfd/elf.c:3120
[INFO] [stderr] 
[INFO] [stderr]   cargo:warning=as: BFD (GNU Binutils for Ubuntu) 2.38 assertion fail ../../bfd/elf.c:3120
[INFO] [stderr] 
[INFO] [stderr]   cargo:warning=as: BFD (GNU Binutils for Ubuntu) 2.38 assertion fail ../../bfd/elf.c:3120
[INFO] [stderr] 
[INFO] [stderr]   cargo:warning=as: BFD (GNU Binutils for Ubuntu) 2.38 assertion fail ../../bfd/elf.c:3120
[INFO] [stderr] 
[INFO] [stderr]   cargo:warning=as: BFD (GNU Binutils for Ubuntu) 2.38 assertion fail ../../bfd/elf.c:3120
[INFO] [stderr] 
[INFO] [stderr]   cargo:warning=as: BFD (GNU Binutils for Ubuntu) 2.38 assertion fail ../../bfd/elf.c:3120
[INFO] [stderr] 
[INFO] [stderr]   cargo:warning=as: BFD (GNU Binutils for Ubuntu) 2.38 assertion fail ../../bfd/elf.c:3120
[INFO] [stderr] 
[INFO] [stderr]   cargo:warning=as: BFD (GNU Binutils for Ubuntu) 2.38 assertion fail ../../bfd/elf.c:3120
[INFO] [stderr] 
[INFO] [stderr]   cargo:warning=as: BFD (GNU Binutils for Ubuntu) 2.38 assertion fail ../../bfd/elf.c:3120
[INFO] [stderr] 
[INFO] [stderr]   cargo:warning=as: BFD (GNU Binutils for Ubuntu) 2.38 assertion fail ../../bfd/elf.c:3120
[INFO] [stderr] 
[INFO] [stderr]   cargo:warning=as: BFD (GNU Binutils for Ubuntu) 2.38 assertion fail ../../bfd/elf.c:3120
[INFO] [stderr] 
[INFO] [stderr]   cargo:warning=as: BFD (GNU Binutils for Ubuntu) 2.38 assertion fail ../../bfd/elf.c:3120
[INFO] [stderr] 
[INFO] [stderr]   cargo:warning=as: BFD (GNU Binutils for Ubuntu) 2.38 assertion fail ../../bfd/elf.c:3120
[INFO] [stderr] 
[INFO] [stderr]   cargo:warning=as: BFD (GNU Binutils for Ubuntu) 2.38 assertion fail ../../bfd/elf.c:3120
[INFO] [stderr] 
[INFO] [stderr]   cargo:warning=as: BFD (GNU Binutils for Ubuntu) 2.38 assertion fail ../../bfd/elf.c:3120
[INFO] [stderr] 
[INFO] [stderr]   cargo:warning=as: BFD (GNU Binutils for Ubuntu) 2.38 assertion fail ../../bfd/elf.c:3120
[INFO] [stderr] 
[INFO] [stderr]   cargo:warning=as: BFD (GNU Binutils for Ubuntu) 2.38 assertion fail ../../bfd/elf.c:3120
[INFO] [stderr] 
[INFO] [stderr]   cargo:warning=as: BFD (GNU Binutils for Ubuntu) 2.38 assertion fail ../../bfd/elf.c:3120
[INFO] [stderr] 
[INFO] [stderr]   cargo:warning=as: BFD (GNU Binutils for Ubuntu) 2.38 assertion fail ../../bfd/elf.c:3120
[INFO] [stderr] 
[INFO] [stderr]   cargo:warning=as: BFD (GNU Binutils for Ubuntu) 2.38 assertion fail ../../bfd/elf.c:3120
[INFO] [stderr] 
[INFO] [stderr]   cargo:warning=as: BFD (GNU Binutils for Ubuntu) 2.38 assertion fail ../../bfd/elf.c:3120
[INFO] [stderr] 
[INFO] [stderr]   cargo:warning=as: BFD (GNU Binutils for Ubuntu) 2.38 assertion fail ../../bfd/elf.c:3120
[INFO] [stderr] 
[INFO] [stderr]   cargo:warning=as: BFD (GNU Binutils for Ubuntu) 2.38 assertion fail ../../bfd/elf.c:3120
[INFO] [stderr] 
[INFO] [stderr]   cargo:warning=as: BFD (GNU Binutils for Ubuntu) 2.38 assertion fail ../../bfd/elf.c:3120
[INFO] [stderr] 
[INFO] [stderr]   cargo:warning=as: BFD (GNU Binutils for Ubuntu) 2.38 assertion fail ../../bfd/elf.c:3120
[INFO] [stderr] 
[INFO] [stderr]   cargo:warning=as: BFD (GNU Binutils for Ubuntu) 2.38 assertion fail ../../bfd/elf.c:3120
[INFO] [stderr] 
[INFO] [stderr]   cargo:warning=as: BFD (GNU Binutils for Ubuntu) 2.38 assertion fail ../../bfd/elf.c:3120
[INFO] [stderr] 
[INFO] [stderr]   cargo:warning=/tmp/ccUFY6dR.s: Fatal error: /opt/rustwide/target/debug/build/zstd-sys-5e196a8cfd83e411/out/zstd/lib/compress/zstdmt_compress.o: No space left on device
[INFO] [stderr] 
[INFO] [stderr]   exit status: 0
[INFO] [stderr]   exit status: 0
[INFO] [stderr]   exit status: 0
[INFO] [stderr]   exit status: 0
[INFO] [stderr]   exit status: 0
[INFO] [stderr]   exit status: 0
[INFO] [stderr]   exit status: 1
[INFO] [stderr]   cargo:warning=ToolExecError: Command "cc" "-O0" "-ffunction-sections" "-fdata-sections" "-fPIC" "-gdwarf-4" "-fno-omit-frame-pointer" "-m64" "-I" "zstd/lib/" "-I" "zstd/lib/common" "-I" "zstd/lib/legacy" "-fvisibility=hidden" "-ffunction-sections" "-fdata-sections" "-fmerge-all-constants" "-DZSTD_LIB_DEPRECATED=0" "-DXXH_PRIVATE_API=" "-DZSTDLIB_VISIBILITY=" "-DZDICTLIB_VISIBILITY=" "-DZSTDERRORLIB_VISIBILITY=" "-DZSTD_LEGACY_SUPPORT=1" "-o" "/opt/rustwide/target/debug/build/zstd-sys-5e196a8cfd83e411/out/zstd/lib/compress/zstdmt_compress.o" "-c" "zstd/lib/compress/zstdmt_compress.c" with args "cc" did not execute successfully (status code exit status: 1).running: "cc" "-O0" "-ffunction-sections" "-fdata-sections" "-fPIC" "-gdwarf-4" "-fno-omit-frame-pointer" "-m64" "-I" "zstd/lib/" "-I" "zstd/lib/common" "-I" "zstd/lib/legacy" "-fvisibility=hidden" "-ffunction-sections" "-fdata-sections" "-fmerge-all-constants" "-DZSTD_LIB_DEPRECATED=0" "-DXXH_PRIVATE_API=" "-DZSTDLIB_VISIBILITY=" "-DZDICTLIB_VISIBILITY=" "-DZSTDERRORLIB_VISIBILITY=" "-DZSTD_LEGACY_SUPPORT=1" "-o" "/opt/rustwide/target/debug/build/zstd-sys-5e196a8cfd83e411/out/zstd/lib/decompress/huf_decompress.o" "-c" "zstd/lib/decompress/huf_decompress.c"
[INFO] [stderr]   running: "cc" "-O0" "-ffunction-sections" "-fdata-sections" "-fPIC" "-gdwarf-4" "-fno-omit-frame-pointer" "-m64" "-I" "zstd/lib/" "-I" "zstd/lib/common" "-I" "zstd/lib/legacy" "-fvisibility=hidden" "-ffunction-sections" "-fdata-sections" "-fmerge-all-constants" "-DZSTD_LIB_DEPRECATED=0" "-DXXH_PRIVATE_API=" "-DZSTDLIB_VISIBILITY=" "-DZDICTLIB_VISIBILITY=" "-DZSTDERRORLIB_VISIBILITY=" "-DZSTD_LEGACY_SUPPORT=1" "-o" "/opt/rustwide/target/debug/build/zstd-sys-5e196a8cfd83e411/out/zstd/lib/decompress/zstd_ddict.o" "-c" "zstd/lib/decompress/zstd_ddict.c"
[INFO] [stderr]   running: "cc" "-O0" "-ffunction-sections" "-fdata-sections" "-fPIC" "-gdwarf-4" "-fno-omit-frame-pointer" "-m64" "-I" "zstd/lib/" "-I" "zstd/lib/common" "-I" "zstd/lib/legacy" "-fvisibility=hidden" "-ffunction-sections" "-fdata-sections" "-fmerge-all-constants" "-DZSTD_LIB_DEPRECATED=0" "-DXXH_PRIVATE_API=" "-DZSTDLIB_VISIBILITY=" "-DZDICTLIB_VISIBILITY=" "-DZSTDERRORLIB_VISIBILITY=" "-DZSTD_LEGACY_SUPPORT=1" "-o" "/opt/rustwide/target/debug/build/zstd-sys-5e196a8cfd83e411/out/zstd/lib/decompress/zstd_decompress.o" "-c" "zstd/lib/decompress/zstd_decompress.c"
[INFO] [stderr]   running: "cc" "-O0" "-ffunction-sections" "-fdata-sections" "-fPIC" "-gdwarf-4" "-fno-omit-frame-pointer" "-m64" "-I" "zstd/lib/" "-I" "zstd/lib/common" "-I" "zstd/lib/legacy" "-fvisibility=hidden" "-ffunction-sections" "-fdata-sections" "-fmerge-all-constants" "-DZSTD_LIB_DEPRECATED=0" "-DXXH_PRIVATE_API=" "-DZSTDLIB_VISIBILITY=" "-DZDICTLIB_VISIBILITY=" "-DZSTDERRORLIB_VISIBILITY=" "-DZSTD_LEGACY_SUPPORT=1" "-o" "/opt/rustwide/target/debug/build/zstd-sys-5e196a8cfd83e411/out/zstd/lib/decompress/zstd_decompress_block.o" "-c" "zstd/lib/decompress/zstd_decompress_block.c"
[INFO] [stderr]   cargo:warning=zstd/lib/compress/zstd_double_fast.c:758:1: fatal error: error writing to /tmp/ccfGcLgH.s: No space left on device
[INFO] [stderr] 
[INFO] [stderr]   cargo:warning=  758 | }
[INFO] [stderr] 
[INFO] [stderr]   cargo:warning=      | ^
[INFO] [stderr] 
[INFO] [stderr]   cargo:warning=compilation terminated.
[INFO] [stderr] 
[INFO] [stderr]   cargo:warning=zstd/lib/compress/zstd_opt.c:1468:1: fatal error: error writing to /tmp/cc6U5jk1.s: No space left on device
[INFO] [stderr] 
[INFO] [stderr]   cargo:warning= 1468 | }
[INFO] [stderr] 
[INFO] [stderr]   cargo:warning=      | ^
[INFO] [stderr] 
[INFO] [stderr]   cargo:warning=compilation terminated.
[INFO] [stderr] 
[INFO] [stderr] 
[INFO] [stderr]   exit status: 0
[INFO] [stderr]   exit status: 0
[INFO] [stderr]   exit status: 1
[INFO] [stderr]   cargo:warning=ToolExecError: Command "cc" "-O0" "-ffunction-sections" "-fdata-sections" "-fPIC" "-gdwarf-4" "-fno-omit-frame-pointer" "-m64" "-I" "zstd/lib/" "-I" "zstd/lib/common" "-I" "zstd/lib/legacy" "-fvisibility=hidden" "-ffunction-sections" "-fdata-sections" "-fmerge-all-constants" "-DZSTD_LIB_DEPRECATED=0" "-DXXH_PRIVATE_API=" "-DZSTDLIB_VISIBILITY=" "-DZDICTLIB_VISIBILITY=" "-DZSTDERRORLIB_VISIBILITY=" "-DZSTD_LEGACY_SUPPORT=1" "-o" "/opt/rustwide/target/debug/build/zstd-sys-5e196a8cfd83e411/out/zstd/lib/compress/zstd_double_fast.o" "-c" "zstd/lib/compress/zstd_double_fast.c" with args "cc" did not execute successfully (status code exit status: 1).running: "cc" "-O0" "-ffunction-sections" "-fdata-sections" "-fPIC" "-gdwarf-4" "-fno-omit-frame-pointer" "-m64" "-I" "zstd/lib/" "-I" "zstd/lib/common" "-I" "zstd/lib/legacy" "-fvisibility=hidden" "-ffunction-sections" "-fdata-sections" "-fmerge-all-constants" "-DZSTD_LIB_DEPRECATED=0" "-DXXH_PRIVATE_API=" "-DZSTDLIB_VISIBILITY=" "-DZDICTLIB_VISIBILITY=" "-DZSTDERRORLIB_VISIBILITY=" "-DZSTD_LEGACY_SUPPORT=1" "-o" "/opt/rustwide/target/debug/build/zstd-sys-5e196a8cfd83e411/out/zstd/lib/dictBuilder/cover.o" "-c" "zstd/lib/dictBuilder/cover.c"
[INFO] [stderr] 
[INFO] [stderr]   exit status: 1
[INFO] [stderr]   cargo:warning=ToolExecError: Command "cc" "-O0" "-ffunction-sections" "-fdata-sections" "-fPIC" "-gdwarf-4" "-fno-omit-frame-pointer" "-m64" "-I" "zstd/lib/" "-I" "zstd/lib/common" "-I" "zstd/lib/legacy" "-fvisibility=hidden" "-ffunction-sections" "-fdata-sections" "-fmerge-all-constants" "-DZSTD_LIB_DEPRECATED=0" "-DXXH_PRIVATE_API=" "-DZSTDLIB_VISIBILITY=" "-DZDICTLIB_VISIBILITY=" "-DZSTDERRORLIB_VISIBILITY=" "-DZSTD_LEGACY_SUPPORT=1" "-o" "/opt/rustwide/target/debug/build/zstd-sys-5e196a8cfd83e411/out/zstd/lib/compress/zstd_opt.o" "-c" "zstd/lib/compress/zstd_opt.c" with args "cc" did not execute successfully (status code exit status: 1).running: "cc" "-O0" "-ffunction-sections" "-fdata-sections" "-fPIC" "-gdwarf-4" "-fno-omit-frame-pointer" "-m64" "-I" "zstd/lib/" "-I" "zstd/lib/common" "-I" "zstd/lib/legacy" "-fvisibility=hidden" "-ffunction-sections" "-fdata-sections" "-fmerge-all-constants" "-DZSTD_LIB_DEPRECATED=0" "-DXXH_PRIVATE_API=" "-DZSTDLIB_VISIBILITY=" "-DZDICTLIB_VISIBILITY=" "-DZSTDERRORLIB_VISIBILITY=" "-DZSTD_LEGACY_SUPPORT=1" "-o" "/opt/rustwide/target/debug/build/zstd-sys-5e196a8cfd83e411/out/zstd/lib/dictBuilder/divsufsort.o" "-c" "zstd/lib/dictBuilder/divsufsort.c"
[INFO] [stderr]   cargo:warning=zstd/lib/compress/zstd_compress.c:7032:1: fatal error: error writing to /tmp/ccazmE4J.s: No space left on device
[INFO] [stderr] 
[INFO] [stderr]   cargo:warning= 7032 | }
[INFO] [stderr] 
[INFO] [stderr]   cargo:warning=      | ^
[INFO] [stderr] 
[INFO] [stderr]   cargo:warning=compilation terminated.
[INFO] [stderr] 
[INFO] [stderr]   cargo:warning=zstd/lib/decompress/zstd_decompress.c:2355:1: fatal error: error writing to /tmp/ccxzGvOn.s: No space left on device
[INFO] [stderr] 
[INFO] [stderr]   cargo:warning= 2355 | }
[INFO] [stderr] 
[INFO] [stderr]   cargo:warning=      | ^
[INFO] [stderr] 
[INFO] [stderr]   cargo:warning=compilation terminated.
[INFO] [stderr] 
[INFO] [stderr]   cargo:warning=zstd/lib/dictBuilder/divsufsort.c:1913:1: fatal error: error writing to /tmp/ccznQAsd.s: No space left on device
[INFO] [stderr] 
[INFO] [stderr]   cargo:warning= 1913 | }
[INFO] [stderr] 
[INFO] [stderr]   cargo:warning=      | ^
[INFO] [stderr] 
[INFO] [stderr]   cargo:warning=compilation terminated.
[INFO] [stderr] 
[INFO] [stderr] 
[INFO] [stderr]   exit status: 1
[INFO] [stderr]   cargo:warning=ToolExecError: Command "cc" "-O0" "-ffunction-sections" "-fdata-sections" "-fPIC" "-gdwarf-4" "-fno-omit-frame-pointer" "-m64" "-I" "zstd/lib/" "-I" "zstd/lib/common" "-I" "zstd/lib/legacy" "-fvisibility=hidden" "-ffunction-sections" "-fdata-sections" "-fmerge-all-constants" "-DZSTD_LIB_DEPRECATED=0" "-DXXH_PRIVATE_API=" "-DZSTDLIB_VISIBILITY=" "-DZDICTLIB_VISIBILITY=" "-DZSTDERRORLIB_VISIBILITY=" "-DZSTD_LEGACY_SUPPORT=1" "-o" "/opt/rustwide/target/debug/build/zstd-sys-5e196a8cfd83e411/out/zstd/lib/compress/zstd_compress.o" "-c" "zstd/lib/compress/zstd_compress.c" with args "cc" did not execute successfully (status code exit status: 1).running: "cc" "-O0" "-ffunction-sections" "-fdata-sections" "-fPIC" "-gdwarf-4" "-fno-omit-frame-pointer" "-m64" "-I" "zstd/lib/" "-I" "zstd/lib/common" "-I" "zstd/lib/legacy" "-fvisibility=hidden" "-ffunction-sections" "-fdata-sections" "-fmerge-all-constants" "-DZSTD_LIB_DEPRECATED=0" "-DXXH_PRIVATE_API=" "-DZSTDLIB_VISIBILITY=" "-DZDICTLIB_VISIBILITY=" "-DZSTDERRORLIB_VISIBILITY=" "-DZSTD_LEGACY_SUPPORT=1" "-o" "/opt/rustwide/target/debug/build/zstd-sys-5e196a8cfd83e411/out/zstd/lib/dictBuilder/fastcover.o" "-c" "zstd/lib/dictBuilder/fastcover.c"
[INFO] [stderr] 
[INFO] [stderr]   exit status: 1
[INFO] [stderr]   cargo:warning=ToolExecError: Command "cc" "-O0" "-ffunction-sections" "-fdata-sections" "-fPIC" "-gdwarf-4" "-fno-omit-frame-pointer" "-m64" "-I" "zstd/lib/" "-I" "zstd/lib/common" "-I" "zstd/lib/legacy" "-fvisibility=hidden" "-ffunction-sections" "-fdata-sections" "-fmerge-all-constants" "-DZSTD_LIB_DEPRECATED=0" "-DXXH_PRIVATE_API=" "-DZSTDLIB_VISIBILITY=" "-DZDICTLIB_VISIBILITY=" "-DZSTDERRORLIB_VISIBILITY=" "-DZSTD_LEGACY_SUPPORT=1" "-o" "/opt/rustwide/target/debug/build/zstd-sys-5e196a8cfd83e411/out/zstd/lib/decompress/zstd_decompress.o" "-c" "zstd/lib/decompress/zstd_decompress.c" with args "cc" did not execute successfully (status code exit status: 1).
[INFO] [stderr]   exit status: 0
[INFO] [stderr]   exit status: 1
[INFO] [stderr]   cargo:warning=ToolExecError: Command "cc" "-O0" "-ffunction-sections" "-fdata-sections" "-fPIC" "-gdwarf-4" "-fno-omit-frame-pointer" "-m64" "-I" "zstd/lib/" "-I" "zstd/lib/common" "-I" "zstd/lib/legacy" "-fvisibility=hidden" "-ffunction-sections" "-fdata-sections" "-fmerge-all-constants" "-DZSTD_LIB_DEPRECATED=0" "-DXXH_PRIVATE_API=" "-DZSTDLIB_VISIBILITY=" "-DZDICTLIB_VISIBILITY=" "-DZSTDERRORLIB_VISIBILITY=" "-DZSTD_LEGACY_SUPPORT=1" "-o" "/opt/rustwide/target/debug/build/zstd-sys-5e196a8cfd83e411/out/zstd/lib/dictBuilder/divsufsort.o" "-c" "zstd/lib/dictBuilder/divsufsort.c" with args "cc" did not execute successfully (status code exit status: 1).running: "cc" "-O0" "-ffunction-sections" "-fdata-sections" "-fPIC" "-gdwarf-4" "-fno-omit-frame-pointer" "-m64" "-I" "zstd/lib/" "-I" "zstd/lib/common" "-I" "zstd/lib/legacy" "-fvisibility=hidden" "-ffunction-sections" "-fdata-sections" "-fmerge-all-constants" "-DZSTD_LIB_DEPRECATED=0" "-DXXH_PRIVATE_API=" "-DZSTDLIB_VISIBILITY=" "-DZDICTLIB_VISIBILITY=" "-DZSTDERRORLIB_VISIBILITY=" "-DZSTD_LEGACY_SUPPORT=1" "-o" "/opt/rustwide/target/debug/build/zstd-sys-5e196a8cfd83e411/out/zstd/lib/dictBuilder/zdict.o" "-c" "zstd/lib/dictBuilder/zdict.c"
[INFO] [stderr]   running: "cc" "-O0" "-ffunction-sections" "-fdata-sections" "-fPIC" "-gdwarf-4" "-fno-omit-frame-pointer" "-m64" "-I" "zstd/lib/" "-I" "zstd/lib/common" "-I" "zstd/lib/legacy" "-fvisibility=hidden" "-ffunction-sections" "-fdata-sections" "-fmerge-all-constants" "-DZSTD_LIB_DEPRECATED=0" "-DXXH_PRIVATE_API=" "-DZSTDLIB_VISIBILITY=" "-DZDICTLIB_VISIBILITY=" "-DZSTDERRORLIB_VISIBILITY=" "-DZSTD_LEGACY_SUPPORT=1" "-o" "/opt/rustwide/target/debug/build/zstd-sys-5e196a8cfd83e411/out/zstd/lib/legacy/zstd_v01.o" "-c" "zstd/lib/legacy/zstd_v01.c"
[INFO] [stderr]   running: "cc" "-O0" "-ffunction-sections" "-fdata-sections" "-fPIC" "-gdwarf-4" "-fno-omit-frame-pointer" "-m64" "-I" "zstd/lib/" "-I" "zstd/lib/common" "-I" "zstd/lib/legacy" "-fvisibility=hidden" "-ffunction-sections" "-fdata-sections" "-fmerge-all-constants" "-DZSTD_LIB_DEPRECATED=0" "-DXXH_PRIVATE_API=" "-DZSTDLIB_VISIBILITY=" "-DZDICTLIB_VISIBILITY=" "-DZSTDERRORLIB_VISIBILITY=" "-DZSTD_LEGACY_SUPPORT=1" "-o" "/opt/rustwide/target/debug/build/zstd-sys-5e196a8cfd83e411/out/zstd/lib/legacy/zstd_v02.o" "-c" "zstd/lib/legacy/zstd_v02.c"
[INFO] [stderr]   running: "cc" "-O0" "-ffunction-sections" "-fdata-sections" "-fPIC" "-gdwarf-4" "-fno-omit-frame-pointer" "-m64" "-I" "zstd/lib/" "-I" "zstd/lib/common" "-I" "zstd/lib/legacy" "-fvisibility=hidden" "-ffunction-sections" "-fdata-sections" "-fmerge-all-constants" "-DZSTD_LIB_DEPRECATED=0" "-DXXH_PRIVATE_API=" "-DZSTDLIB_VISIBILITY=" "-DZDICTLIB_VISIBILITY=" "-DZSTDERRORLIB_VISIBILITY=" "-DZSTD_LEGACY_SUPPORT=1" "-o" "/opt/rustwide/target/debug/build/zstd-sys-5e196a8cfd83e411/out/zstd/lib/legacy/zstd_v03.o" "-c" "zstd/lib/legacy/zstd_v03.c"
[INFO] [stderr]   running: "cc" "-O0" "-ffunction-sections" "-fdata-sections" "-fPIC" "-gdwarf-4" "-fno-omit-frame-pointer" "-m64" "-I" "zstd/lib/" "-I" "zstd/lib/common" "-I" "zstd/lib/legacy" "-fvisibility=hidden" "-ffunction-sections" "-fdata-sections" "-fmerge-all-constants" "-DZSTD_LIB_DEPRECATED=0" "-DXXH_PRIVATE_API=" "-DZSTDLIB_VISIBILITY=" "-DZDICTLIB_VISIBILITY=" "-DZSTDERRORLIB_VISIBILITY=" "-DZSTD_LEGACY_SUPPORT=1" "-o" "/opt/rustwide/target/debug/build/zstd-sys-5e196a8cfd83e411/out/zstd/lib/legacy/zstd_v04.o" "-c" "zstd/lib/legacy/zstd_v04.c"
[INFO] [stderr]   cargo:warning=zstd/lib/decompress/huf_decompress.c:1882:1: fatal error: error writing to /tmp/ccyMUzhp.s: No space left on device
[INFO] [stderr] 
[INFO] [stderr]   cargo:warning= 1882 | }
[INFO] [stderr] 
[INFO] [stderr]   cargo:warning=      | ^
[INFO] [stderr] 
[INFO] [stderr]   cargo:warning=compilation terminated.
[INFO] [stderr] 
[INFO] [stderr] 
[INFO] [stderr]   exit status: 0
[INFO] [stderr]   exit status: 0
[INFO] [stderr]   exit status: 1
[INFO] [stderr]   cargo:warning=ToolExecError: Command "cc" "-O0" "-ffunction-sections" "-fdata-sections" "-fPIC" "-gdwarf-4" "-fno-omit-frame-pointer" "-m64" "-I" "zstd/lib/" "-I" "zstd/lib/common" "-I" "zstd/lib/legacy" "-fvisibility=hidden" "-ffunction-sections" "-fdata-sections" "-fmerge-all-constants" "-DZSTD_LIB_DEPRECATED=0" "-DXXH_PRIVATE_API=" "-DZSTDLIB_VISIBILITY=" "-DZDICTLIB_VISIBILITY=" "-DZSTDERRORLIB_VISIBILITY=" "-DZSTD_LEGACY_SUPPORT=1" "-o" "/opt/rustwide/target/debug/build/zstd-sys-5e196a8cfd83e411/out/zstd/lib/decompress/huf_decompress.o" "-c" "zstd/lib/decompress/huf_decompress.c" with args "cc" did not execute successfully (status code exit status: 1).running: "cc" "-O0" "-ffunction-sections" "-fdata-sections" "-fPIC" "-gdwarf-4" "-fno-omit-frame-pointer" "-m64" "-I" "zstd/lib/" "-I" "zstd/lib/common" "-I" "zstd/lib/legacy" "-fvisibility=hidden" "-ffunction-sections" "-fdata-sections" "-fmerge-all-constants" "-DZSTD_LIB_DEPRECATED=0" "-DXXH_PRIVATE_API=" "-DZSTDLIB_VISIBILITY=" "-DZDICTLIB_VISIBILITY=" "-DZSTDERRORLIB_VISIBILITY=" "-DZSTD_LEGACY_SUPPORT=1" "-o" "/opt/rustwide/target/debug/build/zstd-sys-5e196a8cfd83e411/out/zstd/lib/legacy/zstd_v05.o" "-c" "zstd/lib/legacy/zstd_v05.c"
[INFO] [stderr]   running: "cc" "-O0" "-ffunction-sections" "-fdata-sections" "-fPIC" "-gdwarf-4" "-fno-omit-frame-pointer" "-m64" "-I" "zstd/lib/" "-I" "zstd/lib/common" "-I" "zstd/lib/legacy" "-fvisibility=hidden" "-ffunction-sections" "-fdata-sections" "-fmerge-all-constants" "-DZSTD_LIB_DEPRECATED=0" "-DXXH_PRIVATE_API=" "-DZSTDLIB_VISIBILITY=" "-DZDICTLIB_VISIBILITY=" "-DZSTDERRORLIB_VISIBILITY=" "-DZSTD_LEGACY_SUPPORT=1" "-o" "/opt/rustwide/target/debug/build/zstd-sys-5e196a8cfd83e411/out/zstd/lib/legacy/zstd_v06.o" "-c" "zstd/lib/legacy/zstd_v06.c"
[INFO] [stderr]   running: "cc" "-O0" "-ffunction-sections" "-fdata-sections" "-fPIC" "-gdwarf-4" "-fno-omit-frame-pointer" "-m64" "-I" "zstd/lib/" "-I" "zstd/lib/common" "-I" "zstd/lib/legacy" "-fvisibility=hidden" "-ffunction-sections" "-fdata-sections" "-fmerge-all-constants" "-DZSTD_LIB_DEPRECATED=0" "-DXXH_PRIVATE_API=" "-DZSTDLIB_VISIBILITY=" "-DZDICTLIB_VISIBILITY=" "-DZSTDERRORLIB_VISIBILITY=" "-DZSTD_LEGACY_SUPPORT=1" "-o" "/opt/rustwide/target/debug/build/zstd-sys-5e196a8cfd83e411/out/zstd/lib/legacy/zstd_v07.o" "-c" "zstd/lib/legacy/zstd_v07.c"
[INFO] [stderr]   running: "cc" "-O0" "-ffunction-sections" "-fdata-sections" "-fPIC" "-gdwarf-4" "-fno-omit-frame-pointer" "-m64" "-I" "zstd/lib/" "-I" "zstd/lib/common" "-I" "zstd/lib/legacy" "-fvisibility=hidden" "-ffunction-sections" "-fdata-sections" "-fmerge-all-constants" "-DZSTD_LIB_DEPRECATED=0" "-DXXH_PRIVATE_API=" "-DZSTDLIB_VISIBILITY=" "-DZDICTLIB_VISIBILITY=" "-DZSTDERRORLIB_VISIBILITY=" "-DZSTD_LEGACY_SUPPORT=1" "-o" "/opt/rustwide/target/debug/build/zstd-sys-5e196a8cfd83e411/out/zstd/lib/decompress/huf_decompress_amd64.o" "-c" "zstd/lib/decompress/huf_decompress_amd64.S"
[INFO] [stderr] 
[INFO] [stderr]   exit status: 0
[INFO] [stderr]   exit status: 0
[INFO] [stderr]   exit status: 0
[INFO] [stderr]   exit status: 0
[INFO] [stderr]   exit status: 0
[INFO] [stderr]   exit status: 0
[INFO] [stderr]   exit status: 0
[INFO] [stderr]   exit status: 0
[INFO] [stderr]   exit status: 0
[INFO] [stderr]   exit status: 0
[INFO] [stderr] 
[INFO] [stderr]   --- stderr
[INFO] [stderr] 
[INFO] [stderr] 
[INFO] [stderr]   error occurred: Command "cc" "-O0" "-ffunction-sections" "-fdata-sections" "-fPIC" "-gdwarf-4" "-fno-omit-frame-pointer" "-m64" "-I" "zstd/lib/" "-I" "zstd/lib/common" "-I" "zstd/lib/legacy" "-fvisibility=hidden" "-ffunction-sections" "-fdata-sections" "-fmerge-all-constants" "-DZSTD_LIB_DEPRECATED=0" "-DXXH_PRIVATE_API=" "-DZSTDLIB_VISIBILITY=" "-DZDICTLIB_VISIBILITY=" "-DZSTDERRORLIB_VISIBILITY=" "-DZSTD_LEGACY_SUPPORT=1" "-o" "/opt/rustwide/target/debug/build/zstd-sys-5e196a8cfd83e411/out/zstd/lib/decompress/huf_decompress.o" "-c" "zstd/lib/decompress/huf_decompress.c" with args "cc" did not execute successfully (status code exit status: 1).
[INFO] [stderr] 
[INFO] [stderr] 
[INFO] running `Command { std: "docker" "inspect" "bdeb765d440db43fa01f318a78448d54528e4aab605a376bdab330158e014dd9", kill_on_drop: false }`
[INFO] running `Command { std: "docker" "rm" "-f" "bdeb765d440db43fa01f318a78448d54528e4aab605a376bdab330158e014dd9", kill_on_drop: false }`
[INFO] [stdout] bdeb765d440db43fa01f318a78448d54528e4aab605a376bdab330158e014dd9
