[INFO] cloning repository https://github.com/gu3st/botbot
[INFO] running `Command { std: "git" "-c" "credential.helper=" "-c" "credential.helper=/workspace/cargo-home/bin/git-credential-null" "clone" "--bare" "https://github.com/gu3st/botbot" "/workspace/cache/git-repos/https%3A%2F%2Fgithub.com%2Fgu3st%2Fbotbot", kill_on_drop: false }`
[INFO] [stderr] Cloning into bare repository '/workspace/cache/git-repos/https%3A%2F%2Fgithub.com%2Fgu3st%2Fbotbot'...
[INFO] running `Command { std: "git" "rev-parse" "HEAD", kill_on_drop: false }`
[INFO] [stdout] c0f155c115e8245ef5a9ab7e092e0ac3e2c378a9
[INFO] documenting gu3st/botbot against 1.85.0 for beta-1.86-rustdoc-1
[INFO] running `Command { std: "git" "clone" "/workspace/cache/git-repos/https%3A%2F%2Fgithub.com%2Fgu3st%2Fbotbot" "/workspace/builds/worker-2-tc1/source", kill_on_drop: false }`
[INFO] [stderr] Cloning into '/workspace/builds/worker-2-tc1/source'...
[INFO] [stderr] done.
[INFO] validating manifest of git repo https://github.com/gu3st/botbot on toolchain 1.85.0
[INFO] running `Command { std: CARGO_HOME="/workspace/cargo-home" RUSTUP_HOME="/workspace/rustup-home" "/workspace/cargo-home/bin/cargo" "+1.85.0" "metadata" "--manifest-path" "Cargo.toml" "--no-deps", kill_on_drop: false }`
[INFO] started tweaking git repo https://github.com/gu3st/botbot
[INFO] finished tweaking git repo https://github.com/gu3st/botbot
[INFO] tweaked toml for git repo https://github.com/gu3st/botbot written to /workspace/builds/worker-2-tc1/source/Cargo.toml
[INFO] crate git repo https://github.com/gu3st/botbot already has a lockfile, it will not be regenerated
[INFO] running `Command { std: CARGO_HOME="/workspace/cargo-home" RUSTUP_HOME="/workspace/rustup-home" "/workspace/cargo-home/bin/cargo" "+1.85.0" "fetch" "--manifest-path" "Cargo.toml", kill_on_drop: false }`
[INFO] [stderr]  Downloading crates ...
[INFO] [stderr]   Downloaded fancy-regex v0.5.0
[INFO] [stderr]   Downloaded serenity v0.10.4
[INFO] running `Command { std: "docker" "create" "-v" "/var/lib/crater-agent-workspace/builds/worker-2-tc1/target:/opt/rustwide/target:rw,Z" "-v" "/var/lib/crater-agent-workspace/builds/worker-2-tc1/source:/opt/rustwide/workdir:ro,Z" "-v" "/var/lib/crater-agent-workspace/cargo-home:/opt/rustwide/cargo-home:ro,Z" "-v" "/var/lib/crater-agent-workspace/rustup-home:/opt/rustwide/rustup-home:ro,Z" "-e" "SOURCE_DIR=/opt/rustwide/workdir" "-e" "CARGO_TARGET_DIR=/opt/rustwide/target" "-e" "CARGO_HOME=/opt/rustwide/cargo-home" "-e" "RUSTUP_HOME=/opt/rustwide/rustup-home" "-w" "/opt/rustwide/workdir" "-m" "1610612736" "--user" "0:0" "--network" "none" "ghcr.io/rust-lang/crates-build-env/linux@sha256:3959728d45483eb673ba100a951a6b9f5012970368db2a9e08e0ac9b67c8a5ad" "/opt/rustwide/cargo-home/bin/cargo" "+1.85.0" "metadata" "--no-deps" "--format-version=1", kill_on_drop: false }`
[INFO] [stdout] 4364a60da83cd195bf42c0b6750a783821c1b58592e0fb39935046e78b3b4ef9
[INFO] running `Command { std: "docker" "start" "-a" "4364a60da83cd195bf42c0b6750a783821c1b58592e0fb39935046e78b3b4ef9", kill_on_drop: false }`
[INFO] running `Command { std: "docker" "inspect" "4364a60da83cd195bf42c0b6750a783821c1b58592e0fb39935046e78b3b4ef9", kill_on_drop: false }`
[INFO] running `Command { std: "docker" "rm" "-f" "4364a60da83cd195bf42c0b6750a783821c1b58592e0fb39935046e78b3b4ef9", kill_on_drop: false }`
[INFO] [stdout] 4364a60da83cd195bf42c0b6750a783821c1b58592e0fb39935046e78b3b4ef9
[INFO] running `Command { std: "docker" "create" "-v" "/var/lib/crater-agent-workspace/builds/worker-2-tc1/target:/opt/rustwide/target:rw,Z" "-v" "/var/lib/crater-agent-workspace/builds/worker-2-tc1/source:/opt/rustwide/workdir:ro,Z" "-v" "/var/lib/crater-agent-workspace/cargo-home:/opt/rustwide/cargo-home:ro,Z" "-v" "/var/lib/crater-agent-workspace/rustup-home:/opt/rustwide/rustup-home:ro,Z" "-e" "SOURCE_DIR=/opt/rustwide/workdir" "-e" "CARGO_TARGET_DIR=/opt/rustwide/target" "-e" "CARGO_INCREMENTAL=0" "-e" "RUST_BACKTRACE=full" "-e" "RUSTFLAGS=--cap-lints=warn" "-e" "RUSTDOCFLAGS=--cap-lints=warn" "-e" "CARGO_HOME=/opt/rustwide/cargo-home" "-e" "RUSTUP_HOME=/opt/rustwide/rustup-home" "-w" "/opt/rustwide/workdir" "-m" "1610612736" "--user" "0:0" "--network" "none" "ghcr.io/rust-lang/crates-build-env/linux@sha256:3959728d45483eb673ba100a951a6b9f5012970368db2a9e08e0ac9b67c8a5ad" "/opt/rustwide/cargo-home/bin/cargo" "+1.85.0" "doc" "--frozen" "--no-deps" "--document-private-items" "--message-format=json", kill_on_drop: false }`
[INFO] [stdout] 1fe107702cd169f19e126e3996fb8799a2000b163f8722e6f33062ca18d1ec5a
[INFO] running `Command { std: "docker" "start" "-a" "1fe107702cd169f19e126e3996fb8799a2000b163f8722e6f33062ca18d1ec5a", kill_on_drop: false }`
[INFO] [stderr]    Compiling libc v0.2.91
[INFO] [stderr]    Compiling proc-macro2 v1.0.24
[INFO] [stderr]    Compiling unicode-xid v0.2.1
[INFO] [stderr]    Compiling autocfg v1.0.1
[INFO] [stderr]    Compiling syn v1.0.64
[INFO] [stderr]     Checking cfg-if v1.0.0
[INFO] [stderr]    Compiling version_check v0.9.3
[INFO] [stderr]    Compiling memchr v2.3.4
[INFO] [stderr]    Compiling log v0.4.14
[INFO] [stderr]     Checking once_cell v1.7.2
[INFO] [stderr]     Checking pin-project-lite v0.2.6
[INFO] [stderr]    Compiling cc v1.0.67
[INFO] [stderr]     Checking bytes v1.0.1
[INFO] [stderr]     Checking spin v0.5.2
[INFO] [stderr]    Compiling proc-macro-hack v0.5.19
[INFO] [stderr]     Checking itoa v0.4.7
[INFO] [stderr]     Checking untrusted v0.7.1
[INFO] [stderr]     Checking futures-core v0.3.13
[INFO] [stderr]     Checking futures-sink v0.3.13
[INFO] [stderr]    Compiling proc-macro-nested v0.1.7
[INFO] [stderr]    Compiling typenum v1.13.0
[INFO] [stderr]     Checking fnv v1.0.7
[INFO] [stderr]     Checking matches v0.1.8
[INFO] [stderr]     Checking slab v0.4.2
[INFO] [stderr]    Compiling serde_derive v1.0.125
[INFO] [stderr]     Checking futures-channel v0.3.13
[INFO] [stderr]     Checking futures-io v0.3.13
[INFO] [stderr]    Compiling httparse v1.3.5
[INFO] [stderr]    Compiling getrandom v0.1.16
[INFO] [stderr]    Compiling generic-array v0.14.4
[INFO] [stderr]    Compiling unicase v2.6.0
[INFO] [stderr]     Checking pin-utils v0.1.0
[INFO] [stderr]     Checking http v0.2.3
[INFO] [stderr]     Checking futures-task v0.3.13
[INFO] [stderr]    Compiling tokio v1.4.0
[INFO] [stderr]     Checking tinyvec_macros v0.1.0
[INFO] [stderr]    Compiling indexmap v1.6.2
[INFO] [stderr]     Checking lazy_static v1.4.0
[INFO] [stderr]     Checking tinyvec v1.1.1
[INFO] [stderr]    Compiling serde v1.0.125
[INFO] [stderr]     Checking percent-encoding v2.1.0
[INFO] [stderr]     Checking tracing-core v0.1.17
[INFO] [stderr]     Checking unicode-bidi v0.3.4
[INFO] [stderr]     Checking form_urlencoded v1.0.1
[INFO] [stderr]     Checking hashbrown v0.9.1
[INFO] [stderr]    Compiling ryu v1.0.5
[INFO] [stderr]     Checking base64 v0.13.0
[INFO] [stderr]    Compiling num-traits v0.2.14
[INFO] [stderr]     Checking ppv-lite86 v0.2.10
[INFO] [stderr]     Checking mio v0.7.11
[INFO] [stderr]     Checking num_cpus v1.13.0
[INFO] [stderr]     Checking signal-hook-registry v1.3.0
[INFO] [stderr]     Checking try-lock v0.2.3
[INFO] [stderr]    Compiling mime_guess v2.0.3
[INFO] [stderr]    Compiling quote v1.0.9
[INFO] [stderr]     Checking socket2 v0.3.19
[INFO] [stderr]     Checking want v0.3.0
[INFO] [stderr]     Checking rand_core v0.5.1
[INFO] [stderr]    Compiling miniz_oxide v0.4.4
[INFO] [stderr]    Compiling num-integer v0.1.44
[INFO] [stderr]    Compiling ring v0.16.20
[INFO] [stderr]     Checking unicode-normalization v0.1.17
[INFO] [stderr]     Checking cpuid-bool v0.1.2
[INFO] [stderr]     Checking tower-service v0.3.1
[INFO] [stderr]     Checking bytes v0.5.6
[INFO] [stderr]    Compiling encoding_rs v0.8.28
[INFO] [stderr]    Compiling serde_json v1.0.64
[INFO] [stderr]     Checking rand_chacha v0.2.2
[INFO] [stderr]     Checking httpdate v0.3.2
[INFO] [stderr]    Compiling crc32fast v1.2.1
[INFO] [stderr]     Checking opaque-debug v0.3.0
[INFO] [stderr]    Compiling bitflags v1.2.1
[INFO] [stdout] error: couldn't create a temp dir: No space left on device (os error 28) at path "/tmp/rustcWX5sYJ"
[INFO] [stdout] 
[INFO] [stdout] 
[INFO] [stderr]     Checking base64 v0.12.3
[INFO] [stderr] error: could not parse/generate dep info at: /opt/rustwide/target/debug/build/num-integer-ded462325f11e172/build_script_build-ded462325f11e172.d
[INFO] [stderr] 
[INFO] [stderr] Caused by:
[INFO] [stderr]   failed to write `/opt/rustwide/target/debug/.fingerprint/num-integer-ded462325f11e172/dep-build-script-build-script-build`
[INFO] [stderr] 
[INFO] [stderr] Caused by:
[INFO] [stderr]   No space left on device (os error 28)
[INFO] [stderr] warning: build failed, waiting for other jobs to finish...
[INFO] [stderr] error: failed to write `/opt/rustwide/target/debug/.fingerprint/base64-df84a0c414e15482/invoked.timestamp`
[INFO] [stderr] 
[INFO] [stderr] Caused by:
[INFO] [stderr]   No space left on device (os error 28)
[INFO] [stderr] error: could not compile `serde_json` (build script) due to 1 previous error
[INFO] [stdout] error: linking with `cc` failed: exit status: 1
[INFO] [stdout]   |
[INFO] [stdout]   = note: LC_ALL="C" PATH="/opt/rustwide/rustup-home/toolchains/1.85.0-x86_64-unknown-linux-gnu/lib/rustlib/x86_64-unknown-linux-gnu/bin:/opt/rustwide/cargo-home/bin:/usr/local/sbin:/usr/local/bin:/usr/sbin:/usr/bin:/sbin:/bin" VSLANG="1033" "cc" "-m64" "/tmp/rustcl3lFkD/symbols.o" "<2 object files omitted>" "-Wl,--as-needed" "-Wl,-Bstatic" "/opt/rustwide/rustup-home/toolchains/1.85.0-x86_64-unknown-linux-gnu/lib/rustlib/x86_64-unknown-linux-gnu/lib/{libstd-6273572f18644c87.rlib,libpanic_unwind-267e668abf74a283.rlib,libobject-ec6154ccae37a33e.rlib,libmemchr-500edd5521c440d4.rlib,libaddr2line-86d8d9428792e8ef.rlib,libgimli-10f06487503767c2.rlib,librustc_demangle-6a38424de1e5bca5.rlib,libstd_detect-de9763ea1c19dca3.rlib,libhashbrown-a7f5bb2f736d3c49.rlib,librustc_std_workspace_alloc-7e368919bdc4a44c.rlib,libminiz_oxide-376454d49910c786.rlib,libadler-fa99f5692b5dce85.rlib,libunwind-91cafdaf16f7fe40.rlib,libcfg_if-f7ee3f1ea78d9dae.rlib,liblibc-d3a35665f881365a.rlib,liballoc-715bc629a88bca60.rlib,librustc_std_workspace_core-ae70165d1278cff7.rlib,libcore-406129d0e3fbc101.rlib,libcompiler_builtins-1af05515ab19524a.rlib}" "-Wl,-Bdynamic" "-lgcc_s" "-lutil" "-lrt" "-lpthread" "-lm" "-ldl" "-lc" "-Wl,--eh-frame-hdr" "-Wl,-z,noexecstack" "-L" "/opt/rustwide/rustup-home/toolchains/1.85.0-x86_64-unknown-linux-gnu/lib/rustlib/x86_64-unknown-linux-gnu/lib" "-o" "/opt/rustwide/target/debug/build/crc32fast-6e5451e8baa27c93/build_script_build-6e5451e8baa27c93" "-Wl,--gc-sections" "-pie" "-Wl,-z,relro,-z,now" "-nodefaultlibs"
[INFO] [stdout]   = note: some arguments are omitted. use `--verbose` to show all linker arguments
[INFO] [stdout]   = note: /usr/bin/ld: final link failed: No space left on device
[INFO] [stdout]           collect2: error: ld returned 1 exit status
[INFO] [stdout]           
[INFO] [stdout] 
[INFO] [stdout] 
[INFO] [stderr] error: could not compile `crc32fast` (build script) due to 1 previous error
[INFO] [stdout] error: failed to write to `/opt/rustwide/target/debug/deps/rmetamN21H5/lib.rmeta`: No space left on device (os error 28)
[INFO] [stdout] 
[INFO] [stdout] 
[INFO] [stderr] error: could not compile `unicase` (lib) due to 1 previous error
[INFO] [stdout] error: linking with `cc` failed: exit status: 1
[INFO] [stdout]   |
[INFO] [stdout]   = note: LC_ALL="C" PATH="/opt/rustwide/rustup-home/toolchains/1.85.0-x86_64-unknown-linux-gnu/lib/rustlib/x86_64-unknown-linux-gnu/bin:/opt/rustwide/cargo-home/bin:/usr/local/sbin:/usr/local/bin:/usr/sbin:/usr/bin:/sbin:/bin" VSLANG="1033" "cc" "-m64" "/tmp/rustconmDG9/symbols.o" "<5 object files omitted>" "-Wl,--as-needed" "-Wl,-Bstatic" "/opt/rustwide/target/debug/deps/{libcc-3c72337d5925a286.rlib}" "/opt/rustwide/rustup-home/toolchains/1.85.0-x86_64-unknown-linux-gnu/lib/rustlib/x86_64-unknown-linux-gnu/lib/{libstd-6273572f18644c87.rlib,libpanic_unwind-267e668abf74a283.rlib,libobject-ec6154ccae37a33e.rlib,libmemchr-500edd5521c440d4.rlib,libaddr2line-86d8d9428792e8ef.rlib,libgimli-10f06487503767c2.rlib,librustc_demangle-6a38424de1e5bca5.rlib,libstd_detect-de9763ea1c19dca3.rlib,libhashbrown-a7f5bb2f736d3c49.rlib,librustc_std_workspace_alloc-7e368919bdc4a44c.rlib,libminiz_oxide-376454d49910c786.rlib,libadler-fa99f5692b5dce85.rlib,libunwind-91cafdaf16f7fe40.rlib,libcfg_if-f7ee3f1ea78d9dae.rlib,liblibc-d3a35665f881365a.rlib,liballoc-715bc629a88bca60.rlib,librustc_std_workspace_core-ae70165d1278cff7.rlib,libcore-406129d0e3fbc101.rlib,libcompiler_builtins-1af05515ab19524a.rlib}" "-Wl,-Bdynamic" "-lgcc_s" "-lutil" "-lrt" "-lpthread" "-lm" "-ldl" "-lc" "-Wl,--eh-frame-hdr" "-Wl,-z,noexecstack" "-L" "/opt/rustwide/rustup-home/toolchains/1.85.0-x86_64-unknown-linux-gnu/lib/rustlib/x86_64-unknown-linux-gnu/lib" "-o" "/opt/rustwide/target/debug/build/ring-f42ec61cd988b7a2/build_script_build-f42ec61cd988b7a2" "-Wl,--gc-sections" "-pie" "-Wl,-z,relro,-z,now" "-nodefaultlibs"
[INFO] [stdout]   = note: some arguments are omitted. use `--verbose` to show all linker arguments
[INFO] [stdout]   = note: /usr/bin/ld: final link failed: No space left on device
[INFO] [stdout]           collect2: error: ld returned 1 exit status
[INFO] [stdout]           
[INFO] [stdout] 
[INFO] [stdout] 
[INFO] [stdout] error: linking with `cc` failed: exit status: 1
[INFO] [stdout]   |
[INFO] [stdout]   = note: LC_ALL="C" PATH="/opt/rustwide/rustup-home/toolchains/1.85.0-x86_64-unknown-linux-gnu/lib/rustlib/x86_64-unknown-linux-gnu/bin:/opt/rustwide/cargo-home/bin:/usr/local/sbin:/usr/local/bin:/usr/sbin:/usr/bin:/sbin:/bin" VSLANG="1033" "cc" "-m64" "/tmp/rustcxEiHnM/symbols.o" "<2 object files omitted>" "-Wl,--as-needed" "-Wl,-Bstatic" "/opt/rustwide/rustup-home/toolchains/1.85.0-x86_64-unknown-linux-gnu/lib/rustlib/x86_64-unknown-linux-gnu/lib/{libstd-6273572f18644c87.rlib,libpanic_unwind-267e668abf74a283.rlib,libobject-ec6154ccae37a33e.rlib,libmemchr-500edd5521c440d4.rlib,libaddr2line-86d8d9428792e8ef.rlib,libgimli-10f06487503767c2.rlib,librustc_demangle-6a38424de1e5bca5.rlib,libstd_detect-de9763ea1c19dca3.rlib,libhashbrown-a7f5bb2f736d3c49.rlib,librustc_std_workspace_alloc-7e368919bdc4a44c.rlib,libminiz_oxide-376454d49910c786.rlib,libadler-fa99f5692b5dce85.rlib,libunwind-91cafdaf16f7fe40.rlib,libcfg_if-f7ee3f1ea78d9dae.rlib,liblibc-d3a35665f881365a.rlib,liballoc-715bc629a88bca60.rlib,librustc_std_workspace_core-ae70165d1278cff7.rlib,libcore-406129d0e3fbc101.rlib,libcompiler_builtins-1af05515ab19524a.rlib}" "-Wl,-Bdynamic" "-lgcc_s" "-lutil" "-lrt" "-lpthread" "-lm" "-ldl" "-lc" "-Wl,--eh-frame-hdr" "-Wl,-z,noexecstack" "-L" "/opt/rustwide/rustup-home/toolchains/1.85.0-x86_64-unknown-linux-gnu/lib/rustlib/x86_64-unknown-linux-gnu/lib" "-o" "/opt/rustwide/target/debug/build/bitflags-e7a160599fe44d04/build_script_build-e7a160599fe44d04" "-Wl,--gc-sections" "-pie" "-Wl,-z,relro,-z,now" "-nodefaultlibs"
[INFO] [stdout]   = note: some arguments are omitted. use `--verbose` to show all linker arguments
[INFO] [stdout]   = note: /usr/bin/ld: final link failed: No space left on device
[INFO] [stdout]           collect2: error: ld returned 1 exit status
[INFO] [stdout]           
[INFO] [stdout] 
[INFO] [stdout] 
[INFO] [stderr] error: could not compile `ring` (build script) due to 1 previous error
[INFO] [stderr] error: could not compile `bitflags` (build script) due to 1 previous error
[INFO] [stdout] error: failed to write to `/opt/rustwide/target/debug/deps/rmetajV9dTc/lib.rmeta`: No space left on device (os error 28)
[INFO] [stdout] 
[INFO] [stdout] 
[INFO] [stdout] error: error writing dependencies to `/opt/rustwide/target/debug/deps/syn-906e909d843da000.d`: No space left on device (os error 28)
[INFO] [stdout] 
[INFO] [stdout] 
[INFO] [stderr] error: could not compile `num-traits` (lib) due to 1 previous error
[INFO] [stderr] error: could not compile `syn` (lib) due to 1 previous error
[INFO] [stdout] error: failed to write to `/opt/rustwide/target/debug/deps/rmetaVOCglN/lib.rmeta`: No space left on device (os error 28)
[INFO] [stdout] 
[INFO] [stdout] 
[INFO] [stderr] error: could not compile `typenum` (lib) due to 1 previous error
[INFO] [stdout] error: failed to write to `/opt/rustwide/target/debug/deps/rmetakIrYrk/lib.rmeta`: No space left on device (os error 28)
[INFO] [stdout] 
[INFO] [stdout] 
[INFO] [stderr] error: could not compile `unicode-normalization` (lib) due to 1 previous error
[INFO] [stdout] error: couldn't create a temp dir: No space left on device (os error 28) at path "/opt/rustwide/target/debug/deps/rmetaYc2hTm"
[INFO] [stdout] 
[INFO] [stdout] 
[INFO] [stderr] error: could not compile `http` (lib) due to 1 previous error
[INFO] running `Command { std: "docker" "inspect" "1fe107702cd169f19e126e3996fb8799a2000b163f8722e6f33062ca18d1ec5a", kill_on_drop: false }`
[INFO] running `Command { std: "docker" "rm" "-f" "1fe107702cd169f19e126e3996fb8799a2000b163f8722e6f33062ca18d1ec5a", kill_on_drop: false }`
[INFO] [stdout] 1fe107702cd169f19e126e3996fb8799a2000b163f8722e6f33062ca18d1ec5a
