[INFO] cloning repository https://github.com/electra13x7777/blueayachan_v2
[INFO] running `Command { std: "git" "-c" "credential.helper=" "-c" "credential.helper=/workspace/cargo-home/bin/git-credential-null" "clone" "--bare" "https://github.com/electra13x7777/blueayachan_v2" "/workspace/cache/git-repos/https%3A%2F%2Fgithub.com%2Felectra13x7777%2Fblueayachan_v2", kill_on_drop: false }`
[INFO] [stderr] Cloning into bare repository '/workspace/cache/git-repos/https%3A%2F%2Fgithub.com%2Felectra13x7777%2Fblueayachan_v2'...
[INFO] running `Command { std: "git" "rev-parse" "HEAD", kill_on_drop: false }`
[INFO] [stdout] 8f7b9d419bfa77debec26c817e67f64279e2fe19
[INFO] documenting electra13x7777/blueayachan_v2 against 1.85.0 for beta-1.86-rustdoc-1
[INFO] running `Command { std: "git" "clone" "/workspace/cache/git-repos/https%3A%2F%2Fgithub.com%2Felectra13x7777%2Fblueayachan_v2" "/workspace/builds/worker-1-tc1/source", kill_on_drop: false }`
[INFO] [stderr] Cloning into '/workspace/builds/worker-1-tc1/source'...
[INFO] [stderr] done.
[INFO] validating manifest of git repo https://github.com/electra13x7777/blueayachan_v2 on toolchain 1.85.0
[INFO] running `Command { std: CARGO_HOME="/workspace/cargo-home" RUSTUP_HOME="/workspace/rustup-home" "/workspace/cargo-home/bin/cargo" "+1.85.0" "metadata" "--manifest-path" "Cargo.toml" "--no-deps", kill_on_drop: false }`
[INFO] started tweaking git repo https://github.com/electra13x7777/blueayachan_v2
[INFO] finished tweaking git repo https://github.com/electra13x7777/blueayachan_v2
[INFO] tweaked toml for git repo https://github.com/electra13x7777/blueayachan_v2 written to /workspace/builds/worker-1-tc1/source/Cargo.toml
[INFO] crate git repo https://github.com/electra13x7777/blueayachan_v2 already has a lockfile, it will not be regenerated
[INFO] running `Command { std: CARGO_HOME="/workspace/cargo-home" RUSTUP_HOME="/workspace/rustup-home" "/workspace/cargo-home/bin/cargo" "+1.85.0" "fetch" "--manifest-path" "Cargo.toml", kill_on_drop: false }`
[INFO] [stderr]     Updating crates.io index
[INFO] [stderr]     Blocking waiting for file lock on package cache
[INFO] [stderr]  Downloading crates ...
[INFO] [stderr]   Downloaded twitch-irc v4.1.0
[INFO] [stderr]   Downloaded rustnao v0.2.1
[INFO] running `Command { std: "docker" "create" "-v" "/var/lib/crater-agent-workspace/builds/worker-1-tc1/target:/opt/rustwide/target:rw,Z" "-v" "/var/lib/crater-agent-workspace/builds/worker-1-tc1/source:/opt/rustwide/workdir:ro,Z" "-v" "/var/lib/crater-agent-workspace/cargo-home:/opt/rustwide/cargo-home:ro,Z" "-v" "/var/lib/crater-agent-workspace/rustup-home:/opt/rustwide/rustup-home:ro,Z" "-e" "SOURCE_DIR=/opt/rustwide/workdir" "-e" "CARGO_TARGET_DIR=/opt/rustwide/target" "-e" "CARGO_HOME=/opt/rustwide/cargo-home" "-e" "RUSTUP_HOME=/opt/rustwide/rustup-home" "-w" "/opt/rustwide/workdir" "-m" "1610612736" "--user" "0:0" "--network" "none" "ghcr.io/rust-lang/crates-build-env/linux@sha256:3959728d45483eb673ba100a951a6b9f5012970368db2a9e08e0ac9b67c8a5ad" "/opt/rustwide/cargo-home/bin/cargo" "+1.85.0" "metadata" "--no-deps" "--format-version=1", kill_on_drop: false }`
[INFO] [stdout] 9ae446c1b7ed243faf804401b06ec1eac0193326bf76ec06fe78628f4934f2ae
[INFO] running `Command { std: "docker" "start" "-a" "9ae446c1b7ed243faf804401b06ec1eac0193326bf76ec06fe78628f4934f2ae", kill_on_drop: false }`
[INFO] running `Command { std: "docker" "inspect" "9ae446c1b7ed243faf804401b06ec1eac0193326bf76ec06fe78628f4934f2ae", kill_on_drop: false }`
[INFO] running `Command { std: "docker" "rm" "-f" "9ae446c1b7ed243faf804401b06ec1eac0193326bf76ec06fe78628f4934f2ae", kill_on_drop: false }`
[INFO] [stdout] 9ae446c1b7ed243faf804401b06ec1eac0193326bf76ec06fe78628f4934f2ae
[INFO] running `Command { std: "docker" "create" "-v" "/var/lib/crater-agent-workspace/builds/worker-1-tc1/target:/opt/rustwide/target:rw,Z" "-v" "/var/lib/crater-agent-workspace/builds/worker-1-tc1/source:/opt/rustwide/workdir:ro,Z" "-v" "/var/lib/crater-agent-workspace/cargo-home:/opt/rustwide/cargo-home:ro,Z" "-v" "/var/lib/crater-agent-workspace/rustup-home:/opt/rustwide/rustup-home:ro,Z" "-e" "SOURCE_DIR=/opt/rustwide/workdir" "-e" "CARGO_TARGET_DIR=/opt/rustwide/target" "-e" "CARGO_INCREMENTAL=0" "-e" "RUST_BACKTRACE=full" "-e" "RUSTFLAGS=--cap-lints=warn" "-e" "RUSTDOCFLAGS=--cap-lints=warn" "-e" "CARGO_HOME=/opt/rustwide/cargo-home" "-e" "RUSTUP_HOME=/opt/rustwide/rustup-home" "-w" "/opt/rustwide/workdir" "-m" "1610612736" "--user" "0:0" "--network" "none" "ghcr.io/rust-lang/crates-build-env/linux@sha256:3959728d45483eb673ba100a951a6b9f5012970368db2a9e08e0ac9b67c8a5ad" "/opt/rustwide/cargo-home/bin/cargo" "+1.85.0" "doc" "--frozen" "--no-deps" "--document-private-items" "--message-format=json", kill_on_drop: false }`
[INFO] [stdout] d5ffba6bfae8eba4ad32302f04d652e03a2c786efed1f95920b81e675fc3f28c
[INFO] running `Command { std: "docker" "start" "-a" "d5ffba6bfae8eba4ad32302f04d652e03a2c786efed1f95920b81e675fc3f28c", kill_on_drop: false }`
[INFO] [stderr]    Compiling autocfg v1.3.0
[INFO] [stderr]    Compiling proc-macro2 v1.0.86
[INFO] [stderr]    Compiling unicode-ident v1.0.12
[INFO] [stderr]    Compiling libc v0.2.155
[INFO] [stderr]     Checking cfg-if v1.0.0
[INFO] [stderr]     Checking scopeguard v1.2.0
[INFO] [stderr]     Checking cfg-if v0.1.10
[INFO] [stderr]     Checking log v0.4.22
[INFO] [stderr]     Checking byteorder v1.5.0
[INFO] [stderr]    Compiling cc v1.1.7
[INFO] [stderr]     Checking futures v0.1.31
[INFO] [stderr]     Checking lazy_static v1.5.0
[INFO] [stderr]     Checking fnv v1.0.7
[INFO] [stderr]    Compiling semver-parser v0.7.0
[INFO] [stderr]     Checking memchr v2.7.4
[INFO] [stderr]     Checking either v1.13.0
[INFO] [stderr]    Compiling maybe-uninit v2.0.0
[INFO] [stderr]     Checking once_cell v1.19.0
[INFO] [stderr]     Checking tinyvec_macros v0.1.1
[INFO] [stderr]    Compiling pkg-config v0.3.30
[INFO] [stderr]    Compiling vcpkg v0.2.15
[INFO] [stderr]     Checking itoa v1.0.11
[INFO] [stderr]     Checking tinyvec v1.8.0
[INFO] [stderr]    Compiling semver v0.9.0
[INFO] [stderr]    Compiling parking_lot_core v0.9.10
[INFO] [stderr]    Compiling autocfg v0.1.8
[INFO] [stderr]     Checking rand_core v0.4.2
[INFO] [stderr]     Checking smallvec v1.13.2
[INFO] [stderr]     Checking unicode-bidi v0.3.15
[INFO] [stderr]     Checking pin-project-lite v0.2.14
[INFO] [stderr]    Compiling serde v1.0.204
[INFO] [stderr]     Checking bytes v1.7.0
[INFO] [stderr]    Compiling rustc_version v0.2.3
[INFO] [stderr]    Compiling slab v0.4.9
[INFO] [stderr]    Compiling crossbeam-utils v0.7.2
[INFO] [stderr]    Compiling lock_api v0.4.12
[INFO] [stderr]    Compiling memoffset v0.5.6
[INFO] [stderr]     Checking foreign-types-shared v0.1.1
[INFO] [stderr]    Compiling openssl v0.10.66
[INFO] [stderr]    Compiling thiserror v1.0.63
[INFO] [stderr]     Checking bitflags v2.6.0
[INFO] [stderr]    Compiling parking_lot_core v0.6.3
[INFO] [stderr]    Compiling parking_lot v0.9.0
[INFO] [stderr]     Checking smallvec v0.6.14
[INFO] [stderr]     Checking foreign-types v0.3.2
[INFO] [stderr]    Compiling crossbeam-epoch v0.8.2
[INFO] [stderr]    Compiling native-tls v0.2.12
[INFO] [stderr]    Compiling version_check v0.9.5
[INFO] [stderr]    Compiling httparse v1.9.4
[INFO] [stderr]     Checking matches v0.1.10
[INFO] [stderr]     Checking try-lock v0.2.5
[INFO] [stderr]     Checking futures-core v0.3.30
[INFO] [stderr]     Checking rand_core v0.3.1
[INFO] [stderr]    Compiling quote v1.0.36
[INFO] [stderr]     Checking tracing-core v0.1.32
[INFO] [stderr]     Checking lock_api v0.3.4
[INFO] [stderr]     Checking openssl-probe v0.1.5
[INFO] [stderr]    Compiling syn v1.0.109
[INFO] [stderr]     Checking itoa v0.4.8
[INFO] [stderr]     Checking percent-encoding v2.3.1
[INFO] [stderr]    Compiling indexmap v1.9.3
[INFO] [stderr]     Checking iovec v0.1.4
[INFO] [stderr]     Checking socket2 v0.5.7
[INFO] [stderr]     Checking num_cpus v1.16.0
[INFO] [stderr]     Checking bytes v0.4.12
[INFO] [stderr]     Checking signal-hook-registry v1.4.2
[INFO] [stderr]     Checking unicode-normalization v0.1.23
[INFO] [stderr]     Checking mio v1.0.1
[INFO] [stderr]    Compiling syn v2.0.72
[INFO] [stderr]     Checking net2 v0.2.39
[INFO] [stderr]    Compiling unicase v2.7.0
[INFO] [stderr]     Checking parking_lot v0.12.3
[INFO] [stderr]     Checking form_urlencoded v1.2.1
[INFO] [stderr]     Checking tokio-executor v0.1.10
[INFO] [stderr]     Checking tokio-io v0.1.13
[INFO] [stderr]     Checking tokio-sync v0.1.8
[INFO] [stderr]     Checking ryu v1.0.18
[INFO] [stderr]     Checking adler v1.0.2
[INFO] [stderr]     Checking futures-sink v0.3.30
[INFO] [stderr]     Checking miniz_oxide v0.7.4
[INFO] [stderr]     Checking idna v0.1.5
[INFO] [stderr]     Checking idna v0.5.0
[INFO] [stderr]     Checking http v0.1.21
[INFO] [stderr]     Checking crossbeam-queue v0.2.3
[INFO] [stderr]     Checking time v0.1.45
[INFO] [stderr]     Checking crossbeam-deque v0.7.4
[INFO] [stderr]    Compiling rand_pcg v0.1.2
[INFO] [stderr]    Compiling rand_chacha v0.1.1
[INFO] [stderr]     Checking mio v0.6.23
[INFO] [stderr]     Checking gimli v0.29.0
[INFO] [stderr]    Compiling failure_derive v0.1.8
[INFO] [stderr]     Checking percent-encoding v1.0.1
[INFO] [stderr]    Compiling unicode-xid v0.2.4
[INFO] [stderr]     Checking pin-utils v0.1.0
[INFO] [stderr]     Checking futures-task v0.3.30
[INFO] [stderr]    Compiling ident_case v1.0.1
[INFO] [stderr]    Compiling serde_json v1.0.121
[INFO] [stderr]     Checking futures-io v0.3.30
[INFO] [stderr]     Checking hashbrown v0.12.3
[INFO] [stderr]    Compiling strsim v0.11.1
[INFO] [stderr]     Checking url v1.7.2
[INFO] [stderr]     Checking tokio-threadpool v0.1.18
[INFO] [stderr]    Compiling openssl-sys v0.9.103
[INFO] [stderr]    Compiling backtrace v0.3.73
[INFO] [stderr]     Checking tokio-reactor v0.1.12
[INFO] [stderr]     Checking futures-util v0.3.30
[INFO] [stderr]     Checking url v2.5.2
[INFO] [stderr]     Checking tokio-timer v0.2.13
[INFO] [stderr]     Checking tokio-current-thread v0.1.7
[INFO] [stderr]     Checking tokio-buf v0.1.1
[INFO] [stderr]     Checking tokio-tcp v0.1.4
[INFO] [stderr]     Checking string v0.2.1
[INFO] [stderr]     Checking object v0.36.2
[INFO] [stderr]    Compiling hyper v0.12.36
[INFO] [stderr]     Checking http v0.2.12
[INFO] [stderr] rustc-LLVM ERROR: IO failure on output stream: No space left on device
[INFO] [stderr]    Compiling rand v0.6.5
[INFO] [stdout] error: linking with `cc` failed: exit status: 1
[INFO] [stdout]   |
[INFO] [stdout]   = note: LC_ALL="C" PATH="/opt/rustwide/rustup-home/toolchains/1.85.0-x86_64-unknown-linux-gnu/lib/rustlib/x86_64-unknown-linux-gnu/bin:/opt/rustwide/cargo-home/bin:/usr/local/sbin:/usr/local/bin:/usr/sbin:/usr/bin:/sbin:/bin" VSLANG="1033" "cc" "-m64" "/tmp/rustce4la1E/symbols.o" "<2 object files omitted>" "-Wl,--as-needed" "-Wl,-Bstatic" "/opt/rustwide/target/debug/deps/{libcc-11d17c82028a6578.rlib}" "/opt/rustwide/rustup-home/toolchains/1.85.0-x86_64-unknown-linux-gnu/lib/rustlib/x86_64-unknown-linux-gnu/lib/{libstd-6273572f18644c87.rlib,libpanic_unwind-267e668abf74a283.rlib,libobject-ec6154ccae37a33e.rlib,libmemchr-500edd5521c440d4.rlib,libaddr2line-86d8d9428792e8ef.rlib,libgimli-10f06487503767c2.rlib,librustc_demangle-6a38424de1e5bca5.rlib,libstd_detect-de9763ea1c19dca3.rlib,libhashbrown-a7f5bb2f736d3c49.rlib,librustc_std_workspace_alloc-7e368919bdc4a44c.rlib,libminiz_oxide-376454d49910c786.rlib,libadler-fa99f5692b5dce85.rlib,libunwind-91cafdaf16f7fe40.rlib,libcfg_if-f7ee3f1ea78d9dae.rlib,liblibc-d3a35665f881365a.rlib,liballoc-715bc629a88bca60.rlib,librustc_std_workspace_core-ae70165d1278cff7.rlib,libcore-406129d0e3fbc101.rlib,libcompiler_builtins-1af05515ab19524a.rlib}" "-Wl,-Bdynamic" "-lgcc_s" "-lutil" "-lrt" "-lpthread" "-lm" "-ldl" "-lc" "-Wl,--eh-frame-hdr" "-Wl,-z,noexecstack" "-L" "/opt/rustwide/rustup-home/toolchains/1.85.0-x86_64-unknown-linux-gnu/lib/rustlib/x86_64-unknown-linux-gnu/lib" "-o" "/opt/rustwide/target/debug/build/backtrace-c10a7fbef81de644/build_script_build-c10a7fbef81de644" "-Wl,--gc-sections" "-pie" "-Wl,-z,relro,-z,now" "-nodefaultlibs"
[INFO] [stdout]   = note: some arguments are omitted. use `--verbose` to show all linker arguments
[INFO] [stdout]   = note: /usr/bin/ld: final link failed: No space left on device
[INFO] [stdout]           collect2: error: ld returned 1 exit status
[INFO] [stdout]           
[INFO] [stdout] 
[INFO] [stdout] 
[INFO] [stderr] error: could not compile `openssl-sys` (build script)
[INFO] [stderr] 
[INFO] [stderr] Caused by:
[INFO] [stderr]   No space left on device (os error 28)
[INFO] [stderr] 
[INFO] [stderr] Caused by:
[INFO] [stderr]   failed to parse process output: `/opt/rustwide/rustup-home/toolchains/1.85.0-x86_64-unknown-linux-gnu/bin/rustc --crate-name build_script_main --edition=2018 /opt/rustwide/cargo-home/registry/src/index.crates.io-1949cf8c6b5b557f/openssl-sys-0.9.103/build/main.rs --error-format=json --json=diagnostic-rendered-ansi,artifacts,future-incompat --crate-type bin --emit=dep-info,link -C embed-bitcode=no --check-cfg 'cfg(docsrs,test)' --check-cfg 'cfg(feature, values("bindgen", "bssl-sys", "openssl-src", "unstable_boringssl", "vendored"))' -C metadata=45d69bcb3eb69472 -C extra-filename=-589267f5eea38c68 --out-dir /opt/rustwide/target/debug/build/openssl-sys-589267f5eea38c68 -L dependency=/opt/rustwide/target/debug/deps --extern cc=/opt/rustwide/target/debug/deps/libcc-11d17c82028a6578.rlib --extern pkg_config=/opt/rustwide/target/debug/deps/libpkg_config-595cacc89e8ed1fe.rlib --extern vcpkg=/opt/rustwide/target/debug/deps/libvcpkg-cdb09004f9128ab0.rlib --cap-lints allow --cap-lints=warn` (exit status: 101)
[INFO] [stderr] warning: build failed, waiting for other jobs to finish...
[INFO] [stderr] error: could not compile `backtrace` (build script) due to 1 previous error
[INFO] [stdout] error: failed to build archive at `/opt/rustwide/target/debug/deps/libstrsim-338ce9df1fa82b5e.rlib`: No space left on device (os error 28)
[INFO] [stdout] 
[INFO] [stdout] 
[INFO] [stderr] error: could not compile `strsim` (lib) due to 1 previous error
[INFO] [stdout] error: linking with `cc` failed: exit status: 1
[INFO] [stdout]   |
[INFO] [stdout]   = note: LC_ALL="C" PATH="/opt/rustwide/rustup-home/toolchains/1.85.0-x86_64-unknown-linux-gnu/lib/rustlib/x86_64-unknown-linux-gnu/bin:/opt/rustwide/cargo-home/bin:/usr/local/sbin:/usr/local/bin:/usr/sbin:/usr/bin:/sbin:/bin" VSLANG="1033" "cc" "-m64" "/tmp/rustcVMwK4a/symbols.o" "<2 object files omitted>" "-Wl,--as-needed" "-Wl,-Bstatic" "/opt/rustwide/target/debug/deps/{libautocfg-a1fd288085787121.rlib,libautocfg-9428c60c0c63265b.rlib}" "/opt/rustwide/rustup-home/toolchains/1.85.0-x86_64-unknown-linux-gnu/lib/rustlib/x86_64-unknown-linux-gnu/lib/{libstd-6273572f18644c87.rlib,libpanic_unwind-267e668abf74a283.rlib,libobject-ec6154ccae37a33e.rlib,libmemchr-500edd5521c440d4.rlib,libaddr2line-86d8d9428792e8ef.rlib,libgimli-10f06487503767c2.rlib,librustc_demangle-6a38424de1e5bca5.rlib,libstd_detect-de9763ea1c19dca3.rlib,libhashbrown-a7f5bb2f736d3c49.rlib,librustc_std_workspace_alloc-7e368919bdc4a44c.rlib,libminiz_oxide-376454d49910c786.rlib,libadler-fa99f5692b5dce85.rlib,libunwind-91cafdaf16f7fe40.rlib,libcfg_if-f7ee3f1ea78d9dae.rlib,liblibc-d3a35665f881365a.rlib,liballoc-715bc629a88bca60.rlib,librustc_std_workspace_core-ae70165d1278cff7.rlib,libcore-406129d0e3fbc101.rlib,libcompiler_builtins-1af05515ab19524a.rlib}" "-Wl,-Bdynamic" "-lgcc_s" "-lutil" "-lrt" "-lpthread" "-lm" "-ldl" "-lc" "-Wl,--eh-frame-hdr" "-Wl,-z,noexecstack" "-L" "/opt/rustwide/rustup-home/toolchains/1.85.0-x86_64-unknown-linux-gnu/lib/rustlib/x86_64-unknown-linux-gnu/lib" "-o" "/opt/rustwide/target/debug/build/rand-124cf16896ef9506/build_script_build-124cf16896ef9506" "-Wl,--gc-sections" "-pie" "-Wl,-z,relro,-z,now" "-nodefaultlibs"
[INFO] [stdout]   = note: some arguments are omitted. use `--verbose` to show all linker arguments
[INFO] [stdout]   = note: /usr/bin/ld: final link failed: No space left on device
[INFO] [stdout]           collect2: error: ld returned 1 exit status
[INFO] [stdout]           
[INFO] [stdout] 
[INFO] [stdout] 
[INFO] [stderr] error: could not compile `rand` (build script) due to 1 previous error
[INFO] [stdout] error: couldn't create a temp dir: No space left on device (os error 28) at path "/opt/rustwide/target/debug/deps/rmeta9UkjDA"
[INFO] [stdout] 
[INFO] [stdout] 
[INFO] [stdout] error: error writing dependencies to `/opt/rustwide/target/debug/deps/object-8b808e8a3ed436aa.d`: No space left on device (os error 28)
[INFO] [stdout] 
[INFO] [stdout] 
[INFO] [stderr] error: could not compile `object` (lib) due to 1 previous error
[INFO] [stderr] error: could not compile `hashbrown` (lib) due to 1 previous error
[INFO] [stdout] error: failed to write to `/opt/rustwide/target/debug/deps/rmetao1yBTL/lib.rmeta`: No space left on device (os error 28)
[INFO] [stdout] 
[INFO] [stdout] 
[INFO] [stderr] error: could not compile `url` (lib) due to 1 previous error
[INFO] running `Command { std: "docker" "inspect" "d5ffba6bfae8eba4ad32302f04d652e03a2c786efed1f95920b81e675fc3f28c", kill_on_drop: false }`
[INFO] running `Command { std: "docker" "rm" "-f" "d5ffba6bfae8eba4ad32302f04d652e03a2c786efed1f95920b81e675fc3f28c", kill_on_drop: false }`
[INFO] [stdout] d5ffba6bfae8eba4ad32302f04d652e03a2c786efed1f95920b81e675fc3f28c
