[INFO] cloning repository https://github.com/denis2glez/postgis
[INFO] running `Command { std: "git" "-c" "credential.helper=" "-c" "credential.helper=/workspace/cargo-home/bin/git-credential-null" "clone" "--bare" "https://github.com/denis2glez/postgis" "/workspace/cache/git-repos/https%3A%2F%2Fgithub.com%2Fdenis2glez%2Fpostgis", kill_on_drop: false }`
[INFO] [stderr] Cloning into bare repository '/workspace/cache/git-repos/https%3A%2F%2Fgithub.com%2Fdenis2glez%2Fpostgis'...
[INFO] running `Command { std: "git" "rev-parse" "HEAD", kill_on_drop: false }`
[INFO] [stdout] e4c6a020db2f1951dab959b5c0db00f97852252e
[INFO] documenting denis2glez/postgis against 1.85.0 for beta-1.86-rustdoc-1
[INFO] running `Command { std: "git" "clone" "/workspace/cache/git-repos/https%3A%2F%2Fgithub.com%2Fdenis2glez%2Fpostgis" "/workspace/builds/worker-7-tc1/source", kill_on_drop: false }`
[INFO] [stderr] Cloning into '/workspace/builds/worker-7-tc1/source'...
[INFO] [stderr] done.
[INFO] validating manifest of git repo https://github.com/denis2glez/postgis on toolchain 1.85.0
[INFO] running `Command { std: CARGO_HOME="/workspace/cargo-home" RUSTUP_HOME="/workspace/rustup-home" "/workspace/cargo-home/bin/cargo" "+1.85.0" "metadata" "--manifest-path" "Cargo.toml" "--no-deps", kill_on_drop: false }`
[INFO] started tweaking git repo https://github.com/denis2glez/postgis
[INFO] finished tweaking git repo https://github.com/denis2glez/postgis
[INFO] tweaked toml for git repo https://github.com/denis2glez/postgis written to /workspace/builds/worker-7-tc1/source/Cargo.toml
[INFO] crate git repo https://github.com/denis2glez/postgis already has a lockfile, it will not be regenerated
[INFO] running `Command { std: CARGO_HOME="/workspace/cargo-home" RUSTUP_HOME="/workspace/rustup-home" "/workspace/cargo-home/bin/cargo" "+1.85.0" "fetch" "--manifest-path" "Cargo.toml", kill_on_drop: false }`
[INFO] [stderr]     Updating crates.io index
[INFO] [stderr]     Updating git repository `https://github.com/georust/gdal`
[INFO] [stderr]     Blocking waiting for file lock on package cache
[INFO] [stderr]  Downloading crates ...
[INFO] [stderr]   Downloaded sqlx-rt v0.5.10
[INFO] [stderr]   Downloaded http-range-client v0.6.0
[INFO] [stderr]   Downloaded c_vec v2.0.0
[INFO] [stderr]   Downloaded sqlx-macros v0.5.10
[INFO] [stderr]   Downloaded flatbuffers v2.0.0
[INFO] [stderr]   Downloaded postgis v0.9.0
[INFO] [stderr]   Downloaded flume v0.10.9
[INFO] [stderr]   Downloaded clang v1.0.3
[INFO] [stderr]   Downloaded opencv-binding-generator v0.39.0
[INFO] [stderr]   Downloaded sqlx-core v0.5.10
[INFO] [stderr]   Downloaded sqlx v0.5.10
[INFO] [stderr]   Downloaded geos-sys v2.0.1
[INFO] [stderr]   Downloaded wkt v0.9.2
[INFO] [stderr]   Downloaded geozero v0.8.0
[INFO] [stderr]   Downloaded geozero v0.7.7
[INFO] [stderr]   Downloaded geos v8.0.3
[INFO] [stderr]   Downloaded opencv v0.61.3
[INFO] [stderr]   Downloaded flatgeobuf v0.6.2
[INFO] running `Command { std: "docker" "create" "-v" "/var/lib/crater-agent-workspace/builds/worker-7-tc1/target:/opt/rustwide/target:rw,Z" "-v" "/var/lib/crater-agent-workspace/builds/worker-7-tc1/source:/opt/rustwide/workdir:ro,Z" "-v" "/var/lib/crater-agent-workspace/cargo-home:/opt/rustwide/cargo-home:ro,Z" "-v" "/var/lib/crater-agent-workspace/rustup-home:/opt/rustwide/rustup-home:ro,Z" "-e" "SOURCE_DIR=/opt/rustwide/workdir" "-e" "CARGO_TARGET_DIR=/opt/rustwide/target" "-e" "CARGO_HOME=/opt/rustwide/cargo-home" "-e" "RUSTUP_HOME=/opt/rustwide/rustup-home" "-w" "/opt/rustwide/workdir" "-m" "1610612736" "--user" "0:0" "--network" "none" "ghcr.io/rust-lang/crates-build-env/linux@sha256:3959728d45483eb673ba100a951a6b9f5012970368db2a9e08e0ac9b67c8a5ad" "/opt/rustwide/cargo-home/bin/cargo" "+1.85.0" "metadata" "--no-deps" "--format-version=1", kill_on_drop: false }`
[INFO] [stdout] 71dd5396c7ffb352336b4ab5bfd8e59a6a0c6805ea36a4dee67248b898fd1899
[INFO] running `Command { std: "docker" "start" "-a" "71dd5396c7ffb352336b4ab5bfd8e59a6a0c6805ea36a4dee67248b898fd1899", kill_on_drop: false }`
[INFO] running `Command { std: "docker" "inspect" "71dd5396c7ffb352336b4ab5bfd8e59a6a0c6805ea36a4dee67248b898fd1899", kill_on_drop: false }`
[INFO] running `Command { std: "docker" "rm" "-f" "71dd5396c7ffb352336b4ab5bfd8e59a6a0c6805ea36a4dee67248b898fd1899", kill_on_drop: false }`
[INFO] [stdout] 71dd5396c7ffb352336b4ab5bfd8e59a6a0c6805ea36a4dee67248b898fd1899
[INFO] running `Command { std: "docker" "create" "-v" "/var/lib/crater-agent-workspace/builds/worker-7-tc1/target:/opt/rustwide/target:rw,Z" "-v" "/var/lib/crater-agent-workspace/builds/worker-7-tc1/source:/opt/rustwide/workdir:ro,Z" "-v" "/var/lib/crater-agent-workspace/cargo-home:/opt/rustwide/cargo-home:ro,Z" "-v" "/var/lib/crater-agent-workspace/rustup-home:/opt/rustwide/rustup-home:ro,Z" "-e" "SOURCE_DIR=/opt/rustwide/workdir" "-e" "CARGO_TARGET_DIR=/opt/rustwide/target" "-e" "CARGO_INCREMENTAL=0" "-e" "RUST_BACKTRACE=full" "-e" "RUSTFLAGS=--cap-lints=warn" "-e" "RUSTDOCFLAGS=--cap-lints=warn" "-e" "CARGO_HOME=/opt/rustwide/cargo-home" "-e" "RUSTUP_HOME=/opt/rustwide/rustup-home" "-w" "/opt/rustwide/workdir" "-m" "1610612736" "--user" "0:0" "--network" "none" "ghcr.io/rust-lang/crates-build-env/linux@sha256:3959728d45483eb673ba100a951a6b9f5012970368db2a9e08e0ac9b67c8a5ad" "/opt/rustwide/cargo-home/bin/cargo" "+1.85.0" "doc" "--frozen" "--no-deps" "--document-private-items" "--message-format=json", kill_on_drop: false }`
[INFO] [stdout] 63b084a45022714b0091437a76521ddae63d4045dfbd752ee11066f75e33fc7d
[INFO] running `Command { std: "docker" "start" "-a" "63b084a45022714b0091437a76521ddae63d4045dfbd752ee11066f75e33fc7d", kill_on_drop: false }`
[INFO] [stderr]    Compiling libc v0.2.112
[INFO] [stderr]    Compiling autocfg v1.0.1
[INFO] [stderr]    Compiling version_check v0.9.4
[INFO] [stderr]    Compiling proc-macro2 v1.0.36
[INFO] [stderr]     Checking cfg-if v1.0.0
[INFO] [stderr]    Compiling unicode-xid v0.2.2
[INFO] [stderr]    Compiling syn v1.0.84
[INFO] [stderr]    Compiling typenum v1.15.0
[INFO] [stderr]    Compiling memchr v2.4.1
[INFO] [stderr]    Compiling log v0.4.14
[INFO] [stderr]    Compiling pkg-config v0.3.24
[INFO] [stderr]    Compiling futures-core v0.3.19
[INFO] [stderr]    Compiling cc v1.0.72
[INFO] [stderr]    Compiling serde_derive v1.0.133
[INFO] [stderr]    Compiling parking_lot_core v0.8.5
[INFO] [stderr]    Compiling serde v1.0.133
[INFO] [stderr]     Checking smallvec v1.7.0
[INFO] [stderr]     Checking once_cell v1.9.0
[INFO] [stderr]     Checking scopeguard v1.1.0
[INFO] [stderr]     Checking bytes v1.1.0
[INFO] [stderr]     Checking lock_api v0.4.5
[INFO] [stderr]     Checking pin-project-lite v0.2.8
[INFO] [stderr]    Compiling num-traits v0.2.14
[INFO] [stderr]    Compiling futures-task v0.3.19
[INFO] [stderr]    Compiling generic-array v0.14.5
[INFO] [stderr]    Compiling ahash v0.7.6
[INFO] [stderr]     Checking instant v0.1.12
[INFO] [stderr]    Compiling futures-util v0.3.19
[INFO] [stderr]     Checking lazy_static v1.4.0
[INFO] [stderr]    Compiling openssl v0.10.38
[INFO] [stderr]     Checking tinyvec_macros v0.1.0
[INFO] [stderr]     Checking byteorder v1.4.3
[INFO] [stderr]     Checking itoa v1.0.1
[INFO] [stderr]     Checking tinyvec v1.5.1
[INFO] [stderr]     Checking futures-sink v0.3.19
[INFO] [stderr]    Compiling native-tls v0.2.8
[INFO] [stderr]    Compiling crossbeam-utils v0.8.5
[INFO] [stderr]     Checking getrandom v0.2.3
[INFO] [stderr]     Checking mio v0.7.14
[INFO] [stderr]     Checking num_cpus v1.13.1
[INFO] [stderr]     Checking signal-hook-registry v1.4.0
[INFO] [stderr]     Checking subtle v2.4.1
[INFO] [stderr]     Checking unicode-bidi v0.3.7
[INFO] [stderr]    Compiling num-integer v0.1.44
[INFO] [stderr]     Checking rand_core v0.6.3
[INFO] [stderr]    Compiling quote v1.0.14
[INFO] [stderr]     Checking parking_lot v0.11.2
[INFO] [stderr]    Compiling nom v7.1.0
[INFO] [stderr]    Compiling indexmap v1.7.0
[INFO] [stderr]     Checking hashbrown v0.11.2
[INFO] [stderr]     Checking unicode-normalization v0.1.19
[INFO] [stderr]     Checking slab v0.4.5
[INFO] [stderr]     Checking ppv-lite86 v0.2.16
[INFO] [stderr]     Checking pin-utils v0.1.0
[INFO] [stderr]     Checking ryu v1.0.9
[INFO] [stderr]     Checking matches v0.1.9
[INFO] [stderr]    Compiling foreign-types-shared v0.1.1
[INFO] [stderr]    Compiling vcpkg v0.2.15
[INFO] [stderr]     Checking base64 v0.13.0
[INFO] [stderr]    Compiling futures-channel v0.3.19
[INFO] [stderr]     Checking percent-encoding v2.1.0
[INFO] [stderr]     Checking bitflags v1.3.2
[INFO] [stderr]     Checking cpufeatures v0.2.1
[INFO] [stderr]     Checking rand_chacha v0.3.1
[INFO] [stderr]    Compiling openssl-sys v0.9.72
[INFO] [stderr]    Compiling foreign-types v0.3.2
[INFO] [stderr]     Checking form_urlencoded v1.0.1
[INFO] [stderr]     Checking block-buffer v0.10.0
[INFO] [stderr]     Checking crypto-common v0.1.1
[INFO] [stderr]    Compiling crossbeam-queue v0.3.2
[INFO] [stderr]     Checking rand v0.8.4
[INFO] [stderr]    Compiling serde_json v1.0.74
[INFO] [stderr]     Checking digest v0.10.1
[INFO] [stderr]     Checking idna v0.2.3
[INFO] [stderr]     Checking digest v0.9.0
[INFO] [stderr]     Checking fnv v1.0.7
[INFO] [stderr]    Compiling tokio v1.15.0
[INFO] [stderr]    Compiling libsqlite3-sys v0.23.2
[INFO] [stderr]    Compiling block-buffer v0.9.0
[INFO] [stderr]    Compiling opaque-debug v0.3.0
[INFO] [stderr]    Compiling openssl-probe v0.1.4
[INFO] [stderr]     Checking http v0.2.6
[INFO] [stderr]     Checking stringprep v0.1.2
[INFO] [stderr]     Checking url v2.2.2
[INFO] [stderr]     Checking generic-array v0.13.3
[INFO] [stderr]     Checking generic-array v0.12.4
[INFO] [stderr]     Checking tracing-core v0.1.21
[INFO] [stderr]    Compiling num-bigint v0.4.3
[INFO] [stderr]    Compiling httparse v1.5.1
[INFO] [stderr]     Checking stable_deref_trait v1.2.0
[INFO] [stderr]    Compiling heapless v0.6.1
[INFO] [stderr]    Compiling minimal-lexical v0.2.1
[INFO] [stderr]    Compiling crypto-mac v0.11.1
[INFO] [stderr]     Checking as-slice v0.1.5
[INFO] [stderr]     Checking tracing v0.1.29
[INFO] [stderr]    Compiling spin v0.9.2
[INFO] [stderr]    Compiling dirs-sys v0.3.6
[INFO] [stderr]     Checking hash32 v0.1.1
[INFO] [stderr]    Compiling num-iter v0.1.42
[INFO] [stderr]    Compiling num-rational v0.4.0
[INFO] [stderr]    Compiling encoding_rs v0.8.30
[INFO] [stderr]     Checking itoa v0.4.8
[INFO] [stderr]    Compiling unicode_categories v0.1.1
[INFO] [stderr]    Compiling crc-catalog v1.1.1
[INFO] [stderr]     Checking try-lock v0.2.3
[INFO] [stderr]    Compiling crc v2.1.0
[INFO] [stderr]     Checking want v0.3.0
[INFO] [stderr]     Checking http-body v0.4.4
[INFO] [stderr]    Compiling dirs v4.0.0
[INFO] [stderr]    Compiling chrono v0.4.19
[INFO] [stderr]    Compiling futures-intrusive v0.4.0
[INFO] [stderr]    Compiling hmac v0.11.0
[INFO] [stderr]    Compiling sha-1 v0.9.8
[INFO] [stderr]    Compiling sha2 v0.9.8
[INFO] [stderr]    Compiling crossbeam-channel v0.5.1
[INFO] [stderr]    Compiling hashlink v0.7.0
[INFO] [stderr]    Compiling atoi v0.4.0
[INFO] [stderr]    Compiling md-5 v0.9.1
[INFO] [stderr]     Checking md-5 v0.10.0
[INFO] [stderr]     Checking sha2 v0.10.0
[INFO] [stderr]     Checking hmac v0.12.0
[INFO] [stderr]     Checking socket2 v0.4.2
[INFO] [stderr]    Compiling geos-sys v2.0.1
[INFO] [stderr]    Compiling whoami v1.2.1
[INFO] [stderr]    Compiling hex v0.4.3
[INFO] [stderr]    Compiling async-trait v0.1.52
[INFO] [stderr] error: failed to write `/opt/rustwide/target/debug/.fingerprint/spin-5b3b82df363e3a09/lib-spin`
[INFO] [stderr] 
[INFO] [stderr] Caused by:
[INFO] [stderr]   No space left on device (os error 28)
[INFO] [stderr] warning: build failed, waiting for other jobs to finish...
[INFO] [stdout] error: failed to write /tmp/rustcsF8n6V/lib.rmeta: No space left on device (os error 28)
[INFO] [stdout] 
[INFO] [stdout] 
[INFO] [stdout] error: linking with `cc` failed: exit status: 1
[INFO] [stdout]   |
[INFO] [stdout]   = note: LC_ALL="C" PATH="/opt/rustwide/rustup-home/toolchains/1.85.0-x86_64-unknown-linux-gnu/lib/rustlib/x86_64-unknown-linux-gnu/bin:/opt/rustwide/cargo-home/bin:/usr/local/sbin:/usr/local/bin:/usr/sbin:/usr/bin:/sbin:/bin" VSLANG="1033" "cc" "-m64" "/tmp/rustclEm7gH/symbols.o" "<2 object files omitted>" "-Wl,--as-needed" "-Wl,-Bstatic" "/opt/rustwide/target/debug/deps/{libpkg_config-1c28f590242a3b10.rlib}" "/opt/rustwide/rustup-home/toolchains/1.85.0-x86_64-unknown-linux-gnu/lib/rustlib/x86_64-unknown-linux-gnu/lib/{libstd-6273572f18644c87.rlib,libpanic_unwind-267e668abf74a283.rlib,libobject-ec6154ccae37a33e.rlib,libmemchr-500edd5521c440d4.rlib,libaddr2line-86d8d9428792e8ef.rlib,libgimli-10f06487503767c2.rlib,librustc_demangle-6a38424de1e5bca5.rlib,libstd_detect-de9763ea1c19dca3.rlib,libhashbrown-a7f5bb2f736d3c49.rlib,librustc_std_workspace_alloc-7e368919bdc4a44c.rlib,libminiz_oxide-376454d49910c786.rlib,libadler-fa99f5692b5dce85.rlib,libunwind-91cafdaf16f7fe40.rlib,libcfg_if-f7ee3f1ea78d9dae.rlib,liblibc-d3a35665f881365a.rlib,liballoc-715bc629a88bca60.rlib,librustc_std_workspace_core-ae70165d1278cff7.rlib,libcore-406129d0e3fbc101.rlib,libcompiler_builtins-1af05515ab19524a.rlib}" "-Wl,-Bdynamic" "-lgcc_s" "-lutil" "-lrt" "-lpthread" "-lm" "-ldl" "-lc" "-Wl,--eh-frame-hdr" "-Wl,-z,noexecstack" "-L" "/opt/rustwide/rustup-home/toolchains/1.85.0-x86_64-unknown-linux-gnu/lib/rustlib/x86_64-unknown-linux-gnu/lib" "-o" "/opt/rustwide/target/debug/build/geos-sys-9c9ca4eca6a6e174/build_script_build-9c9ca4eca6a6e174" "-Wl,--gc-sections" "-pie" "-Wl,-z,relro,-z,now" "-nodefaultlibs"
[INFO] [stdout]   = note: some arguments are omitted. use `--verbose` to show all linker arguments
[INFO] [stdout]   = note: /usr/bin/ld: final link failed: No space left on device
[INFO] [stdout]           collect2: error: ld returned 1 exit status
[INFO] [stdout]           
[INFO] [stdout] 
[INFO] [stdout] 
[INFO] [stderr] error: could not compile `url` (lib) due to 1 previous error
[INFO] [stderr] error: could not compile `geos-sys` (build script) due to 1 previous error
[INFO] [stderr] rustc-LLVM ERROR: IO failure on output stream: No space left on device
[INFO] [stderr] error: could not compile `async-trait` (build script)
[INFO] [stderr] 
[INFO] [stderr] Caused by:
[INFO] [stderr]   No space left on device (os error 28)
[INFO] [stderr] 
[INFO] [stderr] Caused by:
[INFO] [stderr]   failed to parse process output: `/opt/rustwide/rustup-home/toolchains/1.85.0-x86_64-unknown-linux-gnu/bin/rustc --crate-name build_script_build --edition=2018 /opt/rustwide/cargo-home/registry/src/index.crates.io-1949cf8c6b5b557f/async-trait-0.1.52/build.rs --error-format=json --json=diagnostic-rendered-ansi,artifacts,future-incompat --crate-type bin --emit=dep-info,link -C embed-bitcode=no --check-cfg 'cfg(docsrs,test)' --check-cfg 'cfg(feature, values())' -C metadata=e92394125eeab801 -C extra-filename=-999ece5b384f7e50 --out-dir /opt/rustwide/target/debug/build/async-trait-999ece5b384f7e50 -L dependency=/opt/rustwide/target/debug/deps --cap-lints allow --cap-lints=warn` (exit status: 101)
[INFO] [stderr] rustc-LLVM ERROR: IO failure on output stream: No space left on device
[INFO] [stderr] error: could not compile `chrono` (lib)
[INFO] [stderr] 
[INFO] [stderr] Caused by:
[INFO] [stderr]   process didn't exit successfully: `/opt/rustwide/rustup-home/toolchains/1.85.0-x86_64-unknown-linux-gnu/bin/rustc --crate-name chrono --edition=2015 /opt/rustwide/cargo-home/registry/src/index.crates.io-1949cf8c6b5b557f/chrono-0.4.19/src/lib.rs --error-format=json --json=diagnostic-rendered-ansi,artifacts,future-incompat --crate-type lib --emit=dep-info,metadata,link -C embed-bitcode=no --cfg 'feature="clock"' --cfg 'feature="libc"' --cfg 'feature="std"' --cfg 'feature="winapi"' --check-cfg 'cfg(docsrs,test)' --check-cfg 'cfg(feature, values("__doctest", "__internal_bench", "alloc", "clock", "default", "js-sys", "libc", "oldtime", "pure-rust-locales", "rustc-serialize", "serde", "std", "time", "unstable-locales", "wasm-bindgen", "wasmbind", "winapi"))' -C metadata=30c31091da84de91 -C extra-filename=-dfe6d940dd9a75ba --out-dir /opt/rustwide/target/debug/deps -L dependency=/opt/rustwide/target/debug/deps --extern libc=/opt/rustwide/target/debug/deps/liblibc-0d797ae5ddd6440f.rmeta --extern num_integer=/opt/rustwide/target/debug/deps/libnum_integer-7e66ec784eb41dbb.rmeta --extern num_traits=/opt/rustwide/target/debug/deps/libnum_traits-5b8226fdb8b1dbeb.rmeta --cap-lints allow --cap-lints=warn` (exit status: 101)
[INFO] [stdout] error: failed to write to `/opt/rustwide/target/debug/deps/rmetavXPCFs/lib.rmeta`: No space left on device (os error 28)
[INFO] [stdout] 
[INFO] [stdout] 
[INFO] [stderr] error: could not compile `num-bigint` (lib) due to 1 previous error
[INFO] [stdout] error: failed to write to `/opt/rustwide/target/debug/deps/rmetaQv7ycM/lib.rmeta`: No space left on device (os error 28)
[INFO] [stdout] 
[INFO] [stdout] 
[INFO] [stderr] rustc-LLVM ERROR: IO failure on output stream: No space left on device
[INFO] [stderr] rustc-LLVM ERROR: IO failure on output stream: No space left on device
[INFO] [stdout] error: failed to write to `/opt/rustwide/target/debug/deps/rmetaI3ajU6/lib.rmeta`: No space left on device (os error 28)
[INFO] [stdout] 
[INFO] [stdout] 
[INFO] [stderr] error: could not compile `nom` (lib) due to 1 previous error
[INFO] [stderr] error: could not compile `base64` (lib)
[INFO] [stderr] 
[INFO] [stderr] Caused by:
[INFO] [stderr]   No space left on device (os error 28)
[INFO] [stderr] 
[INFO] [stderr] Caused by:
[INFO] [stderr]   failed to parse process output: `/opt/rustwide/rustup-home/toolchains/1.85.0-x86_64-unknown-linux-gnu/bin/rustc --crate-name base64 --edition=2018 /opt/rustwide/cargo-home/registry/src/index.crates.io-1949cf8c6b5b557f/base64-0.13.0/src/lib.rs --error-format=json --json=diagnostic-rendered-ansi,artifacts,future-incompat --crate-type lib --emit=dep-info,metadata,link -C embed-bitcode=no --cfg 'feature="std"' --check-cfg 'cfg(docsrs,test)' --check-cfg 'cfg(feature, values("alloc", "default", "std"))' -C metadata=605df89e146092fc -C extra-filename=-16b535781bbb40b8 --out-dir /opt/rustwide/target/debug/deps -L dependency=/opt/rustwide/target/debug/deps --cap-lints allow --cap-lints=warn` (exit status: 101)
[INFO] [stderr] error: could not compile `openssl` (lib) due to 1 previous error
[INFO] [stderr] error: could not compile `syn` (lib)
[INFO] [stderr] 
[INFO] [stderr] Caused by:
[INFO] [stderr]   No space left on device (os error 28)
[INFO] [stderr] 
[INFO] [stderr] Caused by:
[INFO] [stderr]   failed to parse process output: `/opt/rustwide/rustup-home/toolchains/1.85.0-x86_64-unknown-linux-gnu/bin/rustc --crate-name syn --edition=2018 /opt/rustwide/cargo-home/registry/src/index.crates.io-1949cf8c6b5b557f/syn-1.0.84/src/lib.rs --error-format=json --json=diagnostic-rendered-ansi,artifacts,future-incompat --crate-type lib --emit=dep-info,metadata,link -C embed-bitcode=no --cfg 'feature="clone-impls"' --cfg 'feature="default"' --cfg 'feature="derive"' --cfg 'feature="full"' --cfg 'feature="parsing"' --cfg 'feature="printing"' --cfg 'feature="proc-macro"' --cfg 'feature="quote"' --cfg 'feature="visit-mut"' --check-cfg 'cfg(docsrs,test)' --check-cfg 'cfg(feature, values("clone-impls", "default", "derive", "extra-traits", "fold", "full", "parsing", "printing", "proc-macro", "quote", "test", "visit", "visit-mut"))' -C metadata=49f92f31726a0025 -C extra-filename=-136677c8874cbe2e --out-dir /opt/rustwide/target/debug/deps -L dependency=/opt/rustwide/target/debug/deps --extern proc_macro2=/opt/rustwide/target/debug/deps/libproc_macro2-98c3aace74d738fa.rmeta --extern quote=/opt/rustwide/target/debug/deps/libquote-90d443300ee5da8e.rmeta --extern unicode_xid=/opt/rustwide/target/debug/deps/libunicode_xid-92bb0711a6694db6.rmeta --cap-lints allow --cap-lints=warn --cfg syn_disable_nightly_tests` (exit status: 101)
[INFO] [stdout] error: couldn't create a temp dir: No space left on device (os error 28) at path "/opt/rustwide/target/debug/deps/rmetaQLfjW6"
[INFO] [stdout] 
[INFO] [stdout] 
[INFO] [stdout] error: couldn't create a temp dir: No space left on device (os error 28) at path "/opt/rustwide/target/debug/deps/rmetaNHStYD"
[INFO] [stdout] 
[INFO] [stdout] 
[INFO] [stderr] error: could not compile `hex` (lib) due to 1 previous error
[INFO] [stderr] error: could not compile `openssl` (lib) due to 1 previous error
[INFO] [stderr] warning: libsqlite3-sys@0.23.2: sqlite3/sqlite3.c:237434:1: fatal error: error writing to /tmp/cchcEmqO.s: No space left on device
[INFO] [stderr] warning: libsqlite3-sys@0.23.2: 237434 | SQLITE_API const char *sqlite3_sourceid(void){ return SQLITE_SOURCE_ID; }
[INFO] [stderr] warning: libsqlite3-sys@0.23.2:        | ^~~~~~~~~~
[INFO] [stderr] warning: libsqlite3-sys@0.23.2: compilation terminated.
[INFO] [stderr] error: failed to run custom build command for `libsqlite3-sys v0.23.2`
[INFO] [stderr] note: To improve backtraces for build dependencies, set the CARGO_PROFILE_DEV_BUILD_OVERRIDE_DEBUG=true environment variable to enable debug information generation.
[INFO] [stderr] 
[INFO] [stderr] Caused by:
[INFO] [stderr]   process didn't exit successfully: `/opt/rustwide/target/debug/build/libsqlite3-sys-30ca8dcef5e728d8/build-script-build` (exit status: 1)
[INFO] [stderr]   --- stdout
[INFO] [stderr]   cargo:rerun-if-changed=sqlite3/sqlite3.c
[INFO] [stderr]   cargo:rerun-if-changed=sqlite3/wasm32-wasi-vfs.c
[INFO] [stderr]   cargo:rerun-if-env-changed=SQLITE_MAX_VARIABLE_NUMBER
[INFO] [stderr]   cargo:rerun-if-env-changed=SQLITE_MAX_EXPR_DEPTH
[INFO] [stderr]   cargo:rerun-if-env-changed=LIBSQLITE3_FLAGS
[INFO] [stderr]   TARGET = Some("x86_64-unknown-linux-gnu")
[INFO] [stderr]   OPT_LEVEL = Some("0")
[INFO] [stderr]   HOST = Some("x86_64-unknown-linux-gnu")
[INFO] [stderr]   CC_x86_64-unknown-linux-gnu = None
[INFO] [stderr]   CC_x86_64_unknown_linux_gnu = None
[INFO] [stderr]   HOST_CC = None
[INFO] [stderr]   CC = None
[INFO] [stderr]   CFLAGS_x86_64-unknown-linux-gnu = None
[INFO] [stderr]   CFLAGS_x86_64_unknown_linux_gnu = None
[INFO] [stderr]   HOST_CFLAGS = None
[INFO] [stderr]   CFLAGS = None
[INFO] [stderr]   CRATE_CC_NO_DEFAULTS = None
[INFO] [stderr]   DEBUG = Some("true")
[INFO] [stderr]   CARGO_CFG_TARGET_FEATURE = Some("fxsr,sse,sse2")
[INFO] [stderr]   running: "cc" "-O0" "-ffunction-sections" "-fdata-sections" "-fPIC" "-g" "-fno-omit-frame-pointer" "-m64" "-DSQLITE_CORE" "-DSQLITE_DEFAULT_FOREIGN_KEYS=1" "-DSQLITE_ENABLE_API_ARMOR" "-DSQLITE_ENABLE_COLUMN_METADATA" "-DSQLITE_ENABLE_DBSTAT_VTAB" "-DSQLITE_ENABLE_FTS3" "-DSQLITE_ENABLE_FTS3_PARENTHESIS" "-DSQLITE_ENABLE_FTS5" "-DSQLITE_ENABLE_JSON1" "-DSQLITE_ENABLE_LOAD_EXTENSION=1" "-DSQLITE_ENABLE_MEMORY_MANAGEMENT" "-DSQLITE_ENABLE_RTREE" "-DSQLITE_ENABLE_STAT2" "-DSQLITE_ENABLE_STAT4" "-DSQLITE_SOUNDEX" "-DSQLITE_THREADSAFE=1" "-DSQLITE_USE_URI" "-DHAVE_USLEEP=1" "-D_POSIX_THREAD_SAFE_FUNCTIONS" "-DHAVE_ISNAN" "-DHAVE_LOCALTIME_R" "-o" "/opt/rustwide/target/debug/build/libsqlite3-sys-122fc27afa573d1e/out/sqlite3/sqlite3.o" "-c" "sqlite3/sqlite3.c"
[INFO] [stderr]   cargo:warning=sqlite3/sqlite3.c:237434:1: fatal error: error writing to /tmp/cchcEmqO.s: No space left on device
[INFO] [stderr]   cargo:warning=237434 | SQLITE_API const char *sqlite3_sourceid(void){ return SQLITE_SOURCE_ID; }
[INFO] [stderr]   cargo:warning=       | ^~~~~~~~~~
[INFO] [stderr]   cargo:warning=compilation terminated.
[INFO] [stderr]   exit status: 1
[INFO] [stderr] 
[INFO] [stderr]   --- stderr
[INFO] [stderr] 
[INFO] [stderr] 
[INFO] [stderr]   error occurred: Command "cc" "-O0" "-ffunction-sections" "-fdata-sections" "-fPIC" "-g" "-fno-omit-frame-pointer" "-m64" "-DSQLITE_CORE" "-DSQLITE_DEFAULT_FOREIGN_KEYS=1" "-DSQLITE_ENABLE_API_ARMOR" "-DSQLITE_ENABLE_COLUMN_METADATA" "-DSQLITE_ENABLE_DBSTAT_VTAB" "-DSQLITE_ENABLE_FTS3" "-DSQLITE_ENABLE_FTS3_PARENTHESIS" "-DSQLITE_ENABLE_FTS5" "-DSQLITE_ENABLE_JSON1" "-DSQLITE_ENABLE_LOAD_EXTENSION=1" "-DSQLITE_ENABLE_MEMORY_MANAGEMENT" "-DSQLITE_ENABLE_RTREE" "-DSQLITE_ENABLE_STAT2" "-DSQLITE_ENABLE_STAT4" "-DSQLITE_SOUNDEX" "-DSQLITE_THREADSAFE=1" "-DSQLITE_USE_URI" "-DHAVE_USLEEP=1" "-D_POSIX_THREAD_SAFE_FUNCTIONS" "-DHAVE_ISNAN" "-DHAVE_LOCALTIME_R" "-o" "/opt/rustwide/target/debug/build/libsqlite3-sys-122fc27afa573d1e/out/sqlite3/sqlite3.o" "-c" "sqlite3/sqlite3.c" with args "cc" did not execute successfully (status code exit status: 1).
[INFO] [stderr] 
[INFO] [stderr] 
[INFO] running `Command { std: "docker" "inspect" "63b084a45022714b0091437a76521ddae63d4045dfbd752ee11066f75e33fc7d", kill_on_drop: false }`
[INFO] running `Command { std: "docker" "rm" "-f" "63b084a45022714b0091437a76521ddae63d4045dfbd752ee11066f75e33fc7d", kill_on_drop: false }`
[INFO] [stdout] 63b084a45022714b0091437a76521ddae63d4045dfbd752ee11066f75e33fc7d
