[INFO] cloning repository https://github.com/wasmfx/wasmfxtime
[INFO] running `Command { std: "git" "-c" "credential.helper=" "-c" "credential.helper=/workspace/cargo-home/bin/git-credential-null" "clone" "--bare" "https://github.com/wasmfx/wasmfxtime" "/workspace/cache/git-repos/https%3A%2F%2Fgithub.com%2Fwasmfx%2Fwasmfxtime", kill_on_drop: false }`
[INFO] [stderr] Cloning into bare repository '/workspace/cache/git-repos/https%3A%2F%2Fgithub.com%2Fwasmfx%2Fwasmfxtime'...
[INFO] running `Command { std: "git" "rev-parse" "HEAD", kill_on_drop: false }`
[INFO] [stdout] 21540296f1c262188636fe0fb373cd2a9600d764
[INFO] documenting wasmfx/wasmfxtime against beta-2025-02-18 for beta-1.86-rustdoc-1
[INFO] running `Command { std: "git" "clone" "/workspace/cache/git-repos/https%3A%2F%2Fgithub.com%2Fwasmfx%2Fwasmfxtime" "/workspace/builds/worker-3-tc2/source", kill_on_drop: false }`
[INFO] [stderr] Cloning into '/workspace/builds/worker-3-tc2/source'...
[INFO] [stderr] done.
[INFO] validating manifest of git repo https://github.com/wasmfx/wasmfxtime on toolchain beta-2025-02-18
[INFO] running `Command { std: CARGO_HOME="/workspace/cargo-home" RUSTUP_HOME="/workspace/rustup-home" "/workspace/cargo-home/bin/cargo" "+beta-2025-02-18" "metadata" "--manifest-path" "Cargo.toml" "--no-deps", kill_on_drop: false }`
[INFO] started tweaking git repo https://github.com/wasmfx/wasmfxtime
[INFO] removed 1 missing examples
[INFO] removed 0 missing tests
[INFO] finished tweaking git repo https://github.com/wasmfx/wasmfxtime
[INFO] tweaked toml for git repo https://github.com/wasmfx/wasmfxtime written to /workspace/builds/worker-3-tc2/source/Cargo.toml
[INFO] crate git repo https://github.com/wasmfx/wasmfxtime already has a lockfile, it will not be regenerated
[INFO] running `Command { std: CARGO_HOME="/workspace/cargo-home" RUSTUP_HOME="/workspace/rustup-home" "/workspace/cargo-home/bin/cargo" "+beta-2025-02-18" "fetch" "--manifest-path" "Cargo.toml", kill_on_drop: false }`
[INFO] running `Command { std: "docker" "create" "-v" "/var/lib/crater-agent-workspace/builds/worker-3-tc2/target:/opt/rustwide/target:rw,Z" "-v" "/var/lib/crater-agent-workspace/builds/worker-3-tc2/source:/opt/rustwide/workdir:ro,Z" "-v" "/var/lib/crater-agent-workspace/cargo-home:/opt/rustwide/cargo-home:ro,Z" "-v" "/var/lib/crater-agent-workspace/rustup-home:/opt/rustwide/rustup-home:ro,Z" "-e" "SOURCE_DIR=/opt/rustwide/workdir" "-e" "CARGO_TARGET_DIR=/opt/rustwide/target" "-e" "CARGO_HOME=/opt/rustwide/cargo-home" "-e" "RUSTUP_HOME=/opt/rustwide/rustup-home" "-w" "/opt/rustwide/workdir" "-m" "1610612736" "--user" "0:0" "--network" "none" "ghcr.io/rust-lang/crates-build-env/linux@sha256:3959728d45483eb673ba100a951a6b9f5012970368db2a9e08e0ac9b67c8a5ad" "/opt/rustwide/cargo-home/bin/cargo" "+beta-2025-02-18" "metadata" "--no-deps" "--format-version=1", kill_on_drop: false }`
[INFO] [stdout] 0ebce5a2057111ad6984e34a9e059acb99c80cc2237284ee5f054a83d6b1fddb
[INFO] running `Command { std: "docker" "start" "-a" "0ebce5a2057111ad6984e34a9e059acb99c80cc2237284ee5f054a83d6b1fddb", kill_on_drop: false }`
[INFO] running `Command { std: "docker" "inspect" "0ebce5a2057111ad6984e34a9e059acb99c80cc2237284ee5f054a83d6b1fddb", kill_on_drop: false }`
[INFO] running `Command { std: "docker" "rm" "-f" "0ebce5a2057111ad6984e34a9e059acb99c80cc2237284ee5f054a83d6b1fddb", kill_on_drop: false }`
[INFO] [stdout] 0ebce5a2057111ad6984e34a9e059acb99c80cc2237284ee5f054a83d6b1fddb
[INFO] running `Command { std: "docker" "create" "-v" "/var/lib/crater-agent-workspace/builds/worker-3-tc2/target:/opt/rustwide/target:rw,Z" "-v" "/var/lib/crater-agent-workspace/builds/worker-3-tc2/source:/opt/rustwide/workdir:ro,Z" "-v" "/var/lib/crater-agent-workspace/cargo-home:/opt/rustwide/cargo-home:ro,Z" "-v" "/var/lib/crater-agent-workspace/rustup-home:/opt/rustwide/rustup-home:ro,Z" "-e" "SOURCE_DIR=/opt/rustwide/workdir" "-e" "CARGO_TARGET_DIR=/opt/rustwide/target" "-e" "CARGO_INCREMENTAL=0" "-e" "RUST_BACKTRACE=full" "-e" "RUSTFLAGS=--cap-lints=warn" "-e" "RUSTDOCFLAGS=--cap-lints=warn" "-e" "CARGO_HOME=/opt/rustwide/cargo-home" "-e" "RUSTUP_HOME=/opt/rustwide/rustup-home" "-w" "/opt/rustwide/workdir" "-m" "1610612736" "--user" "0:0" "--network" "none" "ghcr.io/rust-lang/crates-build-env/linux@sha256:3959728d45483eb673ba100a951a6b9f5012970368db2a9e08e0ac9b67c8a5ad" "/opt/rustwide/cargo-home/bin/cargo" "+beta-2025-02-18" "doc" "--frozen" "--no-deps" "--document-private-items" "--message-format=json", kill_on_drop: false }`
[INFO] [stdout] 0a03091a5fa397aeb0a45f090b0a211aa6750179f35877defc77ad195de621f8
[INFO] running `Command { std: "docker" "start" "-a" "0a03091a5fa397aeb0a45f090b0a211aa6750179f35877defc77ad195de621f8", kill_on_drop: false }`
[INFO] [stderr]    Compiling proc-macro2 v1.0.92
[INFO] [stderr]    Compiling unicode-ident v1.0.8
[INFO] [stderr]    Compiling libc v0.2.161
[INFO] [stderr]     Checking cfg-if v1.0.0
[INFO] [stderr]    Compiling serde v1.0.215
[INFO] [stderr]    Compiling shlex v1.3.0
[INFO] [stderr]     Checking once_cell v1.19.0
[INFO] [stderr]     Checking bitflags v2.6.0
[INFO] [stderr]     Checking itoa v1.0.14
[INFO] [stderr]    Compiling memchr v2.5.0
[INFO] [stderr]     Checking log v0.4.22
[INFO] [stderr]    Compiling rustix v0.38.43
[INFO] [stderr]    Compiling anyhow v1.0.93
[INFO] [stderr]     Checking linux-raw-sys v0.4.14
[INFO] [stderr]     Checking foldhash v0.1.3
[INFO] [stderr]     Checking equivalent v1.0.1
[INFO] [stderr]    Compiling autocfg v1.1.0
[INFO] [stderr]     Checking hashbrown v0.15.2
[INFO] [stderr]    Compiling sptr v0.3.2
[INFO] [stderr]    Compiling cranelift-bitset v0.117.0 (/opt/rustwide/workdir/cranelift/bitset)
[INFO] [stderr]    Compiling cranelift-isle v0.117.0 (/opt/rustwide/workdir/cranelift/isle/isle)
[INFO] [stderr]    Compiling quote v1.0.36
[INFO] [stderr]    Compiling libm v0.2.8
[INFO] [stderr]     Checking allocator-api2 v0.2.20
[INFO] [stderr]    Compiling syn v2.0.90
[INFO] [stderr]    Compiling pulley-interpreter v30.0.0 (/opt/rustwide/workdir/pulley)
[INFO] [stderr]    Compiling thiserror v1.0.65
[INFO] [stderr]    Compiling cranelift-codegen-shared v0.117.0 (/opt/rustwide/workdir/cranelift/codegen/shared)
[INFO] [stderr]    Compiling target-lexicon v0.13.0
[INFO] [stderr]    Compiling jobserver v0.1.32
[INFO] [stderr]     Checking bumpalo v3.16.0
[INFO] [stderr]    Compiling cc v1.2.5
[INFO] [stderr]    Compiling crc32fast v1.3.2
[INFO] [stderr]    Compiling typenum v1.15.0
[INFO] [stderr]    Compiling wasm-encoder v0.223.0 (https://github.com/wasmfx/wasmfx-tools?tag=v1.223.0#897ab1f6)
[INFO] [stderr]    Compiling semver v1.0.17
[INFO] [stderr]    Compiling version_check v0.9.4
[INFO] [stderr]     Checking wasmtime-math v30.0.0 (/opt/rustwide/workdir/crates/math)
[INFO] [stderr]    Compiling generic-array v0.14.5
[INFO] [stderr]    Compiling memoffset v0.9.1
[INFO] [stderr]    Compiling pkg-config v0.3.29
[INFO] [stderr]     Checking rustc-hash v2.0.0
[INFO] [stderr]     Checking leb128 v0.2.5
[INFO] [stderr]     Checking arbitrary v1.4.1
[INFO] [stderr]    Compiling wasmparser v0.223.0 (https://github.com/wasmfx/wasmfx-tools?tag=v1.223.0#897ab1f6)
[INFO] [stderr]    Compiling cranelift-codegen-meta v0.117.0 (/opt/rustwide/workdir/cranelift/codegen/meta)
[INFO] [stderr]     Checking termcolor v1.4.1
[INFO] [stderr]    Compiling serde_json v1.0.107
[INFO] [stderr]    Compiling heck v0.5.0
[INFO] [stderr]    Compiling zstd-sys v2.0.9+zstd.1.5.5
[INFO] [stderr]     Checking cranelift-control v0.117.0 (/opt/rustwide/workdir/cranelift/control)
[INFO] [stderr]     Checking embedded-io v0.4.0
[INFO] [stderr]    Compiling cpp_demangle v0.4.3
[INFO] [stderr]    Compiling crossbeam-utils v0.8.20
[INFO] [stderr]     Checking cobs v0.2.3
[INFO] [stderr]     Checking pin-project-lite v0.2.14
[INFO] [stderr]     Checking either v1.13.0
[INFO] [stderr]     Checking wasmtime-continuations v30.0.0 (/opt/rustwide/workdir/crates/continuations)
[INFO] [stderr]     Checking wasmtime-component-util v30.0.0 (/opt/rustwide/workdir/crates/component-util)
[INFO] [stderr]    Compiling ryu v1.0.9
[INFO] [stderr]    Compiling zstd-safe v7.0.0
[INFO] [stderr]    Compiling rayon-core v1.12.0
[INFO] [stderr]     Checking rustc-demangle v0.1.24
[INFO] [stderr]     Checking crossbeam-epoch v0.9.18
[INFO] [stderr]     Checking crypto-common v0.1.6
[INFO] [stderr]     Checking block-buffer v0.10.2
[INFO] [stderr]     Checking itertools v0.12.1
[INFO] [stderr]    Compiling ittapi-sys v0.4.0
[INFO] [stderr]    Compiling winch-codegen v30.0.0 (/opt/rustwide/workdir/winch/codegen)
[INFO] [stderr]    Compiling unicode-xid v0.2.3
[INFO] [stderr]    Compiling id-arena v2.2.1
[INFO] [stderr]     Checking winnow v0.5.39
[INFO] [stderr]    Compiling cranelift-codegen v0.117.0 (/opt/rustwide/workdir/cranelift/codegen)
[INFO] [stderr]    Compiling indexmap v2.7.0
[INFO] [stderr]    Compiling serde_derive v1.0.215
[INFO] [stderr]    Compiling wasmtime-versioned-export-macros v30.0.0 (/opt/rustwide/workdir/crates/versioned-export-macros)
[INFO] [stderr]    Compiling thiserror-impl v1.0.65
[INFO] [stderr]     Checking digest v0.10.7
[INFO] [stderr]    Compiling wasmtime-jit-debug v30.0.0 (/opt/rustwide/workdir/crates/jit-debug)
[INFO] [stderr]    Compiling wasmtime-fiber v30.0.0 (/opt/rustwide/workdir/crates/fiber)
[INFO] [stderr]     Checking crossbeam-deque v0.8.1
[INFO] [stderr]     Checking dirs-sys-next v0.1.2
[INFO] [stderr]    Compiling rayon v1.5.3
[INFO] [stderr]    Compiling async-trait v0.1.71
[INFO] [stderr]    Compiling wasmtime-cache v30.0.0 (/opt/rustwide/workdir/crates/cache)
[INFO] [stderr]     Checking unicode-width v0.2.0
[INFO] [stderr]    Compiling io-lifetimes v2.0.3
[INFO] [stderr]     Checking cpufeatures v0.2.7
[INFO] [stderr]    Compiling wasmtime-component-macro v30.0.0 (/opt/rustwide/workdir/crates/component-macro)
[INFO] [stderr]     Checking byteorder v1.4.3
[INFO] [stderr]    Compiling encoding_rs v0.8.31
[INFO] [stderr]     Checking uuid v1.0.0
[INFO] [stderr]     Checking fxhash v0.2.1
[INFO] [stderr]     Checking sha2 v0.10.2
[INFO] [stderr]     Checking wast v223.0.0 (https://github.com/wasmfx/wasmfx-tools?tag=v1.223.0#897ab1f6)
[INFO] [stderr]     Checking debugid v0.8.0
[INFO] [stderr]     Checking directories-next v2.0.0
[INFO] [stderr]    Compiling wasmtime v30.0.0 (/opt/rustwide/workdir/crates/wasmtime)
[INFO] [stderr]     Checking tracing-core v0.1.31
[INFO] [stderr]     Checking wasmtime-asm-macros v30.0.0 (/opt/rustwide/workdir/crates/asm-macros)
[INFO] [stderr]     Checking base64 v0.21.0
[INFO] [stderr]     Checking ittapi v0.4.0
[INFO] [stderr]    Compiling tracing-attributes v0.1.26
[INFO] [stderr]    Compiling trait-variant v0.1.2
[INFO] [stderr]     Checking memfd v0.6.4
[INFO] [stderr]     Checking wasmtime-jit-icache-coherence v30.0.0 (/opt/rustwide/workdir/crates/jit-icache-coherence)
[INFO] [stderr]     Checking getrandom v0.2.9
[INFO] [stderr]    Compiling paste v1.0.7
[INFO] [stderr]     Checking wasmtime-slab v30.0.0 (/opt/rustwide/workdir/crates/slab)
[INFO] [stderr]     Checking bytes v1.5.0
[INFO] [stderr]    Compiling io-extras v0.18.3
[INFO] [stderr]    Compiling wit-parser v0.223.0 (https://github.com/wasmfx/wasmfx-tools?tag=v1.223.0#897ab1f6)
[INFO] [stderr]    Compiling cap-primitives v3.4.1
[INFO] [stderr]     Checking ambient-authority v0.0.2
[INFO] [stderr]     Checking tracing v0.1.37
[INFO] [stderr]     Checking fs-set-times v0.20.1
[INFO] [stderr]     Checking maybe-owned v0.3.4
[INFO] [stderr]     Checking smallvec v1.13.2
[INFO] [stderr]     Checking cranelift-entity v0.117.0 (/opt/rustwide/workdir/cranelift/entity)
[INFO] [stderr]     Checking regalloc2 v0.11.1
[INFO] [stderr]     Checking cranelift-bforest v0.117.0 (/opt/rustwide/workdir/cranelift/bforest)
[INFO] [stderr]     Checking gimli v0.31.0
[INFO] [stderr]     Checking object v0.36.5
[INFO] [stderr]     Checking postcard v1.0.8
[INFO] [stderr]     Checking toml_datetime v0.6.5
[INFO] [stderr]     Checking serde_spanned v0.6.5
[INFO] [stderr]     Checking zstd v0.13.0
[INFO] [stderr]     Checking toml_edit v0.22.4
[INFO] [stderr]     Checking fxprof-processed-profile v0.6.0
[INFO] [stderr]    Compiling wasmtime-wit-bindgen v30.0.0 (/opt/rustwide/workdir/crates/wit-bindgen)
[INFO] [stderr]     Checking toml v0.8.10
[INFO] [stderr]     Checking wat v1.223.0 (https://github.com/wasmfx/wasmfx-tools?tag=v1.223.0#897ab1f6)
[INFO] [stderr]     Checking ipnet v2.5.0
[INFO] [stderr]     Checking futures-sink v0.3.31
[INFO] [stderr]     Checking futures-core v0.3.31
[INFO] [stderr]    Compiling wast v35.0.2
[INFO] [stderr]     Checking addr2line v0.24.1
[INFO] [stderr]    Compiling aho-corasick v1.0.2
[INFO] [stderr]    Compiling dirs-next v2.0.0
[INFO] [stderr]    Compiling tokio-macros v2.1.0
[INFO] [stderr]     Checking socket2 v0.5.7
[INFO] [stderr]     Checking signal-hook-registry v1.4.1
[INFO] [stderr]     Checking mio v0.8.11
[INFO] [stderr]     Checking num_cpus v1.16.0
[INFO] [stderr]    Compiling regex-syntax v0.7.4
[INFO] [stderr]    Compiling cap-std v3.4.1
[INFO] [stderr]     Checking tokio v1.30.0
[INFO] [stderr]    Compiling witx v0.9.1
[INFO] [stderr]    Compiling shellexpand v2.1.0
[INFO] [stderr]    Compiling utf8parse v0.2.1
[INFO] [stderr]    Compiling wiggle-macro v30.0.0 (/opt/rustwide/workdir/crates/wiggle/macro)
[INFO] [stderr]    Compiling regex-automata v0.3.3
[INFO] [stderr]     Checking futures-task v0.3.31
[INFO] [stderr]     Checking pin-utils v0.1.0
[INFO] [stderr]     Checking futures-util v0.3.31
[INFO] [stderr]    Compiling anstyle-parse v0.2.1
[INFO] [stderr]    Compiling wiggle-generate v30.0.0 (/opt/rustwide/workdir/crates/wiggle/generate)
[INFO] [stderr]     Checking wasmprinter v0.223.0 (https://github.com/wasmfx/wasmfx-tools?tag=v1.223.0#897ab1f6)
[INFO] [stderr]     Checking rand_core v0.6.3
[INFO] [stderr]    Compiling ring v0.17.3
[INFO] [stderr]     Checking wasmtime-environ v30.0.0 (/opt/rustwide/workdir/crates/environ)
[INFO] [stderr]    Compiling is_terminal_polyfill v1.70.1
[INFO] [stderr]     Checking ppv-lite86 v0.2.16
[INFO] [stderr]    Compiling anstyle v1.0.8
[INFO] [stderr]    Compiling regex v1.9.1
[INFO] [stderr]    Compiling colorchoice v1.0.0
[INFO] [stderr]     Checking tinyvec_macros v0.1.0
[INFO] [stderr]    Compiling anstyle-query v1.0.0
[INFO] [stderr]    Compiling anstream v0.6.15
[INFO] [stderr]    Compiling env_filter v0.1.2
[INFO] [stderr]     Checking tinyvec v1.6.0
[INFO] [stderr]     Checking rand_chacha v0.3.1
[INFO] [stderr]     Checking fnv v1.0.7
[INFO] [stderr]    Compiling cap-fs-ext v3.4.1
[INFO] [stderr]    Compiling system-interface v0.27.1
[INFO] [stderr]    Compiling humantime v2.1.0
[INFO] [stderr]    Compiling env_logger v0.11.5
[INFO] [stderr]     Checking http v1.0.0
[INFO] [stderr]     Checking unicode-normalization v0.1.21
[INFO] [stderr]     Checking rand v0.8.5
[INFO] [stderr]     Checking futures-channel v0.3.31
[INFO] [stderr]    Compiling openvino-finder v0.8.0
[INFO] [stderr]    Compiling slab v0.4.7
[INFO] [stderr]     Checking spin v0.9.8
[INFO] [stderr]     Checking percent-encoding v2.2.0
[INFO] [stderr]     Checking unicode-bidi v0.3.8
[INFO] [stderr]     Checking untrusted v0.9.0
[INFO] [stderr]     Checking rustls-pki-types v1.3.1
[INFO] [stderr]     Checking iana-time-zone v0.1.61
[INFO] [stderr]     Checking cap-rand v3.4.1
[INFO] [stderr]     Checking idna v0.3.0
[INFO] [stderr]     Checking cap-time-ext v3.4.1
[INFO] [stderr]     Checking form_urlencoded v1.1.0
[INFO] [stderr]    Compiling openvino-sys v0.8.0
[INFO] [stderr]     Checking terminal_size v0.3.0
[INFO] [stderr]    Compiling capstone-sys v0.16.0
[INFO] [stderr]     Checking regex-syntax v0.6.25
[INFO] [stderr]    Compiling httparse v1.8.0
[INFO] [stderr]    Compiling rustls v0.22.4
[INFO] [stderr]     Checking futures-io v0.3.31
[INFO] [stderr]     Checking lazy_static v1.4.0
[INFO] [stderr]     Checking strsim v0.11.1
[INFO] [stderr]     Checking clap_lex v0.7.2
[INFO] [stderr]    Compiling same-file v1.0.6
[INFO] [stderr]     Checking clap_builder v4.5.17
[INFO] [stderr]    Compiling walkdir v2.3.3
[INFO] [stderr]     Checking futures v0.3.31
[INFO] [stderr]     Checking url v2.3.1
[INFO] [stderr]     Checking regex-automata v0.1.10
[INFO] [stderr]     Checking http-body v1.0.0
[INFO] [stderr]     Checking rustls-webpki v0.102.2
[INFO] [stderr]     Checking tokio-util v0.7.4
[INFO] [stderr]     Checking cap-net-ext v3.4.1
[INFO] [stderr]    Compiling clap_derive v4.5.13
[INFO] [stderr]     Checking is-terminal v0.4.10
[INFO] [stderr]     Checking libloading v0.8.1
[INFO] [stderr]     Checking zeroize v1.7.0
[INFO] [stderr]     Checking try-lock v0.2.4
[INFO] [stderr]     Checking overload v0.1.1
[INFO] [stderr]     Checking subtle v2.5.0
[INFO] [stderr]     Checking nu-ansi-term v0.46.0
[INFO] [stderr]     Checking env_logger v0.10.0
[INFO] [stderr]     Checking want v0.3.0
[INFO] [stderr]     Checking matchers v0.1.0
[INFO] [stderr]     Checking h2 v0.4.4
[INFO] [stderr]    Compiling wasmtime-wasi-nn v30.0.0 (/opt/rustwide/workdir/crates/wasi-nn)
[INFO] [stderr]     Checking sharded-slab v0.1.4
[INFO] [stderr]     Checking tracing-log v0.1.3
[INFO] [stderr]     Checking thread_local v1.1.4
[INFO] [stderr]     Checking httpdate v1.0.2
[INFO] [stderr]     Checking openvino v0.8.0
[INFO] [stderr]     Checking file-per-thread-logger v0.2.0
[INFO] [stderr]     Checking http-body-util v0.1.0
[INFO] [stderr]     Checking webpki-roots v0.26.1
[INFO] [stderr]    Compiling wasmtime-cli v30.0.0 (/opt/rustwide/workdir)
[INFO] [stderr]     Checking tracing-subscriber v0.3.17
[INFO] [stderr]     Checking fastrand v2.0.1
[INFO] [stderr]     Checking tempfile v3.8.0
[INFO] [stderr]     Checking listenfd v1.0.0
[INFO] [stderr]     Checking tokio-rustls v0.25.0
[INFO] [stderr]     Checking clap v4.5.17
[INFO] [stderr]     Checking clap_complete v4.5.28
[INFO] [stderr]     Checking hyper v1.0.1
[INFO] [stderr]     Checking capstone v0.12.0
[INFO] [stderr]     Checking cranelift-frontend v0.117.0 (/opt/rustwide/workdir/cranelift/frontend)
[INFO] [stderr]     Checking cranelift-native v0.117.0 (/opt/rustwide/workdir/cranelift/native)
[INFO] [stderr]     Checking wasmtime-cranelift v30.0.0 (/opt/rustwide/workdir/crates/cranelift)
[INFO] [stderr]     Checking wasmtime-winch v30.0.0 (/opt/rustwide/workdir/crates/winch)
[INFO] [stderr]     Checking wiggle v30.0.0 (/opt/rustwide/workdir/crates/wiggle)
[INFO] [stderr]     Checking wasmtime-cli-flags v30.0.0 (/opt/rustwide/workdir/crates/cli-flags)
[INFO] [stderr]     Checking wasmtime-explorer v30.0.0 (/opt/rustwide/workdir/crates/explorer)
[INFO] [stderr]     Checking wasmtime-wasi-keyvalue v30.0.0 (/opt/rustwide/workdir/crates/wasi-keyvalue)
[INFO] [stderr]     Checking wasmtime-wast v30.0.0 (/opt/rustwide/workdir/crates/wast)
[INFO] [stderr]     Checking wasmtime-wasi-config v30.0.0 (/opt/rustwide/workdir/crates/wasi-config)
[INFO] [stdout] error[E0080]: evaluation of constant value failed
[INFO] [stdout]   --> crates/wasi-config/src/lib.rs:74:5
[INFO] [stdout]    |
[INFO] [stdout] 74 | /     wasmtime::component::bindgen!({
[INFO] [stdout] 75 | |         path: "wit",
[INFO] [stdout] 76 | |         world: "wasi:config/imports",
[INFO] [stdout] 77 | |         trappable_imports: true,
[INFO] [stdout] 78 | |     });
[INFO] [stdout]    | |______^ the evaluated program panicked at 'assertion failed: 9 == <Error as wasmtime::component::ComponentType>::SIZE32', crates/wasi-config/src/lib.rs:74:5
[INFO] [stdout]    |
[INFO] [stdout]    = note: this error originates in the macro `assert` (in Nightly builds, run with -Z macro-backtrace for more info)
[INFO] [stdout] 
[INFO] [stdout] 
[INFO] [stdout] error[E0080]: evaluation of constant value failed
[INFO] [stdout]   --> crates/wasi-keyvalue/src/lib.rs:71:5
[INFO] [stdout]    |
[INFO] [stdout] 71 | /     wasmtime::component::bindgen!({
[INFO] [stdout] 72 | |         path: "wit",
[INFO] [stdout] 73 | |         world: "wasi:keyvalue/imports",
[INFO] [stdout] 74 | |         trappable_imports: true,
[INFO] [stdout] ...  |
[INFO] [stdout] 80 | |         },
[INFO] [stdout] 81 | |     });
[INFO] [stdout]    | |______^ the evaluated program panicked at 'assertion failed: 9 == <Error as wasmtime::component::ComponentType>::SIZE32', crates/wasi-keyvalue/src/lib.rs:71:5
[INFO] [stdout]    |
[INFO] [stdout]    = note: this error originates in the macro `assert` (in Nightly builds, run with -Z macro-backtrace for more info)
[INFO] [stdout] 
[INFO] [stdout] 
[INFO] [stdout] error[E0080]: evaluation of constant value failed
[INFO] [stdout]   --> crates/wasi-keyvalue/src/lib.rs:71:5
[INFO] [stdout]    |
[INFO] [stdout] 71 | /     wasmtime::component::bindgen!({
[INFO] [stdout] 72 | |         path: "wit",
[INFO] [stdout] 73 | |         world: "wasi:keyvalue/imports",
[INFO] [stdout] 74 | |         trappable_imports: true,
[INFO] [stdout] ...  |
[INFO] [stdout] 80 | |         },
[INFO] [stdout] 81 | |     });
[INFO] [stdout]    | |______^ the evaluated program panicked at 'assertion failed: 9 == <Error as wasmtime::component::ComponentType>::SIZE32', crates/wasi-keyvalue/src/lib.rs:71:5
[INFO] [stdout]    |
[INFO] [stdout]    = note: this error originates in the macro `assert` (in Nightly builds, run with -Z macro-backtrace for more info)
[INFO] [stdout] 
[INFO] [stdout] 
[INFO] [stdout] error[E0080]: evaluation of constant value failed
[INFO] [stdout]   --> crates/wasi-keyvalue/src/lib.rs:71:5
[INFO] [stdout]    |
[INFO] [stdout] 71 | /     wasmtime::component::bindgen!({
[INFO] [stdout] 72 | |         path: "wit",
[INFO] [stdout] 73 | |         world: "wasi:keyvalue/imports",
[INFO] [stdout] 74 | |         trappable_imports: true,
[INFO] [stdout] ...  |
[INFO] [stdout] 80 | |         },
[INFO] [stdout] 81 | |     });
[INFO] [stdout]    | |______^ the evaluated program panicked at 'assertion failed: 9 == <Error as wasmtime::component::ComponentType>::SIZE32', crates/wasi-keyvalue/src/lib.rs:71:5
[INFO] [stdout]    |
[INFO] [stdout]    = note: this error originates in the macro `assert` (in Nightly builds, run with -Z macro-backtrace for more info)
[INFO] [stdout] 
[INFO] [stdout] 
[INFO] [stdout] For more information about this error, try `rustc --explain E0080`.
[INFO] [stdout] 
[INFO] [stderr] error: could not compile `wasmtime-wasi-config` (lib) due to 1 previous error
[INFO] [stderr] warning: build failed, waiting for other jobs to finish...
[INFO] [stdout] For more information about this error, try `rustc --explain E0080`.
[INFO] [stdout] 
[INFO] [stderr] error: could not compile `wasmtime-wasi-keyvalue` (lib) due to 3 previous errors
[INFO] running `Command { std: "docker" "inspect" "0a03091a5fa397aeb0a45f090b0a211aa6750179f35877defc77ad195de621f8", kill_on_drop: false }`
[INFO] running `Command { std: "docker" "rm" "-f" "0a03091a5fa397aeb0a45f090b0a211aa6750179f35877defc77ad195de621f8", kill_on_drop: false }`
[INFO] [stdout] 0a03091a5fa397aeb0a45f090b0a211aa6750179f35877defc77ad195de621f8
