[INFO] cloning repository https://github.com/citruspi/metal-lion-rs
[INFO] running `Command { std: "git" "-c" "credential.helper=" "-c" "credential.helper=/workspace/cargo-home/bin/git-credential-null" "clone" "--bare" "https://github.com/citruspi/metal-lion-rs" "/workspace/cache/git-repos/https%3A%2F%2Fgithub.com%2Fcitruspi%2Fmetal-lion-rs", kill_on_drop: false }`
[INFO] [stderr] Cloning into bare repository '/workspace/cache/git-repos/https%3A%2F%2Fgithub.com%2Fcitruspi%2Fmetal-lion-rs'...
[INFO] running `Command { std: "git" "rev-parse" "HEAD", kill_on_drop: false }`
[INFO] [stdout] 6e2e8b3b623351a0ed44cc34be19702608530cc2
[INFO] documenting citruspi/metal-lion-rs against beta-2025-02-18 for beta-1.86-rustdoc-1
[INFO] running `Command { std: "git" "clone" "/workspace/cache/git-repos/https%3A%2F%2Fgithub.com%2Fcitruspi%2Fmetal-lion-rs" "/workspace/builds/worker-7-tc2/source", kill_on_drop: false }`
[INFO] [stderr] Cloning into '/workspace/builds/worker-7-tc2/source'...
[INFO] [stderr] done.
[INFO] validating manifest of git repo https://github.com/citruspi/metal-lion-rs on toolchain beta-2025-02-18
[INFO] running `Command { std: CARGO_HOME="/workspace/cargo-home" RUSTUP_HOME="/workspace/rustup-home" "/workspace/cargo-home/bin/cargo" "+beta-2025-02-18" "metadata" "--manifest-path" "Cargo.toml" "--no-deps", kill_on_drop: false }`
[INFO] started tweaking git repo https://github.com/citruspi/metal-lion-rs
[INFO] finished tweaking git repo https://github.com/citruspi/metal-lion-rs
[INFO] tweaked toml for git repo https://github.com/citruspi/metal-lion-rs written to /workspace/builds/worker-7-tc2/source/Cargo.toml
[INFO] crate git repo https://github.com/citruspi/metal-lion-rs already has a lockfile, it will not be regenerated
[INFO] running `Command { std: CARGO_HOME="/workspace/cargo-home" RUSTUP_HOME="/workspace/rustup-home" "/workspace/cargo-home/bin/cargo" "+beta-2025-02-18" "fetch" "--manifest-path" "Cargo.toml", kill_on_drop: false }`
[INFO] running `Command { std: "docker" "create" "-v" "/var/lib/crater-agent-workspace/builds/worker-7-tc2/target:/opt/rustwide/target:rw,Z" "-v" "/var/lib/crater-agent-workspace/builds/worker-7-tc2/source:/opt/rustwide/workdir:ro,Z" "-v" "/var/lib/crater-agent-workspace/cargo-home:/opt/rustwide/cargo-home:ro,Z" "-v" "/var/lib/crater-agent-workspace/rustup-home:/opt/rustwide/rustup-home:ro,Z" "-e" "SOURCE_DIR=/opt/rustwide/workdir" "-e" "CARGO_TARGET_DIR=/opt/rustwide/target" "-e" "CARGO_HOME=/opt/rustwide/cargo-home" "-e" "RUSTUP_HOME=/opt/rustwide/rustup-home" "-w" "/opt/rustwide/workdir" "-m" "1610612736" "--user" "0:0" "--network" "none" "ghcr.io/rust-lang/crates-build-env/linux@sha256:3959728d45483eb673ba100a951a6b9f5012970368db2a9e08e0ac9b67c8a5ad" "/opt/rustwide/cargo-home/bin/cargo" "+beta-2025-02-18" "metadata" "--no-deps" "--format-version=1", kill_on_drop: false }`
[INFO] [stdout] 3f5c85ddc9caf020c322de5785b93118f57719055aa1b302949d34a625adb27d
[INFO] running `Command { std: "docker" "start" "-a" "3f5c85ddc9caf020c322de5785b93118f57719055aa1b302949d34a625adb27d", kill_on_drop: false }`
[INFO] running `Command { std: "docker" "inspect" "3f5c85ddc9caf020c322de5785b93118f57719055aa1b302949d34a625adb27d", kill_on_drop: false }`
[INFO] running `Command { std: "docker" "rm" "-f" "3f5c85ddc9caf020c322de5785b93118f57719055aa1b302949d34a625adb27d", kill_on_drop: false }`
[INFO] [stdout] 3f5c85ddc9caf020c322de5785b93118f57719055aa1b302949d34a625adb27d
[INFO] running `Command { std: "docker" "create" "-v" "/var/lib/crater-agent-workspace/builds/worker-7-tc2/target:/opt/rustwide/target:rw,Z" "-v" "/var/lib/crater-agent-workspace/builds/worker-7-tc2/source:/opt/rustwide/workdir:ro,Z" "-v" "/var/lib/crater-agent-workspace/cargo-home:/opt/rustwide/cargo-home:ro,Z" "-v" "/var/lib/crater-agent-workspace/rustup-home:/opt/rustwide/rustup-home:ro,Z" "-e" "SOURCE_DIR=/opt/rustwide/workdir" "-e" "CARGO_TARGET_DIR=/opt/rustwide/target" "-e" "CARGO_INCREMENTAL=0" "-e" "RUST_BACKTRACE=full" "-e" "RUSTFLAGS=--cap-lints=warn" "-e" "RUSTDOCFLAGS=--cap-lints=warn" "-e" "CARGO_HOME=/opt/rustwide/cargo-home" "-e" "RUSTUP_HOME=/opt/rustwide/rustup-home" "-w" "/opt/rustwide/workdir" "-m" "1610612736" "--user" "0:0" "--network" "none" "ghcr.io/rust-lang/crates-build-env/linux@sha256:3959728d45483eb673ba100a951a6b9f5012970368db2a9e08e0ac9b67c8a5ad" "/opt/rustwide/cargo-home/bin/cargo" "+beta-2025-02-18" "doc" "--frozen" "--no-deps" "--document-private-items" "--message-format=json", kill_on_drop: false }`
[INFO] [stdout] 7f159f4bc14c90d0a446f6931bd093722211aa3eca214ffe17e1e9bbb81b5cbe
[INFO] running `Command { std: "docker" "start" "-a" "7f159f4bc14c90d0a446f6931bd093722211aa3eca214ffe17e1e9bbb81b5cbe", kill_on_drop: false }`
[INFO] [stderr]    Compiling libc v0.2.69
[INFO] [stderr]    Compiling proc-macro2 v1.0.24
[INFO] [stderr]    Compiling unicode-xid v0.2.0
[INFO] [stderr]    Compiling syn v1.0.56
[INFO] [stderr]    Compiling memchr v2.3.3
[INFO] [stderr]    Compiling autocfg v0.1.7
[INFO] [stderr]    Compiling log v0.4.8
[INFO] [stderr]    Compiling autocfg v1.0.0
[INFO] [stderr]    Compiling rand_core v0.4.2
[INFO] [stderr]    Compiling version_check v0.1.5
[INFO] [stderr]    Compiling proc-macro-hack v0.5.15
[INFO] [stderr]     Checking bytes v0.5.4
[INFO] [stderr]     Checking itoa v0.4.5
[INFO] [stderr]     Checking fnv v1.0.6
[INFO] [stderr]     Checking smallvec v1.3.0
[INFO] [stderr]     Checking matches v0.1.8
[INFO] [stderr]    Compiling getrandom v0.1.14
[INFO] [stderr]     Checking unicode-bidi v0.3.4
[INFO] [stderr]     Checking futures-core v0.3.4
[INFO] [stderr]    Compiling typenum v1.12.0
[INFO] [stderr]    Compiling byteorder v1.3.4
[INFO] [stderr]    Compiling rand_core v0.3.1
[INFO] [stderr]     Checking unicode-normalization v0.1.12
[INFO] [stderr]     Checking slab v0.4.2
[INFO] [stderr]    Compiling serde v1.0.106
[INFO] [stderr]    Compiling unicase v1.4.2
[INFO] [stderr]     Checking futures-sink v0.3.4
[INFO] [stderr]    Compiling proc-macro-nested v0.1.4
[INFO] [stderr]    Compiling siphasher v0.2.3
[INFO] [stderr]    Compiling rand_chacha v0.1.1
[INFO] [stderr]    Compiling rand_pcg v0.1.2
[INFO] [stderr]    Compiling rand v0.6.5
[INFO] [stderr]     Checking http v0.2.1
[INFO] [stderr]    Compiling rand_hc v0.1.0
[INFO] [stderr]    Compiling rand_isaac v0.1.1
[INFO] [stderr]    Compiling rand_xorshift v0.1.1
[INFO] [stderr]    Compiling phf_shared v0.7.24
[INFO] [stderr]    Compiling rand_jitter v0.1.4
[INFO] [stderr]    Compiling version_check v0.9.1
[INFO] [stderr]     Checking futures-channel v0.3.4
[INFO] [stderr]    Compiling num-traits v0.2.11
[INFO] [stderr]    Compiling ucd-trie v0.1.3
[INFO] [stderr]     Checking ppv-lite86 v0.2.6
[INFO] [stderr]     Checking futures-task v0.3.4
[INFO] [stderr]     Checking byte-tools v0.3.1
[INFO] [stderr]    Compiling bitflags v1.2.1
[INFO] [stderr]     Checking futures-io v0.3.4
[INFO] [stderr]     Checking pin-utils v0.1.0-alpha.4
[INFO] [stderr]    Compiling httparse v1.3.4
[INFO] [stderr]    Compiling quote v1.0.3
[INFO] [stderr]     Checking net2 v0.2.33
[INFO] [stderr]     Checking iovec v0.1.4
[INFO] [stderr]    Compiling unicase v2.6.0
[INFO] [stderr]     Checking time v0.1.42
[INFO] [stderr]    Compiling pest v2.1.3
[INFO] [stderr]     Checking block-padding v0.1.5
[INFO] [stderr]     Checking rand_core v0.5.1
[INFO] [stderr]    Compiling num-integer v0.1.42
[INFO] [stderr]     Checking mio v0.6.21
[INFO] [stderr]     Checking pin-project-lite v0.1.4
[INFO] [stderr]    Compiling maplit v1.0.2
[INFO] [stderr]     Checking idna v0.2.0
[INFO] [stderr]    Compiling rand_os v0.1.3
[INFO] [stderr]    Compiling phf v0.7.24
[INFO] [stderr]    Compiling proc-quote-impl v0.3.2
[INFO] [stderr]     Checking rand_chacha v0.2.2
[INFO] [stderr]     Checking aho-corasick v0.7.10
[INFO] [stderr]    Compiling indexmap v1.3.2
[INFO] [stderr]     Checking thread_local v1.0.1
[INFO] [stderr]     Checking regex-syntax v0.6.17
[INFO] [stderr]     Checking rand v0.7.3
[INFO] [stderr]     Checking fake-simd v0.1.2
[INFO] [stderr]     Checking quick-error v1.2.3
[INFO] [stderr]    Compiling crc32fast v1.2.1
[INFO] [stderr]    Compiling ryu v1.0.3
[INFO] [stderr]     Checking percent-encoding v2.1.0
[INFO] [stderr]     Checking opaque-debug v0.2.3
[INFO] [stderr]     Checking generic-array v0.12.3
[INFO] [stderr]     Checking url v2.1.1
[INFO] [stderr]     Checking log v0.3.9
[INFO] [stderr]     Checking either v1.5.3
[INFO] [stderr]     Checking digest v0.8.1
[INFO] [stderr]     Checking block-buffer v0.7.3
[INFO] [stderr]    Compiling same-file v1.0.6
[INFO] [stderr]    Compiling mime_guess v2.0.3
[INFO] [stderr]     Checking itertools v0.8.2
[INFO] [stderr]     Checking sha-1 v0.8.2
[INFO] [stderr]    Compiling walkdir v2.3.1
[INFO] [stderr]     Checking mime v0.2.6
[INFO] [stderr]     Checking idna v0.1.5
[INFO] [stderr]     Checking atty v0.2.14
[INFO] [stderr]    Compiling pest_meta v2.1.3
[INFO] [stderr]     Checking input_buffer v0.3.1
[INFO] [stderr]     Checking rle-decode-fast v1.0.1
[INFO] [stderr]     Checking libflate_lz77 v1.0.0
[INFO] [stderr]     Checking chrono v0.4.11
[INFO] [stderr]     Checking base64 v0.11.0
[INFO] [stderr]     Checking utf-8 v0.7.5
[INFO] [stderr]     Checking mime v0.3.16
[INFO] [stderr]     Checking adler32 v1.2.0
[INFO] [stderr]     Checking safemem v0.3.3
[INFO] [stderr]     Checking anymap v0.12.1
[INFO] [stderr]     Checking try-lock v0.2.2
[INFO] [stderr]    Compiling doc-comment v0.3.3
[INFO] [stderr]    Compiling phf_generator v0.7.24
[INFO] [stderr]     Checking percent-encoding v1.0.1
[INFO] [stderr]    Compiling protobuf v2.18.1
[INFO] [stderr]     Checking remove_dir_all v0.5.2
[INFO] [stderr]    Compiling phf_codegen v0.7.24
[INFO] [stderr]     Checking url v1.7.2
[INFO] [stderr]     Checking tempfile v3.1.0
[INFO] [stderr]     Checking want v0.3.0
[INFO] [stderr]     Checking buf_redux v0.8.4
[INFO] [stderr]     Checking libflate v1.0.3
[INFO] [stderr]     Checking tungstenite v0.10.1
[INFO] [stderr]     Checking headers-core v0.2.0
[INFO] [stderr]     Checking http-body v0.3.1
[INFO] [stderr]    Compiling mime_guess v1.8.8
[INFO] [stderr]    Compiling rust-embed-utils v5.0.0
[INFO] [stderr]     Checking humantime v1.3.0
[INFO] [stderr]     Checking twoway v0.1.8
[INFO] [stderr]     Checking once_cell v1.3.1
[INFO] [stderr]     Checking unicode-width v0.1.7
[INFO] [stderr]     Checking termcolor v1.1.0
[INFO] [stderr]    Compiling prometheus v0.9.0
[INFO] [stderr]     Checking dtoa v0.4.5
[INFO] [stderr]     Checking hex v0.4.2
[INFO] [stderr]     Checking base64 v0.12.0
[INFO] [stderr]     Checking tower-service v0.3.0
[INFO] [stderr]     Checking unicode-segmentation v1.6.0
[INFO] [stderr]     Checking textwrap v0.11.0
[INFO] [stderr]     Checking vec_map v0.8.1
[INFO] [stderr]     Checking ansi_term v0.11.0
[INFO] [stdout] error[E0658]: custom inner attributes are unstable
[INFO] [stdout]  --> /opt/rustwide/cargo-home/registry/src/index.crates.io-1949cf8c6b5b557f/protobuf-2.18.1/src/descriptor.rs:9:4
[INFO] [stdout]   |
[INFO] [stdout] 9 | #![rustfmt::skip]
[INFO] [stdout]   |    ^^^^^^^^^^^^^
[INFO] [stdout]   |
[INFO] [stdout]   = note: see issue #54726 <https://github.com/rust-lang/rust/issues/54726> for more information
[INFO] [stdout] 
[INFO] [stdout] 
[INFO] [stderr]     Checking urlencoding v1.0.0
[INFO] [stderr]     Checking strsim v0.8.0
[INFO] [stdout] error[E0658]: custom inner attributes are unstable
[INFO] [stdout]  --> /opt/rustwide/cargo-home/registry/src/index.crates.io-1949cf8c6b5b557f/protobuf-2.18.1/src/plugin.rs:9:4
[INFO] [stdout]   |
[INFO] [stdout] 9 | #![rustfmt::skip]
[INFO] [stdout]   |    ^^^^^^^^^^^^^
[INFO] [stdout]   |
[INFO] [stdout]   = note: see issue #54726 <https://github.com/rust-lang/rust/issues/54726> for more information
[INFO] [stdout] 
[INFO] [stdout] 
[INFO] [stdout] error[E0658]: custom inner attributes are unstable
[INFO] [stdout]  --> /opt/rustwide/cargo-home/registry/src/index.crates.io-1949cf8c6b5b557f/protobuf-2.18.1/src/rustproto.rs:9:4
[INFO] [stdout]   |
[INFO] [stdout] 9 | #![rustfmt::skip]
[INFO] [stdout]   |    ^^^^^^^^^^^^^
[INFO] [stdout]   |
[INFO] [stdout]   = note: see issue #54726 <https://github.com/rust-lang/rust/issues/54726> for more information
[INFO] [stdout] 
[INFO] [stdout] 
[INFO] [stdout] error[E0658]: custom inner attributes are unstable
[INFO] [stdout]  --> /opt/rustwide/cargo-home/registry/src/index.crates.io-1949cf8c6b5b557f/protobuf-2.18.1/src/well_known_types/any.rs:9:4
[INFO] [stdout]   |
[INFO] [stdout] 9 | #![rustfmt::skip]
[INFO] [stdout]   |    ^^^^^^^^^^^^^
[INFO] [stdout]   |
[INFO] [stdout]   = note: see issue #54726 <https://github.com/rust-lang/rust/issues/54726> for more information
[INFO] [stdout] 
[INFO] [stdout] 
[INFO] [stdout] error[E0658]: custom inner attributes are unstable
[INFO] [stdout]  --> /opt/rustwide/cargo-home/registry/src/index.crates.io-1949cf8c6b5b557f/protobuf-2.18.1/src/well_known_types/api.rs:9:4
[INFO] [stdout]   |
[INFO] [stdout] 9 | #![rustfmt::skip]
[INFO] [stdout]   |    ^^^^^^^^^^^^^
[INFO] [stdout]   |
[INFO] [stdout]   = note: see issue #54726 <https://github.com/rust-lang/rust/issues/54726> for more information
[INFO] [stdout] 
[INFO] [stdout] 
[INFO] [stdout] error[E0658]: custom inner attributes are unstable
[INFO] [stdout]  --> /opt/rustwide/cargo-home/registry/src/index.crates.io-1949cf8c6b5b557f/protobuf-2.18.1/src/well_known_types/duration.rs:9:4
[INFO] [stdout]   |
[INFO] [stdout] 9 | #![rustfmt::skip]
[INFO] [stdout]   |    ^^^^^^^^^^^^^
[INFO] [stdout]   |
[INFO] [stdout]   = note: see issue #54726 <https://github.com/rust-lang/rust/issues/54726> for more information
[INFO] [stdout] 
[INFO] [stdout] 
[INFO] [stdout] error[E0658]: custom inner attributes are unstable
[INFO] [stdout]  --> /opt/rustwide/cargo-home/registry/src/index.crates.io-1949cf8c6b5b557f/protobuf-2.18.1/src/well_known_types/empty.rs:9:4
[INFO] [stdout]   |
[INFO] [stdout] 9 | #![rustfmt::skip]
[INFO] [stdout]   |    ^^^^^^^^^^^^^
[INFO] [stdout]   |
[INFO] [stdout]   = note: see issue #54726 <https://github.com/rust-lang/rust/issues/54726> for more information
[INFO] [stdout] 
[INFO] [stdout] 
[INFO] [stdout] error[E0658]: custom inner attributes are unstable
[INFO] [stdout]  --> /opt/rustwide/cargo-home/registry/src/index.crates.io-1949cf8c6b5b557f/protobuf-2.18.1/src/well_known_types/field_mask.rs:9:4
[INFO] [stdout]   |
[INFO] [stdout] 9 | #![rustfmt::skip]
[INFO] [stdout]   |    ^^^^^^^^^^^^^
[INFO] [stdout]   |
[INFO] [stdout]   = note: see issue #54726 <https://github.com/rust-lang/rust/issues/54726> for more information
[INFO] [stdout] 
[INFO] [stdout] 
[INFO] [stdout] error[E0658]: custom inner attributes are unstable
[INFO] [stdout]  --> /opt/rustwide/cargo-home/registry/src/index.crates.io-1949cf8c6b5b557f/protobuf-2.18.1/src/well_known_types/source_context.rs:9:4
[INFO] [stdout]   |
[INFO] [stdout] 9 | #![rustfmt::skip]
[INFO] [stdout]   |    ^^^^^^^^^^^^^
[INFO] [stdout]   |
[INFO] [stdout]   = note: see issue #54726 <https://github.com/rust-lang/rust/issues/54726> for more information
[INFO] [stdout] 
[INFO] [stdout] 
[INFO] [stdout] error[E0658]: custom inner attributes are unstable
[INFO] [stdout]  --> /opt/rustwide/cargo-home/registry/src/index.crates.io-1949cf8c6b5b557f/protobuf-2.18.1/src/well_known_types/struct_pb.rs:9:4
[INFO] [stdout]   |
[INFO] [stdout] 9 | #![rustfmt::skip]
[INFO] [stdout]   |    ^^^^^^^^^^^^^
[INFO] [stdout]   |
[INFO] [stdout]   = note: see issue #54726 <https://github.com/rust-lang/rust/issues/54726> for more information
[INFO] [stdout] 
[INFO] [stdout] 
[INFO] [stdout] error[E0658]: custom inner attributes are unstable
[INFO] [stdout]  --> /opt/rustwide/cargo-home/registry/src/index.crates.io-1949cf8c6b5b557f/protobuf-2.18.1/src/well_known_types/timestamp.rs:9:4
[INFO] [stdout]   |
[INFO] [stdout] 9 | #![rustfmt::skip]
[INFO] [stdout]   |    ^^^^^^^^^^^^^
[INFO] [stdout]   |
[INFO] [stdout]   = note: see issue #54726 <https://github.com/rust-lang/rust/issues/54726> for more information
[INFO] [stdout] 
[INFO] [stdout] 
[INFO] [stdout] error[E0658]: custom inner attributes are unstable
[INFO] [stdout]  --> /opt/rustwide/cargo-home/registry/src/index.crates.io-1949cf8c6b5b557f/protobuf-2.18.1/src/well_known_types/type_pb.rs:9:4
[INFO] [stdout]   |
[INFO] [stdout] 9 | #![rustfmt::skip]
[INFO] [stdout]   |    ^^^^^^^^^^^^^
[INFO] [stdout]   |
[INFO] [stdout]   = note: see issue #54726 <https://github.com/rust-lang/rust/issues/54726> for more information
[INFO] [stdout] 
[INFO] [stdout] 
[INFO] [stdout] error[E0658]: custom inner attributes are unstable
[INFO] [stdout]  --> /opt/rustwide/cargo-home/registry/src/index.crates.io-1949cf8c6b5b557f/protobuf-2.18.1/src/well_known_types/wrappers.rs:9:4
[INFO] [stdout]   |
[INFO] [stdout] 9 | #![rustfmt::skip]
[INFO] [stdout]   |    ^^^^^^^^^^^^^
[INFO] [stdout]   |
[INFO] [stdout]   = note: see issue #54726 <https://github.com/rust-lang/rust/issues/54726> for more information
[INFO] [stdout] 
[INFO] [stdout] 
[INFO] [stderr]     Checking scoped-tls v1.0.0
[INFO] [stderr]     Checking spin v0.5.2
[INFO] [stderr]     Checking simple-icons v0.1.0
[INFO] [stderr]     Checking htmlescape v0.3.1
[INFO] [stderr]     Checking regex v1.3.6
[INFO] [stderr]     Checking headers v0.3.2
[INFO] [stderr]     Checking clap v2.33.0
[INFO] [stderr]     Checking procfs v0.7.9
[INFO] [stderr]     Checking multipart v0.16.1
[INFO] [stderr]     Checking env_logger v0.7.1
[INFO] [stderr]    Compiling proc-quote v0.3.2
[INFO] [stderr]    Compiling pest_generator v2.1.3
[INFO] [stderr]     Checking pretty_env_logger v0.4.0
[INFO] [stderr]    Compiling serde_derive v1.0.106
[INFO] [stderr]    Compiling futures-macro v0.3.4
[INFO] [stderr]    Compiling tokio-macros v0.2.5
[INFO] [stderr]    Compiling pin-project-internal v0.4.9
[INFO] [stderr]    Compiling liquid-derive v0.20.0
[INFO] [stderr]    Compiling thiserror-impl v1.0.23
[INFO] [stderr]    Compiling rust-embed-impl v5.5.1
[INFO] [stderr]    Compiling pest_derive v2.1.0
[INFO] [stdout] For more information about this error, try `rustc --explain E0658`.
[INFO] [stdout] 
[INFO] [stderr] error: could not compile `protobuf` (lib) due to 13 previous errors
[INFO] [stderr] warning: build failed, waiting for other jobs to finish...
[INFO] running `Command { std: "docker" "inspect" "7f159f4bc14c90d0a446f6931bd093722211aa3eca214ffe17e1e9bbb81b5cbe", kill_on_drop: false }`
[INFO] running `Command { std: "docker" "rm" "-f" "7f159f4bc14c90d0a446f6931bd093722211aa3eca214ffe17e1e9bbb81b5cbe", kill_on_drop: false }`
[INFO] [stdout] 7f159f4bc14c90d0a446f6931bd093722211aa3eca214ffe17e1e9bbb81b5cbe
