[INFO] cloning repository https://github.com/xingfly/rust_pro_4
[INFO] running `Command { std: "git" "-c" "credential.helper=" "-c" "credential.helper=/workspace/cargo-home/bin/git-credential-null" "clone" "--bare" "https://github.com/xingfly/rust_pro_4" "/workspace/cache/git-repos/https%3A%2F%2Fgithub.com%2Fxingfly%2Frust_pro_4", kill_on_drop: false }`
[INFO] [stderr] Cloning into bare repository '/workspace/cache/git-repos/https%3A%2F%2Fgithub.com%2Fxingfly%2Frust_pro_4'...
[INFO] running `Command { std: "git" "rev-parse" "HEAD", kill_on_drop: false }`
[INFO] [stdout] fbb37d14b8b98c6c5c62e0c544e791b2dc4038fa
[INFO] documenting xingfly/rust_pro_4 against 1.85.0 for beta-1.86-rustdoc-1
[INFO] running `Command { std: "git" "clone" "/workspace/cache/git-repos/https%3A%2F%2Fgithub.com%2Fxingfly%2Frust_pro_4" "/workspace/builds/worker-5-tc1/source", kill_on_drop: false }`
[INFO] [stderr] Cloning into '/workspace/builds/worker-5-tc1/source'...
[INFO] [stderr] done.
[INFO] validating manifest of git repo https://github.com/xingfly/rust_pro_4 on toolchain 1.85.0
[INFO] running `Command { std: CARGO_HOME="/workspace/cargo-home" RUSTUP_HOME="/workspace/rustup-home" "/workspace/cargo-home/bin/cargo" "+1.85.0" "metadata" "--manifest-path" "Cargo.toml" "--no-deps", kill_on_drop: false }`
[INFO] started tweaking git repo https://github.com/xingfly/rust_pro_4
[INFO] finished tweaking git repo https://github.com/xingfly/rust_pro_4
[INFO] tweaked toml for git repo https://github.com/xingfly/rust_pro_4 written to /workspace/builds/worker-5-tc1/source/Cargo.toml
[INFO] crate git repo https://github.com/xingfly/rust_pro_4 already has a lockfile, it will not be regenerated
[INFO] running `Command { std: CARGO_HOME="/workspace/cargo-home" RUSTUP_HOME="/workspace/rustup-home" "/workspace/cargo-home/bin/cargo" "+1.85.0" "fetch" "--manifest-path" "Cargo.toml", kill_on_drop: false }`
[INFO] [stderr]  Downloading crates ...
[INFO] [stderr]   Downloaded scale-info-derive v0.7.0
[INFO] [stderr]   Downloaded parity-ws v0.10.1
[INFO] [stderr]   Downloaded scale-info v0.10.0
[INFO] [stderr]   Downloaded shlex v1.0.0
[INFO] [stderr]   Downloaded target-lexicon v0.12.1
[INFO] [stderr]   Downloaded kvdb-rocksdb v0.12.1
[INFO] [stderr]   Downloaded finality-grandpa v0.14.3
[INFO] [stderr]   Downloaded parity-scale-codec v2.2.0
[INFO] [stderr]   Downloaded parity-util-mem v0.10.0
[INFO] [stderr]   Downloaded parity-scale-codec-derive v2.2.0
[INFO] running `Command { std: "docker" "create" "-v" "/var/lib/crater-agent-workspace/builds/worker-5-tc1/target:/opt/rustwide/target:rw,Z" "-v" "/var/lib/crater-agent-workspace/builds/worker-5-tc1/source:/opt/rustwide/workdir:ro,Z" "-v" "/var/lib/crater-agent-workspace/cargo-home:/opt/rustwide/cargo-home:ro,Z" "-v" "/var/lib/crater-agent-workspace/rustup-home:/opt/rustwide/rustup-home:ro,Z" "-e" "SOURCE_DIR=/opt/rustwide/workdir" "-e" "CARGO_TARGET_DIR=/opt/rustwide/target" "-e" "CARGO_HOME=/opt/rustwide/cargo-home" "-e" "RUSTUP_HOME=/opt/rustwide/rustup-home" "-w" "/opt/rustwide/workdir" "-m" "1610612736" "--user" "0:0" "--network" "none" "ghcr.io/rust-lang/crates-build-env/linux@sha256:3959728d45483eb673ba100a951a6b9f5012970368db2a9e08e0ac9b67c8a5ad" "/opt/rustwide/cargo-home/bin/cargo" "+1.85.0" "metadata" "--no-deps" "--format-version=1", kill_on_drop: false }`
[INFO] [stdout] bb59f6f590cf83ea491dc9493dae571e51aceae874b9dfb87fef228c3f2be517
[INFO] running `Command { std: "docker" "start" "-a" "bb59f6f590cf83ea491dc9493dae571e51aceae874b9dfb87fef228c3f2be517", kill_on_drop: false }`
[INFO] running `Command { std: "docker" "inspect" "bb59f6f590cf83ea491dc9493dae571e51aceae874b9dfb87fef228c3f2be517", kill_on_drop: false }`
[INFO] running `Command { std: "docker" "rm" "-f" "bb59f6f590cf83ea491dc9493dae571e51aceae874b9dfb87fef228c3f2be517", kill_on_drop: false }`
[INFO] [stdout] bb59f6f590cf83ea491dc9493dae571e51aceae874b9dfb87fef228c3f2be517
[INFO] running `Command { std: "docker" "create" "-v" "/var/lib/crater-agent-workspace/builds/worker-5-tc1/target:/opt/rustwide/target:rw,Z" "-v" "/var/lib/crater-agent-workspace/builds/worker-5-tc1/source:/opt/rustwide/workdir:ro,Z" "-v" "/var/lib/crater-agent-workspace/cargo-home:/opt/rustwide/cargo-home:ro,Z" "-v" "/var/lib/crater-agent-workspace/rustup-home:/opt/rustwide/rustup-home:ro,Z" "-e" "SOURCE_DIR=/opt/rustwide/workdir" "-e" "CARGO_TARGET_DIR=/opt/rustwide/target" "-e" "CARGO_INCREMENTAL=0" "-e" "RUST_BACKTRACE=full" "-e" "RUSTFLAGS=--cap-lints=warn" "-e" "RUSTDOCFLAGS=--cap-lints=warn" "-e" "CARGO_HOME=/opt/rustwide/cargo-home" "-e" "RUSTUP_HOME=/opt/rustwide/rustup-home" "-w" "/opt/rustwide/workdir" "-m" "1610612736" "--user" "0:0" "--network" "none" "ghcr.io/rust-lang/crates-build-env/linux@sha256:3959728d45483eb673ba100a951a6b9f5012970368db2a9e08e0ac9b67c8a5ad" "/opt/rustwide/cargo-home/bin/cargo" "+1.85.0" "doc" "--frozen" "--no-deps" "--document-private-items" "--message-format=json", kill_on_drop: false }`
[INFO] [stdout] 144c8e848bb4915a09fef892dd6dba7d474d785e9fdbe9d8f49651f2894addf0
[INFO] running `Command { std: "docker" "start" "-a" "144c8e848bb4915a09fef892dd6dba7d474d785e9fdbe9d8f49651f2894addf0", kill_on_drop: false }`
[INFO] [stderr]    Compiling proc-macro2 v1.0.28
[INFO] [stderr]    Compiling unicode-xid v0.2.2
[INFO] [stderr]    Compiling libc v0.2.98
[INFO] [stderr]    Compiling syn v1.0.74
[INFO] [stderr]    Compiling version_check v0.9.3
[INFO] [stderr]     Checking cfg-if v1.0.0
[INFO] [stderr]    Compiling autocfg v1.0.1
[INFO] [stderr]    Compiling serde_derive v1.0.130
[INFO] [stderr]    Compiling serde v1.0.130
[INFO] [stderr]    Compiling log v0.4.14
[INFO] [stderr]    Compiling value-bag v1.0.0-alpha.7
[INFO] [stderr]     Checking scopeguard v1.1.0
[INFO] [stderr]    Compiling memchr v2.4.0
[INFO] [stderr]     Checking smallvec v1.6.1
[INFO] [stderr]     Checking instant v0.1.10
[INFO] [stderr]     Checking lock_api v0.4.4
[INFO] [stderr]    Compiling ahash v0.7.4
[INFO] [stderr]     Checking lazy_static v1.4.0
[INFO] [stderr]    Compiling typenum v1.13.0
[INFO] [stderr]    Compiling quote v1.0.9
[INFO] [stderr]     Checking futures v0.1.31
[INFO] [stderr]     Checking slab v0.4.3
[INFO] [stderr]     Checking byteorder v1.4.3
[INFO] [stderr]     Checking cfg-if v0.1.10
[INFO] [stderr]     Checking ppv-lite86 v0.2.10
[INFO] [stderr]    Compiling jobserver v0.1.22
[INFO] [stderr]    Compiling futures-core v0.3.16
[INFO] [stderr]     Checking parking_lot_core v0.8.3
[INFO] [stderr]     Checking num_cpus v1.13.0
[INFO] [stderr]     Checking pin-project-lite v0.2.7
[INFO] [stderr]     Checking parking_lot v0.11.1
[INFO] [stderr]    Compiling cc v1.0.69
[INFO] [stderr]     Checking once_cell v1.8.0
[INFO] [stderr]    Compiling generic-array v0.14.4
[INFO] [stderr]     Checking futures-io v0.3.16
[INFO] [stderr]     Checking getrandom v0.2.3
[INFO] [stderr]    Compiling anyhow v1.0.42
[INFO] [stderr]     Checking futures-sink v0.3.16
[INFO] [stderr]    Compiling proc-macro-hack v0.5.19
[INFO] [stderr]    Compiling futures-macro v0.3.16
[INFO] [stderr]    Compiling futures-task v0.3.16
[INFO] [stderr]    Compiling proc-macro-nested v0.1.7
[INFO] [stderr]    Compiling futures-channel v0.3.16
[INFO] [stderr]    Compiling futures-util v0.3.16
[INFO] [stderr]    Compiling getrandom v0.1.16
[INFO] [stderr]     Checking pin-utils v0.1.0
[INFO] [stderr]     Checking subtle v2.4.1
[INFO] [stderr]     Checking either v1.6.1
[INFO] [stderr]     Checking opaque-debug v0.3.0
[INFO] [stderr]     Checking digest v0.9.0
[INFO] [stderr]     Checking tinyvec_macros v0.1.0
[INFO] [stderr]     Checking static_assertions v1.1.0
[INFO] [stderr]     Checking generic-array v0.12.4
[INFO] [stderr]     Checking tinyvec v1.3.1
[INFO] [stderr]     Checking block-padding v0.2.1
[INFO] [stderr]     Checking rand_core v0.5.1
[INFO] [stderr]    Compiling crunchy v0.2.2
[INFO] [stderr]     Checking block-buffer v0.9.0
[INFO] [stderr]     Checking cpufeatures v0.1.5
[INFO] [stderr]     Checking crypto-mac v0.8.0
[INFO] [stderr]     Checking digest v0.8.1
[INFO] [stderr]     Checking byte-tools v0.3.1
[INFO] [stderr]     Checking rand_chacha v0.2.2
[INFO] [stderr]     Checking rand_pcg v0.2.1
[INFO] [stderr]     Checking hashbrown v0.11.2
[INFO] [stderr]     Checking arrayref v0.3.6
[INFO] [stderr]     Checking block-padding v0.1.5
[INFO] [stderr]     Checking sha2 v0.9.5
[INFO] [stderr]     Checking rand_core v0.6.3
[INFO] [stderr]     Checking rand v0.7.3
[INFO] [stderr]     Checking constant_time_eq v0.1.5
[INFO] [stderr]     Checking arrayvec v0.5.2
[INFO] [stderr]     Checking keccak v0.1.0
[INFO] [stderr]     Checking rand_chacha v0.3.1
[INFO] [stderr]     Checking block-buffer v0.7.3
[INFO] [stderr]     Checking fake-simd v0.1.2
[INFO] [stderr]     Checking opaque-debug v0.2.3
[INFO] [stderr]     Checking subtle v1.0.0
[INFO] [stderr]     Checking itoa v0.4.7
[INFO] [stderr]     Checking sha2 v0.8.2
[INFO] [stderr]     Checking crypto-mac v0.7.0
[INFO] [stderr]     Checking signature v1.3.1
[INFO] [stderr]     Checking regex-syntax v0.6.25
[INFO] [stderr]     Checking rand v0.8.4
[INFO] [stderr]     Checking hmac v0.7.1
[INFO] [stderr]    Compiling radium v0.6.2
[INFO] [stderr]     Checking unicode-normalization v0.1.19
[INFO] [stderr]     Checking hmac-drbg v0.2.0
[INFO] [stderr]     Checking ed25519 v1.2.0
[INFO] [stderr]    Compiling ryu v1.0.5
[INFO] [stderr]    Compiling libm v0.2.1
[INFO] [stderr]     Checking aho-corasick v0.7.18
[INFO] [stderr]     Checking libsecp256k1 v0.3.5
[INFO] [stderr]    Compiling num-traits v0.2.14
[INFO] [stderr]    Compiling indexmap v1.7.0
[INFO] [stderr]    Compiling serde_json v1.0.67
[INFO] [stderr]     Checking regex v1.5.4
[INFO] [stderr]     Checking lock_api v0.3.4
[INFO] [stderr]     Checking tap v1.0.1
[INFO] [stderr]     Checking wyz v0.2.0
[INFO] [stderr]     Checking funty v1.1.0
[INFO] [stderr]     Checking byte-slice-cast v1.0.0
[INFO] [stderr]     Checking arrayvec v0.7.1
[INFO] [stderr]    Compiling num-integer v0.1.44
[INFO] [stderr]     Checking hex v0.4.3
[INFO] [stderr]     Checking rustc-hash v1.1.0
[INFO] [stderr]     Checking bitvec v0.20.4
[INFO] [stderr]     Checking tracing-core v0.1.18
[INFO] [stderr]     Checking uint v0.9.1
[INFO] [stderr]    Compiling miniz_oxide v0.4.4
[INFO] [stderr]     Checking rustc-hex v2.1.0
[INFO] [stderr]     Checking parking_lot_core v0.7.2
[INFO] [stderr]     Checking adler v1.0.2
[INFO] [stderr]     Checking fixed-hash v0.7.0
[INFO] [stderr]     Checking parking_lot v0.10.2
[INFO] [stderr]    Compiling zstd-sys v1.4.20+zstd.1.4.9
[INFO] [stderr]     Checking time v0.1.44
[INFO] [stderr]    Compiling arrayvec v0.4.12
[INFO] [stderr]    Compiling parity-util-mem v0.10.0
[INFO] [stderr]    Compiling num-bigint v0.2.6
[INFO] [stderr]     Checking sp-std v4.0.0-dev (https://github.com/paritytech/substrate.git?tag=monthly-2021-08#4d28ebeb)
[INFO] [stderr]    Compiling num-rational v0.2.4
[INFO] [stderr]    Compiling zstd-safe v3.0.1+zstd.1.4.9
[INFO] [stderr]    Compiling erased-serde v0.3.16
[INFO] [stderr]    Compiling ref-cast v1.0.6
[INFO] [stderr]     Checking parity-wasm v0.42.2
[INFO] [stderr]    Compiling synstructure v0.12.5
[INFO] [stderr]     Checking chrono v0.4.19
[INFO] [stderr]     Checking regex-automata v0.1.10
[INFO] [stderr]     Checking fnv v1.0.7
[INFO] [stderr]    Compiling slog v2.7.0
[INFO] [stderr]     Checking wasmi-validation v0.4.0
[INFO] [stderr]     Checking thread_local v1.1.3
[INFO] [stderr]     Checking sharded-slab v0.1.1
[INFO] [stderr]     Checking nodrop v0.1.14
[INFO] [stderr]     Checking memory_units v0.3.0
[INFO] [stderr]     Checking hash-db v0.15.2
[INFO] [stderr]     Checking downcast-rs v1.2.0
[INFO] [stderr]     Checking ansi_term v0.12.1
[INFO] [stderr]    Compiling backtrace v0.3.61
[INFO] [stderr]     Checking matchers v0.0.1
[INFO] [stderr]     Checking wasmi v0.9.0
[INFO] [stderr]    Compiling tiny-keccak v2.0.2
[INFO] [stderr]     Checking gimli v0.25.0
[INFO] [stderr]     Checking environmental v1.1.3
[INFO] [stderr]     Checking blake2-rfc v0.2.18
[INFO] [stderr]     Checking pbkdf2 v0.3.0
[INFO] [stderr]     Checking pbkdf2 v0.4.0
[INFO] [stderr]     Checking hmac v0.8.1
[INFO] [stderr]     Checking object v0.26.0
[INFO] [stderr]    Compiling async-trait v0.1.51
[INFO] [stderr]     Checking dyn-clone v1.0.4
[INFO] [stderr]     Checking rustc-demangle v0.1.20
[INFO] [stderr]     Checking twox-hash v1.6.0
[INFO] [stderr]     Checking hash256-std-hasher v0.15.2
[INFO] [stderr]     Checking base58 v0.1.0
[INFO] [stderr]    Compiling Inflector v0.11.4
[INFO] [stderr]    Compiling ctor v0.1.20
[INFO] [stderr]    Compiling thiserror-impl v1.0.26
[INFO] [stderr]    Compiling zeroize_derive v1.1.0
[INFO] [stderr]     Checking zeroize v1.4.1
[INFO] [stderr]     Checking curve25519-dalek v3.1.0
[INFO] [stderr]    Compiling impl-trait-for-tuples v0.2.1
[INFO] [stderr]    Compiling thiserror v1.0.26
[INFO] [stderr]    Compiling tracing-attributes v0.1.15
[INFO] [stderr]    Compiling parity-util-mem-derive v0.1.0
[INFO] [stderr]    Compiling sp-debug-derive v3.0.0 (https://github.com/paritytech/substrate.git?tag=monthly-2021-08#4d28ebeb)
[INFO] [stderr]    Compiling ref-cast-impl v1.0.6
[INFO] [stderr]     Checking tracing-log v0.1.2
[INFO] [stderr]     Checking curve25519-dalek v2.1.3
[INFO] [stderr]     Checking merlin v2.0.1
[INFO] [stderr]     Checking addr2line v0.16.0
[INFO] [stderr]    Compiling dyn-clonable-impl v0.9.0
[INFO] [stderr]     Checking tiny-bip39 v0.8.0
[INFO] [stderr]     Checking secrecy v0.7.0
[INFO] [stderr]     Checking tracing v0.1.26
[INFO] [stderr]    Compiling convert_case v0.4.0
[INFO] [stderr]     Checking schnorrkel v0.9.1
[INFO] [stderr]     Checking trie-db v0.22.6
[INFO] [stderr]     Checking dyn-clonable v0.9.0
[INFO] [stderr]     Checking trie-root v0.16.0
[INFO] [stderr]    Compiling derive_more v0.99.16
[INFO] [stderr]    Compiling paste v1.0.5
[INFO] [stderr]     Checking substrate-bip39 v0.4.2
[INFO] [stderr]     Checking sp-panic-handler v3.0.0 (https://github.com/paritytech/substrate.git?tag=monthly-2021-08#4d28ebeb)
[INFO] [stdout] error: couldn't create a temp dir: No space left on device (os error 28) at path "/opt/rustwide/target/debug/deps/rmetacumays"
[INFO] [stdout] 
[INFO] [stdout] 
[INFO] [stderr] rustc-LLVM ERROR: IO failure on output stream: No space left on device
[INFO] [stderr] error: could not compile `paste` (lib) due to 1 previous error
[INFO] [stderr] warning: build failed, waiting for other jobs to finish...
[INFO] [stderr] error: could not compile `async-trait` (lib)
[INFO] [stderr] 
[INFO] [stderr] Caused by:
[INFO] [stderr]   No space left on device (os error 28)
[INFO] [stderr] 
[INFO] [stderr] Caused by:
[INFO] [stderr]   failed to parse process output: `/opt/rustwide/rustup-home/toolchains/1.85.0-x86_64-unknown-linux-gnu/bin/rustc --crate-name async_trait --edition=2018 /opt/rustwide/cargo-home/registry/src/index.crates.io-1949cf8c6b5b557f/async-trait-0.1.51/src/lib.rs --error-format=json --json=diagnostic-rendered-ansi,artifacts,future-incompat --crate-type proc-macro --emit=dep-info,link -C prefer-dynamic -C embed-bitcode=no --check-cfg 'cfg(docsrs,test)' --check-cfg 'cfg(feature, values())' -C metadata=2c99600ce7bb4c03 -C extra-filename=-294a48c535720d00 --out-dir /opt/rustwide/target/debug/deps -L dependency=/opt/rustwide/target/debug/deps --extern proc_macro2=/opt/rustwide/target/debug/deps/libproc_macro2-277ede7647037640.rlib --extern quote=/opt/rustwide/target/debug/deps/libquote-a11c44e431dcfebd.rlib --extern syn=/opt/rustwide/target/debug/deps/libsyn-ca25026eba6e0a85.rlib --extern proc_macro --cap-lints allow --cap-lints=warn` (exit status: 101)
[INFO] [stderr] rustc-LLVM ERROR: IO failure on output stream: No space left on device
[INFO] [stderr] error: could not compile `impl-trait-for-tuples` (lib)
[INFO] [stderr] 
[INFO] [stderr] Caused by:
[INFO] [stderr]   No space left on device (os error 28)
[INFO] [stderr] 
[INFO] [stderr] Caused by:
[INFO] [stderr]   failed to parse process output: `/opt/rustwide/rustup-home/toolchains/1.85.0-x86_64-unknown-linux-gnu/bin/rustc --crate-name impl_trait_for_tuples --edition=2018 /opt/rustwide/cargo-home/registry/src/index.crates.io-1949cf8c6b5b557f/impl-trait-for-tuples-0.2.1/src/lib.rs --error-format=json --json=diagnostic-rendered-ansi,artifacts,future-incompat --crate-type proc-macro --emit=dep-info,link -C prefer-dynamic -C embed-bitcode=no --check-cfg 'cfg(docsrs,test)' --check-cfg 'cfg(feature, values())' -C metadata=615bd157fb8e7dd8 -C extra-filename=-414d928e37dab887 --out-dir /opt/rustwide/target/debug/deps -L dependency=/opt/rustwide/target/debug/deps --extern proc_macro2=/opt/rustwide/target/debug/deps/libproc_macro2-277ede7647037640.rlib --extern quote=/opt/rustwide/target/debug/deps/libquote-a11c44e431dcfebd.rlib --extern syn=/opt/rustwide/target/debug/deps/libsyn-ca25026eba6e0a85.rlib --extern proc_macro --cap-lints allow --cap-lints=warn` (exit status: 101)
[INFO] [stdout] error: failed to write to `/opt/rustwide/target/debug/deps/rmetataiiIV/lib.rmeta`: No space left on device (os error 28)
[INFO] [stdout] 
[INFO] [stdout] 
[INFO] [stderr] error: could not compile `sp-panic-handler` (lib) due to 1 previous error
[INFO] [stdout] error: error writing dependencies to `/opt/rustwide/target/debug/deps/derive_more-6fcd715b54923720.d`: No space left on device (os error 28)
[INFO] [stdout] 
[INFO] [stdout] 
[INFO] [stderr] rustc-LLVM ERROR: IO failure on output stream: No space left on device
[INFO] [stderr] error: could not compile `derive_more` (lib) due to 1 previous error
[INFO] [stderr] error: could not compile `serde_derive` (lib)
[INFO] [stderr] 
[INFO] [stderr] Caused by:
[INFO] [stderr]   No space left on device (os error 28)
[INFO] [stderr] 
[INFO] [stderr] Caused by:
[INFO] [stderr]   failed to parse process output: `/opt/rustwide/rustup-home/toolchains/1.85.0-x86_64-unknown-linux-gnu/bin/rustc --crate-name serde_derive --edition=2015 /opt/rustwide/cargo-home/registry/src/index.crates.io-1949cf8c6b5b557f/serde_derive-1.0.130/src/lib.rs --error-format=json --json=diagnostic-rendered-ansi,artifacts,future-incompat --crate-type proc-macro --emit=dep-info,link -C prefer-dynamic -C embed-bitcode=no --cfg 'feature="default"' --check-cfg 'cfg(docsrs,test)' --check-cfg 'cfg(feature, values("default", "deserialize_in_place"))' -C metadata=d9a30071e89f25f3 -C extra-filename=-58e6eda9590e2953 --out-dir /opt/rustwide/target/debug/deps -L dependency=/opt/rustwide/target/debug/deps --extern proc_macro2=/opt/rustwide/target/debug/deps/libproc_macro2-277ede7647037640.rlib --extern quote=/opt/rustwide/target/debug/deps/libquote-a11c44e431dcfebd.rlib --extern syn=/opt/rustwide/target/debug/deps/libsyn-ca25026eba6e0a85.rlib --extern proc_macro --cap-lints allow --cap-lints=warn --cfg underscore_consts --cfg ptr_addr_of` (exit status: 101)
[INFO] [stderr] warning: zstd-sys@1.4.20+zstd.1.4.9: zstd/lib/common/zstd_trace.c:40:1: fatal error: error writing to /tmp/ccYbUHii.s: No space left on device
[INFO] [stderr] warning: zstd-sys@1.4.20+zstd.1.4.9:    40 | }
[INFO] [stderr] warning: zstd-sys@1.4.20+zstd.1.4.9:       | ^
[INFO] [stderr] warning: zstd-sys@1.4.20+zstd.1.4.9: compilation terminated.
[INFO] [stderr] warning: zstd-sys@1.4.20+zstd.1.4.9: zstd/lib/common/entropy_common.c:362:1: fatal error: error writing to /tmp/ccINxtmI.s: No space left on device
[INFO] [stderr] warning: zstd-sys@1.4.20+zstd.1.4.9:   362 | }
[INFO] [stderr] warning: zstd-sys@1.4.20+zstd.1.4.9:       | ^
[INFO] [stderr] warning: zstd-sys@1.4.20+zstd.1.4.9: compilation terminated.
[INFO] [stderr] error: failed to run custom build command for `zstd-sys v1.4.20+zstd.1.4.9`
[INFO] [stderr] note: To improve backtraces for build dependencies, set the CARGO_PROFILE_DEV_BUILD_OVERRIDE_DEBUG=true environment variable to enable debug information generation.
[INFO] [stderr] 
[INFO] [stderr] Caused by:
[INFO] [stderr]   process didn't exit successfully: `/opt/rustwide/target/debug/build/zstd-sys-ed5a7889d570a6cc/build-script-build` (exit status: 1)
[INFO] [stderr]   --- stdout
[INFO] [stderr]   TARGET = Some("x86_64-unknown-linux-gnu")
[INFO] [stderr]   HOST = Some("x86_64-unknown-linux-gnu")
[INFO] [stderr]   CC_x86_64-unknown-linux-gnu = None
[INFO] [stderr]   CC_x86_64_unknown_linux_gnu = None
[INFO] [stderr]   HOST_CC = None
[INFO] [stderr]   CC = None
[INFO] [stderr]   CFLAGS_x86_64-unknown-linux-gnu = None
[INFO] [stderr]   CFLAGS_x86_64_unknown_linux_gnu = None
[INFO] [stderr]   HOST_CFLAGS = None
[INFO] [stderr]   CFLAGS = None
[INFO] [stderr]   CRATE_CC_NO_DEFAULTS = None
[INFO] [stderr]   DEBUG = Some("true")
[INFO] [stderr]   CARGO_CFG_TARGET_FEATURE = Some("fxsr,sse,sse2")
[INFO] [stderr]   running: "cc" "-O3" "-ffunction-sections" "-fdata-sections" "-fPIC" "-g" "-fno-omit-frame-pointer" "-m64" "-I" "zstd/lib/" "-I" "zstd/lib/common" "-I" "zstd/lib/legacy" "-fvisibility=hidden" "-DZSTD_LIB_DEPRECATED=0" "-DZSTDLIB_VISIBILITY=" "-DZDICTLIB_VISIBILITY=" "-DZSTDERRORLIB_VISIBILITY=" "-o" "/opt/rustwide/target/debug/build/zstd-sys-367d2f3298bd36db/out/zstd/lib/common/zstd_trace.o" "-c" "zstd/lib/common/zstd_trace.c"
[INFO] [stderr]   cargo:warning=zstd/lib/common/zstd_trace.c:40:1: fatal error: error writing to /tmp/ccYbUHii.s: No space left on device
[INFO] [stderr]   cargo:warning=   40 | }
[INFO] [stderr]   cargo:warning=      | ^
[INFO] [stderr]   cargo:warning=compilation terminated.
[INFO] [stderr]   exit status: 1
[INFO] [stderr]   running: "cc" "-O3" "-ffunction-sections" "-fdata-sections" "-fPIC" "-g" "-fno-omit-frame-pointer" "-m64" "-I" "zstd/lib/" "-I" "zstd/lib/common" "-I" "zstd/lib/legacy" "-fvisibility=hidden" "-DZSTD_LIB_DEPRECATED=0" "-DZSTDLIB_VISIBILITY=" "-DZDICTLIB_VISIBILITY=" "-DZSTDERRORLIB_VISIBILITY=" "-o" "/opt/rustwide/target/debug/build/zstd-sys-367d2f3298bd36db/out/zstd/lib/common/entropy_common.o" "-c" "zstd/lib/common/entropy_common.c"
[INFO] [stderr]   cargo:warning=zstd/lib/common/entropy_common.c:362:1: fatal error: error writing to /tmp/ccINxtmI.s: No space left on device
[INFO] [stderr]   cargo:warning=  362 | }
[INFO] [stderr]   cargo:warning=      | ^
[INFO] [stderr]   cargo:warning=compilation terminated.
[INFO] [stderr]   exit status: 1
[INFO] [stderr] 
[INFO] [stderr]   --- stderr
[INFO] [stderr] 
[INFO] [stderr] 
[INFO] [stderr]   error occurred: Command "cc" "-O3" "-ffunction-sections" "-fdata-sections" "-fPIC" "-g" "-fno-omit-frame-pointer" "-m64" "-I" "zstd/lib/" "-I" "zstd/lib/common" "-I" "zstd/lib/legacy" "-fvisibility=hidden" "-DZSTD_LIB_DEPRECATED=0" "-DZSTDLIB_VISIBILITY=" "-DZDICTLIB_VISIBILITY=" "-DZSTDERRORLIB_VISIBILITY=" "-o" "/opt/rustwide/target/debug/build/zstd-sys-367d2f3298bd36db/out/zstd/lib/common/zstd_trace.o" "-c" "zstd/lib/common/zstd_trace.c" with args "cc" did not execute successfully (status code exit status: 1).
[INFO] [stderr] 
[INFO] [stderr] 
[INFO] [stdout] error: couldn't create a temp dir: No space left on device (os error 28) at path "/opt/rustwide/target/debug/deps/rmetaeIVJwB"
[INFO] [stdout] 
[INFO] [stdout] 
[INFO] [stderr] error: could not compile `trie-db` (lib) due to 1 previous error
[INFO] [stdout] error: failed to write to `/opt/rustwide/target/debug/deps/rmetaW0tSGv/lib.rmeta`: No space left on device (os error 28)
[INFO] [stdout] 
[INFO] [stdout] 
[INFO] [stderr] error: could not compile `futures-util` (lib) due to 1 previous error
[INFO] running `Command { std: "docker" "inspect" "144c8e848bb4915a09fef892dd6dba7d474d785e9fdbe9d8f49651f2894addf0", kill_on_drop: false }`
[INFO] running `Command { std: "docker" "rm" "-f" "144c8e848bb4915a09fef892dd6dba7d474d785e9fdbe9d8f49651f2894addf0", kill_on_drop: false }`
[INFO] [stdout] 144c8e848bb4915a09fef892dd6dba7d474d785e9fdbe9d8f49651f2894addf0
