[INFO] cloning repository https://github.com/whymidnight/someplace
[INFO] running `Command { std: "git" "-c" "credential.helper=" "-c" "credential.helper=/workspace/cargo-home/bin/git-credential-null" "clone" "--bare" "https://github.com/whymidnight/someplace" "/workspace/cache/git-repos/https%3A%2F%2Fgithub.com%2Fwhymidnight%2Fsomeplace", kill_on_drop: false }`
[INFO] [stderr] Cloning into bare repository '/workspace/cache/git-repos/https%3A%2F%2Fgithub.com%2Fwhymidnight%2Fsomeplace'...
[INFO] running `Command { std: "git" "rev-parse" "HEAD", kill_on_drop: false }`
[INFO] [stdout] ed365ff87cf347a11d13be741f6faf42e315dea1
[INFO] documenting whymidnight/someplace/ed365ff87cf347a11d13be741f6faf42e315dea1 against 1.85.0 for beta-1.86-rustdoc-1
[INFO] running `Command { std: "git" "clone" "/workspace/cache/git-repos/https%3A%2F%2Fgithub.com%2Fwhymidnight%2Fsomeplace" "/workspace/builds/worker-7-tc1/source", kill_on_drop: false }`
[INFO] [stderr] Cloning into '/workspace/builds/worker-7-tc1/source'...
[INFO] [stderr] done.
[INFO] validating manifest of git repo https://github.com/whymidnight/someplace on toolchain 1.85.0
[INFO] running `Command { std: CARGO_HOME="/workspace/cargo-home" RUSTUP_HOME="/workspace/rustup-home" "/workspace/cargo-home/bin/cargo" "+1.85.0" "metadata" "--manifest-path" "Cargo.toml" "--no-deps", kill_on_drop: false }`
[INFO] started tweaking git repo https://github.com/whymidnight/someplace
[INFO] finished tweaking git repo https://github.com/whymidnight/someplace
[INFO] tweaked toml for git repo https://github.com/whymidnight/someplace written to /workspace/builds/worker-7-tc1/source/Cargo.toml
[INFO] crate git repo https://github.com/whymidnight/someplace already has a lockfile, it will not be regenerated
[INFO] running `Command { std: CARGO_HOME="/workspace/cargo-home" RUSTUP_HOME="/workspace/rustup-home" "/workspace/cargo-home/bin/cargo" "+1.85.0" "fetch" "--manifest-path" "Cargo.toml", kill_on_drop: false }`
[INFO] [stderr] warning: virtual workspace defaulting to `resolver = "1"` despite one or more workspace members being on edition 2021 which implies `resolver = "2"`
[INFO] [stderr] note: to keep the current resolver, specify `workspace.resolver = "1"` in the workspace root's manifest
[INFO] [stderr] note: to use the edition 2021 resolver, specify `workspace.resolver = "2"` in the workspace root's manifest
[INFO] [stderr] note: for more details see https://doc.rust-lang.org/cargo/reference/resolver.html#resolver-versions
[INFO] [stderr]     Updating git repository `https://github.com/media-io/surf`
[INFO] [stderr]  Downloading crates ...
[INFO] [stderr]   Downloaded solana-sdk-macro v1.9.13
[INFO] [stderr]   Downloaded solana-frozen-abi v1.9.13
[INFO] [stderr]   Downloaded solana-frozen-abi-macro v1.9.13
[INFO] [stderr]   Downloaded solana-logger v1.9.13
[INFO] [stderr]   Downloaded solana-program v1.9.13
[INFO] running `Command { std: "docker" "create" "-v" "/var/lib/crater-agent-workspace/builds/worker-7-tc1/target:/opt/rustwide/target:rw,Z" "-v" "/var/lib/crater-agent-workspace/builds/worker-7-tc1/source:/opt/rustwide/workdir:ro,Z" "-v" "/var/lib/crater-agent-workspace/cargo-home:/opt/rustwide/cargo-home:ro,Z" "-v" "/var/lib/crater-agent-workspace/rustup-home:/opt/rustwide/rustup-home:ro,Z" "-e" "SOURCE_DIR=/opt/rustwide/workdir" "-e" "CARGO_TARGET_DIR=/opt/rustwide/target" "-e" "CARGO_HOME=/opt/rustwide/cargo-home" "-e" "RUSTUP_HOME=/opt/rustwide/rustup-home" "-w" "/opt/rustwide/workdir" "-m" "1610612736" "--user" "0:0" "--network" "none" "ghcr.io/rust-lang/crates-build-env/linux@sha256:3959728d45483eb673ba100a951a6b9f5012970368db2a9e08e0ac9b67c8a5ad" "/opt/rustwide/cargo-home/bin/cargo" "+1.85.0" "metadata" "--no-deps" "--format-version=1", kill_on_drop: false }`
[INFO] [stdout] f2999306a80dbf4424839101d15660f9ebb1eaf982b0d30a7e1893ce825eaf97
[INFO] running `Command { std: "docker" "start" "-a" "f2999306a80dbf4424839101d15660f9ebb1eaf982b0d30a7e1893ce825eaf97", kill_on_drop: false }`
[INFO] running `Command { std: "docker" "inspect" "f2999306a80dbf4424839101d15660f9ebb1eaf982b0d30a7e1893ce825eaf97", kill_on_drop: false }`
[INFO] running `Command { std: "docker" "rm" "-f" "f2999306a80dbf4424839101d15660f9ebb1eaf982b0d30a7e1893ce825eaf97", kill_on_drop: false }`
[INFO] [stdout] f2999306a80dbf4424839101d15660f9ebb1eaf982b0d30a7e1893ce825eaf97
[INFO] running `Command { std: "docker" "create" "-v" "/var/lib/crater-agent-workspace/builds/worker-7-tc1/target:/opt/rustwide/target:rw,Z" "-v" "/var/lib/crater-agent-workspace/builds/worker-7-tc1/source:/opt/rustwide/workdir:ro,Z" "-v" "/var/lib/crater-agent-workspace/cargo-home:/opt/rustwide/cargo-home:ro,Z" "-v" "/var/lib/crater-agent-workspace/rustup-home:/opt/rustwide/rustup-home:ro,Z" "-e" "SOURCE_DIR=/opt/rustwide/workdir" "-e" "CARGO_TARGET_DIR=/opt/rustwide/target" "-e" "CARGO_INCREMENTAL=0" "-e" "RUST_BACKTRACE=full" "-e" "RUSTFLAGS=--cap-lints=warn" "-e" "RUSTDOCFLAGS=--cap-lints=warn" "-e" "CARGO_HOME=/opt/rustwide/cargo-home" "-e" "RUSTUP_HOME=/opt/rustwide/rustup-home" "-w" "/opt/rustwide/workdir" "-m" "1610612736" "--user" "0:0" "--network" "none" "ghcr.io/rust-lang/crates-build-env/linux@sha256:3959728d45483eb673ba100a951a6b9f5012970368db2a9e08e0ac9b67c8a5ad" "/opt/rustwide/cargo-home/bin/cargo" "+1.85.0" "doc" "--frozen" "--no-deps" "--document-private-items" "--message-format=json", kill_on_drop: false }`
[INFO] [stdout] 38cb977b2dde34b875453922f6d3fda33c2333a9e063e2ed964ef50fcad8af87
[INFO] running `Command { std: "docker" "start" "-a" "38cb977b2dde34b875453922f6d3fda33c2333a9e063e2ed964ef50fcad8af87", kill_on_drop: false }`
[INFO] [stderr] warning: virtual workspace defaulting to `resolver = "1"` despite one or more workspace members being on edition 2021 which implies `resolver = "2"`
[INFO] [stderr] note: to keep the current resolver, specify `workspace.resolver = "1"` in the workspace root's manifest
[INFO] [stderr] note: to use the edition 2021 resolver, specify `workspace.resolver = "2"` in the workspace root's manifest
[INFO] [stderr] note: for more details see https://doc.rust-lang.org/cargo/reference/resolver.html#resolver-versions
[INFO] [stderr]    Compiling proc-macro2 v1.0.37
[INFO] [stderr]    Compiling unicode-xid v0.2.2
[INFO] [stderr]    Compiling syn v1.0.91
[INFO] [stderr]    Compiling version_check v0.9.3
[INFO] [stderr]    Compiling serde_derive v1.0.136
[INFO] [stderr]    Compiling serde v1.0.136
[INFO] [stderr]    Compiling typenum v1.14.0
[INFO] [stderr]    Compiling libc v0.2.122
[INFO] [stderr]     Checking cfg-if v1.0.0
[INFO] [stderr]    Compiling memchr v2.4.1
[INFO] [stderr]    Compiling generic-array v0.14.4
[INFO] [stderr]    Compiling value-bag v1.0.0-alpha.8
[INFO] [stderr]    Compiling cc v1.0.70
[INFO] [stderr]    Compiling log v0.4.16
[INFO] [stderr]     Checking subtle v2.4.1
[INFO] [stderr]    Compiling autocfg v1.0.1
[INFO] [stderr]     Checking opaque-debug v0.3.0
[INFO] [stderr]    Compiling quote v1.0.9
[INFO] [stderr]     Checking once_cell v1.10.0
[INFO] [stderr]    Compiling ryu v1.0.5
[INFO] [stderr]    Compiling semver v1.0.6
[INFO] [stderr]     Checking lazy_static v1.4.0
[INFO] [stderr]     Checking getrandom v0.2.5
[INFO] [stderr]    Compiling getrandom v0.1.16
[INFO] [stderr]    Compiling crunchy v0.2.2
[INFO] [stderr]     Checking ppv-lite86 v0.2.10
[INFO] [stderr]    Compiling serde_json v1.0.79
[INFO] [stderr]    Compiling anyhow v1.0.44
[INFO] [stderr]     Checking block-padding v0.2.1
[INFO] [stderr]    Compiling rustc_version v0.4.0
[INFO] [stderr]     Checking cpufeatures v0.2.1
[INFO] [stderr]    Compiling futures-core v0.3.21
[INFO] [stderr]    Compiling wasm-bindgen-shared v0.2.79
[INFO] [stderr]     Checking rand_core v0.5.1
[INFO] [stderr]    Compiling proc-macro2-diagnostics v0.9.1
[INFO] [stderr]     Checking aho-corasick v0.7.18
[INFO] [stderr]    Compiling ahash v0.7.6
[INFO] [stderr]     Checking rand_chacha v0.2.2
[INFO] [stderr]    Compiling bumpalo v3.9.1
[INFO] [stderr]     Checking rand v0.7.3
[INFO] [stderr]    Compiling unicode-segmentation v1.8.0
[INFO] [stderr]     Checking regex-syntax v0.6.25
[INFO] [stderr]    Compiling yansi v0.5.0
[INFO] [stderr]    Compiling itoa v1.0.1
[INFO] [stderr]    Compiling feature-probe v0.1.1
[INFO] [stderr]    Compiling rustversion v1.0.5
[INFO] [stderr]     Checking base64 v0.13.0
[INFO] [stderr]    Compiling heck v0.3.3
[INFO] [stderr]    Compiling bv v0.11.1
[INFO] [stderr]    Compiling solana-frozen-abi-macro v1.9.13
[INFO] [stderr]     Checking atty v0.2.14
[INFO] [stderr]     Checking termcolor v1.1.2
[INFO] [stderr]     Checking humantime v2.1.0
[INFO] [stderr]    Compiling bs58 v0.3.1
[INFO] [stderr]    Compiling solana-frozen-abi v1.9.13
[INFO] [stderr]    Compiling blake3 v1.3.1
[INFO] [stderr]    Compiling num-traits v0.2.14
[INFO] [stderr]    Compiling wasm-bindgen v0.2.79
[INFO] [stderr]     Checking arrayref v0.3.6
[INFO] [stderr]    Compiling pkg-config v0.3.25
[INFO] [stderr]    Compiling bs58 v0.4.0
[INFO] [stderr]     Checking pin-project-lite v0.2.8
[INFO] [stderr]     Checking hashbrown v0.11.2
[INFO] [stderr]    Compiling solana-program v1.9.13
[INFO] [stderr]     Checking memmap2 v0.5.3
[INFO] [stderr]     Checking futures-io v0.3.21
[INFO] [stderr]     Checking arrayvec v0.7.2
[INFO] [stderr]     Checking base64 v0.12.3
[INFO] [stderr]     Checking zeroize v1.3.0
[INFO] [stderr]     Checking constant_time_eq v0.1.5
[INFO] [stderr]     Checking keccak v0.1.0
[INFO] [stderr]     Checking either v1.6.1
[INFO] [stderr]     Checking byteorder v1.4.3
[INFO] [stderr]     Checking itertools v0.10.3
[INFO] [stderr]     Checking bitflags v1.3.2
[INFO] [stderr]     Checking cache-padded v1.2.0
[INFO] [stderr]     Checking slab v0.4.6
[INFO] [stderr]     Checking event-listener v2.5.2
[INFO] [stderr]     Checking concurrent-queue v1.2.2
[INFO] [stderr]    Compiling openssl-sys v0.9.72
[INFO] [stderr]    Compiling libz-sys v1.1.5
[INFO] [stderr]    Compiling libnghttp2-sys v0.1.7+1.45.0
[INFO] [stderr]    Compiling standback v0.2.17
[INFO] [stderr]     Checking regex v1.5.4
[INFO] [stderr]     Checking fastrand v1.7.0
[INFO] [stderr]     Checking waker-fn v1.1.0
[INFO] [stderr]     Checking parking v2.0.0
[INFO] [stderr]     Checking futures-lite v1.12.0
[INFO] [stderr]     Checking percent-encoding v2.1.0
[INFO] [stderr]    Compiling proc-macro-hack v0.5.19
[INFO] [stderr]     Checking async-channel v1.6.1
[INFO] [stderr]    Compiling curl-sys v0.4.53+curl-7.82.0
[INFO] [stderr]     Checking socket2 v0.4.4
[INFO] [stderr]     Checking matches v0.1.9
[INFO] [stderr]     Checking tinyvec_macros v0.1.0
[INFO] [stderr]     Checking futures-sink v0.3.21
[INFO] [stderr]     Checking tinyvec v1.5.1
[INFO] [stderr]    Compiling unicase v2.6.0
[INFO] [stderr]    Compiling crossbeam-utils v0.8.8
[INFO] [stderr]     Checking pin-utils v0.1.0
[INFO] [stdout] error: linking with `cc` failed: exit status: 1
[INFO] [stdout]   |
[INFO] [stdout]   = note: LC_ALL="C" PATH="/opt/rustwide/rustup-home/toolchains/1.85.0-x86_64-unknown-linux-gnu/lib/rustlib/x86_64-unknown-linux-gnu/bin:/opt/rustwide/cargo-home/bin:/usr/local/sbin:/usr/local/bin:/usr/sbin:/usr/bin:/sbin:/bin" VSLANG="1033" "cc" "-m64" "/tmp/rustcMeaPQu/symbols.o" "<2 object files omitted>" "-Wl,--as-needed" "-Wl,-Bstatic" "/opt/rustwide/target/debug/deps/{libversion_check-ab2093dbc0d2b0fb.rlib}" "/opt/rustwide/rustup-home/toolchains/1.85.0-x86_64-unknown-linux-gnu/lib/rustlib/x86_64-unknown-linux-gnu/lib/{libstd-6273572f18644c87.rlib,libpanic_unwind-267e668abf74a283.rlib,libobject-ec6154ccae37a33e.rlib,libmemchr-500edd5521c440d4.rlib,libaddr2line-86d8d9428792e8ef.rlib,libgimli-10f06487503767c2.rlib,librustc_demangle-6a38424de1e5bca5.rlib,libstd_detect-de9763ea1c19dca3.rlib,libhashbrown-a7f5bb2f736d3c49.rlib,librustc_std_workspace_alloc-7e368919bdc4a44c.rlib,libminiz_oxide-376454d49910c786.rlib,libadler-fa99f5692b5dce85.rlib,libunwind-91cafdaf16f7fe40.rlib,libcfg_if-f7ee3f1ea78d9dae.rlib,liblibc-d3a35665f881365a.rlib,liballoc-715bc629a88bca60.rlib,librustc_std_workspace_core-ae70165d1278cff7.rlib,libcore-406129d0e3fbc101.rlib,libcompiler_builtins-1af05515ab19524a.rlib}" "-Wl,-Bdynamic" "-lgcc_s" "-lutil" "-lrt" "-lpthread" "-lm" "-ldl" "-lc" "-Wl,--eh-frame-hdr" "-Wl,-z,noexecstack" "-L" "/opt/rustwide/rustup-home/toolchains/1.85.0-x86_64-unknown-linux-gnu/lib/rustlib/x86_64-unknown-linux-gnu/lib" "-o" "/opt/rustwide/target/debug/build/unicase-bb085a26738a5b85/build_script_build-bb085a26738a5b85" "-Wl,--gc-sections" "-pie" "-Wl,-z,relro,-z,now" "-nodefaultlibs"
[INFO] [stdout]   = note: some arguments are omitted. use `--verbose` to show all linker arguments
[INFO] [stdout]   = note: /usr/bin/ld: final link failed: No space left on device
[INFO] [stdout]           collect2: error: ld returned 1 exit status
[INFO] [stdout]           
[INFO] [stdout] 
[INFO] [stdout] 
[INFO] [stderr] error: could not compile `unicase` (build script) due to 1 previous error
[INFO] [stderr] warning: build failed, waiting for other jobs to finish...
[INFO] [stdout] error: failed to build archive at `/opt/rustwide/target/debug/deps/libaho_corasick-e7c9678d9937a63e.rlib`: No space left on device (os error 28)
[INFO] [stdout] 
[INFO] [stdout] 
[INFO] [stderr] error: could not compile `aho-corasick` (lib) due to 1 previous error
[INFO] [stderr] warning: libnghttp2-sys@0.1.7+1.45.0: nghttp2/lib/nghttp2_session.c:7798:1: fatal error: error writing to /tmp/ccHA6Ebq.s: No space left on device
[INFO] [stderr] warning: libnghttp2-sys@0.1.7+1.45.0:  7798 | }
[INFO] [stderr] warning: libnghttp2-sys@0.1.7+1.45.0:       | ^
[INFO] [stderr] warning: libnghttp2-sys@0.1.7+1.45.0: compilation terminated.
[INFO] [stderr] error: failed to run custom build command for `libnghttp2-sys v0.1.7+1.45.0`
[INFO] [stderr] note: To improve backtraces for build dependencies, set the CARGO_PROFILE_DEV_BUILD_OVERRIDE_DEBUG=true environment variable to enable debug information generation.
[INFO] [stderr] 
[INFO] [stderr] Caused by:
[INFO] [stderr]   process didn't exit successfully: `/opt/rustwide/target/debug/build/libnghttp2-sys-059b3b3c53af4bb2/build-script-build` (exit status: 1)
[INFO] [stderr]   --- stdout
[INFO] [stderr]   TARGET = Some("x86_64-unknown-linux-gnu")
[INFO] [stderr]   OPT_LEVEL = Some("0")
[INFO] [stderr]   HOST = Some("x86_64-unknown-linux-gnu")
[INFO] [stderr]   CC_x86_64-unknown-linux-gnu = None
[INFO] [stderr]   CC_x86_64_unknown_linux_gnu = None
[INFO] [stderr]   HOST_CC = None
[INFO] [stderr]   CC = None
[INFO] [stderr]   CFLAGS_x86_64-unknown-linux-gnu = None
[INFO] [stderr]   CFLAGS_x86_64_unknown_linux_gnu = None
[INFO] [stderr]   HOST_CFLAGS = None
[INFO] [stderr]   CFLAGS = None
[INFO] [stderr]   CRATE_CC_NO_DEFAULTS = None
[INFO] [stderr]   DEBUG = Some("true")
[INFO] [stderr]   CARGO_CFG_TARGET_FEATURE = Some("fxsr,sse,sse2")
[INFO] [stderr]   running: "cc" "-O0" "-ffunction-sections" "-fdata-sections" "-fPIC" "-g" "-fno-omit-frame-pointer" "-m64" "-I" "nghttp2/lib/includes" "-I" "/opt/rustwide/target/debug/build/libnghttp2-sys-e371d1d438fe7a66/out/i/include" "-DNGHTTP2_STATICLIB" "-DHAVE_NETINET_IN" "-DHAVE_ARPA_INET_H" "-o" "/opt/rustwide/target/debug/build/libnghttp2-sys-e371d1d438fe7a66/out/i/lib/nghttp2/lib/nghttp2_buf.o" "-c" "nghttp2/lib/nghttp2_buf.c"
[INFO] [stderr]   exit status: 0
[INFO] [stderr]   running: "cc" "-O0" "-ffunction-sections" "-fdata-sections" "-fPIC" "-g" "-fno-omit-frame-pointer" "-m64" "-I" "nghttp2/lib/includes" "-I" "/opt/rustwide/target/debug/build/libnghttp2-sys-e371d1d438fe7a66/out/i/include" "-DNGHTTP2_STATICLIB" "-DHAVE_NETINET_IN" "-DHAVE_ARPA_INET_H" "-o" "/opt/rustwide/target/debug/build/libnghttp2-sys-e371d1d438fe7a66/out/i/lib/nghttp2/lib/nghttp2_callbacks.o" "-c" "nghttp2/lib/nghttp2_callbacks.c"
[INFO] [stderr]   exit status: 0
[INFO] [stderr]   running: "cc" "-O0" "-ffunction-sections" "-fdata-sections" "-fPIC" "-g" "-fno-omit-frame-pointer" "-m64" "-I" "nghttp2/lib/includes" "-I" "/opt/rustwide/target/debug/build/libnghttp2-sys-e371d1d438fe7a66/out/i/include" "-DNGHTTP2_STATICLIB" "-DHAVE_NETINET_IN" "-DHAVE_ARPA_INET_H" "-o" "/opt/rustwide/target/debug/build/libnghttp2-sys-e371d1d438fe7a66/out/i/lib/nghttp2/lib/nghttp2_debug.o" "-c" "nghttp2/lib/nghttp2_debug.c"
[INFO] [stderr]   exit status: 0
[INFO] [stderr]   running: "cc" "-O0" "-ffunction-sections" "-fdata-sections" "-fPIC" "-g" "-fno-omit-frame-pointer" "-m64" "-I" "nghttp2/lib/includes" "-I" "/opt/rustwide/target/debug/build/libnghttp2-sys-e371d1d438fe7a66/out/i/include" "-DNGHTTP2_STATICLIB" "-DHAVE_NETINET_IN" "-DHAVE_ARPA_INET_H" "-o" "/opt/rustwide/target/debug/build/libnghttp2-sys-e371d1d438fe7a66/out/i/lib/nghttp2/lib/nghttp2_frame.o" "-c" "nghttp2/lib/nghttp2_frame.c"
[INFO] [stderr]   exit status: 0
[INFO] [stderr]   running: "cc" "-O0" "-ffunction-sections" "-fdata-sections" "-fPIC" "-g" "-fno-omit-frame-pointer" "-m64" "-I" "nghttp2/lib/includes" "-I" "/opt/rustwide/target/debug/build/libnghttp2-sys-e371d1d438fe7a66/out/i/include" "-DNGHTTP2_STATICLIB" "-DHAVE_NETINET_IN" "-DHAVE_ARPA_INET_H" "-o" "/opt/rustwide/target/debug/build/libnghttp2-sys-e371d1d438fe7a66/out/i/lib/nghttp2/lib/nghttp2_hd.o" "-c" "nghttp2/lib/nghttp2_hd.c"
[INFO] [stderr]   exit status: 0
[INFO] [stderr]   running: "cc" "-O0" "-ffunction-sections" "-fdata-sections" "-fPIC" "-g" "-fno-omit-frame-pointer" "-m64" "-I" "nghttp2/lib/includes" "-I" "/opt/rustwide/target/debug/build/libnghttp2-sys-e371d1d438fe7a66/out/i/include" "-DNGHTTP2_STATICLIB" "-DHAVE_NETINET_IN" "-DHAVE_ARPA_INET_H" "-o" "/opt/rustwide/target/debug/build/libnghttp2-sys-e371d1d438fe7a66/out/i/lib/nghttp2/lib/nghttp2_hd_huffman.o" "-c" "nghttp2/lib/nghttp2_hd_huffman.c"
[INFO] [stderr]   exit status: 0
[INFO] [stderr]   running: "cc" "-O0" "-ffunction-sections" "-fdata-sections" "-fPIC" "-g" "-fno-omit-frame-pointer" "-m64" "-I" "nghttp2/lib/includes" "-I" "/opt/rustwide/target/debug/build/libnghttp2-sys-e371d1d438fe7a66/out/i/include" "-DNGHTTP2_STATICLIB" "-DHAVE_NETINET_IN" "-DHAVE_ARPA_INET_H" "-o" "/opt/rustwide/target/debug/build/libnghttp2-sys-e371d1d438fe7a66/out/i/lib/nghttp2/lib/nghttp2_hd_huffman_data.o" "-c" "nghttp2/lib/nghttp2_hd_huffman_data.c"
[INFO] [stderr]   exit status: 0
[INFO] [stderr]   running: "cc" "-O0" "-ffunction-sections" "-fdata-sections" "-fPIC" "-g" "-fno-omit-frame-pointer" "-m64" "-I" "nghttp2/lib/includes" "-I" "/opt/rustwide/target/debug/build/libnghttp2-sys-e371d1d438fe7a66/out/i/include" "-DNGHTTP2_STATICLIB" "-DHAVE_NETINET_IN" "-DHAVE_ARPA_INET_H" "-o" "/opt/rustwide/target/debug/build/libnghttp2-sys-e371d1d438fe7a66/out/i/lib/nghttp2/lib/nghttp2_helper.o" "-c" "nghttp2/lib/nghttp2_helper.c"
[INFO] [stderr]   exit status: 0
[INFO] [stderr]   running: "cc" "-O0" "-ffunction-sections" "-fdata-sections" "-fPIC" "-g" "-fno-omit-frame-pointer" "-m64" "-I" "nghttp2/lib/includes" "-I" "/opt/rustwide/target/debug/build/libnghttp2-sys-e371d1d438fe7a66/out/i/include" "-DNGHTTP2_STATICLIB" "-DHAVE_NETINET_IN" "-DHAVE_ARPA_INET_H" "-o" "/opt/rustwide/target/debug/build/libnghttp2-sys-e371d1d438fe7a66/out/i/lib/nghttp2/lib/nghttp2_http.o" "-c" "nghttp2/lib/nghttp2_http.c"
[INFO] [stderr]   exit status: 0
[INFO] [stderr]   running: "cc" "-O0" "-ffunction-sections" "-fdata-sections" "-fPIC" "-g" "-fno-omit-frame-pointer" "-m64" "-I" "nghttp2/lib/includes" "-I" "/opt/rustwide/target/debug/build/libnghttp2-sys-e371d1d438fe7a66/out/i/include" "-DNGHTTP2_STATICLIB" "-DHAVE_NETINET_IN" "-DHAVE_ARPA_INET_H" "-o" "/opt/rustwide/target/debug/build/libnghttp2-sys-e371d1d438fe7a66/out/i/lib/nghttp2/lib/nghttp2_map.o" "-c" "nghttp2/lib/nghttp2_map.c"
[INFO] [stderr]   exit status: 0
[INFO] [stderr]   running: "cc" "-O0" "-ffunction-sections" "-fdata-sections" "-fPIC" "-g" "-fno-omit-frame-pointer" "-m64" "-I" "nghttp2/lib/includes" "-I" "/opt/rustwide/target/debug/build/libnghttp2-sys-e371d1d438fe7a66/out/i/include" "-DNGHTTP2_STATICLIB" "-DHAVE_NETINET_IN" "-DHAVE_ARPA_INET_H" "-o" "/opt/rustwide/target/debug/build/libnghttp2-sys-e371d1d438fe7a66/out/i/lib/nghttp2/lib/nghttp2_mem.o" "-c" "nghttp2/lib/nghttp2_mem.c"
[INFO] [stderr]   exit status: 0
[INFO] [stderr]   running: "cc" "-O0" "-ffunction-sections" "-fdata-sections" "-fPIC" "-g" "-fno-omit-frame-pointer" "-m64" "-I" "nghttp2/lib/includes" "-I" "/opt/rustwide/target/debug/build/libnghttp2-sys-e371d1d438fe7a66/out/i/include" "-DNGHTTP2_STATICLIB" "-DHAVE_NETINET_IN" "-DHAVE_ARPA_INET_H" "-o" "/opt/rustwide/target/debug/build/libnghttp2-sys-e371d1d438fe7a66/out/i/lib/nghttp2/lib/nghttp2_npn.o" "-c" "nghttp2/lib/nghttp2_npn.c"
[INFO] [stderr]   exit status: 0
[INFO] [stderr]   running: "cc" "-O0" "-ffunction-sections" "-fdata-sections" "-fPIC" "-g" "-fno-omit-frame-pointer" "-m64" "-I" "nghttp2/lib/includes" "-I" "/opt/rustwide/target/debug/build/libnghttp2-sys-e371d1d438fe7a66/out/i/include" "-DNGHTTP2_STATICLIB" "-DHAVE_NETINET_IN" "-DHAVE_ARPA_INET_H" "-o" "/opt/rustwide/target/debug/build/libnghttp2-sys-e371d1d438fe7a66/out/i/lib/nghttp2/lib/nghttp2_option.o" "-c" "nghttp2/lib/nghttp2_option.c"
[INFO] [stderr]   exit status: 0
[INFO] [stderr]   running: "cc" "-O0" "-ffunction-sections" "-fdata-sections" "-fPIC" "-g" "-fno-omit-frame-pointer" "-m64" "-I" "nghttp2/lib/includes" "-I" "/opt/rustwide/target/debug/build/libnghttp2-sys-e371d1d438fe7a66/out/i/include" "-DNGHTTP2_STATICLIB" "-DHAVE_NETINET_IN" "-DHAVE_ARPA_INET_H" "-o" "/opt/rustwide/target/debug/build/libnghttp2-sys-e371d1d438fe7a66/out/i/lib/nghttp2/lib/nghttp2_outbound_item.o" "-c" "nghttp2/lib/nghttp2_outbound_item.c"
[INFO] [stderr]   exit status: 0
[INFO] [stderr]   running: "cc" "-O0" "-ffunction-sections" "-fdata-sections" "-fPIC" "-g" "-fno-omit-frame-pointer" "-m64" "-I" "nghttp2/lib/includes" "-I" "/opt/rustwide/target/debug/build/libnghttp2-sys-e371d1d438fe7a66/out/i/include" "-DNGHTTP2_STATICLIB" "-DHAVE_NETINET_IN" "-DHAVE_ARPA_INET_H" "-o" "/opt/rustwide/target/debug/build/libnghttp2-sys-e371d1d438fe7a66/out/i/lib/nghttp2/lib/nghttp2_pq.o" "-c" "nghttp2/lib/nghttp2_pq.c"
[INFO] [stderr]   exit status: 0
[INFO] [stderr]   running: "cc" "-O0" "-ffunction-sections" "-fdata-sections" "-fPIC" "-g" "-fno-omit-frame-pointer" "-m64" "-I" "nghttp2/lib/includes" "-I" "/opt/rustwide/target/debug/build/libnghttp2-sys-e371d1d438fe7a66/out/i/include" "-DNGHTTP2_STATICLIB" "-DHAVE_NETINET_IN" "-DHAVE_ARPA_INET_H" "-o" "/opt/rustwide/target/debug/build/libnghttp2-sys-e371d1d438fe7a66/out/i/lib/nghttp2/lib/nghttp2_priority_spec.o" "-c" "nghttp2/lib/nghttp2_priority_spec.c"
[INFO] [stderr]   exit status: 0
[INFO] [stderr]   running: "cc" "-O0" "-ffunction-sections" "-fdata-sections" "-fPIC" "-g" "-fno-omit-frame-pointer" "-m64" "-I" "nghttp2/lib/includes" "-I" "/opt/rustwide/target/debug/build/libnghttp2-sys-e371d1d438fe7a66/out/i/include" "-DNGHTTP2_STATICLIB" "-DHAVE_NETINET_IN" "-DHAVE_ARPA_INET_H" "-o" "/opt/rustwide/target/debug/build/libnghttp2-sys-e371d1d438fe7a66/out/i/lib/nghttp2/lib/nghttp2_queue.o" "-c" "nghttp2/lib/nghttp2_queue.c"
[INFO] [stderr]   exit status: 0
[INFO] [stderr]   running: "cc" "-O0" "-ffunction-sections" "-fdata-sections" "-fPIC" "-g" "-fno-omit-frame-pointer" "-m64" "-I" "nghttp2/lib/includes" "-I" "/opt/rustwide/target/debug/build/libnghttp2-sys-e371d1d438fe7a66/out/i/include" "-DNGHTTP2_STATICLIB" "-DHAVE_NETINET_IN" "-DHAVE_ARPA_INET_H" "-o" "/opt/rustwide/target/debug/build/libnghttp2-sys-e371d1d438fe7a66/out/i/lib/nghttp2/lib/nghttp2_rcbuf.o" "-c" "nghttp2/lib/nghttp2_rcbuf.c"
[INFO] [stderr]   exit status: 0
[INFO] [stderr]   running: "cc" "-O0" "-ffunction-sections" "-fdata-sections" "-fPIC" "-g" "-fno-omit-frame-pointer" "-m64" "-I" "nghttp2/lib/includes" "-I" "/opt/rustwide/target/debug/build/libnghttp2-sys-e371d1d438fe7a66/out/i/include" "-DNGHTTP2_STATICLIB" "-DHAVE_NETINET_IN" "-DHAVE_ARPA_INET_H" "-o" "/opt/rustwide/target/debug/build/libnghttp2-sys-e371d1d438fe7a66/out/i/lib/nghttp2/lib/nghttp2_session.o" "-c" "nghttp2/lib/nghttp2_session.c"
[INFO] [stderr]   cargo:warning=nghttp2/lib/nghttp2_session.c:7798:1: fatal error: error writing to /tmp/ccHA6Ebq.s: No space left on device
[INFO] [stderr]   cargo:warning= 7798 | }
[INFO] [stderr]   cargo:warning=      | ^
[INFO] [stderr]   cargo:warning=compilation terminated.
[INFO] [stderr]   exit status: 1
[INFO] [stderr] 
[INFO] [stderr]   --- stderr
[INFO] [stderr] 
[INFO] [stderr] 
[INFO] [stderr]   error occurred: Command "cc" "-O0" "-ffunction-sections" "-fdata-sections" "-fPIC" "-g" "-fno-omit-frame-pointer" "-m64" "-I" "nghttp2/lib/includes" "-I" "/opt/rustwide/target/debug/build/libnghttp2-sys-e371d1d438fe7a66/out/i/include" "-DNGHTTP2_STATICLIB" "-DHAVE_NETINET_IN" "-DHAVE_ARPA_INET_H" "-o" "/opt/rustwide/target/debug/build/libnghttp2-sys-e371d1d438fe7a66/out/i/lib/nghttp2/lib/nghttp2_session.o" "-c" "nghttp2/lib/nghttp2_session.c" with args "cc" did not execute successfully (status code exit status: 1).
[INFO] [stderr] 
[INFO] [stderr] 
[INFO] [stdout] error: failed to write to `/opt/rustwide/target/debug/deps/rmetaD9uhG9/lib.rmeta`: No space left on device (os error 28)
[INFO] [stdout] 
[INFO] [stdout] 
[INFO] [stderr] error: could not compile `syn` (lib) due to 1 previous error
[INFO] running `Command { std: "docker" "inspect" "38cb977b2dde34b875453922f6d3fda33c2333a9e063e2ed964ef50fcad8af87", kill_on_drop: false }`
[INFO] running `Command { std: "docker" "rm" "-f" "38cb977b2dde34b875453922f6d3fda33c2333a9e063e2ed964ef50fcad8af87", kill_on_drop: false }`
[INFO] [stdout] 38cb977b2dde34b875453922f6d3fda33c2333a9e063e2ed964ef50fcad8af87
