[INFO] cloning repository https://github.com/valutac/terror
[INFO] running `Command { std: "git" "-c" "credential.helper=" "-c" "credential.helper=/workspace/cargo-home/bin/git-credential-null" "clone" "--bare" "https://github.com/valutac/terror" "/workspace/cache/git-repos/https%3A%2F%2Fgithub.com%2Fvalutac%2Fterror", kill_on_drop: false }`
[INFO] [stderr] Cloning into bare repository '/workspace/cache/git-repos/https%3A%2F%2Fgithub.com%2Fvalutac%2Fterror'...
[INFO] running `Command { std: "git" "rev-parse" "HEAD", kill_on_drop: false }`
[INFO] [stdout] 6c21b4402ed9f91bf04346dcd0b7a87807f2baa0
[INFO] documenting valutac/terror against 1.85.0 for beta-1.86-rustdoc-1
[INFO] running `Command { std: "git" "clone" "/workspace/cache/git-repos/https%3A%2F%2Fgithub.com%2Fvalutac%2Fterror" "/workspace/builds/worker-5-tc1/source", kill_on_drop: false }`
[INFO] [stderr] Cloning into '/workspace/builds/worker-5-tc1/source'...
[INFO] [stderr] done.
[INFO] validating manifest of git repo https://github.com/valutac/terror on toolchain 1.85.0
[INFO] running `Command { std: CARGO_HOME="/workspace/cargo-home" RUSTUP_HOME="/workspace/rustup-home" "/workspace/cargo-home/bin/cargo" "+1.85.0" "metadata" "--manifest-path" "Cargo.toml" "--no-deps", kill_on_drop: false }`
[INFO] started tweaking git repo https://github.com/valutac/terror
[INFO] finished tweaking git repo https://github.com/valutac/terror
[INFO] tweaked toml for git repo https://github.com/valutac/terror written to /workspace/builds/worker-5-tc1/source/Cargo.toml
[INFO] crate git repo https://github.com/valutac/terror already has a lockfile, it will not be regenerated
[INFO] running `Command { std: CARGO_HOME="/workspace/cargo-home" RUSTUP_HOME="/workspace/rustup-home" "/workspace/cargo-home/bin/cargo" "+1.85.0" "fetch" "--manifest-path" "Cargo.toml", kill_on_drop: false }`
[INFO] [stderr]  Downloading crates ...
[INFO] [stderr]   Downloaded aws-smithy-async v1.2.2
[INFO] [stderr]   Downloaded aws-smithy-eventstream v0.60.5
[INFO] [stderr]   Downloaded aws-smithy-runtime v1.7.5
[INFO] [stderr]   Downloaded aws-sigv4 v1.2.6
[INFO] [stderr]   Downloaded aws-smithy-checksums v0.60.13
[INFO] [stderr]   Downloaded aws-smithy-json v0.61.1
[INFO] [stderr]   Downloaded aws-smithy-types v1.2.10
[INFO] [stderr]   Downloaded aws-runtime v1.5.1
[INFO] [stderr]   Downloaded aws-sdk-sso v1.51.0
[INFO] [stderr]   Downloaded aws-sdk-ssooidc v1.52.0
[INFO] [stderr]   Downloaded aws-sdk-sts v1.52.0
[INFO] [stderr]   Downloaded aws-config v1.5.11
[INFO] [stderr]   Downloaded aws-sdk-s3 v1.66.0
[INFO] running `Command { std: "docker" "create" "-v" "/var/lib/crater-agent-workspace/builds/worker-5-tc1/target:/opt/rustwide/target:rw,Z" "-v" "/var/lib/crater-agent-workspace/builds/worker-5-tc1/source:/opt/rustwide/workdir:ro,Z" "-v" "/var/lib/crater-agent-workspace/cargo-home:/opt/rustwide/cargo-home:ro,Z" "-v" "/var/lib/crater-agent-workspace/rustup-home:/opt/rustwide/rustup-home:ro,Z" "-e" "SOURCE_DIR=/opt/rustwide/workdir" "-e" "CARGO_TARGET_DIR=/opt/rustwide/target" "-e" "CARGO_HOME=/opt/rustwide/cargo-home" "-e" "RUSTUP_HOME=/opt/rustwide/rustup-home" "-w" "/opt/rustwide/workdir" "-m" "1610612736" "--user" "0:0" "--network" "none" "ghcr.io/rust-lang/crates-build-env/linux@sha256:3959728d45483eb673ba100a951a6b9f5012970368db2a9e08e0ac9b67c8a5ad" "/opt/rustwide/cargo-home/bin/cargo" "+1.85.0" "metadata" "--no-deps" "--format-version=1", kill_on_drop: false }`
[INFO] [stdout] 343050c9af86d727e090bcce7d266f624749f6eef17a49352be410aff6e2992d
[INFO] running `Command { std: "docker" "start" "-a" "343050c9af86d727e090bcce7d266f624749f6eef17a49352be410aff6e2992d", kill_on_drop: false }`
[INFO] running `Command { std: "docker" "inspect" "343050c9af86d727e090bcce7d266f624749f6eef17a49352be410aff6e2992d", kill_on_drop: false }`
[INFO] running `Command { std: "docker" "rm" "-f" "343050c9af86d727e090bcce7d266f624749f6eef17a49352be410aff6e2992d", kill_on_drop: false }`
[INFO] [stdout] 343050c9af86d727e090bcce7d266f624749f6eef17a49352be410aff6e2992d
[INFO] running `Command { std: "docker" "create" "-v" "/var/lib/crater-agent-workspace/builds/worker-5-tc1/target:/opt/rustwide/target:rw,Z" "-v" "/var/lib/crater-agent-workspace/builds/worker-5-tc1/source:/opt/rustwide/workdir:ro,Z" "-v" "/var/lib/crater-agent-workspace/cargo-home:/opt/rustwide/cargo-home:ro,Z" "-v" "/var/lib/crater-agent-workspace/rustup-home:/opt/rustwide/rustup-home:ro,Z" "-e" "SOURCE_DIR=/opt/rustwide/workdir" "-e" "CARGO_TARGET_DIR=/opt/rustwide/target" "-e" "CARGO_INCREMENTAL=0" "-e" "RUST_BACKTRACE=full" "-e" "RUSTFLAGS=--cap-lints=warn" "-e" "RUSTDOCFLAGS=--cap-lints=warn" "-e" "CARGO_HOME=/opt/rustwide/cargo-home" "-e" "RUSTUP_HOME=/opt/rustwide/rustup-home" "-w" "/opt/rustwide/workdir" "-m" "1610612736" "--user" "0:0" "--network" "none" "ghcr.io/rust-lang/crates-build-env/linux@sha256:3959728d45483eb673ba100a951a6b9f5012970368db2a9e08e0ac9b67c8a5ad" "/opt/rustwide/cargo-home/bin/cargo" "+1.85.0" "doc" "--frozen" "--no-deps" "--document-private-items" "--message-format=json", kill_on_drop: false }`
[INFO] [stdout] befe4ea553ab819397c9d5a901db97fc9b7a203336db094b0ec204b4546d2def
[INFO] running `Command { std: "docker" "start" "-a" "befe4ea553ab819397c9d5a901db97fc9b7a203336db094b0ec204b4546d2def", kill_on_drop: false }`
[INFO] [stderr]    Compiling proc-macro2 v1.0.92
[INFO] [stderr]    Compiling unicode-ident v1.0.14
[INFO] [stderr]    Compiling libc v0.2.169
[INFO] [stderr]     Checking cfg-if v1.0.0
[INFO] [stderr]    Compiling autocfg v1.4.0
[INFO] [stderr]     Checking smallvec v1.13.2
[INFO] [stderr]     Checking bytes v1.9.0
[INFO] [stderr]     Checking pin-project-lite v0.2.15
[INFO] [stderr]    Compiling parking_lot_core v0.9.10
[INFO] [stderr]     Checking itoa v1.0.14
[INFO] [stderr]     Checking scopeguard v1.2.0
[INFO] [stderr]     Checking fnv v1.0.7
[INFO] [stderr]    Compiling typenum v1.17.0
[INFO] [stderr]    Compiling version_check v0.9.5
[INFO] [stderr]     Checking futures-core v0.3.31
[INFO] [stderr]     Checking pin-utils v0.1.0
[INFO] [stderr]     Checking futures-task v0.3.31
[INFO] [stderr]     Checking subtle v2.6.1
[INFO] [stderr]     Checking futures-util v0.3.31
[INFO] [stderr]    Compiling lock_api v0.4.12
[INFO] [stderr]     Checking zeroize v1.8.1
[INFO] [stderr]    Compiling num-traits v0.2.19
[INFO] [stderr]    Compiling generic-array v0.14.7
[INFO] [stderr]     Checking http v0.2.12
[INFO] [stderr]     Checking futures-sink v0.3.31
[INFO] [stderr]     Checking once_cell v1.20.2
[INFO] [stderr]     Checking http v1.2.0
[INFO] [stderr]     Checking powerfmt v0.2.0
[INFO] [stderr]     Checking deranged v0.3.11
[INFO] [stderr]    Compiling quote v1.0.37
[INFO] [stderr]     Checking getrandom v0.2.15
[INFO] [stderr]    Compiling syn v2.0.90
[INFO] [stderr]     Checking mio v1.0.3
[INFO] [stderr]     Checking parking_lot v0.12.3
[INFO] [stderr]     Checking signal-hook-registry v1.4.2
[INFO] [stderr]     Checking socket2 v0.5.8
[INFO] [stderr]     Checking http-body v0.4.6
[INFO] [stderr]     Checking http-body v1.0.1
[INFO] [stderr]     Checking ryu v1.0.18
[INFO] [stderr]     Checking either v1.13.0
[INFO] [stderr]     Checking num-conv v0.1.0
[INFO] [stderr]     Checking outref v0.5.1
[INFO] [stderr]     Checking vsimd v0.8.0
[INFO] [stderr]     Checking time-core v0.1.2
[INFO] [stderr]    Compiling shlex v1.3.0
[INFO] [stderr]     Checking bytes-utils v0.1.4
[INFO] [stderr]     Checking num-integer v0.1.46
[INFO] [stderr]     Checking http-body-util v0.1.2
[INFO] [stderr]     Checking time v0.3.37
[INFO] [stderr]    Compiling cc v1.2.5
[INFO] [stderr]     Checking tracing-core v0.1.33
[INFO] [stderr]     Checking rand_core v0.6.4
[INFO] [stderr]    Compiling semver v1.0.24
[INFO] [stderr]     Checking crypto-common v0.1.6
[INFO] [stderr]     Checking block-buffer v0.10.4
[INFO] [stderr]     Checking spin v0.9.8
[INFO] [stderr]     Checking base64-simd v0.8.0
[INFO] [stderr]     Checking const-oid v0.9.6
[INFO] [stderr]     Checking untrusted v0.9.0
[INFO] [stderr]     Checking digest v0.10.7
[INFO] [stderr]     Checking stable_deref_trait v1.2.0
[INFO] [stderr]     Checking der v0.6.1
[INFO] [stderr]     Checking allocator-api2 v0.2.21
[INFO] [stderr]     Checking foldhash v0.1.4
[INFO] [stderr]     Checking base64ct v1.6.0
[INFO] [stderr]     Checking equivalent v1.0.1
[INFO] [stderr]    Compiling rustc_version v0.4.1
[INFO] [stderr]    Compiling slab v0.4.9
[INFO] [stderr]     Checking crc32fast v1.4.2
[INFO] [stderr]     Checking percent-encoding v2.3.1
[INFO] [stderr]     Checking ff v0.12.1
[INFO] [stderr]     Checking crypto-bigint v0.4.9
[INFO] [stderr]     Checking hashbrown v0.15.2
[INFO] [stderr]    Compiling ring v0.17.8
[INFO] [stderr]    Compiling httparse v1.9.5
[INFO] [stderr]     Checking cpufeatures v0.2.16
[INFO] [stderr]    Compiling rustls v0.21.12
[INFO] [stderr]     Checking spki v0.6.0
[INFO] [stderr]     Checking base16ct v0.1.1
[INFO] [stderr]     Checking group v0.12.1
[INFO] [stderr]     Checking pkcs8 v0.9.0
[INFO] [stderr]     Checking hmac v0.12.1
[INFO] [stderr]     Checking sec1 v0.3.0
[INFO] [stderr]     Checking log v0.4.22
[INFO] [stderr]     Checking try-lock v0.2.5
[INFO] [stderr]     Checking base64 v0.21.7
[INFO] [stderr]     Checking writeable v0.5.5
[INFO] [stderr]     Checking litemap v0.7.4
[INFO] [stderr]     Checking want v0.3.1
[INFO] [stderr]     Checking indexmap v2.7.0
[INFO] [stderr]     Checking sha2 v0.10.8
[INFO] [stderr]     Checking rustls-pemfile v1.0.4
[INFO] [stderr]     Checking rfc6979 v0.3.1
[INFO] [stderr]     Checking elliptic-curve v0.12.3
[INFO] [stderr]     Checking signature v1.6.4
[INFO] [stderr]     Checking futures-channel v0.3.31
[INFO] [stderr]     Checking openssl-probe v0.1.5
[INFO] [stderr]     Checking tower-service v0.3.3
[INFO] [stderr]     Checking httpdate v1.0.3
[INFO] [stderr]     Checking ecdsa v0.14.8
[INFO] [stderr]     Checking rustls-native-certs v0.6.3
[INFO] [stderr]     Checking form_urlencoded v1.2.1
[INFO] [stderr]    Compiling aws-types v1.3.3
[INFO] [stderr]     Checking hex v0.4.3
[INFO] [stderr]     Checking icu_locid_transform_data v1.5.0
[INFO] [stderr]     Checking crypto-bigint v0.5.5
[INFO] [stderr]     Checking icu_properties_data v1.5.0
[INFO] [stderr]     Checking fastrand v2.3.0
[INFO] [stderr]     Checking p256 v0.11.1
[INFO] [stderr]     Checking utf8_iter v1.0.4
[INFO] [stderr]     Checking uuid v1.11.0
[INFO] [stderr]     Checking icu_normalizer_data v1.5.0
[INFO] [stderr]     Checking utf16_iter v1.0.5
[INFO] [stderr]     Checking write16 v1.0.0
[INFO] [stderr]     Checking regex-lite v0.1.6
[INFO] [stderr]    Compiling crc32c v0.6.8
[INFO] [stderr]    Compiling rustix v0.38.42
[INFO] [stderr]    Compiling serde v1.0.216
[INFO] [stderr]     Checking xmlparser v0.13.6
[INFO] [stderr]     Checking utf8parse v0.2.2
[INFO] [stderr]     Checking anstyle-parse v0.2.6
[INFO] [stderr]     Checking anstyle v1.0.10
[INFO] [stderr]     Checking is_terminal_polyfill v1.70.1
[INFO] [stderr]     Checking aws-smithy-xml v0.60.9
[INFO] [stderr]     Checking urlencoding v2.1.3
[INFO] [stderr]     Checking linux-raw-sys v0.4.14
[INFO] [stderr]    Compiling synstructure v0.13.1
[INFO] [stderr]    Compiling portable-atomic v1.10.0
[INFO] [stderr]     Checking anstyle-query v1.1.2
[INFO] [stderr]     Checking bitflags v2.6.0
[INFO] [stderr]     Checking colorchoice v1.0.3
[INFO] [stderr]     Checking anstream v0.6.18
[INFO] [stderr]     Checking sha1 v0.10.6
[INFO] [stderr]     Checking md-5 v0.10.6
[INFO] [stderr]    Compiling heck v0.5.0
[INFO] [stderr]     Checking clap_lex v0.7.4
[INFO] [stderr]     Checking strsim v0.11.1
[INFO] [stderr]     Checking adler2 v2.0.0
[INFO] [stderr]     Checking unicode-width v0.2.0
[INFO] [stderr]    Compiling serde_json v1.0.133
[INFO] [stderr]     Checking clap_builder v4.5.23
[INFO] [stderr]     Checking miniz_oxide v0.8.2
[INFO] [stderr]     Checking console v0.15.10
[INFO] [stderr]     Checking lru v0.12.5
[INFO] [stderr]     Checking filetime v0.2.25
[INFO] [stderr]     Checking iana-time-zone v0.1.61
[INFO] [stderr]     Checking memchr v2.7.4
[INFO] [stderr]     Checking number_prefix v0.4.0
[INFO] [stderr]     Checking chrono v0.4.39
[INFO] [stderr]     Checking flate2 v1.0.35
[INFO] [stderr]     Checking indicatif v0.17.9
[INFO] [stderr]     Checking glob v0.3.1
[INFO] [stderr]    Compiling tokio-macros v2.4.0
[INFO] [stderr]    Compiling tracing-attributes v0.1.28
[INFO] [stderr]    Compiling zerofrom-derive v0.1.5
[INFO] [stderr]    Compiling yoke-derive v0.7.5
[INFO] [stderr]    Compiling zerovec-derive v0.10.3
[INFO] [stderr]    Compiling displaydoc v0.2.5
[INFO] [stderr]     Checking rustls-webpki v0.101.7
[INFO] [stderr]     Checking sct v0.7.1
[INFO] [stdout] error: failed to write to `/opt/rustwide/target/debug/deps/rmeta7tA7cg/lib.rmeta`: No space left on device (os error 28)
[INFO] [stdout] 
[INFO] [stdout] 
[INFO] [stderr] error: could not compile `clap_builder` (lib) due to 1 previous error
[INFO] [stderr] warning: build failed, waiting for other jobs to finish...
[INFO] [stderr] rustc-LLVM ERROR: IO failure on output stream: No space left on device
[INFO] [stdout] error: linking with `cc` failed: exit status: 1
[INFO] [stdout]   |
[INFO] [stdout]   = note: LC_ALL="C" PATH="/opt/rustwide/rustup-home/toolchains/1.85.0-x86_64-unknown-linux-gnu/lib/rustlib/x86_64-unknown-linux-gnu/bin:/opt/rustwide/cargo-home/bin:/usr/local/sbin:/usr/local/bin:/usr/sbin:/usr/bin:/sbin:/bin" VSLANG="1033" "cc" "-Wl,--version-script=/tmp/rustcHuN5mG/list" "-Wl,--no-undefined-version" "-m64" "/tmp/rustcHuN5mG/symbols.o" "<8 object files omitted>" "/opt/rustwide/target/debug/deps/displaydoc-3ca917cc8e3b72b9.0o1s5wa958f545wdjn1hrj7c3.rcgu.rmeta" "<1 object files omitted>" "-Wl,--as-needed" "-Wl,-Bstatic" "/opt/rustwide/target/debug/deps/{libsyn-11a347ba52123073.rlib,libquote-6e34bcc269e1a5f2.rlib,libproc_macro2-38e38eb50d2be709.rlib,libunicode_ident-824ffdf5c8ad75db.rlib}" "/opt/rustwide/rustup-home/toolchains/1.85.0-x86_64-unknown-linux-gnu/lib/rustlib/x86_64-unknown-linux-gnu/lib/{libproc_macro-57e423f2e16d22f0.rlib,libstd-6273572f18644c87.rlib,libpanic_unwind-267e668abf74a283.rlib,libobject-ec6154ccae37a33e.rlib,libmemchr-500edd5521c440d4.rlib,libaddr2line-86d8d9428792e8ef.rlib,libgimli-10f06487503767c2.rlib,librustc_demangle-6a38424de1e5bca5.rlib,libstd_detect-de9763ea1c19dca3.rlib,libhashbrown-a7f5bb2f736d3c49.rlib,librustc_std_workspace_alloc-7e368919bdc4a44c.rlib,libminiz_oxide-376454d49910c786.rlib,libadler-fa99f5692b5dce85.rlib,libunwind-91cafdaf16f7fe40.rlib,libcfg_if-f7ee3f1ea78d9dae.rlib,liblibc-d3a35665f881365a.rlib,liballoc-715bc629a88bca60.rlib,librustc_std_workspace_core-ae70165d1278cff7.rlib,libcore-406129d0e3fbc101.rlib,libcompiler_builtins-1af05515ab19524a.rlib}" "-Wl,-Bdynamic" "-lgcc_s" "-lutil" "-lrt" "-lpthread" "-lm" "-ldl" "-lc" "-Wl,--eh-frame-hdr" "-Wl,-z,noexecstack" "-L" "/opt/rustwide/rustup-home/toolchains/1.85.0-x86_64-unknown-linux-gnu/lib/rustlib/x86_64-unknown-linux-gnu/lib" "-o" "/opt/rustwide/target/debug/deps/libdisplaydoc-3ca917cc8e3b72b9.so" "-Wl,--gc-sections" "-shared" "-Wl,-z,relro,-z,now" "-nodefaultlibs"
[INFO] [stdout]   = note: some arguments are omitted. use `--verbose` to show all linker arguments
[INFO] [stdout]   = note: /usr/bin/ld: final link failed: No space left on device
[INFO] [stdout]           collect2: error: ld returned 1 exit status
[INFO] [stdout]           
[INFO] [stdout] 
[INFO] [stdout] 
[INFO] [stderr] error: could not compile `displaydoc` (lib) due to 1 previous error
[INFO] [stderr] error: could not compile `tracing-attributes` (lib)
[INFO] [stderr] 
[INFO] [stderr] Caused by:
[INFO] [stderr]   process didn't exit successfully: `/opt/rustwide/rustup-home/toolchains/1.85.0-x86_64-unknown-linux-gnu/bin/rustc --crate-name tracing_attributes --edition=2018 /opt/rustwide/cargo-home/registry/src/index.crates.io-1949cf8c6b5b557f/tracing-attributes-0.1.28/src/lib.rs --error-format=json --json=diagnostic-rendered-ansi,artifacts,future-incompat --crate-type proc-macro --emit=dep-info,link -C prefer-dynamic -C embed-bitcode=no --warn=unexpected_cfgs --check-cfg 'cfg(flaky_tests)' --check-cfg 'cfg(tracing_unstable)' --check-cfg 'cfg(docsrs,test)' --check-cfg 'cfg(feature, values("async-await"))' -C metadata=943286ea5b5b7a7c -C extra-filename=-a2e59ea0bad65999 --out-dir /opt/rustwide/target/debug/deps -L dependency=/opt/rustwide/target/debug/deps --extern proc_macro2=/opt/rustwide/target/debug/deps/libproc_macro2-38e38eb50d2be709.rlib --extern quote=/opt/rustwide/target/debug/deps/libquote-6e34bcc269e1a5f2.rlib --extern syn=/opt/rustwide/target/debug/deps/libsyn-11a347ba52123073.rlib --extern proc_macro --cap-lints allow --cap-lints=warn` (exit status: 101)
[INFO] [stderr] rustc-LLVM ERROR: IO failure on output stream: No space left on device
[INFO] [stderr] error: could not compile `zerofrom-derive` (lib)
[INFO] [stderr] 
[INFO] [stderr] Caused by:
[INFO] [stderr]   No space left on device (os error 28)
[INFO] [stderr] 
[INFO] [stderr] Caused by:
[INFO] [stderr]   failed to parse process output: `/opt/rustwide/rustup-home/toolchains/1.85.0-x86_64-unknown-linux-gnu/bin/rustc --crate-name zerofrom_derive --edition=2021 /opt/rustwide/cargo-home/registry/src/index.crates.io-1949cf8c6b5b557f/zerofrom-derive-0.1.5/src/lib.rs --error-format=json --json=diagnostic-rendered-ansi,artifacts,future-incompat --crate-type proc-macro --emit=dep-info,link -C prefer-dynamic -C embed-bitcode=no --check-cfg 'cfg(docsrs,test)' --check-cfg 'cfg(feature, values())' -C metadata=1cadc929c9efe0b9 -C extra-filename=-b9760ed1f290d126 --out-dir /opt/rustwide/target/debug/deps -L dependency=/opt/rustwide/target/debug/deps --extern proc_macro2=/opt/rustwide/target/debug/deps/libproc_macro2-38e38eb50d2be709.rlib --extern quote=/opt/rustwide/target/debug/deps/libquote-6e34bcc269e1a5f2.rlib --extern syn=/opt/rustwide/target/debug/deps/libsyn-11a347ba52123073.rlib --extern synstructure=/opt/rustwide/target/debug/deps/libsynstructure-291dc96da257432d.rlib --extern proc_macro --cap-lints allow --cap-lints=warn` (exit status: 101)
[INFO] [stdout] error: linking with `cc` failed: exit status: 1
[INFO] [stdout]   |
[INFO] [stdout]   = note: LC_ALL="C" PATH="/opt/rustwide/rustup-home/toolchains/1.85.0-x86_64-unknown-linux-gnu/lib/rustlib/x86_64-unknown-linux-gnu/bin:/opt/rustwide/cargo-home/bin:/usr/local/sbin:/usr/local/bin:/usr/sbin:/usr/bin:/sbin:/bin" VSLANG="1033" "cc" "-Wl,--version-script=/tmp/rustcrslbYs/list" "-Wl,--no-undefined-version" "-m64" "/tmp/rustcrslbYs/symbols.o" "<10 object files omitted>" "/opt/rustwide/target/debug/deps/zerovec_derive-cefac2648181a0d7.c9k735tpmzx7sfo80taywo187.rcgu.rmeta" "<1 object files omitted>" "-Wl,--as-needed" "-Wl,-Bstatic" "/opt/rustwide/target/debug/deps/{libsyn-11a347ba52123073.rlib,libquote-6e34bcc269e1a5f2.rlib,libproc_macro2-38e38eb50d2be709.rlib,libunicode_ident-824ffdf5c8ad75db.rlib}" "/opt/rustwide/rustup-home/toolchains/1.85.0-x86_64-unknown-linux-gnu/lib/rustlib/x86_64-unknown-linux-gnu/lib/{libproc_macro-57e423f2e16d22f0.rlib,libstd-6273572f18644c87.rlib,libpanic_unwind-267e668abf74a283.rlib,libobject-ec6154ccae37a33e.rlib,libmemchr-500edd5521c440d4.rlib,libaddr2line-86d8d9428792e8ef.rlib,libgimli-10f06487503767c2.rlib,librustc_demangle-6a38424de1e5bca5.rlib,libstd_detect-de9763ea1c19dca3.rlib,libhashbrown-a7f5bb2f736d3c49.rlib,librustc_std_workspace_alloc-7e368919bdc4a44c.rlib,libminiz_oxide-376454d49910c786.rlib,libadler-fa99f5692b5dce85.rlib,libunwind-91cafdaf16f7fe40.rlib,libcfg_if-f7ee3f1ea78d9dae.rlib,liblibc-d3a35665f881365a.rlib,liballoc-715bc629a88bca60.rlib,librustc_std_workspace_core-ae70165d1278cff7.rlib,libcore-406129d0e3fbc101.rlib,libcompiler_builtins-1af05515ab19524a.rlib}" "-Wl,-Bdynamic" "-lgcc_s" "-lutil" "-lrt" "-lpthread" "-lm" "-ldl" "-lc" "-Wl,--eh-frame-hdr" "-Wl,-z,noexecstack" "-L" "/opt/rustwide/rustup-home/toolchains/1.85.0-x86_64-unknown-linux-gnu/lib/rustlib/x86_64-unknown-linux-gnu/lib" "-o" "/opt/rustwide/target/debug/deps/libzerovec_derive-cefac2648181a0d7.so" "-Wl,--gc-sections" "-shared" "-Wl,-z,relro,-z,now" "-nodefaultlibs"
[INFO] [stdout]   = note: some arguments are omitted. use `--verbose` to show all linker arguments
[INFO] [stdout]   = note: /usr/bin/ld: final link failed: No space left on device
[INFO] [stdout]           collect2: error: ld returned 1 exit status
[INFO] [stdout]           
[INFO] [stdout] 
[INFO] [stdout] 
[INFO] [stderr] error: could not compile `zerovec-derive` (lib) due to 1 previous error
[INFO] [stdout] error: linking with `cc` failed: exit status: 1
[INFO] [stdout]   |
[INFO] [stdout]   = note: LC_ALL="C" PATH="/opt/rustwide/rustup-home/toolchains/1.85.0-x86_64-unknown-linux-gnu/lib/rustlib/x86_64-unknown-linux-gnu/bin:/opt/rustwide/cargo-home/bin:/usr/local/sbin:/usr/local/bin:/usr/sbin:/usr/bin:/sbin:/bin" VSLANG="1033" "cc" "-Wl,--version-script=/tmp/rustcLEO7ic/list" "-Wl,--no-undefined-version" "-m64" "/tmp/rustcLEO7ic/symbols.o" "<12 object files omitted>" "/opt/rustwide/target/debug/deps/yoke_derive-dd3465aa7714064d.3n6jzi7u6b20he7qnjrm8c57w.rcgu.rmeta" "<1 object files omitted>" "-Wl,--as-needed" "-Wl,-Bstatic" "/opt/rustwide/target/debug/deps/{libsynstructure-291dc96da257432d.rlib,libsyn-11a347ba52123073.rlib,libquote-6e34bcc269e1a5f2.rlib,libproc_macro2-38e38eb50d2be709.rlib,libunicode_ident-824ffdf5c8ad75db.rlib}" "/opt/rustwide/rustup-home/toolchains/1.85.0-x86_64-unknown-linux-gnu/lib/rustlib/x86_64-unknown-linux-gnu/lib/{libproc_macro-57e423f2e16d22f0.rlib,libstd-6273572f18644c87.rlib,libpanic_unwind-267e668abf74a283.rlib,libobject-ec6154ccae37a33e.rlib,libmemchr-500edd5521c440d4.rlib,libaddr2line-86d8d9428792e8ef.rlib,libgimli-10f06487503767c2.rlib,librustc_demangle-6a38424de1e5bca5.rlib,libstd_detect-de9763ea1c19dca3.rlib,libhashbrown-a7f5bb2f736d3c49.rlib,librustc_std_workspace_alloc-7e368919bdc4a44c.rlib,libminiz_oxide-376454d49910c786.rlib,libadler-fa99f5692b5dce85.rlib,libunwind-91cafdaf16f7fe40.rlib,libcfg_if-f7ee3f1ea78d9dae.rlib,liblibc-d3a35665f881365a.rlib,liballoc-715bc629a88bca60.rlib,librustc_std_workspace_core-ae70165d1278cff7.rlib,libcore-406129d0e3fbc101.rlib,libcompiler_builtins-1af05515ab19524a.rlib}" "-Wl,-Bdynamic" "-lgcc_s" "-lutil" "-lrt" "-lpthread" "-lm" "-ldl" "-lc" "-Wl,--eh-frame-hdr" "-Wl,-z,noexecstack" "-L" "/opt/rustwide/rustup-home/toolchains/1.85.0-x86_64-unknown-linux-gnu/lib/rustlib/x86_64-unknown-linux-gnu/lib" "-o" "/opt/rustwide/target/debug/deps/libyoke_derive-dd3465aa7714064d.so" "-Wl,--gc-sections" "-shared" "-Wl,-z,relro,-z,now" "-nodefaultlibs"
[INFO] [stdout]   = note: some arguments are omitted. use `--verbose` to show all linker arguments
[INFO] [stdout]   = note: /usr/bin/ld: final link failed: No space left on device
[INFO] [stdout]           collect2: error: ld returned 1 exit status
[INFO] [stdout]           
[INFO] [stdout] 
[INFO] [stdout] 
[INFO] [stderr] error: could not compile `yoke-derive` (lib) due to 1 previous error
[INFO] running `Command { std: "docker" "inspect" "befe4ea553ab819397c9d5a901db97fc9b7a203336db094b0ec204b4546d2def", kill_on_drop: false }`
[INFO] running `Command { std: "docker" "rm" "-f" "befe4ea553ab819397c9d5a901db97fc9b7a203336db094b0ec204b4546d2def", kill_on_drop: false }`
[INFO] [stdout] befe4ea553ab819397c9d5a901db97fc9b7a203336db094b0ec204b4546d2def
