[INFO] cloning repository https://github.com/srijs/rpdf
[INFO] running `Command { std: "git" "-c" "credential.helper=" "-c" "credential.helper=/workspace/cargo-home/bin/git-credential-null" "clone" "--bare" "https://github.com/srijs/rpdf" "/workspace/cache/git-repos/https%3A%2F%2Fgithub.com%2Fsrijs%2Frpdf", kill_on_drop: false }`
[INFO] [stderr] Cloning into bare repository '/workspace/cache/git-repos/https%3A%2F%2Fgithub.com%2Fsrijs%2Frpdf'...
[INFO] running `Command { std: "git" "rev-parse" "HEAD", kill_on_drop: false }`
[INFO] [stdout] f26e30d62f0f3bb7b96c0c26a46679d60c9b7850
[INFO] documenting srijs/rpdf against 1.85.0 for beta-1.86-rustdoc-1
[INFO] running `Command { std: "git" "clone" "/workspace/cache/git-repos/https%3A%2F%2Fgithub.com%2Fsrijs%2Frpdf" "/workspace/builds/worker-2-tc1/source", kill_on_drop: false }`
[INFO] [stderr] Cloning into '/workspace/builds/worker-2-tc1/source'...
[INFO] [stderr] done.
[INFO] validating manifest of git repo https://github.com/srijs/rpdf on toolchain 1.85.0
[INFO] running `Command { std: CARGO_HOME="/workspace/cargo-home" RUSTUP_HOME="/workspace/rustup-home" "/workspace/cargo-home/bin/cargo" "+1.85.0" "metadata" "--manifest-path" "Cargo.toml" "--no-deps", kill_on_drop: false }`
[INFO] started tweaking git repo https://github.com/srijs/rpdf
[INFO] finished tweaking git repo https://github.com/srijs/rpdf
[INFO] tweaked toml for git repo https://github.com/srijs/rpdf written to /workspace/builds/worker-2-tc1/source/Cargo.toml
[INFO] crate git repo https://github.com/srijs/rpdf already has a lockfile, it will not be regenerated
[INFO] running `Command { std: CARGO_HOME="/workspace/cargo-home" RUSTUP_HOME="/workspace/rustup-home" "/workspace/cargo-home/bin/cargo" "+1.85.0" "fetch" "--manifest-path" "Cargo.toml", kill_on_drop: false }`
[INFO] [stderr]     Updating crates.io index
[INFO] [stderr]     Updating git repository `https://github.com/servo/webrender`
[INFO] [stderr] warning: spurious network error (3 tries remaining): cannot extend packfile '/workspace/cargo-home/git/db/webrender-a8b399ecb6c2da85/objects/pack/pack_git2_402a6f27af6e23f0': No space left on device; class=Os (2)
[INFO] [stderr]     Updating git repository `https://github.com/srijs/font-kit.git`
[INFO] [stderr]     Blocking waiting for file lock on package cache
[INFO] [stderr]     Blocking waiting for file lock on package cache
[INFO] [stderr]  Downloading crates ...
[INFO] [stderr]   Downloaded thread_profiler v0.1.3
[INFO] [stderr]   Downloaded redox_syscall v0.1.53
[INFO] [stderr]   Downloaded app_units v0.7.1
[INFO] [stderr]   Downloaded binary-space-partition v0.1.2
[INFO] [stderr]   Downloaded bincode v1.1.3
[INFO] [stderr]   Downloaded serde_bytes v0.10.5
[INFO] [stderr]   Downloaded euclid v0.19.7
[INFO] [stderr]   Downloaded glutin_gles2_sys v0.1.2
[INFO] [stderr]   Downloaded glutin_glx_sys v0.1.3
[INFO] [stderr]   Downloaded glutin_wgl_sys v0.1.2
[INFO] [stderr]   Downloaded glutin_egl_sys v0.1.2
[INFO] [stderr]   Downloaded wayland-sys v0.21.12
[INFO] [stderr]   Downloaded wayland-scanner v0.21.12
[INFO] [stderr]   Downloaded crossbeam v0.7.1
[INFO] [stderr]   Downloaded cmake v0.1.38
[INFO] [stderr]   Downloaded core-text v13.2.0
[INFO] [stderr]   Downloaded wayland-commons v0.21.12
[INFO] [stderr]   Downloaded wayland-client v0.21.12
[INFO] [stderr]   Downloaded wayland-protocols v0.21.12
[INFO] [stderr]   Downloaded lyon_geom v0.12.4
[INFO] [stderr]   Downloaded cc v1.0.34
[INFO] [stderr]   Downloaded regex v1.1.5
[INFO] [stderr]   Downloaded winit v0.19.1
[INFO] [stderr]   Downloaded pom v3.0.2
[INFO] [stderr]   Downloaded gleam v0.6.16
[INFO] [stderr]   Downloaded glutin v0.20.0
[INFO] [stderr]   Downloaded dwrote v0.8.0
[INFO] [stderr]   Downloaded cstr v0.1.7
[INFO] [stderr]   Downloaded plane-split v0.13.8
[INFO] [stderr]   Downloaded cstr-macros v0.1.5
[INFO] [stderr]   Downloaded lopdf v0.20.0
[INFO] running `Command { std: "docker" "create" "-v" "/var/lib/crater-agent-workspace/builds/worker-2-tc1/target:/opt/rustwide/target:rw,Z" "-v" "/var/lib/crater-agent-workspace/builds/worker-2-tc1/source:/opt/rustwide/workdir:ro,Z" "-v" "/var/lib/crater-agent-workspace/cargo-home:/opt/rustwide/cargo-home:ro,Z" "-v" "/var/lib/crater-agent-workspace/rustup-home:/opt/rustwide/rustup-home:ro,Z" "-e" "SOURCE_DIR=/opt/rustwide/workdir" "-e" "CARGO_TARGET_DIR=/opt/rustwide/target" "-e" "CARGO_HOME=/opt/rustwide/cargo-home" "-e" "RUSTUP_HOME=/opt/rustwide/rustup-home" "-w" "/opt/rustwide/workdir" "-m" "1610612736" "--user" "0:0" "--network" "none" "ghcr.io/rust-lang/crates-build-env/linux@sha256:3959728d45483eb673ba100a951a6b9f5012970368db2a9e08e0ac9b67c8a5ad" "/opt/rustwide/cargo-home/bin/cargo" "+1.85.0" "metadata" "--no-deps" "--format-version=1", kill_on_drop: false }`
[INFO] [stdout] 6db94c7628f25f4dfa97ae0faf8c4d7f46fd9cd92c610b5fa2f9012a6ea1cbee
[INFO] running `Command { std: "docker" "start" "-a" "6db94c7628f25f4dfa97ae0faf8c4d7f46fd9cd92c610b5fa2f9012a6ea1cbee", kill_on_drop: false }`
[INFO] running `Command { std: "docker" "inspect" "6db94c7628f25f4dfa97ae0faf8c4d7f46fd9cd92c610b5fa2f9012a6ea1cbee", kill_on_drop: false }`
[INFO] running `Command { std: "docker" "rm" "-f" "6db94c7628f25f4dfa97ae0faf8c4d7f46fd9cd92c610b5fa2f9012a6ea1cbee", kill_on_drop: false }`
[INFO] [stdout] 6db94c7628f25f4dfa97ae0faf8c4d7f46fd9cd92c610b5fa2f9012a6ea1cbee
[INFO] running `Command { std: "docker" "create" "-v" "/var/lib/crater-agent-workspace/builds/worker-2-tc1/target:/opt/rustwide/target:rw,Z" "-v" "/var/lib/crater-agent-workspace/builds/worker-2-tc1/source:/opt/rustwide/workdir:ro,Z" "-v" "/var/lib/crater-agent-workspace/cargo-home:/opt/rustwide/cargo-home:ro,Z" "-v" "/var/lib/crater-agent-workspace/rustup-home:/opt/rustwide/rustup-home:ro,Z" "-e" "SOURCE_DIR=/opt/rustwide/workdir" "-e" "CARGO_TARGET_DIR=/opt/rustwide/target" "-e" "CARGO_INCREMENTAL=0" "-e" "RUST_BACKTRACE=full" "-e" "RUSTFLAGS=--cap-lints=warn" "-e" "RUSTDOCFLAGS=--cap-lints=warn" "-e" "CARGO_HOME=/opt/rustwide/cargo-home" "-e" "RUSTUP_HOME=/opt/rustwide/rustup-home" "-w" "/opt/rustwide/workdir" "-m" "1610612736" "--user" "0:0" "--network" "none" "ghcr.io/rust-lang/crates-build-env/linux@sha256:3959728d45483eb673ba100a951a6b9f5012970368db2a9e08e0ac9b67c8a5ad" "/opt/rustwide/cargo-home/bin/cargo" "+1.85.0" "doc" "--frozen" "--no-deps" "--document-private-items" "--message-format=json", kill_on_drop: false }`
[INFO] [stdout] 0e9694f14fbac0c8a7f9304011e4265769e854a2348c2f3bd03fb80f43d5bc86
[INFO] running `Command { std: "docker" "start" "-a" "0e9694f14fbac0c8a7f9304011e4265769e854a2348c2f3bd03fb80f43d5bc86", kill_on_drop: false }`
[INFO] [stderr]    Compiling libc v0.2.51
[INFO] [stderr]    Compiling proc-macro2 v0.4.27
[INFO] [stderr]    Compiling unicode-xid v0.1.0
[INFO] [stderr]    Compiling cc v1.0.34
[INFO] [stderr]    Compiling autocfg v0.1.2
[INFO] [stderr]     Checking cfg-if v0.1.7
[INFO] [stderr]     Checking lazy_static v1.3.0
[INFO] [stderr]    Compiling syn v0.15.30
[INFO] [stderr]    Compiling num-traits v0.2.6
[INFO] [stderr]    Compiling byteorder v1.3.1
[INFO] [stderr]    Compiling xml-rs v0.8.0
[INFO] [stderr]    Compiling pkg-config v0.3.14
[INFO] [stderr]    Compiling arrayvec v0.4.10
[INFO] [stderr]     Checking nodrop v0.1.13
[INFO] [stderr]    Compiling rand_pcg v0.1.2
[INFO] [stderr]    Compiling rand_chacha v0.1.1
[INFO] [stderr]    Compiling serde v1.0.88
[INFO] [stderr]    Compiling typenum v1.10.0
[INFO] [stderr]    Compiling rand_core v0.4.0
[INFO] [stderr]    Compiling khronos_api v3.1.0
[INFO] [stderr]     Checking bitflags v1.0.4
[INFO] [stderr]    Compiling rand v0.6.5
[INFO] [stderr]    Compiling cmake v0.1.38
[INFO] [stderr]    Compiling log v0.4.6
[INFO] [stderr]    Compiling rand_core v0.3.1
[INFO] [stderr]     Checking scopeguard v0.3.3
[INFO] [stderr]    Compiling quote v0.6.11
[INFO] [stderr]     Checking encoding_index_tests v0.1.4
[INFO] [stderr]    Compiling libloading v0.5.0
[INFO] [stderr]    Compiling servo-freetype-sys v4.0.5
[INFO] [stderr]    Compiling num-integer v0.1.39
[INFO] [stderr]    Compiling wayland-scanner v0.21.12
[INFO] [stderr]    Compiling expat-sys v2.1.6
[INFO] [stderr]    Compiling gl_generator v0.11.0
[INFO] [stderr]    Compiling rand_os v0.1.3
[INFO] [stderr]    Compiling rand_isaac v0.1.1
[INFO] [stderr]    Compiling rand_xorshift v0.1.1
[INFO] [stderr]    Compiling rand_hc v0.1.0
[INFO] [stderr]    Compiling rand_jitter v0.1.3
[INFO] [stderr]     Checking memoffset v0.2.1
[INFO] [stderr]    Compiling num-iter v0.1.37
[INFO] [stderr]    Compiling siphasher v0.2.3
[INFO] [stderr]     Checking same-file v1.0.4
[INFO] [stderr]    Compiling phf_shared v0.7.24
[INFO] [stderr]     Checking walkdir v2.2.7
[INFO] [stderr]    Compiling generic-array v0.12.0
[INFO] [stderr]    Compiling miniz-sys v0.1.11
[INFO] [stderr]    Compiling backtrace-sys v0.1.28
[INFO] [stderr]     Checking time v0.1.42
[INFO] [stderr]    Compiling semver-parser v0.7.0
[INFO] [stderr]    Compiling crc32fast v1.2.0
[INFO] [stderr]    Compiling nix v0.13.0
[INFO] [stderr]     Checking smallvec v0.6.9
[INFO] [stderr]    Compiling byte-tools v0.3.1
[INFO] [stderr]    Compiling block-padding v0.1.3
[INFO] [stderr]    Compiling semver v0.9.0
[INFO] [stderr]    Compiling phf_generator v0.7.24
[INFO] [stderr]     Checking dlib v0.4.1
[INFO] [stderr]    Compiling servo-fontconfig-sys v4.0.7
[INFO] [stderr]    Compiling backtrace v0.3.15
[INFO] [stderr]    Compiling failure_derive v0.1.5
[INFO] [stderr]     Checking void v1.0.2
[INFO] [stderr]     Checking either v1.5.2
[INFO] [stderr]    Compiling block-buffer v0.7.0
[INFO] [stderr]    Compiling wayland-client v0.21.12
[INFO] [stderr]     Checking num v0.1.42
[INFO] [stderr]     Checking wayland-sys v0.21.12
[INFO] [stderr]    Compiling phf_codegen v0.7.24
[INFO] [stderr]    Compiling rustc_version v0.2.3
[INFO] [stderr]    Compiling digest v0.8.0
[INFO] [stderr]     Checking encoding-index-korean v1.20141219.5
[INFO] [stderr]     Checking encoding-index-tradchinese v1.20141219.5
[INFO] [stderr]     Checking encoding-index-singlebyte v1.20141219.5
[INFO] [stderr]     Checking encoding-index-japanese v1.20141219.5
[INFO] [stderr]     Checking encoding-index-simpchinese v1.20141219.5
[INFO] [stderr]     Checking crossbeam-utils v0.2.2
[INFO] [stderr]     Checking rustc-demangle v0.1.13
[INFO] [stderr]    Compiling opaque-debug v0.2.2
[INFO] [stderr]    Compiling rayon-core v1.4.1
[INFO] [stderr]    Compiling fake-simd v0.1.2
[INFO] [stderr]    Compiling sha2 v0.8.0
[INFO] [stderr]     Checking encoding v0.2.33
[INFO] [stderr]     Checking crossbeam-epoch v0.3.1
[INFO] [stderr]    Compiling parking_lot_core v0.4.0
[INFO] [stderr]     Checking flate2 v1.0.7
[INFO] [stderr]    Compiling rpdf_glyph_names v0.1.0 (/opt/rustwide/workdir/lib/glyph_names)
[INFO] [stderr]     Checking chrono v0.3.0
[INFO] [stderr]    Compiling wayland-protocols v0.21.12
[INFO] [stderr]     Checking freetype v0.4.1
[INFO] [stderr]    Compiling x11-dl v2.18.3
[INFO] [stderr]     Checking stb_truetype v0.2.6
[INFO] [stderr]     Checking approx v0.3.2
[INFO] [stderr]     Checking ordered-float v1.0.2
[INFO] [stderr]    Compiling bincode v1.1.3
[INFO] [stderr]     Checking crossbeam-utils v0.6.5
[INFO] [stderr]     Checking linked-hash-map v0.3.0
[INFO] [stderr]     Checking stable_deref_trait v1.1.1
[INFO] [stderr]     Checking downcast-rs v1.0.3
[INFO] [stderr]     Checking dtoa v0.4.3
[INFO] [stderr]     Checking itoa v0.3.4
[INFO] [stderr]    Compiling memchr v2.2.0
[INFO] [stderr]     Checking pom v3.0.2
[INFO] [stderr]     Checking rusttype v0.7.5
[INFO] [stderr]     Checking owning_ref v0.4.0
[INFO] [stderr]     Checking lopdf v0.20.0
[INFO] [stderr]     Checking crossbeam-deque v0.2.0
[INFO] [stderr]     Checking servo-fontconfig v0.4.0
[INFO] [stderr]    Compiling webrender_build v0.0.1 (https://github.com/servo/webrender?rev=e9a987d3938f99756c88f5ea0b5cea74ed8c5a5a#e9a987d3)
[INFO] [stderr]     Checking phf v0.7.24
[INFO] [stderr]     Checking wayland-commons v0.21.12
[INFO] [stderr]    Compiling synstructure v0.10.1
[INFO] [stderr]     Checking itertools v0.7.11
[INFO] [stderr]    Compiling gleam v0.6.16
[INFO] [stderr]    Compiling gl_generator v0.10.0
[INFO] [stderr]     Checking line_drawing v0.7.0
[INFO] [stderr]     Checking dirs v1.0.5
[INFO] [stderr]     Checking num_cpus v1.10.0
[INFO] [stderr]     Checking memmap v0.6.2
[INFO] [stderr]     Checking float-ord v0.2.0
[INFO] [stderr]    Compiling procedural-masquerade v0.1.6
[INFO] [stderr]     Checking xdg v2.2.0
[INFO] [stderr]    Compiling rayon v1.0.3
[INFO] [stderr]    Compiling glutin_egl_sys v0.1.2
[INFO] [stderr]     Checking andrew v0.2.1
[INFO] [stderr]    Compiling webrender v0.60.0 (https://github.com/servo/webrender?rev=e9a987d3938f99756c88f5ea0b5cea74ed8c5a5a#e9a987d3)
[INFO] [stderr]    Compiling serde_derive v1.0.88
[INFO] [stderr]    Compiling euclid_macros v0.1.0
[INFO] [stderr]    Compiling malloc_size_of_derive v0.1.0
[INFO] [stderr]    Compiling derive_more v0.13.0
[INFO] [stderr]    Compiling cstr-macros v0.1.5
[INFO] [stderr]     Checking failure v0.1.5
[INFO] [stderr]     Checking lock_api v0.1.5
[INFO] [stderr]    Compiling glutin_glx_sys v0.1.3
[INFO] [stderr]     Checking memmap v0.7.0
[INFO] [stderr]     Checking atty v0.2.11
[INFO] [stderr]     Checking unicode-width v0.1.5
[INFO] [stderr]    Compiling unicode-segmentation v1.2.1
[INFO] [stderr]    Compiling regex v1.1.5
[INFO] [stderr]     Checking binary-space-partition v0.1.2
[INFO] [stderr]     Checking ucd-util v0.1.3
[INFO] [stderr]     Checking cstr v0.1.7
[INFO] [stderr]     Checking regex-syntax v0.6.6
[INFO] [stderr]    Compiling heck v0.3.1
[INFO] [stderr]     Checking textwrap v0.11.0
[INFO] [stderr]     Checking parking_lot v0.7.1
[INFO] [stderr]     Checking aho-corasick v0.7.3
[INFO] [stderr]     Checking crossbeam-epoch v0.7.1
[INFO] [stderr]     Checking fxhash v0.2.1
[INFO] [stderr]     Checking shared_library v0.1.9
[INFO] [stderr]     Checking thread_local v0.3.6
[INFO] [stderr]     Checking percent-encoding v1.0.1
[INFO] [stderr]     Checking thread_profiler v0.1.3
[INFO] [stderr]     Checking vec_map v0.8.1
[INFO] [stderr]     Checking ansi_term v0.11.0
[INFO] [stderr]     Checking quick-error v1.2.2
[INFO] [stderr]     Checking strsim v0.8.0
[INFO] [stderr]     Checking utf8-ranges v1.0.2
[INFO] [stderr]     Checking humantime v1.2.0
[INFO] [stderr]     Checking osmesa-sys v0.1.2
[INFO] [stderr]     Checking clap v2.33.0
[INFO] [stderr]     Checking crossbeam-deque v0.7.1
[INFO] [stderr]    Compiling structopt-derive v0.2.15
[INFO] [stderr]     Checking crossbeam-channel v0.3.8
[INFO] [stderr]     Checking crossbeam-queue v0.1.2
[INFO] [stderr]     Checking termcolor v1.0.4
[INFO] [stderr]     Checking crossbeam v0.7.1
[INFO] [stderr]     Checking env_logger v0.6.1
[INFO] [stderr]     Checking structopt v0.2.15
[INFO] [stderr]     Checking euclid v0.19.7
[INFO] [stderr]     Checking app_units v0.7.1
[INFO] [stderr]     Checking serde_bytes v0.10.5
[INFO] [stderr]     Checking rpdf_lopdf_extra v0.1.0 (/opt/rustwide/workdir/lib/lopdf_extra)
[INFO] [stderr]     Checking lyon_geom v0.12.4
[INFO] [stderr]     Checking wr_malloc_size_of v0.0.1 (https://github.com/servo/webrender?rev=e9a987d3938f99756c88f5ea0b5cea74ed8c5a5a#e9a987d3)
[INFO] [stderr]     Checking plane-split v0.13.8
[INFO] [stderr]     Checking webrender_api v0.60.0 (https://github.com/servo/webrender?rev=e9a987d3938f99756c88f5ea0b5cea74ed8c5a5a#e9a987d3)
[INFO] [stderr]     Checking lyon_path v0.12.0
[INFO] [stderr]     Checking font-kit v0.1.0 (https://github.com/srijs/font-kit.git?rev=a9e0ea6f8782e8a95e7412adc8af7bc6b509890a#a9e0ea6f)
[INFO] [stderr]     Checking rpdf_graphics v0.1.0 (/opt/rustwide/workdir/rpdf_graphics)
[INFO] [stdout] warning: unexpected `cfg` condition value: `cargo-clippy`
[INFO] [stdout]  --> rpdf_graphics/src/font/encoding.rs:5:17
[INFO] [stdout]   |
[INFO] [stdout] 5 | #[derive(Debug, Deserialize, PartialEq)]
[INFO] [stdout]   |                 ^^^^^^^^^^^
[INFO] [stdout]   |
[INFO] [stdout]   = note: no expected values for `feature`
[INFO] [stdout]   = note: using a cfg inside a derive macro will use the cfgs from the destination crate and not the ones from the defining crate
[INFO] [stdout]   = help: try referring to `Deserialize` crate for guidance on how handle this unexpected cfg
[INFO] [stdout]   = help: the derive macro `Deserialize` may come from an old version of the `serde_derive` crate, try updating your dependency with `cargo update -p serde_derive`
[INFO] [stdout]   = note: see <https://doc.rust-lang.org/nightly/rustc/check-cfg/cargo-specifics.html> for more information about checking conditional configuration
[INFO] [stdout]   = note: `#[warn(unexpected_cfgs)]` on by default
[INFO] [stdout]   = note: this warning originates in the derive macro `Deserialize` (in Nightly builds, run with -Z macro-backtrace for more info)
[INFO] [stdout] 
[INFO] [stdout] 
[INFO] [stdout] warning: unexpected `cfg` condition value: `cargo-clippy`
[INFO] [stdout]   --> rpdf_graphics/src/font/encoding.rs:24:17
[INFO] [stdout]    |
[INFO] [stdout] 24 | #[derive(Debug, Deserialize, PartialEq)]
[INFO] [stdout]    |                 ^^^^^^^^^^^
[INFO] [stdout]    |
[INFO] [stdout]    = note: no expected values for `feature`
[INFO] [stdout]    = note: using a cfg inside a derive macro will use the cfgs from the destination crate and not the ones from the defining crate
[INFO] [stdout]    = help: try referring to `Deserialize` crate for guidance on how handle this unexpected cfg
[INFO] [stdout]    = help: the derive macro `Deserialize` may come from an old version of the `serde_derive` crate, try updating your dependency with `cargo update -p serde_derive`
[INFO] [stdout]    = note: see <https://doc.rust-lang.org/nightly/rustc/check-cfg/cargo-specifics.html> for more information about checking conditional configuration
[INFO] [stdout]    = note: this warning originates in the derive macro `Deserialize` (in Nightly builds, run with -Z macro-backtrace for more info)
[INFO] [stdout] 
[INFO] [stdout] 
[INFO] [stdout] warning: unexpected `cfg` condition value: `cargo-clippy`
[INFO] [stdout]   --> rpdf_graphics/src/font/encoding.rs:32:17
[INFO] [stdout]    |
[INFO] [stdout] 32 | #[derive(Debug, Deserialize, PartialEq)]
[INFO] [stdout]    |                 ^^^^^^^^^^^
[INFO] [stdout]    |
[INFO] [stdout]    = note: no expected values for `feature`
[INFO] [stdout]    = note: using a cfg inside a derive macro will use the cfgs from the destination crate and not the ones from the defining crate
[INFO] [stdout]    = help: try referring to `Deserialize` crate for guidance on how handle this unexpected cfg
[INFO] [stdout]    = help: the derive macro `Deserialize` may come from an old version of the `serde_derive` crate, try updating your dependency with `cargo update -p serde_derive`
[INFO] [stdout]    = note: see <https://doc.rust-lang.org/nightly/rustc/check-cfg/cargo-specifics.html> for more information about checking conditional configuration
[INFO] [stdout]    = note: this warning originates in the derive macro `Deserialize` (in Nightly builds, run with -Z macro-backtrace for more info)
[INFO] [stdout] 
[INFO] [stdout] 
[INFO] [stdout] warning: unexpected `cfg` condition value: `cargo-clippy`
[INFO] [stdout]   --> rpdf_graphics/src/font.rs:14:30
[INFO] [stdout]    |
[INFO] [stdout] 14 | #[derive(Clone, Copy, Debug, Deserialize)]
[INFO] [stdout]    |                              ^^^^^^^^^^^
[INFO] [stdout]    |
[INFO] [stdout]    = note: no expected values for `feature`
[INFO] [stdout]    = note: using a cfg inside a derive macro will use the cfgs from the destination crate and not the ones from the defining crate
[INFO] [stdout]    = help: try referring to `Deserialize` crate for guidance on how handle this unexpected cfg
[INFO] [stdout]    = help: the derive macro `Deserialize` may come from an old version of the `serde_derive` crate, try updating your dependency with `cargo update -p serde_derive`
[INFO] [stdout]    = note: see <https://doc.rust-lang.org/nightly/rustc/check-cfg/cargo-specifics.html> for more information about checking conditional configuration
[INFO] [stdout]    = note: this warning originates in the derive macro `Deserialize` (in Nightly builds, run with -Z macro-backtrace for more info)
[INFO] [stdout] 
[INFO] [stdout] 
[INFO] [stdout] warning: field `transform` is never read
[INFO] [stdout]   --> rpdf_graphics/src/lib.rs:17:5
[INFO] [stdout]    |
[INFO] [stdout] 16 | pub struct GraphicsState {
[INFO] [stdout]    |            ------------- field in this struct
[INFO] [stdout] 17 |     transform: euclid::Transform2D<f32>,
[INFO] [stdout]    |     ^^^^^^^^^
[INFO] [stdout]    |
[INFO] [stdout]    = note: `#[warn(dead_code)]` on by default
[INFO] [stdout] 
[INFO] [stdout] 
[INFO] [stdout] warning: field `subtype` is never read
[INFO] [stdout]   --> rpdf_graphics/src/font.rs:25:5
[INFO] [stdout]    |
[INFO] [stdout] 20 | pub struct Font {
[INFO] [stdout]    |            ---- field in this struct
[INFO] [stdout] ...
[INFO] [stdout] 25 |     subtype: Subtype,
[INFO] [stdout]    |     ^^^^^^^
[INFO] [stdout] 
[INFO] [stdout] 
[INFO] [stdout] warning: non-local `impl` definition, `impl` blocks should be written at the same level as their item
[INFO] [stdout]   --> rpdf_graphics/src/font.rs:14:30
[INFO] [stdout]    |
[INFO] [stdout] 14 | #[derive(Clone, Copy, Debug, Deserialize)]
[INFO] [stdout]    |                              ^----------
[INFO] [stdout]    |                              |
[INFO] [stdout]    |                              `Deserialize` is not local
[INFO] [stdout]    |                              move the `impl` block outside of this constant `_IMPL_DESERIALIZE_FOR_Subtype`
[INFO] [stdout] 15 | #[serde(variant_identifier)]
[INFO] [stdout] 16 | pub enum Subtype {
[INFO] [stdout]    |          ------- `Subtype` is not local
[INFO] [stdout]    |
[INFO] [stdout]    = note: the derive macro `Deserialize` defines the non-local `impl`, and may need to be changed
[INFO] [stdout]    = note: the derive macro `Deserialize` may come from an old version of the `serde_derive` crate, try updating your dependency with `cargo update -p serde_derive`
[INFO] [stdout]    = note: an `impl` is never scoped, even when it is nested inside an item, as it may impact type checking outside of that item, which can be the case if neither the trait or the self type are at the same nesting level as the `impl`
[INFO] [stdout]    = note: items in an anonymous const item (`const _: () = { ... }`) are treated as in the same scope as the anonymous const's declaration for the purpose of this lint
[INFO] [stdout]    = note: `#[warn(non_local_definitions)]` on by default
[INFO] [stdout]    = note: this warning originates in the derive macro `Deserialize` (in Nightly builds, run with -Z macro-backtrace for more info)
[INFO] [stdout] 
[INFO] [stdout] 
[INFO] [stdout] warning: non-local `impl` definition, `impl` blocks should be written at the same level as their item
[INFO] [stdout]  --> rpdf_graphics/src/font/encoding.rs:5:17
[INFO] [stdout]   |
[INFO] [stdout] 5 | #[derive(Debug, Deserialize, PartialEq)]
[INFO] [stdout]   |                 ^----------
[INFO] [stdout]   |                 |
[INFO] [stdout]   |                 `Deserialize` is not local
[INFO] [stdout]   |                 move the `impl` block outside of this constant `_IMPL_DESERIALIZE_FOR_Encoding`
[INFO] [stdout] 6 | #[serde(untagged)]
[INFO] [stdout] 7 | pub enum Encoding {
[INFO] [stdout]   |          -------- `Encoding` is not local
[INFO] [stdout]   |
[INFO] [stdout]   = note: the derive macro `Deserialize` defines the non-local `impl`, and may need to be changed
[INFO] [stdout]   = note: the derive macro `Deserialize` may come from an old version of the `serde_derive` crate, try updating your dependency with `cargo update -p serde_derive`
[INFO] [stdout]   = note: an `impl` is never scoped, even when it is nested inside an item, as it may impact type checking outside of that item, which can be the case if neither the trait or the self type are at the same nesting level as the `impl`
[INFO] [stdout]   = note: items in an anonymous const item (`const _: () = { ... }`) are treated as in the same scope as the anonymous const's declaration for the purpose of this lint
[INFO] [stdout]   = note: this warning originates in the derive macro `Deserialize` (in Nightly builds, run with -Z macro-backtrace for more info)
[INFO] [stdout] 
[INFO] [stdout] 
[INFO] [stdout] warning: non-local `impl` definition, `impl` blocks should be written at the same level as their item
[INFO] [stdout]   --> rpdf_graphics/src/font/encoding.rs:24:17
[INFO] [stdout]    |
[INFO] [stdout] 24 | #[derive(Debug, Deserialize, PartialEq)]
[INFO] [stdout]    |                 ^----------
[INFO] [stdout]    |                 |
[INFO] [stdout]    |                 `Deserialize` is not local
[INFO] [stdout]    |                 move the `impl` block outside of this constant `_IMPL_DESERIALIZE_FOR_PredefinedEncoding`
[INFO] [stdout] 25 | #[serde(variant_identifier)]
[INFO] [stdout] 26 | pub enum PredefinedEncoding {
[INFO] [stdout]    |          ------------------ `PredefinedEncoding` is not local
[INFO] [stdout]    |
[INFO] [stdout]    = note: the derive macro `Deserialize` defines the non-local `impl`, and may need to be changed
[INFO] [stdout]    = note: the derive macro `Deserialize` may come from an old version of the `serde_derive` crate, try updating your dependency with `cargo update -p serde_derive`
[INFO] [stdout]    = note: an `impl` is never scoped, even when it is nested inside an item, as it may impact type checking outside of that item, which can be the case if neither the trait or the self type are at the same nesting level as the `impl`
[INFO] [stdout]    = note: items in an anonymous const item (`const _: () = { ... }`) are treated as in the same scope as the anonymous const's declaration for the purpose of this lint
[INFO] [stdout]    = note: this warning originates in the derive macro `Deserialize` (in Nightly builds, run with -Z macro-backtrace for more info)
[INFO] [stdout] 
[INFO] [stdout] 
[INFO] [stdout] warning: non-local `impl` definition, `impl` blocks should be written at the same level as their item
[INFO] [stdout]   --> rpdf_graphics/src/font/encoding.rs:32:17
[INFO] [stdout]    |
[INFO] [stdout] 32 | #[derive(Debug, Deserialize, PartialEq)]
[INFO] [stdout]    |                 ^----------
[INFO] [stdout]    |                 |
[INFO] [stdout]    |                 `Deserialize` is not local
[INFO] [stdout]    |                 move the `impl` block outside of this constant `_IMPL_DESERIALIZE_FOR_EncodingDictionary`
[INFO] [stdout] 33 | pub struct EncodingDictionary {
[INFO] [stdout]    |            ------------------ `EncodingDictionary` is not local
[INFO] [stdout]    |
[INFO] [stdout]    = note: the derive macro `Deserialize` defines the non-local `impl`, and may need to be changed
[INFO] [stdout]    = note: the derive macro `Deserialize` may come from an old version of the `serde_derive` crate, try updating your dependency with `cargo update -p serde_derive`
[INFO] [stdout]    = note: an `impl` is never scoped, even when it is nested inside an item, as it may impact type checking outside of that item, which can be the case if neither the trait or the self type are at the same nesting level as the `impl`
[INFO] [stdout]    = note: items in an anonymous const item (`const _: () = { ... }`) are treated as in the same scope as the anonymous const's declaration for the purpose of this lint
[INFO] [stdout]    = note: this warning originates in the derive macro `Deserialize` (in Nightly builds, run with -Z macro-backtrace for more info)
[INFO] [stdout] 
[INFO] [stdout] 
[INFO] [stderr]     Checking rpdf_document v0.1.0 (/opt/rustwide/workdir/rpdf_document)
[INFO] [stdout] warning: field `inner` is never read
[INFO] [stdout]   --> rpdf_document/src/lib.rs:13:5
[INFO] [stdout]    |
[INFO] [stdout] 12 | pub struct Document {
[INFO] [stdout]    |            -------- field in this struct
[INFO] [stdout] 13 |     inner: Arc<lopdf::Document>,
[INFO] [stdout]    |     ^^^^^
[INFO] [stdout]    |
[INFO] [stdout]    = note: `#[warn(dead_code)]` on by default
[INFO] [stdout] 
[INFO] [stdout] 
[INFO] [stdout] warning: fields `document` and `object_id` are never read
[INFO] [stdout]   --> rpdf_document/src/lib.rs:59:5
[INFO] [stdout]    |
[INFO] [stdout] 58 | pub struct Page {
[INFO] [stdout]    |            ---- fields in this struct
[INFO] [stdout] 59 |     document: Arc<lopdf::Document>,
[INFO] [stdout]    |     ^^^^^^^^
[INFO] [stdout] 60 |     object_id: lopdf::ObjectId,
[INFO] [stdout]    |     ^^^^^^^^^
[INFO] [stdout] 
[INFO] [stdout] 
[INFO] [stderr] 
[INFO] [stderr] thread '<unnamed>' panicked at /opt/rustwide/cargo-home/registry/src/index.crates.io-1949cf8c6b5b557f/procedural-masquerade-0.1.6/lib.rs:211:9:
[INFO] [stderr] expected suffix ").0," not found in "#[allow(unused)] enum ProceduralMasqueradeDummyType\n{ Input = (0, stringify! (\"OpenGL Calls\")).0 }"
[INFO] [stderr] stack backtrace:
[INFO] [stderr]    0:     0x74676767de9a - std::backtrace_rs::backtrace::libunwind::trace::h88deb10bd0145eb8
[INFO] [stderr]                                at /rustc/4d91de4e48198da2e33413efdcd9cd2cc0c46688/library/std/src/../../backtrace/src/backtrace/libunwind.rs:116:5
[INFO] [stderr]    1:     0x74676767de9a - std::backtrace_rs::backtrace::trace_unsynchronized::he1036f5481c14dff
[INFO] [stderr]                                at /rustc/4d91de4e48198da2e33413efdcd9cd2cc0c46688/library/std/src/../../backtrace/src/backtrace/mod.rs:66:5
[INFO] [stderr]    2:     0x74676767de9a - std::sys::backtrace::_print_fmt::hecc345b6e70c4b20
[INFO] [stderr]                                at /rustc/4d91de4e48198da2e33413efdcd9cd2cc0c46688/library/std/src/sys/backtrace.rs:66:9
[INFO] [stderr]    3:     0x74676767de9a - <std::sys::backtrace::BacktraceLock::print::DisplayBacktrace as core::fmt::Display>::fmt::he089f96442833f67
[INFO] [stderr]                                at /rustc/4d91de4e48198da2e33413efdcd9cd2cc0c46688/library/std/src/sys/backtrace.rs:39:26
[INFO] [stderr]    4:     0x74676769a5d3 - core::fmt::rt::Argument::fmt::h1f77cded99c71a14
[INFO] [stderr]                                at /rustc/4d91de4e48198da2e33413efdcd9cd2cc0c46688/library/core/src/fmt/rt.rs:177:76
[INFO] [stderr]    5:     0x74676769a5d3 - core::fmt::write::h2f210ed4c94745cb
[INFO] [stderr]                                at /rustc/4d91de4e48198da2e33413efdcd9cd2cc0c46688/library/core/src/fmt/mod.rs:1440:21
[INFO] [stderr]    6:     0x74676767bc33 - std::io::Write::write_fmt::h7de08171ab770fb2
[INFO] [stderr]                                at /rustc/4d91de4e48198da2e33413efdcd9cd2cc0c46688/library/std/src/io/mod.rs:1887:15
[INFO] [stderr]    7:     0x74676767dce2 - std::sys::backtrace::BacktraceLock::print::h810fbd31421329e6
[INFO] [stderr]                                at /rustc/4d91de4e48198da2e33413efdcd9cd2cc0c46688/library/std/src/sys/backtrace.rs:42:9
[INFO] [stderr]    8:     0x74676767f0e0 - std::panicking::default_hook::{{closure}}::hbaad47ed9dc6356d
[INFO] [stderr]                                at /rustc/4d91de4e48198da2e33413efdcd9cd2cc0c46688/library/std/src/panicking.rs:295:22
[INFO] [stderr]    9:     0x74676767eec0 - std::panicking::default_hook::h24e207139139d40a
[INFO] [stderr]                                at /rustc/4d91de4e48198da2e33413efdcd9cd2cc0c46688/library/std/src/panicking.rs:322:9
[INFO] [stderr]   10:     0x74676767f913 - <alloc::boxed::Box<F,A> as core::ops::function::Fn<Args>>::call::h3af32c23caf5c679
[INFO] [stderr]                                at /rustc/4d91de4e48198da2e33413efdcd9cd2cc0c46688/library/alloc/src/boxed.rs:2007:9
[INFO] [stderr]   11:     0x74676767f913 - std::panicking::rust_panic_with_hook::ha9131beeb2ddc506
[INFO] [stderr]                                at /rustc/4d91de4e48198da2e33413efdcd9cd2cc0c46688/library/std/src/panicking.rs:836:13
[INFO] [stderr]   12:     0x74676767f5ea - std::panicking::begin_panic_handler::{{closure}}::h1bba0eaeb6da506f
[INFO] [stderr]                                at /rustc/4d91de4e48198da2e33413efdcd9cd2cc0c46688/library/std/src/panicking.rs:701:13
[INFO] [stderr]   13:     0x74676767e399 - std::sys::backtrace::__rust_end_short_backtrace::h1d1ca3eade483f4c
[INFO] [stderr]                                at /rustc/4d91de4e48198da2e33413efdcd9cd2cc0c46688/library/std/src/sys/backtrace.rs:168:18
[INFO] [stderr]   14:     0x74676767f27d - rust_begin_unwind
[INFO] [stderr]                                at /rustc/4d91de4e48198da2e33413efdcd9cd2cc0c46688/library/std/src/panicking.rs:692:5
[INFO] [stderr]   15:     0x74676762c170 - core::panicking::panic_fmt::h896a0727a1a943f9
[INFO] [stderr]                                at /rustc/4d91de4e48198da2e33413efdcd9cd2cc0c46688/library/core/src/panicking.rs:75:14
[INFO] [stderr]   16:     0x74676765ea4e - procedural_masquerade::_extract_input::had1c3d34e24484c6
[INFO] [stderr]   17:     0x74676763197b - cstr_macros::cstr_internal__build_bytes::{{closure}}::had0c729d021e21b7
[INFO] [stderr]   18:     0x74676762dccd - std::sys::backtrace::__rust_begin_short_backtrace::ha7b0855cd22a81b1
[INFO] [stderr]   19:     0x74676762f339 - std::thread::Builder::spawn_unchecked_::{{closure}}::{{closure}}::h7f224e078ef16cc3
[INFO] [stderr]   20:     0x746767632b9c - <core::panic::unwind_safe::AssertUnwindSafe<F> as core::ops::function::FnOnce<()>>::call_once::ha70e279cdfbc0d05
[INFO] [stderr]   21:     0x74676762f44a - std::panicking::try::do_call::h12c33fe55aa8ff38
[INFO] [stderr]   22:     0x7467676319eb - __rust_try
[INFO] [stderr]   23:     0x74676762ef10 - std::thread::Builder::spawn_unchecked_::{{closure}}::ha9ab1f25b379602b
[INFO] [stderr]   24:     0x7467676343f6 - core::ops::function::FnOnce::call_once{{vtable.shim}}::he34fdc16c6798fb8
[INFO] [stderr]   25:     0x74676768148b - <alloc::boxed::Box<F,A> as core::ops::function::FnOnce<Args>>::call_once::h2649f14f1b1c150d
[INFO] [stderr]                                at /rustc/4d91de4e48198da2e33413efdcd9cd2cc0c46688/library/alloc/src/boxed.rs:1993:9
[INFO] [stderr]   26:     0x74676768148b - <alloc::boxed::Box<F,A> as core::ops::function::FnOnce<Args>>::call_once::hb2ade58cb34e1bc4
[INFO] [stderr]                                at /rustc/4d91de4e48198da2e33413efdcd9cd2cc0c46688/library/alloc/src/boxed.rs:1993:9
[INFO] [stderr]   27:     0x74676768148b - std::sys::pal::unix::thread::Thread::new::thread_start::ha07e360225fa3528
[INFO] [stderr]                                at /rustc/4d91de4e48198da2e33413efdcd9cd2cc0c46688/library/std/src/sys/pal/unix/thread.rs:106:17
[INFO] [stderr]   28:     0x7467773d2ac3 - <unknown>
[INFO] [stderr]   29:     0x746777463a04 - clone
[INFO] [stderr]   30:                0x0 - <unknown>
[INFO] [stdout] error: proc-macro derive panicked
[INFO] [stdout]     --> /opt/rustwide/cargo-home/git/checkouts/webrender-a8b399ecb6c2da85/e9a987d/webrender/src/device/gl.rs:1418:43
[INFO] [stdout]      |
[INFO] [stdout] 1418 |                 profiler::add_text_marker(cstr!("OpenGL Calls"), name, duration);
[INFO] [stdout]      |                                           ^^^^^^^^^^^^^^^^^^^^^
[INFO] [stdout]      |
[INFO] [stdout]      = help: message: called `Result::unwrap()` on an `Err` value: Any { .. }
[INFO] [stdout]      = note: this error originates in the macro `cstr__invoke_build_bytes` which comes from the expansion of the macro `cstr` (in Nightly builds, run with -Z macro-backtrace for more info)
[INFO] [stdout] 
[INFO] [stdout] 
[INFO] [stderr] 
[INFO] [stderr] thread '<unnamed>' panicked at /opt/rustwide/cargo-home/registry/src/index.crates.io-1949cf8c6b5b557f/procedural-masquerade-0.1.6/lib.rs:211:9:
[INFO] [stderr] expected suffix ").0," not found in "#[allow(unused)] enum ProceduralMasqueradeDummyType\n{ Input = (0, stringify! (\"UpdateVisibility\")).0 }"
[INFO] [stderr] stack backtrace:
[INFO] [stderr]    0:     0x74676767de9a - std::backtrace_rs::backtrace::libunwind::trace::h88deb10bd0145eb8
[INFO] [stderr]                                at /rustc/4d91de4e48198da2e33413efdcd9cd2cc0c46688/library/std/src/../../backtrace/src/backtrace/libunwind.rs:116:5
[INFO] [stderr]    1:     0x74676767de9a - std::backtrace_rs::backtrace::trace_unsynchronized::he1036f5481c14dff
[INFO] [stderr]                                at /rustc/4d91de4e48198da2e33413efdcd9cd2cc0c46688/library/std/src/../../backtrace/src/backtrace/mod.rs:66:5
[INFO] [stderr]    2:     0x74676767de9a - std::sys::backtrace::_print_fmt::hecc345b6e70c4b20
[INFO] [stderr]                                at /rustc/4d91de4e48198da2e33413efdcd9cd2cc0c46688/library/std/src/sys/backtrace.rs:66:9
[INFO] [stderr]    3:     0x74676767de9a - <std::sys::backtrace::BacktraceLock::print::DisplayBacktrace as core::fmt::Display>::fmt::he089f96442833f67
[INFO] [stderr]                                at /rustc/4d91de4e48198da2e33413efdcd9cd2cc0c46688/library/std/src/sys/backtrace.rs:39:26
[INFO] [stderr]    4:     0x74676769a5d3 - core::fmt::rt::Argument::fmt::h1f77cded99c71a14
[INFO] [stderr]                                at /rustc/4d91de4e48198da2e33413efdcd9cd2cc0c46688/library/core/src/fmt/rt.rs:177:76
[INFO] [stderr]    5:     0x74676769a5d3 - core::fmt::write::h2f210ed4c94745cb
[INFO] [stderr]                                at /rustc/4d91de4e48198da2e33413efdcd9cd2cc0c46688/library/core/src/fmt/mod.rs:1440:21
[INFO] [stderr]    6:     0x74676767bc33 - std::io::Write::write_fmt::h7de08171ab770fb2
[INFO] [stderr]                                at /rustc/4d91de4e48198da2e33413efdcd9cd2cc0c46688/library/std/src/io/mod.rs:1887:15
[INFO] [stderr]    7:     0x74676767dce2 - std::sys::backtrace::BacktraceLock::print::h810fbd31421329e6
[INFO] [stderr]                                at /rustc/4d91de4e48198da2e33413efdcd9cd2cc0c46688/library/std/src/sys/backtrace.rs:42:9
[INFO] [stderr]    8:     0x74676767f0e0 - std::panicking::default_hook::{{closure}}::hbaad47ed9dc6356d
[INFO] [stderr]                                at /rustc/4d91de4e48198da2e33413efdcd9cd2cc0c46688/library/std/src/panicking.rs:295:22
[INFO] [stderr]    9:     0x74676767eec0 - std::panicking::default_hook::h24e207139139d40a
[INFO] [stderr]                                at /rustc/4d91de4e48198da2e33413efdcd9cd2cc0c46688/library/std/src/panicking.rs:322:9
[INFO] [stderr]   10:     0x74676767f913 - <alloc::boxed::Box<F,A> as core::ops::function::Fn<Args>>::call::h3af32c23caf5c679
[INFO] [stderr]                                at /rustc/4d91de4e48198da2e33413efdcd9cd2cc0c46688/library/alloc/src/boxed.rs:2007:9
[INFO] [stderr]   11:     0x74676767f913 - std::panicking::rust_panic_with_hook::ha9131beeb2ddc506
[INFO] [stderr]                                at /rustc/4d91de4e48198da2e33413efdcd9cd2cc0c46688/library/std/src/panicking.rs:836:13
[INFO] [stderr]   12:     0x74676767f5ea - std::panicking::begin_panic_handler::{{closure}}::h1bba0eaeb6da506f
[INFO] [stderr]                                at /rustc/4d91de4e48198da2e33413efdcd9cd2cc0c46688/library/std/src/panicking.rs:701:13
[INFO] [stderr]   13:     0x74676767e399 - std::sys::backtrace::__rust_end_short_backtrace::h1d1ca3eade483f4c
[INFO] [stderr]                                at /rustc/4d91de4e48198da2e33413efdcd9cd2cc0c46688/library/std/src/sys/backtrace.rs:168:18
[INFO] [stderr]   14:     0x74676767f27d - rust_begin_unwind
[INFO] [stderr]                                at /rustc/4d91de4e48198da2e33413efdcd9cd2cc0c46688/library/std/src/panicking.rs:692:5
[INFO] [stderr]   15:     0x74676762c170 - core::panicking::panic_fmt::h896a0727a1a943f9
[INFO] [stderr]                                at /rustc/4d91de4e48198da2e33413efdcd9cd2cc0c46688/library/core/src/panicking.rs:75:14
[INFO] [stderr]   16:     0x74676765ea4e - procedural_masquerade::_extract_input::had1c3d34e24484c6
[INFO] [stderr]   17:     0x74676763197b - cstr_macros::cstr_internal__build_bytes::{{closure}}::had0c729d021e21b7
[INFO] [stderr]   18:     0x74676762dccd - std::sys::backtrace::__rust_begin_short_backtrace::ha7b0855cd22a81b1
[INFO] [stderr]   19:     0x74676762f339 - std::thread::Builder::spawn_unchecked_::{{closure}}::{{closure}}::h7f224e078ef16cc3
[INFO] [stderr]   20:     0x746767632b9c - <core::panic::unwind_safe::AssertUnwindSafe<F> as core::ops::function::FnOnce<()>>::call_once::ha70e279cdfbc0d05
[INFO] [stderr]   21:     0x74676762f44a - std::panicking::try::do_call::h12c33fe55aa8ff38
[INFO] [stderr]   22:     0x7467676319eb - __rust_try
[INFO] [stderr]   23:     0x74676762ef10 - std::thread::Builder::spawn_unchecked_::{{closure}}::ha9ab1f25b379602b
[INFO] [stderr]   24:     0x7467676343f6 - core::ops::function::FnOnce::call_once{{vtable.shim}}::he34fdc16c6798fb8
[INFO] [stderr]   25:     0x74676768148b - <alloc::boxed::Box<F,A> as core::ops::function::FnOnce<Args>>::call_once::h2649f14f1b1c150d
[INFO] [stderr]                                at /rustc/4d91de4e48198da2e33413efdcd9cd2cc0c46688/library/alloc/src/boxed.rs:1993:9
[INFO] [stderr]   26:     0x74676768148b - <alloc::boxed::Box<F,A> as core::ops::function::FnOnce<Args>>::call_once::hb2ade58cb34e1bc4
[INFO] [stderr]                                at /rustc/4d91de4e48198da2e33413efdcd9cd2cc0c46688/library/alloc/src/boxed.rs:1993:9
[INFO] [stderr]   27:     0x74676768148b - std::sys::pal::unix::thread::Thread::new::thread_start::ha07e360225fa3528
[INFO] [stderr]                                at /rustc/4d91de4e48198da2e33413efdcd9cd2cc0c46688/library/std/src/sys/pal/unix/thread.rs:106:17
[INFO] [stderr]   28:     0x7467773d2ac3 - <unknown>
[INFO] [stderr]   29:     0x746777463a04 - clone
[INFO] [stderr]   30:                0x0 - <unknown>
[INFO] [stderr] 
[INFO] [stdout] error: proc-macro derive panicked
[INFO] [stdout]    --> /opt/rustwide/cargo-home/git/checkouts/webrender-a8b399ecb6c2da85/e9a987d/webrender/src/frame_builder.rs:390:13
[INFO] [stdout]     |
[INFO] [stdout] 390 |             profile_marker!("UpdateVisibility");
[INFO] [stdout]     |             ^^^^^^^^^^^^^^^^^^^^^^^^^^^^^^^^^^^
[INFO] [stdout]     |
[INFO] [stdout]     = help: message: called `Result::unwrap()` on an `Err` value: Any { .. }
[INFO] [stdout]     = note: this error originates in the macro `cstr__invoke_build_bytes` which comes from the expansion of the macro `profile_marker` (in Nightly builds, run with -Z macro-backtrace for more info)
[INFO] [stdout] 
[INFO] [stdout] 
[INFO] [stderr] thread '<unnamed>' panicked at /opt/rustwide/cargo-home/registry/src/index.crates.io-1949cf8c6b5b557f/procedural-masquerade-0.1.6/lib.rs:211:9:
[INFO] [stderr] expected suffix ").0," not found in "#[allow(unused)] enum ProceduralMasqueradeDummyType\n{ Input = (0, stringify! (\"PreparePrims\")).0 }"
[INFO] [stderr] stack backtrace:
[INFO] [stderr]    0:     0x74676767de9a - std::backtrace_rs::backtrace::libunwind::trace::h88deb10bd0145eb8
[INFO] [stderr]                                at /rustc/4d91de4e48198da2e33413efdcd9cd2cc0c46688/library/std/src/../../backtrace/src/backtrace/libunwind.rs:116:5
[INFO] [stderr]    1:     0x74676767de9a - std::backtrace_rs::backtrace::trace_unsynchronized::he1036f5481c14dff
[INFO] [stderr]                                at /rustc/4d91de4e48198da2e33413efdcd9cd2cc0c46688/library/std/src/../../backtrace/src/backtrace/mod.rs:66:5
[INFO] [stderr]    2:     0x74676767de9a - std::sys::backtrace::_print_fmt::hecc345b6e70c4b20
[INFO] [stderr]                                at /rustc/4d91de4e48198da2e33413efdcd9cd2cc0c46688/library/std/src/sys/backtrace.rs:66:9
[INFO] [stderr]    3:     0x74676767de9a - <std::sys::backtrace::BacktraceLock::print::DisplayBacktrace as core::fmt::Display>::fmt::he089f96442833f67
[INFO] [stderr]                                at /rustc/4d91de4e48198da2e33413efdcd9cd2cc0c46688/library/std/src/sys/backtrace.rs:39:26
[INFO] [stderr]    4:     0x74676769a5d3 - core::fmt::rt::Argument::fmt::h1f77cded99c71a14
[INFO] [stderr]                                at /rustc/4d91de4e48198da2e33413efdcd9cd2cc0c46688/library/core/src/fmt/rt.rs:177:76
[INFO] [stderr]    5:     0x74676769a5d3 - core::fmt::write::h2f210ed4c94745cb
[INFO] [stderr]                                at /rustc/4d91de4e48198da2e33413efdcd9cd2cc0c46688/library/core/src/fmt/mod.rs:1440:21
[INFO] [stderr]    6:     0x74676767bc33 - std::io::Write::write_fmt::h7de08171ab770fb2
[INFO] [stderr]                                at /rustc/4d91de4e48198da2e33413efdcd9cd2cc0c46688/library/std/src/io/mod.rs:1887:15
[INFO] [stderr]    7:     0x74676767dce2 - std::sys::backtrace::BacktraceLock::print::h810fbd31421329e6
[INFO] [stderr]                                at /rustc/4d91de4e48198da2e33413efdcd9cd2cc0c46688/library/std/src/sys/backtrace.rs:42:9
[INFO] [stderr]    8:     0x74676767f0e0 - std::panicking::default_hook::{{closure}}::hbaad47ed9dc6356d
[INFO] [stderr]                                at /rustc/4d91de4e48198da2e33413efdcd9cd2cc0c46688/library/std/src/panicking.rs:295:22
[INFO] [stderr]    9:     0x74676767eec0 - std::panicking::default_hook::h24e207139139d40a
[INFO] [stderr]                                at /rustc/4d91de4e48198da2e33413efdcd9cd2cc0c46688/library/std/src/panicking.rs:322:9
[INFO] [stderr]   10:     0x74676767f913 - <alloc::boxed::Box<F,A> as core::ops::function::Fn<Args>>::call::h3af32c23caf5c679
[INFO] [stderr]                                at /rustc/4d91de4e48198da2e33413efdcd9cd2cc0c46688/library/alloc/src/boxed.rs:2007:9
[INFO] [stderr]   11:     0x74676767f913 - std::panicking::rust_panic_with_hook::ha9131beeb2ddc506
[INFO] [stderr]                                at /rustc/4d91de4e48198da2e33413efdcd9cd2cc0c46688/library/std/src/panicking.rs:836:13
[INFO] [stderr]   12:     0x74676767f5ea - std::panicking::begin_panic_handler::{{closure}}::h1bba0eaeb6da506f
[INFO] [stderr]                                at /rustc/4d91de4e48198da2e33413efdcd9cd2cc0c46688/library/std/src/panicking.rs:701:13
[INFO] [stderr]   13:     0x74676767e399 - std::sys::backtrace::__rust_end_short_backtrace::h1d1ca3eade483f4c
[INFO] [stderr]                                at /rustc/4d91de4e48198da2e33413efdcd9cd2cc0c46688/library/std/src/sys/backtrace.rs:168:18
[INFO] [stderr]   14:     0x74676767f27d - rust_begin_unwind
[INFO] [stderr]                                at /rustc/4d91de4e48198da2e33413efdcd9cd2cc0c46688/library/std/src/panicking.rs:692:5
[INFO] [stderr]   15:     0x74676762c170 - core::panicking::panic_fmt::h896a0727a1a943f9
[INFO] [stderr]                                at /rustc/4d91de4e48198da2e33413efdcd9cd2cc0c46688/library/core/src/panicking.rs:75:14
[INFO] [stderr]   16:     0x74676765ea4e - procedural_masquerade::_extract_input::had1c3d34e24484c6
[INFO] [stderr]   17:     0x74676763197b - cstr_macros::cstr_internal__build_bytes::{{closure}}::had0c729d021e21b7
[INFO] [stderr]   18:     0x74676762dccd - std::sys::backtrace::__rust_begin_short_backtrace::ha7b0855cd22a81b1
[INFO] [stderr]   19:     0x74676762f339 - std::thread::Builder::spawn_unchecked_::{{closure}}::{{closure}}::h7f224e078ef16cc3
[INFO] [stderr]   20:     0x746767632b9c - <core::panic::unwind_safe::AssertUnwindSafe<F> as core::ops::function::FnOnce<()>>::call_once::ha70e279cdfbc0d05
[INFO] [stderr]   21:     0x74676762f44a - std::panicking::try::do_call::h12c33fe55aa8ff38
[INFO] [stderr]   22:     0x7467676319eb - __rust_try
[INFO] [stderr]   23:     0x74676762ef10 - std::thread::Builder::spawn_unchecked_::{{closure}}::ha9ab1f25b379602b
[INFO] [stderr]   24:     0x7467676343f6 - core::ops::function::FnOnce::call_once{{vtable.shim}}::he34fdc16c6798fb8
[INFO] [stderr]   25:     0x74676768148b - <alloc::boxed::Box<F,A> as core::ops::function::FnOnce<Args>>::call_once::h2649f14f1b1c150d
[INFO] [stderr]                                at /rustc/4d91de4e48198da2e33413efdcd9cd2cc0c46688/library/alloc/src/boxed.rs:1993:9
[INFO] [stderr]   26:     0x74676768148b - <alloc::boxed::Box<F,A> as core::ops::function::FnOnce<Args>>::call_once::hb2ade58cb34e1bc4
[INFO] [stderr]                                at /rustc/4d91de4e48198da2e33413efdcd9cd2cc0c46688/library/alloc/src/boxed.rs:1993:9
[INFO] [stderr]   27:     0x74676768148b - std::sys::pal::unix::thread::Thread::new::thread_start::ha07e360225fa3528
[INFO] [stderr]                                at /rustc/4d91de4e48198da2e33413efdcd9cd2cc0c46688/library/std/src/sys/pal/unix/thread.rs:106:17
[INFO] [stderr]   28:     0x7467773d2ac3 - <unknown>
[INFO] [stderr]   29:     0x746777463a04 - clone
[INFO] [stderr]   30:                0x0 - <unknown>
[INFO] [stdout] error: proc-macro derive panicked
[INFO] [stdout]    --> /opt/rustwide/cargo-home/git/checkouts/webrender-a8b399ecb6c2da85/e9a987d/webrender/src/frame_builder.rs:458:13
[INFO] [stdout]     |
[INFO] [stdout] 458 |             profile_marker!("PreparePrims");
[INFO] [stdout]     |             ^^^^^^^^^^^^^^^^^^^^^^^^^^^^^^^
[INFO] [stdout]     |
[INFO] [stdout]     = help: message: called `Result::unwrap()` on an `Err` value: Any { .. }
[INFO] [stdout]     = note: this error originates in the macro `cstr__invoke_build_bytes` which comes from the expansion of the macro `profile_marker` (in Nightly builds, run with -Z macro-backtrace for more info)
[INFO] [stdout] 
[INFO] [stdout] 
[INFO] [stderr] 
[INFO] [stderr] thread '<unnamed>' panicked at /opt/rustwide/cargo-home/registry/src/index.crates.io-1949cf8c6b5b557f/procedural-masquerade-0.1.6/lib.rs:211:9:
[INFO] [stderr] expected suffix ").0," not found in "#[allow(unused)] enum ProceduralMasqueradeDummyType\n{ Input = (0, stringify! (\"BuildFrame\")).0 }"
[INFO] [stderr] stack backtrace:
[INFO] [stderr]    0:     0x74676767de9a - std::backtrace_rs::backtrace::libunwind::trace::h88deb10bd0145eb8
[INFO] [stderr]                                at /rustc/4d91de4e48198da2e33413efdcd9cd2cc0c46688/library/std/src/../../backtrace/src/backtrace/libunwind.rs:116:5
[INFO] [stderr]    1:     0x74676767de9a - std::backtrace_rs::backtrace::trace_unsynchronized::he1036f5481c14dff
[INFO] [stderr]                                at /rustc/4d91de4e48198da2e33413efdcd9cd2cc0c46688/library/std/src/../../backtrace/src/backtrace/mod.rs:66:5
[INFO] [stderr]    2:     0x74676767de9a - std::sys::backtrace::_print_fmt::hecc345b6e70c4b20
[INFO] [stderr]                                at /rustc/4d91de4e48198da2e33413efdcd9cd2cc0c46688/library/std/src/sys/backtrace.rs:66:9
[INFO] [stderr]    3:     0x74676767de9a - <std::sys::backtrace::BacktraceLock::print::DisplayBacktrace as core::fmt::Display>::fmt::he089f96442833f67
[INFO] [stderr]                                at /rustc/4d91de4e48198da2e33413efdcd9cd2cc0c46688/library/std/src/sys/backtrace.rs:39:26
[INFO] [stderr]    4:     0x74676769a5d3 - core::fmt::rt::Argument::fmt::h1f77cded99c71a14
[INFO] [stderr]                                at /rustc/4d91de4e48198da2e33413efdcd9cd2cc0c46688/library/core/src/fmt/rt.rs:177:76
[INFO] [stderr]    5:     0x74676769a5d3 - core::fmt::write::h2f210ed4c94745cb
[INFO] [stderr]                                at /rustc/4d91de4e48198da2e33413efdcd9cd2cc0c46688/library/core/src/fmt/mod.rs:1440:21
[INFO] [stderr]    6:     0x74676767bc33 - std::io::Write::write_fmt::h7de08171ab770fb2
[INFO] [stderr]                                at /rustc/4d91de4e48198da2e33413efdcd9cd2cc0c46688/library/std/src/io/mod.rs:1887:15
[INFO] [stderr]    7:     0x74676767dce2 - std::sys::backtrace::BacktraceLock::print::h810fbd31421329e6
[INFO] [stderr]                                at /rustc/4d91de4e48198da2e33413efdcd9cd2cc0c46688/library/std/src/sys/backtrace.rs:42:9
[INFO] [stderr]    8:     0x74676767f0e0 - std::panicking::default_hook::{{closure}}::hbaad47ed9dc6356d
[INFO] [stderr]                                at /rustc/4d91de4e48198da2e33413efdcd9cd2cc0c46688/library/std/src/panicking.rs:295:22
[INFO] [stderr]    9:     0x74676767eec0 - std::panicking::default_hook::h24e207139139d40a
[INFO] [stderr]                                at /rustc/4d91de4e48198da2e33413efdcd9cd2cc0c46688/library/std/src/panicking.rs:322:9
[INFO] [stderr]   10:     0x74676767f913 - <alloc::boxed::Box<F,A> as core::ops::function::Fn<Args>>::call::h3af32c23caf5c679
[INFO] [stderr]                                at /rustc/4d91de4e48198da2e33413efdcd9cd2cc0c46688/library/alloc/src/boxed.rs:2007:9
[INFO] [stderr]   11:     0x74676767f913 - std::panicking::rust_panic_with_hook::ha9131beeb2ddc506
[INFO] [stderr]                                at /rustc/4d91de4e48198da2e33413efdcd9cd2cc0c46688/library/std/src/panicking.rs:836:13
[INFO] [stderr]   12:     0x74676767f5ea - std::panicking::begin_panic_handler::{{closure}}::h1bba0eaeb6da506f
[INFO] [stderr]                                at /rustc/4d91de4e48198da2e33413efdcd9cd2cc0c46688/library/std/src/panicking.rs:701:13
[INFO] [stderr]   13:     0x74676767e399 - std::sys::backtrace::__rust_end_short_backtrace::h1d1ca3eade483f4c
[INFO] [stderr]                                at /rustc/4d91de4e48198da2e33413efdcd9cd2cc0c46688/library/std/src/sys/backtrace.rs:168:18
[INFO] [stderr]   14:     0x74676767f27d - rust_begin_unwind
[INFO] [stderr]                                at /rustc/4d91de4e48198da2e33413efdcd9cd2cc0c46688/library/std/src/panicking.rs:692:5
[INFO] [stderr]   15:     0x74676762c170 - core::panicking::panic_fmt::h896a0727a1a943f9
[INFO] [stdout] error: proc-macro derive panicked
[INFO] [stdout]    --> /opt/rustwide/cargo-home/git/checkouts/webrender-a8b399ecb6c2da85/e9a987d/webrender/src/frame_builder.rs:525:9
[INFO] [stdout]     |
[INFO] [stdout] 525 |         profile_marker!("BuildFrame");
[INFO] [stdout]     |         ^^^^^^^^^^^^^^^^^^^^^^^^^^^^^
[INFO] [stdout]     |
[INFO] [stdout]     = help: message: called `Result::unwrap()` on an `Err` value: Any { .. }
[INFO] [stdout]     = note: this error originates in the macro `cstr__invoke_build_bytes` which comes from the expansion of the macro `profile_marker` (in Nightly builds, run with -Z macro-backtrace for more info)
[INFO] [stdout] 
[INFO] [stdout] 
[INFO] [stderr]                                at /rustc/4d91de4e48198da2e33413efdcd9cd2cc0c46688/library/core/src/panicking.rs:75:14
[INFO] [stderr]   16:     0x74676765ea4e - procedural_masquerade::_extract_input::had1c3d34e24484c6
[INFO] [stderr]   17:     0x74676763197b - cstr_macros::cstr_internal__build_bytes::{{closure}}::had0c729d021e21b7
[INFO] [stderr]   18:     0x74676762dccd - std::sys::backtrace::__rust_begin_short_backtrace::ha7b0855cd22a81b1
[INFO] [stderr]   19:     0x74676762f339 - std::thread::Builder::spawn_unchecked_::{{closure}}::{{closure}}::h7f224e078ef16cc3
[INFO] [stderr]   20:     0x746767632b9c - <core::panic::unwind_safe::AssertUnwindSafe<F> as core::ops::function::FnOnce<()>>::call_once::ha70e279cdfbc0d05
[INFO] [stderr]   21:     0x74676762f44a - std::panicking::try::do_call::h12c33fe55aa8ff38
[INFO] [stderr]   22:     0x7467676319eb - __rust_try
[INFO] [stderr]   23:     0x74676762ef10 - std::thread::Builder::spawn_unchecked_::{{closure}}::ha9ab1f25b379602b
[INFO] [stderr]   24:     0x7467676343f6 - core::ops::function::FnOnce::call_once{{vtable.shim}}::he34fdc16c6798fb8
[INFO] [stderr]   25:     0x74676768148b - <alloc::boxed::Box<F,A> as core::ops::function::FnOnce<Args>>::call_once::h2649f14f1b1c150d
[INFO] [stderr]                                at /rustc/4d91de4e48198da2e33413efdcd9cd2cc0c46688/library/alloc/src/boxed.rs:1993:9
[INFO] [stderr]   26:     0x74676768148b - <alloc::boxed::Box<F,A> as core::ops::function::FnOnce<Args>>::call_once::hb2ade58cb34e1bc4
[INFO] [stderr]                                at /rustc/4d91de4e48198da2e33413efdcd9cd2cc0c46688/library/alloc/src/boxed.rs:1993:9
[INFO] [stderr]   27:     0x74676768148b - std::sys::pal::unix::thread::Thread::new::thread_start::ha07e360225fa3528
[INFO] [stderr]                                at /rustc/4d91de4e48198da2e33413efdcd9cd2cc0c46688/library/std/src/sys/pal/unix/thread.rs:106:17
[INFO] [stderr]   28:     0x7467773d2ac3 - <unknown>
[INFO] [stderr]   29:     0x746777463a04 - clone
[INFO] [stderr]   30:                0x0 - <unknown>
[INFO] [stderr] 
[INFO] [stderr] thread '<unnamed>' panicked at /opt/rustwide/cargo-home/registry/src/index.crates.io-1949cf8c6b5b557f/procedural-masquerade-0.1.6/lib.rs:211:9:
[INFO] [stderr] expected suffix ").0," not found in "#[allow(unused)] enum ProceduralMasqueradeDummyType\n{ Input = (0, stringify! (\"BlockOnResources\")).0 }"
[INFO] [stderr] stack backtrace:
[INFO] [stderr]    0:     0x74676767de9a - std::backtrace_rs::backtrace::libunwind::trace::h88deb10bd0145eb8
[INFO] [stderr]                                at /rustc/4d91de4e48198da2e33413efdcd9cd2cc0c46688/library/std/src/../../backtrace/src/backtrace/libunwind.rs:116:5
[INFO] [stderr]    1:     0x74676767de9a - std::backtrace_rs::backtrace::trace_unsynchronized::he1036f5481c14dff
[INFO] [stderr]                                at /rustc/4d91de4e48198da2e33413efdcd9cd2cc0c46688/library/std/src/../../backtrace/src/backtrace/mod.rs:66:5
[INFO] [stderr]    2:     0x74676767de9a - std::sys::backtrace::_print_fmt::hecc345b6e70c4b20
[INFO] [stderr]                                at /rustc/4d91de4e48198da2e33413efdcd9cd2cc0c46688/library/std/src/sys/backtrace.rs:66:9
[INFO] [stderr]    3:     0x74676767de9a - <std::sys::backtrace::BacktraceLock::print::DisplayBacktrace as core::fmt::Display>::fmt::he089f96442833f67
[INFO] [stderr]                                at /rustc/4d91de4e48198da2e33413efdcd9cd2cc0c46688/library/std/src/sys/backtrace.rs:39:26
[INFO] [stderr]    4:     0x74676769a5d3 - core::fmt::rt::Argument::fmt::h1f77cded99c71a14
[INFO] [stderr]                                at /rustc/4d91de4e48198da2e33413efdcd9cd2cc0c46688/library/core/src/fmt/rt.rs:177:76
[INFO] [stderr]    5:     0x74676769a5d3 - core::fmt::write::h2f210ed4c94745cb
[INFO] [stderr]                                at /rustc/4d91de4e48198da2e33413efdcd9cd2cc0c46688/library/core/src/fmt/mod.rs:1440:21
[INFO] [stderr]    6:     0x74676767bc33 - std::io::Write::write_fmt::h7de08171ab770fb2
[INFO] [stderr]                                at /rustc/4d91de4e48198da2e33413efdcd9cd2cc0c46688/library/std/src/io/mod.rs:1887:15
[INFO] [stderr]    7:     0x74676767dce2 - std::sys::backtrace::BacktraceLock::print::h810fbd31421329e6
[INFO] [stderr]                                at /rustc/4d91de4e48198da2e33413efdcd9cd2cc0c46688/library/std/src/sys/backtrace.rs:42:9
[INFO] [stderr]    8:     0x74676767f0e0 - std::panicking::default_hook::{{closure}}::hbaad47ed9dc6356d
[INFO] [stderr]                                at /rustc/4d91de4e48198da2e33413efdcd9cd2cc0c46688/library/std/src/panicking.rs:295:22
[INFO] [stdout] error: proc-macro derive panicked
[INFO] [stdout]    --> /opt/rustwide/cargo-home/git/checkouts/webrender-a8b399ecb6c2da85/e9a987d/webrender/src/frame_builder.rs:572:13
[INFO] [stdout]     |
[INFO] [stdout] 572 |             profile_marker!("BlockOnResources");
[INFO] [stdout]     |             ^^^^^^^^^^^^^^^^^^^^^^^^^^^^^^^^^^^
[INFO] [stdout]     |
[INFO] [stdout]     = help: message: called `Result::unwrap()` on an `Err` value: Any { .. }
[INFO] [stdout]     = note: this error originates in the macro `cstr__invoke_build_bytes` which comes from the expansion of the macro `profile_marker` (in Nightly builds, run with -Z macro-backtrace for more info)
[INFO] [stdout] 
[INFO] [stdout] 
[INFO] [stderr]    9:     0x74676767eec0 - std::panicking::default_hook::h24e207139139d40a
[INFO] [stderr]                                at /rustc/4d91de4e48198da2e33413efdcd9cd2cc0c46688/library/std/src/panicking.rs:322:9
[INFO] [stderr]   10:     0x74676767f913 - <alloc::boxed::Box<F,A> as core::ops::function::Fn<Args>>::call::h3af32c23caf5c679
[INFO] [stderr]                                at /rustc/4d91de4e48198da2e33413efdcd9cd2cc0c46688/library/alloc/src/boxed.rs:2007:9
[INFO] [stderr]   11:     0x74676767f913 - std::panicking::rust_panic_with_hook::ha9131beeb2ddc506
[INFO] [stderr]                                at /rustc/4d91de4e48198da2e33413efdcd9cd2cc0c46688/library/std/src/panicking.rs:836:13
[INFO] [stderr]   12:     0x74676767f5ea - std::panicking::begin_panic_handler::{{closure}}::h1bba0eaeb6da506f
[INFO] [stderr]                                at /rustc/4d91de4e48198da2e33413efdcd9cd2cc0c46688/library/std/src/panicking.rs:701:13
[INFO] [stderr]   13:     0x74676767e399 - std::sys::backtrace::__rust_end_short_backtrace::h1d1ca3eade483f4c
[INFO] [stderr]                                at /rustc/4d91de4e48198da2e33413efdcd9cd2cc0c46688/library/std/src/sys/backtrace.rs:168:18
[INFO] [stderr]   14:     0x74676767f27d - rust_begin_unwind
[INFO] [stderr]                                at /rustc/4d91de4e48198da2e33413efdcd9cd2cc0c46688/library/std/src/panicking.rs:692:5
[INFO] [stderr]   15:     0x74676762c170 - core::panicking::panic_fmt::h896a0727a1a943f9
[INFO] [stderr]                                at /rustc/4d91de4e48198da2e33413efdcd9cd2cc0c46688/library/core/src/panicking.rs:75:14
[INFO] [stderr]   16:     0x74676765ea4e - procedural_masquerade::_extract_input::had1c3d34e24484c6
[INFO] [stderr]   17:     0x74676763197b - cstr_macros::cstr_internal__build_bytes::{{closure}}::had0c729d021e21b7
[INFO] [stderr]   18:     0x74676762dccd - std::sys::backtrace::__rust_begin_short_backtrace::ha7b0855cd22a81b1
[INFO] [stderr]   19:     0x74676762f339 - std::thread::Builder::spawn_unchecked_::{{closure}}::{{closure}}::h7f224e078ef16cc3
[INFO] [stderr]   20:     0x746767632b9c - <core::panic::unwind_safe::AssertUnwindSafe<F> as core::ops::function::FnOnce<()>>::call_once::ha70e279cdfbc0d05
[INFO] [stderr]   21:     0x74676762f44a - std::panicking::try::do_call::h12c33fe55aa8ff38
[INFO] [stderr]   22:     0x7467676319eb - __rust_try
[INFO] [stderr]   23:     0x74676762ef10 - std::thread::Builder::spawn_unchecked_::{{closure}}::ha9ab1f25b379602b
[INFO] [stderr]   24:     0x7467676343f6 - core::ops::function::FnOnce::call_once{{vtable.shim}}::he34fdc16c6798fb8
[INFO] [stderr]   25:     0x74676768148b - <alloc::boxed::Box<F,A> as core::ops::function::FnOnce<Args>>::call_once::h2649f14f1b1c150d
[INFO] [stderr]                                at /rustc/4d91de4e48198da2e33413efdcd9cd2cc0c46688/library/alloc/src/boxed.rs:1993:9
[INFO] [stderr]   26:     0x74676768148b - <alloc::boxed::Box<F,A> as core::ops::function::FnOnce<Args>>::call_once::hb2ade58cb34e1bc4
[INFO] [stderr]                                at /rustc/4d91de4e48198da2e33413efdcd9cd2cc0c46688/library/alloc/src/boxed.rs:1993:9
[INFO] [stderr]   27:     0x74676768148b - std::sys::pal::unix::thread::Thread::new::thread_start::ha07e360225fa3528
[INFO] [stderr]                                at /rustc/4d91de4e48198da2e33413efdcd9cd2cc0c46688/library/std/src/sys/pal/unix/thread.rs:106:17
[INFO] [stderr]   28:     0x7467773d2ac3 - <unknown>
[INFO] [stderr]   29:     0x746777463a04 - clone
[INFO] [stderr]   30:                0x0 - <unknown>
[INFO] [stderr] 
[INFO] [stderr] thread '<unnamed>' panicked at /opt/rustwide/cargo-home/registry/src/index.crates.io-1949cf8c6b5b557f/procedural-masquerade-0.1.6/lib.rs:211:9:
[INFO] [stderr] expected suffix ").0," not found in "#[allow(unused)] enum ProceduralMasqueradeDummyType\n{ Input = (0, stringify! (\"Batching\")).0 }"
[INFO] [stderr] stack backtrace:
[INFO] [stderr]    0:     0x74676767de9a - std::backtrace_rs::backtrace::libunwind::trace::h88deb10bd0145eb8
[INFO] [stderr]                                at /rustc/4d91de4e48198da2e33413efdcd9cd2cc0c46688/library/std/src/../../backtrace/src/backtrace/libunwind.rs:116:5
[INFO] [stderr]    1:     0x74676767de9a - std::backtrace_rs::backtrace::trace_unsynchronized::he1036f5481c14dff
[INFO] [stderr]                                at /rustc/4d91de4e48198da2e33413efdcd9cd2cc0c46688/library/std/src/../../backtrace/src/backtrace/mod.rs:66:5
[INFO] [stderr]    2:     0x74676767de9a - std::sys::backtrace::_print_fmt::hecc345b6e70c4b20
[INFO] [stderr]                                at /rustc/4d91de4e48198da2e33413efdcd9cd2cc0c46688/library/std/src/sys/backtrace.rs:66:9
[INFO] [stderr]    3:     0x74676767de9a - <std::sys::backtrace::BacktraceLock::print::DisplayBacktrace as core::fmt::Display>::fmt::he089f96442833f67
[INFO] [stderr]                                at /rustc/4d91de4e48198da2e33413efdcd9cd2cc0c46688/library/std/src/sys/backtrace.rs:39:26
[INFO] [stderr]    4:     0x74676769a5d3 - core::fmt::rt::Argument::fmt::h1f77cded99c71a14
[INFO] [stderr]                                at /rustc/4d91de4e48198da2e33413efdcd9cd2cc0c46688/library/core/src/fmt/rt.rs:177:76
[INFO] [stderr]    5:     0x74676769a5d3 - core::fmt::write::h2f210ed4c94745cb
[INFO] [stderr]                                at /rustc/4d91de4e48198da2e33413efdcd9cd2cc0c46688/library/core/src/fmt/mod.rs:1440:21
[INFO] [stderr]    6:     0x74676767bc33 - std::io::Write::write_fmt::h7de08171ab770fb2
[INFO] [stderr]                                at /rustc/4d91de4e48198da2e33413efdcd9cd2cc0c46688/library/std/src/io/mod.rs:1887:15
[INFO] [stderr]    7:     0x74676767dce2 - std::sys::backtrace::BacktraceLock::print::h810fbd31421329e6
[INFO] [stderr]                                at /rustc/4d91de4e48198da2e33413efdcd9cd2cc0c46688/library/std/src/sys/backtrace.rs:42:9
[INFO] [stderr]    8:     0x74676767f0e0 - std::panicking::default_hook::{{closure}}::hbaad47ed9dc6356d
[INFO] [stderr]                                at /rustc/4d91de4e48198da2e33413efdcd9cd2cc0c46688/library/std/src/panicking.rs:295:22
[INFO] [stderr]    9:     0x74676767eec0 - std::panicking::default_hook::h24e207139139d40a
[INFO] [stderr]                                at /rustc/4d91de4e48198da2e33413efdcd9cd2cc0c46688/library/std/src/panicking.rs:322:9
[INFO] [stderr]   10:     0x74676767f913 - <alloc::boxed::Box<F,A> as core::ops::function::Fn<Args>>::call::h3af32c23caf5c679
[INFO] [stderr]                                at /rustc/4d91de4e48198da2e33413efdcd9cd2cc0c46688/library/alloc/src/boxed.rs:2007:9
[INFO] [stderr]   11:     0x74676767f913 - std::panicking::rust_panic_with_hook::ha9131beeb2ddc506
[INFO] [stderr]                                at /rustc/4d91de4e48198da2e33413efdcd9cd2cc0c46688/library/std/src/panicking.rs:836:13
[INFO] [stderr]   12:     0x74676767f5ea - std::panicking::begin_panic_handler::{{closure}}::h1bba0eaeb6da506f
[INFO] [stderr]                                at /rustc/4d91de4e48198da2e33413efdcd9cd2cc0c46688/library/std/src/panicking.rs:701:13
[INFO] [stderr]   13:     0x74676767e399 - std::sys::backtrace::__rust_end_short_backtrace::h1d1ca3eade483f4c
[INFO] [stderr]                                at /rustc/4d91de4e48198da2e33413efdcd9cd2cc0c46688/library/std/src/sys/backtrace.rs:168:18
[INFO] [stderr]   14:     0x74676767f27d - rust_begin_unwind
[INFO] [stderr]                                at /rustc/4d91de4e48198da2e33413efdcd9cd2cc0c46688/library/std/src/panicking.rs:692:5
[INFO] [stderr]   15:     0x74676762c170 - core::panicking::panic_fmt::h896a0727a1a943f9
[INFO] [stderr]                                at /rustc/4d91de4e48198da2e33413efdcd9cd2cc0c46688/library/core/src/panicking.rs:75:14
[INFO] [stderr]   16:     0x74676765ea4e - procedural_masquerade::_extract_input::had1c3d34e24484c6
[INFO] [stderr]   17:     0x74676763197b - cstr_macros::cstr_internal__build_bytes::{{closure}}::had0c729d021e21b7
[INFO] [stderr]   18:     0x74676762dccd - std::sys::backtrace::__rust_begin_short_backtrace::ha7b0855cd22a81b1
[INFO] [stderr]   19:     0x74676762f339 - std::thread::Builder::spawn_unchecked_::{{closure}}::{{closure}}::h7f224e078ef16cc3
[INFO] [stderr]   20:     0x746767632b9c - <core::panic::unwind_safe::AssertUnwindSafe<F> as core::ops::function::FnOnce<()>>::call_once::ha70e279cdfbc0d05
[INFO] [stderr]   21:     0x74676762f44a - std::panicking::try::do_call::h12c33fe55aa8ff38
[INFO] [stderr]   22:     0x7467676319eb - __rust_try
[INFO] [stderr]   23:     0x74676762ef10 - std::thread::Builder::spawn_unchecked_::{{closure}}::ha9ab1f25b379602b
[INFO] [stderr]   24:     0x7467676343f6 - core::ops::function::FnOnce::call_once{{vtable.shim}}::he34fdc16c6798fb8
[INFO] [stderr]   25:     0x74676768148b - <alloc::boxed::Box<F,A> as core::ops::function::FnOnce<Args>>::call_once::h2649f14f1b1c150d
[INFO] [stderr]                                at /rustc/4d91de4e48198da2e33413efdcd9cd2cc0c46688/library/alloc/src/boxed.rs:1993:9
[INFO] [stderr]   26:     0x74676768148b - <alloc::boxed::Box<F,A> as core::ops::function::FnOnce<Args>>::call_once::hb2ade58cb34e1bc4
[INFO] [stderr]                                at /rustc/4d91de4e48198da2e33413efdcd9cd2cc0c46688/library/alloc/src/boxed.rs:1993:9
[INFO] [stderr]   27:     0x74676768148b - std::sys::pal::unix::thread::Thread::new::thread_start::ha07e360225fa3528
[INFO] [stderr]                                at /rustc/4d91de4e48198da2e33413efdcd9cd2cc0c46688/library/std/src/sys/pal/unix/thread.rs:106:17
[INFO] [stderr]   28:     0x7467773d2ac3 - <unknown>
[INFO] [stderr]   29:     0x746777463a04 - clone
[INFO] [stderr]   30:                0x0 - <unknown>
[INFO] [stdout] error: proc-macro derive panicked
[INFO] [stdout]    --> /opt/rustwide/cargo-home/git/checkouts/webrender-a8b399ecb6c2da85/e9a987d/webrender/src/frame_builder.rs:585:13
[INFO] [stdout]     |
[INFO] [stdout] 585 |             profile_marker!("Batching");
[INFO] [stdout]     |             ^^^^^^^^^^^^^^^^^^^^^^^^^^^
[INFO] [stdout]     |
[INFO] [stdout]     = help: message: called `Result::unwrap()` on an `Err` value: Any { .. }
[INFO] [stdout]     = note: this error originates in the macro `cstr__invoke_build_bytes` which comes from the expansion of the macro `profile_marker` (in Nightly builds, run with -Z macro-backtrace for more info)
[INFO] [stdout] 
[INFO] [stdout] 
[INFO] [stderr] 
[INFO] [stderr] thread '<unnamed>' panicked at /opt/rustwide/cargo-home/registry/src/index.crates.io-1949cf8c6b5b557f/procedural-masquerade-0.1.6/lib.rs:211:9:
[INFO] [stderr] expected suffix ").0," not found in "#[allow(unused)] enum ProceduralMasqueradeDummyType\n{ Input = (0, stringify! (\"UpdatePictures\")).0 }"
[INFO] [stderr] stack backtrace:
[INFO] [stderr]    0:     0x74676767de9a - std::backtrace_rs::backtrace::libunwind::trace::h88deb10bd0145eb8
[INFO] [stderr]                                at /rustc/4d91de4e48198da2e33413efdcd9cd2cc0c46688/library/std/src/../../backtrace/src/backtrace/libunwind.rs:116:5
[INFO] [stderr]    1:     0x74676767de9a - std::backtrace_rs::backtrace::trace_unsynchronized::he1036f5481c14dff
[INFO] [stderr]                                at /rustc/4d91de4e48198da2e33413efdcd9cd2cc0c46688/library/std/src/../../backtrace/src/backtrace/mod.rs:66:5
[INFO] [stderr]    2:     0x74676767de9a - std::sys::backtrace::_print_fmt::hecc345b6e70c4b20
[INFO] [stderr]                                at /rustc/4d91de4e48198da2e33413efdcd9cd2cc0c46688/library/std/src/sys/backtrace.rs:66:9
[INFO] [stderr]    3:     0x74676767de9a - <std::sys::backtrace::BacktraceLock::print::DisplayBacktrace as core::fmt::Display>::fmt::he089f96442833f67
[INFO] [stderr]                                at /rustc/4d91de4e48198da2e33413efdcd9cd2cc0c46688/library/std/src/sys/backtrace.rs:39:26
[INFO] [stderr]    4:     0x74676769a5d3 - core::fmt::rt::Argument::fmt::h1f77cded99c71a14
[INFO] [stderr]                                at /rustc/4d91de4e48198da2e33413efdcd9cd2cc0c46688/library/core/src/fmt/rt.rs:177:76
[INFO] [stderr]    5:     0x74676769a5d3 - core::fmt::write::h2f210ed4c94745cb
[INFO] [stderr]                                at /rustc/4d91de4e48198da2e33413efdcd9cd2cc0c46688/library/core/src/fmt/mod.rs:1440:21
[INFO] [stderr]    6:     0x74676767bc33 - std::io::Write::write_fmt::h7de08171ab770fb2
[INFO] [stderr]                                at /rustc/4d91de4e48198da2e33413efdcd9cd2cc0c46688/library/std/src/io/mod.rs:1887:15
[INFO] [stderr]    7:     0x74676767dce2 - std::sys::backtrace::BacktraceLock::print::h810fbd31421329e6
[INFO] [stderr]                                at /rustc/4d91de4e48198da2e33413efdcd9cd2cc0c46688/library/std/src/sys/backtrace.rs:42:9
[INFO] [stderr]    8:     0x74676767f0e0 - std::panicking::default_hook::{{closure}}::hbaad47ed9dc6356d
[INFO] [stderr]                                at /rustc/4d91de4e48198da2e33413efdcd9cd2cc0c46688/library/std/src/panicking.rs:295:22
[INFO] [stderr]    9:     0x74676767eec0 - std::panicking::default_hook::h24e207139139d40a
[INFO] [stderr]                                at /rustc/4d91de4e48198da2e33413efdcd9cd2cc0c46688/library/std/src/panicking.rs:322:9
[INFO] [stderr]   10:     0x74676767f913 - <alloc::boxed::Box<F,A> as core::ops::function::Fn<Args>>::call::h3af32c23caf5c679
[INFO] [stderr]                                at /rustc/4d91de4e48198da2e33413efdcd9cd2cc0c46688/library/alloc/src/boxed.rs:2007:9
[INFO] [stderr]   11:     0x74676767f913 - std::panicking::rust_panic_with_hook::ha9131beeb2ddc506
[INFO] [stderr]                                at /rustc/4d91de4e48198da2e33413efdcd9cd2cc0c46688/library/std/src/panicking.rs:836:13
[INFO] [stderr]   12:     0x74676767f5ea - std::panicking::begin_panic_handler::{{closure}}::h1bba0eaeb6da506f
[INFO] [stderr]                                at /rustc/4d91de4e48198da2e33413efdcd9cd2cc0c46688/library/std/src/panicking.rs:701:13
[INFO] [stderr]   13:     0x74676767e399 - std::sys::backtrace::__rust_end_short_backtrace::h1d1ca3eade483f4c
[INFO] [stderr]                                at /rustc/4d91de4e48198da2e33413efdcd9cd2cc0c46688/library/std/src/sys/backtrace.rs:168:18
[INFO] [stderr]   14:     0x74676767f27d - rust_begin_unwind
[INFO] [stderr]                                at /rustc/4d91de4e48198da2e33413efdcd9cd2cc0c46688/library/std/src/panicking.rs:692:5
[INFO] [stderr]   15:     0x74676762c170 - core::panicking::panic_fmt::h896a0727a1a943f9
[INFO] [stderr]                                at /rustc/4d91de4e48198da2e33413efdcd9cd2cc0c46688/library/core/src/panicking.rs:75:14
[INFO] [stderr]   16:     0x74676765ea4e - procedural_masquerade::_extract_input::had1c3d34e24484c6
[INFO] [stderr]   17:     0x74676763197b - cstr_macros::cstr_internal__build_bytes::{{closure}}::had0c729d021e21b7
[INFO] [stderr]   18:     0x74676762dccd - std::sys::backtrace::__rust_begin_short_backtrace::ha7b0855cd22a81b1
[INFO] [stderr]   19:     0x74676762f339 - std::thread::Builder::spawn_unchecked_::{{closure}}::{{closure}}::h7f224e078ef16cc3
[INFO] [stderr]   20:     0x746767632b9c - <core::panic::unwind_safe::AssertUnwindSafe<F> as core::ops::function::FnOnce<()>>::call_once::ha70e279cdfbc0d05
[INFO] [stderr]   21:     0x74676762f44a - std::panicking::try::do_call::h12c33fe55aa8ff38
[INFO] [stderr]   22:     0x7467676319eb - __rust_try
[INFO] [stderr]   23:     0x74676762ef10 - std::thread::Builder::spawn_unchecked_::{{closure}}::ha9ab1f25b379602b
[INFO] [stderr]   24:     0x7467676343f6 - core::ops::function::FnOnce::call_once{{vtable.shim}}::he34fdc16c6798fb8
[INFO] [stderr]   25:     0x74676768148b - <alloc::boxed::Box<F,A> as core::ops::function::FnOnce<Args>>::call_once::h2649f14f1b1c150d
[INFO] [stderr]                                at /rustc/4d91de4e48198da2e33413efdcd9cd2cc0c46688/library/alloc/src/boxed.rs:1993:9
[INFO] [stderr]   26:     0x74676768148b - <alloc::boxed::Box<F,A> as core::ops::function::FnOnce<Args>>::call_once::hb2ade58cb34e1bc4
[INFO] [stderr]                                at /rustc/4d91de4e48198da2e33413efdcd9cd2cc0c46688/library/alloc/src/boxed.rs:1993:9
[INFO] [stderr]   27:     0x74676768148b - std::sys::pal::unix::thread::Thread::new::thread_start::ha07e360225fa3528
[INFO] [stderr]                                at /rustc/4d91de4e48198da2e33413efdcd9cd2cc0c46688/library/std/src/sys/pal/unix/thread.rs:106:17
[INFO] [stderr]   28:     0x7467773d2ac3 - <unknown>
[INFO] [stderr]   29:     0x746777463a04 - clone
[INFO] [stderr]   30:                0x0 - <unknown>
[INFO] [stdout] error: proc-macro derive panicked
[INFO] [stdout]     --> /opt/rustwide/cargo-home/git/checkouts/webrender-a8b399ecb6c2da85/e9a987d/webrender/src/picture.rs:1627:9
[INFO] [stdout]      |
[INFO] [stdout] 1627 |         profile_marker!("UpdatePictures");
[INFO] [stdout]      |         ^^^^^^^^^^^^^^^^^^^^^^^^^^^^^^^^^
[INFO] [stdout]      |
[INFO] [stdout]      = help: message: called `Result::unwrap()` on an `Err` value: Any { .. }
[INFO] [stdout]      = note: this error originates in the macro `cstr__invoke_build_bytes` which comes from the expansion of the macro `profile_marker` (in Nightly builds, run with -Z macro-backtrace for more info)
[INFO] [stdout] 
[INFO] [stdout] 
[INFO] [stdout] error[E0425]: cannot find value `BYTES` in this scope
[INFO] [stdout]     --> /opt/rustwide/cargo-home/git/checkouts/webrender-a8b399ecb6c2da85/e9a987d/webrender/src/device/gl.rs:1418:43
[INFO] [stdout]      |
[INFO] [stdout] 1418 |                 profiler::add_text_marker(cstr!("OpenGL Calls"), name, duration);
[INFO] [stdout]      |                                           ^^^^^^^^^^^^^^^^^^^^^ not found in this scope
[INFO] [stdout]      |
[INFO] [stdout]      = note: this error originates in the macro `cstr` (in Nightly builds, run with -Z macro-backtrace for more info)
[INFO] [stdout] 
[INFO] [stdout] 
[INFO] [stdout] error[E0425]: cannot find value `BYTES` in this scope
[INFO] [stdout]    --> /opt/rustwide/cargo-home/git/checkouts/webrender-a8b399ecb6c2da85/e9a987d/webrender/src/frame_builder.rs:390:13
[INFO] [stdout]     |
[INFO] [stdout] 390 |             profile_marker!("UpdateVisibility");
[INFO] [stdout]     |             ^^^^^^^^^^^^^^^^^^^^^^^^^^^^^^^^^^^ not found in this scope
[INFO] [stdout]     |
[INFO] [stdout]     = note: this error originates in the macro `cstr` which comes from the expansion of the macro `profile_marker` (in Nightly builds, run with -Z macro-backtrace for more info)
[INFO] [stdout] 
[INFO] [stdout] 
[INFO] [stdout] error[E0425]: cannot find value `BYTES` in this scope
[INFO] [stdout]    --> /opt/rustwide/cargo-home/git/checkouts/webrender-a8b399ecb6c2da85/e9a987d/webrender/src/frame_builder.rs:458:13
[INFO] [stdout]     |
[INFO] [stdout] 458 |             profile_marker!("PreparePrims");
[INFO] [stdout]     |             ^^^^^^^^^^^^^^^^^^^^^^^^^^^^^^^ not found in this scope
[INFO] [stdout]     |
[INFO] [stdout]     = note: this error originates in the macro `cstr` which comes from the expansion of the macro `profile_marker` (in Nightly builds, run with -Z macro-backtrace for more info)
[INFO] [stdout] 
[INFO] [stdout] 
[INFO] [stdout] error[E0425]: cannot find value `BYTES` in this scope
[INFO] [stdout]    --> /opt/rustwide/cargo-home/git/checkouts/webrender-a8b399ecb6c2da85/e9a987d/webrender/src/frame_builder.rs:525:9
[INFO] [stdout]     |
[INFO] [stdout] 525 |         profile_marker!("BuildFrame");
[INFO] [stdout]     |         ^^^^^^^^^^^^^^^^^^^^^^^^^^^^^ not found in this scope
[INFO] [stdout]     |
[INFO] [stdout]     = note: this error originates in the macro `cstr` which comes from the expansion of the macro `profile_marker` (in Nightly builds, run with -Z macro-backtrace for more info)
[INFO] [stdout] 
[INFO] [stdout] 
[INFO] [stdout] error[E0425]: cannot find value `BYTES` in this scope
[INFO] [stdout]    --> /opt/rustwide/cargo-home/git/checkouts/webrender-a8b399ecb6c2da85/e9a987d/webrender/src/frame_builder.rs:572:13
[INFO] [stdout]     |
[INFO] [stdout] 572 |             profile_marker!("BlockOnResources");
[INFO] [stdout]     |             ^^^^^^^^^^^^^^^^^^^^^^^^^^^^^^^^^^^ not found in this scope
[INFO] [stdout]     |
[INFO] [stdout]     = note: this error originates in the macro `cstr` which comes from the expansion of the macro `profile_marker` (in Nightly builds, run with -Z macro-backtrace for more info)
[INFO] [stdout] 
[INFO] [stdout] 
[INFO] [stdout] error[E0425]: cannot find value `BYTES` in this scope
[INFO] [stdout]    --> /opt/rustwide/cargo-home/git/checkouts/webrender-a8b399ecb6c2da85/e9a987d/webrender/src/frame_builder.rs:585:13
[INFO] [stdout]     |
[INFO] [stdout] 585 |             profile_marker!("Batching");
[INFO] [stdout]     |             ^^^^^^^^^^^^^^^^^^^^^^^^^^^ not found in this scope
[INFO] [stdout]     |
[INFO] [stdout]     = note: this error originates in the macro `cstr` which comes from the expansion of the macro `profile_marker` (in Nightly builds, run with -Z macro-backtrace for more info)
[INFO] [stdout] 
[INFO] [stdout] 
[INFO] [stdout] error[E0425]: cannot find value `BYTES` in this scope
[INFO] [stdout]     --> /opt/rustwide/cargo-home/git/checkouts/webrender-a8b399ecb6c2da85/e9a987d/webrender/src/picture.rs:1627:9
[INFO] [stdout]      |
[INFO] [stdout] 1627 |         profile_marker!("UpdatePictures");
[INFO] [stdout]      |         ^^^^^^^^^^^^^^^^^^^^^^^^^^^^^^^^^ not found in this scope
[INFO] [stdout]      |
[INFO] [stdout]      = note: this error originates in the macro `cstr` which comes from the expansion of the macro `profile_marker` (in Nightly builds, run with -Z macro-backtrace for more info)
[INFO] [stdout] 
[INFO] [stdout] 
[INFO] [stdout] error[E0512]: cannot transmute between types of different sizes, or dependently-sized types
[INFO] [stdout]   --> /opt/rustwide/cargo-home/git/checkouts/webrender-a8b399ecb6c2da85/e9a987d/webrender/src/record.rs:34:13
[INFO] [stdout]    |
[INFO] [stdout] 34 |             mem::transmute::<TypeId, u64>(TypeId::of::<ApiMsg>())
[INFO] [stdout]    |             ^^^^^^^^^^^^^^^^^^^^^^^^^^^^^
[INFO] [stdout]    |
[INFO] [stdout]    = note: source type: `TypeId` (128 bits)
[INFO] [stdout]    = note: target type: `u64` (64 bits)
[INFO] [stdout] 
[INFO] [stdout] 
[INFO] [stdout] Some errors have detailed explanations: E0425, E0512.
[INFO] [stdout] 
[INFO] [stdout] For more information about an error, try `rustc --explain E0425`.
[INFO] [stdout] 
[INFO] [stderr] error: could not compile `webrender` (lib) due to 15 previous errors
[INFO] [stderr] warning: build failed, waiting for other jobs to finish...
[INFO] [stderr] error: failed to run custom build command for `wayland-protocols v0.21.12`
[INFO] [stderr] note: To improve backtraces for build dependencies, set the CARGO_PROFILE_DEV_BUILD_OVERRIDE_DEBUG=true environment variable to enable debug information generation.
[INFO] [stderr] 
[INFO] [stderr] Caused by:
[INFO] [stderr]   process didn't exit successfully: `/opt/rustwide/target/debug/build/wayland-protocols-9c7b2e369549b7ab/build-script-build` (exit status: 101)
[INFO] [stderr]   --- stderr
[INFO] [stderr]   error: 'rustfmt' is not installed for the toolchain '1.85.0-x86_64-unknown-linux-gnu'.
[INFO] [stderr]   To install, run `rustup component add --toolchain 1.85.0-x86_64-unknown-linux-gnu rustfmt`
[INFO] [stderr]   error: 'rustfmt' is not installed for the toolchain '1.85.0-x86_64-unknown-linux-gnu'.
[INFO] [stderr]   To install, run `rustup component add --toolchain 1.85.0-x86_64-unknown-linux-gnu rustfmt`
[INFO] [stderr]   error: 'rustfmt' is not installed for the toolchain '1.85.0-x86_64-unknown-linux-gnu'.
[INFO] [stderr]   To install, run `rustup component add --toolchain 1.85.0-x86_64-unknown-linux-gnu rustfmt`
[INFO] [stderr]   error: 'rustfmt' is not installed for the toolchain '1.85.0-x86_64-unknown-linux-gnu'.
[INFO] [stderr]   To install, run `rustup component add --toolchain 1.85.0-x86_64-unknown-linux-gnu rustfmt`
[INFO] [stderr]   error: 'rustfmt' is not installed for the toolchain '1.85.0-x86_64-unknown-linux-gnu'.
[INFO] [stderr]   To install, run `rustup component add --toolchain 1.85.0-x86_64-unknown-linux-gnu rustfmt`
[INFO] [stderr]   error: 'rustfmt' is not installed for the toolchain '1.85.0-x86_64-unknown-linux-gnu'.
[INFO] [stderr]   To install, run `rustup component add --toolchain 1.85.0-x86_64-unknown-linux-gnu rustfmt`
[INFO] [stderr]   error: 'rustfmt' is not installed for the toolchain '1.85.0-x86_64-unknown-linux-gnu'.
[INFO] [stderr]   To install, run `rustup component add --toolchain 1.85.0-x86_64-unknown-linux-gnu rustfmt`
[INFO] [stderr]   error: 'rustfmt' is not installed for the toolchain '1.85.0-x86_64-unknown-linux-gnu'.
[INFO] [stderr]   To install, run `rustup component add --toolchain 1.85.0-x86_64-unknown-linux-gnu rustfmt`
[INFO] [stderr]   error: 'rustfmt' is not installed for the toolchain '1.85.0-x86_64-unknown-linux-gnu'.
[INFO] [stderr]   To install, run `rustup component add --toolchain 1.85.0-x86_64-unknown-linux-gnu rustfmt`
[INFO] [stderr]   error: 'rustfmt' is not installed for the toolchain '1.85.0-x86_64-unknown-linux-gnu'.
[INFO] [stderr]   To install, run `rustup component add --toolchain 1.85.0-x86_64-unknown-linux-gnu rustfmt`
[INFO] [stderr]   error: 'rustfmt' is not installed for the toolchain '1.85.0-x86_64-unknown-linux-gnu'.
[INFO] [stderr]   To install, run `rustup component add --toolchain 1.85.0-x86_64-unknown-linux-gnu rustfmt`
[INFO] [stderr]   error: 'rustfmt' is not installed for the toolchain '1.85.0-x86_64-unknown-linux-gnu'.
[INFO] [stderr]   To install, run `rustup component add --toolchain 1.85.0-x86_64-unknown-linux-gnu rustfmt`
[INFO] [stderr]   error: 'rustfmt' is not installed for the toolchain '1.85.0-x86_64-unknown-linux-gnu'.
[INFO] [stderr]   To install, run `rustup component add --toolchain 1.85.0-x86_64-unknown-linux-gnu rustfmt`
[INFO] [stderr]   error: 'rustfmt' is not installed for the toolchain '1.85.0-x86_64-unknown-linux-gnu'.
[INFO] [stderr]   To install, run `rustup component add --toolchain 1.85.0-x86_64-unknown-linux-gnu rustfmt`
[INFO] [stderr]   error: 'rustfmt' is not installed for the toolchain '1.85.0-x86_64-unknown-linux-gnu'.
[INFO] [stderr]   To install, run `rustup component add --toolchain 1.85.0-x86_64-unknown-linux-gnu rustfmt`
[INFO] [stderr]   error: 'rustfmt' is not installed for the toolchain '1.85.0-x86_64-unknown-linux-gnu'.
[INFO] [stderr]   To install, run `rustup component add --toolchain 1.85.0-x86_64-unknown-linux-gnu rustfmt`
[INFO] [stderr]   error: 'rustfmt' is not installed for the toolchain '1.85.0-x86_64-unknown-linux-gnu'.
[INFO] [stderr]   To install, run `rustup component add --toolchain 1.85.0-x86_64-unknown-linux-gnu rustfmt`
[INFO] [stderr]   error: 'rustfmt' is not installed for the toolchain '1.85.0-x86_64-unknown-linux-gnu'.
[INFO] [stderr]   To install, run `rustup component add --toolchain 1.85.0-x86_64-unknown-linux-gnu rustfmt`
[INFO] [stderr]   error: 'rustfmt' is not installed for the toolchain '1.85.0-x86_64-unknown-linux-gnu'.
[INFO] [stderr]   To install, run `rustup component add --toolchain 1.85.0-x86_64-unknown-linux-gnu rustfmt`
[INFO] [stderr]   error: 'rustfmt' is not installed for the toolchain '1.85.0-x86_64-unknown-linux-gnu'.
[INFO] [stderr]   To install, run `rustup component add --toolchain 1.85.0-x86_64-unknown-linux-gnu rustfmt`
[INFO] [stderr]   error: 'rustfmt' is not installed for the toolchain '1.85.0-x86_64-unknown-linux-gnu'.
[INFO] [stderr]   To install, run `rustup component add --toolchain 1.85.0-x86_64-unknown-linux-gnu rustfmt`
[INFO] [stderr]   error: 'rustfmt' is not installed for the toolchain '1.85.0-x86_64-unknown-linux-gnu'.
[INFO] [stderr]   To install, run `rustup component add --toolchain 1.85.0-x86_64-unknown-linux-gnu rustfmt`
[INFO] [stderr]   error: 'rustfmt' is not installed for the toolchain '1.85.0-x86_64-unknown-linux-gnu'.
[INFO] [stderr]   To install, run `rustup component add --toolchain 1.85.0-x86_64-unknown-linux-gnu rustfmt`
[INFO] [stderr]   error: 'rustfmt' is not installed for the toolchain '1.85.0-x86_64-unknown-linux-gnu'.
[INFO] [stderr]   To install, run `rustup component add --toolchain 1.85.0-x86_64-unknown-linux-gnu rustfmt`
[INFO] [stderr]   error: 'rustfmt' is not installed for the toolchain '1.85.0-x86_64-unknown-linux-gnu'.
[INFO] [stderr]   To install, run `rustup component add --toolchain 1.85.0-x86_64-unknown-linux-gnu rustfmt`
[INFO] [stderr]   error: 'rustfmt' is not installed for the toolchain '1.85.0-x86_64-unknown-linux-gnu'.
[INFO] [stderr]   To install, run `rustup component add --toolchain 1.85.0-x86_64-unknown-linux-gnu rustfmt`
[INFO] [stderr]   error: 'rustfmt' is not installed for the toolchain '1.85.0-x86_64-unknown-linux-gnu'.
[INFO] [stderr]   To install, run `rustup component add --toolchain 1.85.0-x86_64-unknown-linux-gnu rustfmt`
[INFO] [stderr]   error: 'rustfmt' is not installed for the toolchain '1.85.0-x86_64-unknown-linux-gnu'.
[INFO] [stderr]   To install, run `rustup component add --toolchain 1.85.0-x86_64-unknown-linux-gnu rustfmt`
[INFO] [stderr]   error: 'rustfmt' is not installed for the toolchain '1.85.0-x86_64-unknown-linux-gnu'.
[INFO] [stderr]   To install, run `rustup component add --toolchain 1.85.0-x86_64-unknown-linux-gnu rustfmt`
[INFO] [stderr] 
[INFO] [stderr]   thread 'main' panicked at /opt/rustwide/cargo-home/registry/src/index.crates.io-1949cf8c6b5b557f/wayland-scanner-0.21.12/src/lib.rs:208:40:
[INFO] [stderr]   called `Result::unwrap()` on an `Err` value: Os { code: 28, kind: StorageFull, message: "No space left on device" }
[INFO] [stderr]   stack backtrace:
[INFO] [stderr]      0:     0x5f2df359a8ca - std::backtrace_rs::backtrace::libunwind::trace::h88deb10bd0145eb8
[INFO] [stderr]                                  at /rustc/4d91de4e48198da2e33413efdcd9cd2cc0c46688/library/std/src/../../backtrace/src/backtrace/libunwind.rs:116:5
[INFO] [stderr]      1:     0x5f2df359a8ca - std::backtrace_rs::backtrace::trace_unsynchronized::he1036f5481c14dff
[INFO] [stderr]                                  at /rustc/4d91de4e48198da2e33413efdcd9cd2cc0c46688/library/std/src/../../backtrace/src/backtrace/mod.rs:66:5
[INFO] [stderr]      2:     0x5f2df359a8ca - std::sys::backtrace::_print_fmt::hecc345b6e70c4b20
[INFO] [stderr]                                  at /rustc/4d91de4e48198da2e33413efdcd9cd2cc0c46688/library/std/src/sys/backtrace.rs:66:9
[INFO] [stderr]      3:     0x5f2df359a8ca - <std::sys::backtrace::BacktraceLock::print::DisplayBacktrace as core::fmt::Display>::fmt::he089f96442833f67
[INFO] [stderr]                                  at /rustc/4d91de4e48198da2e33413efdcd9cd2cc0c46688/library/std/src/sys/backtrace.rs:39:26
[INFO] [stderr]      4:     0x5f2df35bae03 - core::fmt::rt::Argument::fmt::h1f77cded99c71a14
[INFO] [stderr]                                  at /rustc/4d91de4e48198da2e33413efdcd9cd2cc0c46688/library/core/src/fmt/rt.rs:177:76
[INFO] [stderr]      5:     0x5f2df35bae03 - core::fmt::write::h2f210ed4c94745cb
[INFO] [stderr]                                  at /rustc/4d91de4e48198da2e33413efdcd9cd2cc0c46688/library/core/src/fmt/mod.rs:1440:21
[INFO] [stderr]      6:     0x5f2df3598003 - std::io::Write::write_fmt::h7de08171ab770fb2
[INFO] [stderr]                                  at /rustc/4d91de4e48198da2e33413efdcd9cd2cc0c46688/library/std/src/io/mod.rs:1887:15
[INFO] [stderr]      7:     0x5f2df359a712 - std::sys::backtrace::BacktraceLock::print::h810fbd31421329e6
[INFO] [stderr]                                  at /rustc/4d91de4e48198da2e33413efdcd9cd2cc0c46688/library/std/src/sys/backtrace.rs:42:9
[INFO] [stderr]      8:     0x5f2df359bb10 - std::panicking::default_hook::{{closure}}::hbaad47ed9dc6356d
[INFO] [stderr]                                  at /rustc/4d91de4e48198da2e33413efdcd9cd2cc0c46688/library/std/src/panicking.rs:295:22
[INFO] [stderr]      9:     0x5f2df359b8f0 - std::panicking::default_hook::h24e207139139d40a
[INFO] [stderr]                                  at /rustc/4d91de4e48198da2e33413efdcd9cd2cc0c46688/library/std/src/panicking.rs:322:9
[INFO] [stderr]     10:     0x5f2df359c343 - <alloc::boxed::Box<F,A> as core::ops::function::Fn<Args>>::call::h3af32c23caf5c679
[INFO] [stderr]                                  at /rustc/4d91de4e48198da2e33413efdcd9cd2cc0c46688/library/alloc/src/boxed.rs:2007:9
[INFO] [stderr]     11:     0x5f2df359c343 - std::panicking::rust_panic_with_hook::ha9131beeb2ddc506
[INFO] [stderr]                                  at /rustc/4d91de4e48198da2e33413efdcd9cd2cc0c46688/library/std/src/panicking.rs:836:13
[INFO] [stderr]     12:     0x5f2df359c01a - std::panicking::begin_panic_handler::{{closure}}::h1bba0eaeb6da506f
[INFO] [stderr]                                  at /rustc/4d91de4e48198da2e33413efdcd9cd2cc0c46688/library/std/src/panicking.rs:701:13
[INFO] [stderr]     13:     0x5f2df359adc9 - std::sys::backtrace::__rust_end_short_backtrace::h1d1ca3eade483f4c
[INFO] [stderr]                                  at /rustc/4d91de4e48198da2e33413efdcd9cd2cc0c46688/library/std/src/sys/backtrace.rs:168:18
[INFO] [stderr]     14:     0x5f2df359bcad - rust_begin_unwind
[INFO] [stderr]                                  at /rustc/4d91de4e48198da2e33413efdcd9cd2cc0c46688/library/std/src/panicking.rs:692:5
[INFO] [stderr]     15:     0x5f2df34c1260 - core::panicking::panic_fmt::h896a0727a1a943f9
[INFO] [stderr]                                  at /rustc/4d91de4e48198da2e33413efdcd9cd2cc0c46688/library/core/src/panicking.rs:75:14
[INFO] [stderr]     16:     0x5f2df34c16a6 - core::result::unwrap_failed::h1b5ed8541c7bebd6
[INFO] [stderr]                                  at /rustc/4d91de4e48198da2e33413efdcd9cd2cc0c46688/library/core/src/result.rs:1704:5
[INFO] [stderr]     17:     0x5f2df34d0f57 - wayland_scanner::generate_c_code::h0f8931f1aa015ee6
[INFO] [stderr]     18:     0x5f2df34d3e22 - build_script_build::generate_protocol::h53d2cdd27cb91681
[INFO] [stderr]     19:     0x5f2df34d4e81 - build_script_build::main::he3bd543f7235aade
[INFO] [stderr]     20:     0x5f2df34c4223 - core::ops::function::FnOnce::call_once::hd942dc8698d01557
[INFO] [stderr]     21:     0x5f2df34c2756 - std::sys::backtrace::__rust_begin_short_backtrace::ha9a2d7f1ff4b37d0
[INFO] [stderr]     22:     0x5f2df34d1e39 - std::rt::lang_start::{{closure}}::h79d70d071aa39824
[INFO] [stderr]     23:     0x5f2df3595aa7 - core::ops::function::impls::<impl core::ops::function::FnOnce<A> for &F>::call_once::ha29694188d478cce
[INFO] [stderr]                                  at /rustc/4d91de4e48198da2e33413efdcd9cd2cc0c46688/library/core/src/ops/function.rs:284:13
[INFO] [stderr]     24:     0x5f2df3595aa7 - std::panicking::try::do_call::h146aeebcd3824393
[INFO] [stderr]                                  at /rustc/4d91de4e48198da2e33413efdcd9cd2cc0c46688/library/std/src/panicking.rs:584:40
[INFO] [stderr]     25:     0x5f2df3595aa7 - std::panicking::try::hf3596e381ccb2229
[INFO] [stderr]                                  at /rustc/4d91de4e48198da2e33413efdcd9cd2cc0c46688/library/std/src/panicking.rs:547:19
[INFO] [stderr]     26:     0x5f2df3595aa7 - std::panic::catch_unwind::h7b076e21cb40b9bf
[INFO] [stderr]                                  at /rustc/4d91de4e48198da2e33413efdcd9cd2cc0c46688/library/std/src/panic.rs:358:14
[INFO] [stderr]     27:     0x5f2df3595aa7 - std::rt::lang_start_internal::{{closure}}::h481008de4850e7c0
[INFO] [stderr]                                  at /rustc/4d91de4e48198da2e33413efdcd9cd2cc0c46688/library/std/src/rt.rs:174:48
[INFO] [stderr]     28:     0x5f2df3595aa7 - std::panicking::try::do_call::h865e627c98d1c4cc
[INFO] [stderr]                                  at /rustc/4d91de4e48198da2e33413efdcd9cd2cc0c46688/library/std/src/panicking.rs:584:40
[INFO] [stderr]     29:     0x5f2df3595aa7 - std::panicking::try::hf53b8617a1069bb3
[INFO] [stderr]                                  at /rustc/4d91de4e48198da2e33413efdcd9cd2cc0c46688/library/std/src/panicking.rs:547:19
[INFO] [stderr]     30:     0x5f2df3595aa7 - std::panic::catch_unwind::h9d30caa3add162e9
[INFO] [stderr]                                  at /rustc/4d91de4e48198da2e33413efdcd9cd2cc0c46688/library/std/src/panic.rs:358:14
[INFO] [stderr]     31:     0x5f2df3595aa7 - std::rt::lang_start_internal::hbb268f70c879621d
[INFO] [stderr]                                  at /rustc/4d91de4e48198da2e33413efdcd9cd2cc0c46688/library/std/src/rt.rs:174:20
[INFO] [stderr]     32:     0x5f2df34d1e17 - std::rt::lang_start::h876a77a83d0378be
[INFO] [stderr]     33:     0x5f2df34d5245 - main
[INFO] [stderr]     34:     0x7f7a632d9d90 - <unknown>
[INFO] [stderr]     35:     0x7f7a632d9e40 - __libc_start_main
[INFO] [stderr]     36:     0x5f2df34c1975 - _start
[INFO] [stderr]     37:                0x0 - <unknown>
[INFO] running `Command { std: "docker" "inspect" "0e9694f14fbac0c8a7f9304011e4265769e854a2348c2f3bd03fb80f43d5bc86", kill_on_drop: false }`
[INFO] running `Command { std: "docker" "rm" "-f" "0e9694f14fbac0c8a7f9304011e4265769e854a2348c2f3bd03fb80f43d5bc86", kill_on_drop: false }`
[INFO] [stdout] 0e9694f14fbac0c8a7f9304011e4265769e854a2348c2f3bd03fb80f43d5bc86
