[INFO] cloning repository https://github.com/sokach-dev/orion-abi
[INFO] running `Command { std: "git" "-c" "credential.helper=" "-c" "credential.helper=/workspace/cargo-home/bin/git-credential-null" "clone" "--bare" "https://github.com/sokach-dev/orion-abi" "/workspace/cache/git-repos/https%3A%2F%2Fgithub.com%2Fsokach-dev%2Forion-abi", kill_on_drop: false }`
[INFO] [stderr] Cloning into bare repository '/workspace/cache/git-repos/https%3A%2F%2Fgithub.com%2Fsokach-dev%2Forion-abi'...
[INFO] running `Command { std: "git" "rev-parse" "HEAD", kill_on_drop: false }`
[INFO] [stdout] 531c00b6a707ce539e84b7fdaa2c866a647b5323
[INFO] documenting sokach-dev/orion-abi against beta-2025-02-18 for beta-1.86-rustdoc-1
[INFO] running `Command { std: "git" "clone" "/workspace/cache/git-repos/https%3A%2F%2Fgithub.com%2Fsokach-dev%2Forion-abi" "/workspace/builds/worker-0-tc2/source", kill_on_drop: false }`
[INFO] [stderr] Cloning into '/workspace/builds/worker-0-tc2/source'...
[INFO] [stderr] done.
[INFO] validating manifest of git repo https://github.com/sokach-dev/orion-abi on toolchain beta-2025-02-18
[INFO] running `Command { std: CARGO_HOME="/workspace/cargo-home" RUSTUP_HOME="/workspace/rustup-home" "/workspace/cargo-home/bin/cargo" "+beta-2025-02-18" "metadata" "--manifest-path" "Cargo.toml" "--no-deps", kill_on_drop: false }`
[INFO] started tweaking git repo https://github.com/sokach-dev/orion-abi
[INFO] finished tweaking git repo https://github.com/sokach-dev/orion-abi
[INFO] tweaked toml for git repo https://github.com/sokach-dev/orion-abi written to /workspace/builds/worker-0-tc2/source/Cargo.toml
[INFO] crate git repo https://github.com/sokach-dev/orion-abi already has a lockfile, it will not be regenerated
[INFO] running `Command { std: CARGO_HOME="/workspace/cargo-home" RUSTUP_HOME="/workspace/rustup-home" "/workspace/cargo-home/bin/cargo" "+beta-2025-02-18" "fetch" "--manifest-path" "Cargo.toml", kill_on_drop: false }`
[INFO] [stderr]     Blocking waiting for file lock on package cache
[INFO] [stderr]     Updating crates.io index
[INFO] [stderr]     Blocking waiting for file lock on package cache
[ERROR] error running command: no output for 300 seconds
[INFO] documenting sokach-dev/orion-abi against beta-2025-02-18 for beta-1.86-rustdoc-1
[INFO] running `Command { std: "git" "clone" "/workspace/cache/git-repos/https%3A%2F%2Fgithub.com%2Fsokach-dev%2Forion-abi" "/workspace/builds/worker-0-tc2/source", kill_on_drop: false }`
[INFO] [stderr] Cloning into '/workspace/builds/worker-0-tc2/source'...
[INFO] [stderr] done.
[INFO] validating manifest of git repo https://github.com/sokach-dev/orion-abi on toolchain beta-2025-02-18
[INFO] running `Command { std: CARGO_HOME="/workspace/cargo-home" RUSTUP_HOME="/workspace/rustup-home" "/workspace/cargo-home/bin/cargo" "+beta-2025-02-18" "metadata" "--manifest-path" "Cargo.toml" "--no-deps", kill_on_drop: false }`
[INFO] started tweaking git repo https://github.com/sokach-dev/orion-abi
[INFO] finished tweaking git repo https://github.com/sokach-dev/orion-abi
[INFO] tweaked toml for git repo https://github.com/sokach-dev/orion-abi written to /workspace/builds/worker-0-tc2/source/Cargo.toml
[INFO] crate git repo https://github.com/sokach-dev/orion-abi already has a lockfile, it will not be regenerated
[INFO] running `Command { std: CARGO_HOME="/workspace/cargo-home" RUSTUP_HOME="/workspace/rustup-home" "/workspace/cargo-home/bin/cargo" "+beta-2025-02-18" "fetch" "--manifest-path" "Cargo.toml", kill_on_drop: false }`
[INFO] [stderr]     Blocking waiting for file lock on package cache
[INFO] [stderr]     Blocking waiting for file lock on package cache
[ERROR] error running command: no output for 300 seconds
[INFO] documenting sokach-dev/orion-abi against beta-2025-02-18 for beta-1.86-rustdoc-1
[INFO] running `Command { std: "git" "clone" "/workspace/cache/git-repos/https%3A%2F%2Fgithub.com%2Fsokach-dev%2Forion-abi" "/workspace/builds/worker-0-tc2/source", kill_on_drop: false }`
[INFO] [stderr] Cloning into '/workspace/builds/worker-0-tc2/source'...
[INFO] [stderr] done.
[INFO] validating manifest of git repo https://github.com/sokach-dev/orion-abi on toolchain beta-2025-02-18
[INFO] running `Command { std: CARGO_HOME="/workspace/cargo-home" RUSTUP_HOME="/workspace/rustup-home" "/workspace/cargo-home/bin/cargo" "+beta-2025-02-18" "metadata" "--manifest-path" "Cargo.toml" "--no-deps", kill_on_drop: false }`
[INFO] started tweaking git repo https://github.com/sokach-dev/orion-abi
[INFO] finished tweaking git repo https://github.com/sokach-dev/orion-abi
[INFO] tweaked toml for git repo https://github.com/sokach-dev/orion-abi written to /workspace/builds/worker-0-tc2/source/Cargo.toml
[INFO] crate git repo https://github.com/sokach-dev/orion-abi already has a lockfile, it will not be regenerated
[INFO] running `Command { std: CARGO_HOME="/workspace/cargo-home" RUSTUP_HOME="/workspace/rustup-home" "/workspace/cargo-home/bin/cargo" "+beta-2025-02-18" "fetch" "--manifest-path" "Cargo.toml", kill_on_drop: false }`
[INFO] [stderr]     Blocking waiting for file lock on package cache
[INFO] [stderr]     Blocking waiting for file lock on package cache
[INFO] [stderr]  Downloading crates ...
[INFO] [stderr]   Downloaded tempfile v3.4.0
[INFO] [stderr]   Downloaded prost-types v0.11.8
[INFO] [stderr]   Downloaded which v4.4.0
[INFO] [stderr]   Downloaded prost-build v0.11.8
[INFO] [stderr]   Downloaded derive_builder_macro v0.12.0
[INFO] [stderr]   Downloaded async-stream-impl v0.3.4
[INFO] [stderr]   Downloaded sqlx-rt v0.6.3
[INFO] [stderr]   Downloaded cxxbridge-flags v1.0.93
[INFO] [stderr]   Downloaded prost v0.11.8
[INFO] [stderr]   Downloaded sqlx-macros v0.6.3
[INFO] [stderr]   Downloaded atoi v1.0.0
[INFO] [stderr]   Downloaded derive_builder_core v0.12.0
[INFO] [stderr]   Downloaded derive_builder v0.12.0
[INFO] [stderr]   Downloaded serde_derive v1.0.158
[INFO] [stderr]   Downloaded cxxbridge-macro v1.0.93
[INFO] [stderr]   Downloaded futures-intrusive v0.4.2
[INFO] [stderr]   Downloaded tonic v0.8.3
[INFO] [stderr]   Downloaded serde v1.0.158
[INFO] [stderr]   Downloaded sqlx v0.6.3
[INFO] [stderr]   Downloaded axum v0.6.11
[INFO] [stderr]   Downloaded cxx v1.0.93
[INFO] [stderr]   Downloaded cxx-build v1.0.93
[INFO] [stderr]   Downloaded regex v1.7.2
[INFO] [stderr]   Downloaded async-trait v0.1.67
[INFO] [stderr]   Downloaded rustix v0.36.11
[INFO] [stderr]   Downloaded syn v2.0.5
[INFO] [stderr]   Downloaded tokio-stream v0.1.12
[INFO] [stderr]   Downloaded sqlx-core v0.6.3
[INFO] [stderr]   Downloaded futures-sink v0.3.27
[INFO] [stderr]   Downloaded prost-derive v0.11.8
[INFO] [stderr]   Downloaded proc-macro2 v1.0.52
[INFO] [stderr]   Downloaded iana-time-zone v0.1.54
[INFO] [stderr]   Downloaded dotenvy v0.15.6
[INFO] [stderr]   Downloaded whoami v1.4.0
[INFO] [stderr]   Downloaded to_sql_condition v0.2.1
[INFO] [stderr]   Downloaded async-stream v0.3.4
[INFO] [stderr]   Downloaded tonic-build v0.8.4
[INFO] running `Command { std: "docker" "create" "-v" "/var/lib/crater-agent-workspace/builds/worker-0-tc2/target:/opt/rustwide/target:rw,Z" "-v" "/var/lib/crater-agent-workspace/builds/worker-0-tc2/source:/opt/rustwide/workdir:ro,Z" "-v" "/var/lib/crater-agent-workspace/cargo-home:/opt/rustwide/cargo-home:ro,Z" "-v" "/var/lib/crater-agent-workspace/rustup-home:/opt/rustwide/rustup-home:ro,Z" "-e" "SOURCE_DIR=/opt/rustwide/workdir" "-e" "CARGO_TARGET_DIR=/opt/rustwide/target" "-e" "CARGO_HOME=/opt/rustwide/cargo-home" "-e" "RUSTUP_HOME=/opt/rustwide/rustup-home" "-w" "/opt/rustwide/workdir" "-m" "1610612736" "--user" "0:0" "--network" "none" "ghcr.io/rust-lang/crates-build-env/linux@sha256:3959728d45483eb673ba100a951a6b9f5012970368db2a9e08e0ac9b67c8a5ad" "/opt/rustwide/cargo-home/bin/cargo" "+beta-2025-02-18" "metadata" "--no-deps" "--format-version=1", kill_on_drop: false }`
[INFO] [stdout] ce15f72a490791db986099c161be753c3d291ce199fa8c6f32102a94bd272a75
[INFO] running `Command { std: "docker" "start" "-a" "ce15f72a490791db986099c161be753c3d291ce199fa8c6f32102a94bd272a75", kill_on_drop: false }`
[INFO] running `Command { std: "docker" "inspect" "ce15f72a490791db986099c161be753c3d291ce199fa8c6f32102a94bd272a75", kill_on_drop: false }`
[INFO] running `Command { std: "docker" "rm" "-f" "ce15f72a490791db986099c161be753c3d291ce199fa8c6f32102a94bd272a75", kill_on_drop: false }`
[INFO] [stdout] ce15f72a490791db986099c161be753c3d291ce199fa8c6f32102a94bd272a75
[INFO] running `Command { std: "docker" "create" "-v" "/var/lib/crater-agent-workspace/builds/worker-0-tc2/target:/opt/rustwide/target:rw,Z" "-v" "/var/lib/crater-agent-workspace/builds/worker-0-tc2/source:/opt/rustwide/workdir:ro,Z" "-v" "/var/lib/crater-agent-workspace/cargo-home:/opt/rustwide/cargo-home:ro,Z" "-v" "/var/lib/crater-agent-workspace/rustup-home:/opt/rustwide/rustup-home:ro,Z" "-e" "SOURCE_DIR=/opt/rustwide/workdir" "-e" "CARGO_TARGET_DIR=/opt/rustwide/target" "-e" "CARGO_INCREMENTAL=0" "-e" "RUST_BACKTRACE=full" "-e" "RUSTFLAGS=--cap-lints=warn" "-e" "RUSTDOCFLAGS=--cap-lints=warn" "-e" "CARGO_HOME=/opt/rustwide/cargo-home" "-e" "RUSTUP_HOME=/opt/rustwide/rustup-home" "-w" "/opt/rustwide/workdir" "-m" "1610612736" "--user" "0:0" "--network" "none" "ghcr.io/rust-lang/crates-build-env/linux@sha256:3959728d45483eb673ba100a951a6b9f5012970368db2a9e08e0ac9b67c8a5ad" "/opt/rustwide/cargo-home/bin/cargo" "+beta-2025-02-18" "doc" "--frozen" "--no-deps" "--document-private-items" "--message-format=json", kill_on_drop: false }`
[INFO] [stdout] d110389d4ae0bd13e479e8d0112836165c503d411fcb0756145698f3fc5a1ccd
[INFO] running `Command { std: "docker" "start" "-a" "d110389d4ae0bd13e479e8d0112836165c503d411fcb0756145698f3fc5a1ccd", kill_on_drop: false }`
[INFO] [stderr]    Compiling proc-macro2 v1.0.52
[INFO] [stderr]    Compiling syn v1.0.109
[INFO] [stderr]    Compiling libc v0.2.140
[INFO] [stderr]    Compiling typenum v1.16.0
[INFO] [stderr]    Compiling futures-core v0.3.27
[INFO] [stderr]     Checking once_cell v1.17.1
[INFO] [stderr]    Compiling cc v1.0.79
[INFO] [stderr]    Compiling ahash v0.7.6
[INFO] [stderr]    Compiling generic-array v0.14.6
[INFO] [stderr]    Compiling indexmap v1.9.2
[INFO] [stderr]    Compiling futures-task v0.3.27
[INFO] [stderr]    Compiling either v1.8.1
[INFO] [stderr]    Compiling tokio v1.26.0
[INFO] [stderr]    Compiling futures-util v0.3.27
[INFO] [stderr]    Compiling log v0.4.17
[INFO] [stderr]    Compiling num-traits v0.2.15
[INFO] [stderr]    Compiling bytes v1.4.0
[INFO] [stderr]    Compiling anyhow v1.0.70
[INFO] [stderr]    Compiling itertools v0.10.5
[INFO] [stderr]     Checking futures-sink v0.3.27
[INFO] [stderr]    Compiling serde_derive v1.0.158
[INFO] [stderr]    Compiling rustls v0.20.8
[INFO] [stderr]    Compiling parking_lot_core v0.8.6
[INFO] [stderr]    Compiling serde v1.0.158
[INFO] [stderr]     Checking itoa v1.0.6
[INFO] [stderr]    Compiling untrusted v0.7.1
[INFO] [stderr]    Compiling spin v0.5.2
[INFO] [stderr]     Checking tracing-core v0.1.30
[INFO] [stderr]    Compiling memchr v2.5.0
[INFO] [stderr]    Compiling num-integer v0.1.45
[INFO] [stderr]    Compiling rustversion v1.0.12
[INFO] [stderr]    Compiling subtle v2.4.1
[INFO] [stderr]    Compiling quote v1.0.26
[INFO] [stderr]    Compiling crossbeam-utils v0.8.15
[INFO] [stderr]    Compiling bitflags v1.3.2
[INFO] [stderr]    Compiling syn v2.0.5
[INFO] [stderr]    Compiling slab v0.4.8
[INFO] [stderr]    Compiling pin-project-lite v0.2.9
[INFO] [stderr]    Compiling io-lifetimes v1.0.9
[INFO] [stderr]    Compiling futures-channel v0.3.27
[INFO] [stderr]    Compiling tinyvec_macros v0.1.1
[INFO] [stderr]    Compiling tinyvec v1.6.0
[INFO] [stderr]     Checking http v0.2.9
[INFO] [stderr]    Compiling ring v0.16.20
[INFO] [stderr]    Compiling serde_json v1.0.94
[INFO] [stderr]     Checking getrandom v0.2.8
[INFO] [stderr]     Checking num_cpus v1.15.0
[INFO] [stderr]     Checking socket2 v0.4.9
[INFO] [stderr]     Checking mio v0.8.6
[INFO] [stderr]     Checking rand_core v0.6.4
[INFO] [stderr]     Checking hashbrown v0.12.3
[INFO] [stderr]    Compiling crossbeam-queue v0.3.8
[INFO] [stderr]    Compiling rustix v0.36.11
[INFO] [stderr]    Compiling thiserror v1.0.40
[INFO] [stderr]    Compiling unicode-segmentation v1.10.1
[INFO] [stderr]    Compiling block-buffer v0.10.4
[INFO] [stderr]    Compiling crypto-common v0.1.6
[INFO] [stderr]    Compiling unicode-normalization v0.1.22
[INFO] [stderr]    Compiling digest v0.10.6
[INFO] [stderr]    Compiling heck v0.4.1
[INFO] [stderr]     Checking rand_chacha v0.3.1
[INFO] [stderr]    Compiling instant v0.1.12
[INFO] [stderr]    Compiling paste v1.0.12
[INFO] [stderr]    Compiling httparse v1.8.0
[INFO] [stderr]    Compiling strsim v0.10.0
[INFO] [stderr]    Compiling fnv v1.0.7
[INFO] [stderr]    Compiling ident_case v1.0.1
[INFO] [stderr]    Compiling smallvec v1.10.0
[INFO] [stderr]    Compiling unicode-bidi v0.3.13
[INFO] [stderr]    Compiling prettyplease v0.1.25
[INFO] [stderr]    Compiling linux-raw-sys v0.1.4
[INFO] [stderr]     Checking percent-encoding v2.2.0
[INFO] [stderr]    Compiling scopeguard v1.1.0
[INFO] [stderr]    Compiling lock_api v0.4.9
[INFO] [stderr]     Checking rand v0.8.5
[INFO] [stderr]     Checking http-body v0.4.5
[INFO] [stderr]    Compiling ppv-lite86 v0.2.17
[INFO] [stderr]    Compiling regex-syntax v0.6.29
[INFO] [stderr]    Compiling cpufeatures v0.2.5
[INFO] [stderr]    Compiling async-trait v0.1.67
[INFO] [stderr]    Compiling fixedbitset v0.4.2
[INFO] [stderr]     Checking try-lock v0.2.4
[INFO] [stderr]    Compiling fastrand v1.9.0
[INFO] [stderr]    Compiling minimal-lexical v0.2.1
[INFO] [stderr]    Compiling petgraph v0.6.3
[INFO] [stderr]     Checking want v0.3.0
[INFO] [stderr]    Compiling form_urlencoded v1.1.0
[INFO] [stderr]    Compiling idna v0.3.0
[INFO] [stderr]    Compiling nom v7.1.3
[INFO] [stderr]    Compiling parking_lot v0.11.2
[INFO] [stderr]    Compiling hmac v0.12.1
[INFO] [stderr]    Compiling axum-core v0.3.3
[INFO] [stderr]    Compiling dirs-sys v0.3.7
[INFO] [stderr]    Compiling which v4.4.0
[INFO] [stderr]     Checking httpdate v1.0.2
[INFO] [stderr]    Compiling lazy_static v1.4.0
[INFO] [stderr]    Compiling iana-time-zone v0.1.54
[INFO] [stderr]    Compiling crc-catalog v2.2.0
[INFO] [stderr]    Compiling crc32fast v1.3.2
[INFO] [stderr]    Compiling multimap v0.8.3
[INFO] [stderr]    Compiling unicode_categories v0.1.1
[INFO] [stderr]    Compiling base64 v0.21.0
[INFO] [stderr]    Compiling ryu v1.0.13
[INFO] [stderr]    Compiling pin-utils v0.1.0
[INFO] [stderr]    Compiling crc v3.0.1
[INFO] [stderr]    Compiling regex v1.7.2
[INFO] [stderr]    Compiling rustls-pemfile v1.0.2
[INFO] [stderr]    Compiling chrono v0.4.24
[INFO] [stderr]    Compiling url v2.3.1
[INFO] [stderr]    Compiling dirs v4.0.0
[INFO] [stderr]    Compiling hkdf v0.12.3
[INFO] [stderr]    Compiling tempfile v3.4.0
[INFO] [stderr]    Compiling futures-intrusive v0.4.2
[INFO] [stderr]    Compiling webpki v0.22.0
[INFO] [stderr]    Compiling sct v0.7.0
[INFO] [stderr]    Compiling darling_core v0.14.4
[INFO] [stderr]    Compiling webpki-roots v0.22.6
[INFO] [stderr]    Compiling sqlformat v0.2.1
[INFO] [stderr]    Compiling atoi v1.0.0
[INFO] [stderr]    Compiling sha1 v0.10.5
[INFO] [stderr]    Compiling sha2 v0.10.6
[INFO] [stderr]    Compiling stringprep v0.1.2
[INFO] [stderr]    Compiling hashlink v0.8.1
[INFO] [stderr]    Compiling thiserror-impl v1.0.40
[INFO] [stderr]    Compiling tokio-stream v0.1.12
[INFO] [stderr]    Compiling md-5 v0.10.5
[INFO] [stderr]    Compiling axum v0.6.11
[INFO] [stderr]     Checking time v0.1.45
[INFO] [stderr]    Compiling event-listener v2.5.3
[INFO] [stderr]    Compiling hex v0.4.3
[INFO] [stderr]    Compiling byteorder v1.4.3
[INFO] [stderr]    Compiling base64 v0.13.1
[INFO] [stderr]    Compiling dotenvy v0.15.6
[INFO] [stderr]    Compiling whoami v1.4.0
[INFO] [stderr]     Checking miniz_oxide v0.6.2
[INFO] [stderr]     Checking matchit v0.7.0
[INFO] [stderr]     Checking flate2 v1.0.25
[INFO] [stderr]    Compiling tokio-rustls v0.23.4
[INFO] [stderr]    Compiling tokio-macros v1.8.2
[INFO] [stderr]    Compiling tracing-attributes v0.1.23
[INFO] [stderr]    Compiling prost-derive v0.11.8
[INFO] [stderr]    Compiling pin-project-internal v1.0.12
[INFO] [stderr]    Compiling async-stream-impl v0.3.4
[INFO] [stderr]    Compiling sqlx-rt v0.6.3
[INFO] [stderr]    Compiling to_sql_condition v0.2.1
[INFO] [stderr]    Compiling darling_macro v0.14.4
[INFO] [stderr]     Checking async-stream v0.3.4
[INFO] [stderr]    Compiling darling v0.14.4
[INFO] [stderr]    Compiling derive_builder_core v0.12.0
[INFO] [stderr]     Checking tracing v0.1.37
[INFO] [stderr]     Checking pin-project v1.0.12
[INFO] [stderr]     Checking tracing-futures v0.2.5
[INFO] [stderr]    Compiling prost v0.11.8
[INFO] [stderr]    Compiling derive_builder_macro v0.12.0
[INFO] [stderr]    Compiling prost-types v0.11.8
[INFO] [stderr]     Checking derive_builder v0.12.0
[INFO] [stderr]    Compiling prost-build v0.11.8
[INFO] [stderr]    Compiling tonic-build v0.8.4
[INFO] [stderr]    Compiling abi v0.1.0 (/opt/rustwide/workdir)
[INFO] [stderr]     Checking tokio-util v0.7.7
[INFO] [stderr]     Checking tokio-io-timeout v1.2.0
[INFO] [stderr]     Checking sqlx-core v0.6.3
[INFO] [stderr]     Checking h2 v0.3.16
[INFO] [stderr]     Checking tower v0.4.13
[INFO] [stderr] error: failed to run custom build command for `abi v0.1.0 (/opt/rustwide/workdir)`
[INFO] [stderr] note: To improve backtraces for build dependencies, set the CARGO_PROFILE_DEV_BUILD_OVERRIDE_DEBUG=true environment variable to enable debug information generation.
[INFO] [stderr] 
[INFO] [stderr] Caused by:
[INFO] [stderr]   process didn't exit successfully: `/opt/rustwide/target/debug/build/abi-81ec4597c5ab4faa/build-script-build` (exit status: 101)
[INFO] [stderr]   --- stdout
[INFO] [stderr]   cargo:rerun-if-changed=protos/orion.proto
[INFO] [stderr]   cargo:rerun-if-changed=protos
[INFO] [stderr] 
[INFO] [stderr]   --- stderr
[INFO] [stderr] 
[INFO] [stderr]   thread 'main' panicked at build.rs:27:10:
[INFO] [stderr]   called `Result::unwrap()` on an `Err` value: Custom { kind: Other, error: "protoc failed: orion.proto: This file contains proto3 optional fields, but --experimental_allow_proto3_optional was not set.\n" }
[INFO] [stderr]   stack backtrace:
[INFO] [stderr]      0:     0x613f2b7f1b40 - std::backtrace_rs::backtrace::libunwind::trace::h8ddfbb338e69e199
[INFO] [stderr]                                  at /rustc/f0cb41030579cd1a6f72bd23f38e677052d5d485/library/std/src/../../backtrace/src/backtrace/libunwind.rs:117:9
[INFO] [stderr]      1:     0x613f2b7f1b40 - std::backtrace_rs::backtrace::trace_unsynchronized::h4b42ed801e8ee862
[INFO] [stderr]                                  at /rustc/f0cb41030579cd1a6f72bd23f38e677052d5d485/library/std/src/../../backtrace/src/backtrace/mod.rs:66:14
[INFO] [stderr]      2:     0x613f2b7f1b40 - std::sys::backtrace::_print_fmt::hb90198f2c10bf707
[INFO] [stderr]                                  at /rustc/f0cb41030579cd1a6f72bd23f38e677052d5d485/library/std/src/sys/backtrace.rs:66:9
[INFO] [stderr]      3:     0x613f2b7f1b40 - <std::sys::backtrace::BacktraceLock::print::DisplayBacktrace as core::fmt::Display>::fmt::h0f123f0656f13ecf
[INFO] [stderr]                                  at /rustc/f0cb41030579cd1a6f72bd23f38e677052d5d485/library/std/src/sys/backtrace.rs:39:26
[INFO] [stderr]      4:     0x613f2b8145f3 - core::fmt::rt::Argument::fmt::h12e51c1529489cd8
[INFO] [stderr]                                  at /rustc/f0cb41030579cd1a6f72bd23f38e677052d5d485/library/core/src/fmt/rt.rs:177:76
[INFO] [stderr]      5:     0x613f2b8145f3 - core::fmt::write::h0abcdef7aa759353
[INFO] [stderr]                                  at /rustc/f0cb41030579cd1a6f72bd23f38e677052d5d485/library/core/src/fmt/mod.rs:1449:21
[INFO] [stderr]      6:     0x613f2b7eedf3 - std::io::Write::write_fmt::h35f2880f7855f55a
[INFO] [stderr]                                  at /rustc/f0cb41030579cd1a6f72bd23f38e677052d5d485/library/std/src/io/mod.rs:1890:15
[INFO] [stderr]      7:     0x613f2b7f1992 - std::sys::backtrace::BacktraceLock::print::h759bdab738e31d9d
[INFO] [stderr]                                  at /rustc/f0cb41030579cd1a6f72bd23f38e677052d5d485/library/std/src/sys/backtrace.rs:42:9
[INFO] [stderr]      8:     0x613f2b7f296f - std::panicking::default_hook::{{closure}}::h0616f7020c8b9e0d
[INFO] [stderr]                                  at /rustc/f0cb41030579cd1a6f72bd23f38e677052d5d485/library/std/src/panicking.rs:298:22
[INFO] [stderr]      9:     0x613f2b7f27da - std::panicking::default_hook::hcb4bf3fe9044f7f6
[INFO] [stderr]                                  at /rustc/f0cb41030579cd1a6f72bd23f38e677052d5d485/library/std/src/panicking.rs:325:9
[INFO] [stderr]     10:     0x613f2b7f3312 - std::panicking::rust_panic_with_hook::h2fd8d6252462d800
[INFO] [stderr]                                  at /rustc/f0cb41030579cd1a6f72bd23f38e677052d5d485/library/std/src/panicking.rs:831:13
[INFO] [stderr]     11:     0x613f2b7f30ba - std::panicking::begin_panic_handler::{{closure}}::h746cf6ba43e1c73f
[INFO] [stderr]                                  at /rustc/f0cb41030579cd1a6f72bd23f38e677052d5d485/library/std/src/panicking.rs:704:13
[INFO] [stderr]     12:     0x613f2b7f2059 - std::sys::backtrace::__rust_end_short_backtrace::hba3f7b171935b491
[INFO] [stderr]                                  at /rustc/f0cb41030579cd1a6f72bd23f38e677052d5d485/library/std/src/sys/backtrace.rs:168:18
[INFO] [stderr]     13:     0x613f2b7f2d4d - rust_begin_unwind
[INFO] [stderr]                                  at /rustc/f0cb41030579cd1a6f72bd23f38e677052d5d485/library/std/src/panicking.rs:695:5
[INFO] [stderr]     14:     0x613f2b555400 - core::panicking::panic_fmt::h34cc4efb1683329b
[INFO] [stderr]                                  at /rustc/f0cb41030579cd1a6f72bd23f38e677052d5d485/library/core/src/panicking.rs:75:14
[INFO] [stderr]     15:     0x613f2b5558a6 - core::result::unwrap_failed::h7658f905fcb0751c
[INFO] [stderr]                                  at /rustc/f0cb41030579cd1a6f72bd23f38e677052d5d485/library/core/src/result.rs:1704:5
[INFO] [stderr]     16:     0x613f2b572e3e - build_script_build::main::h59b305c9ca70f643
[INFO] [stderr]     17:     0x613f2b570d33 - core::ops::function::FnOnce::call_once::he7d21921c8f2a507
[INFO] [stderr]     18:     0x613f2b5736a6 - std::sys::backtrace::__rust_begin_short_backtrace::h287a3a418172b7df
[INFO] [stderr]     19:     0x613f2b5709a9 - std::rt::lang_start::{{closure}}::h17253220a06f7aa0
[INFO] [stderr]     20:     0x613f2b7ea990 - core::ops::function::impls::<impl core::ops::function::FnOnce<A> for &F>::call_once::h9601c86577723145
[INFO] [stderr]                                  at /rustc/f0cb41030579cd1a6f72bd23f38e677052d5d485/library/core/src/ops/function.rs:284:13
[INFO] [stderr]     21:     0x613f2b7ea990 - std::panicking::try::do_call::h8817ae430c5825c1
[INFO] [stderr]                                  at /rustc/f0cb41030579cd1a6f72bd23f38e677052d5d485/library/std/src/panicking.rs:587:40
[INFO] [stderr]     22:     0x613f2b7ea990 - std::panicking::try::ha6c516562438d26b
[INFO] [stderr]                                  at /rustc/f0cb41030579cd1a6f72bd23f38e677052d5d485/library/std/src/panicking.rs:550:19
[INFO] [stderr]     23:     0x613f2b7ea990 - std::panic::catch_unwind::hd30edb0fa8e1aa42
[INFO] [stderr]                                  at /rustc/f0cb41030579cd1a6f72bd23f38e677052d5d485/library/std/src/panic.rs:358:14
[INFO] [stderr]     24:     0x613f2b7ea990 - std::rt::lang_start_internal::{{closure}}::h4ce5c96c39e994a5
[INFO] [stderr]                                  at /rustc/f0cb41030579cd1a6f72bd23f38e677052d5d485/library/std/src/rt.rs:168:24
[INFO] [stderr]     25:     0x613f2b7ea990 - std::panicking::try::do_call::h397fda5d1714972f
[INFO] [stderr]                                  at /rustc/f0cb41030579cd1a6f72bd23f38e677052d5d485/library/std/src/panicking.rs:587:40
[INFO] [stderr]     26:     0x613f2b7ea990 - std::panicking::try::ha72ffffb1d107af4
[INFO] [stderr]                                  at /rustc/f0cb41030579cd1a6f72bd23f38e677052d5d485/library/std/src/panicking.rs:550:19
[INFO] [stderr]     27:     0x613f2b7ea990 - std::panic::catch_unwind::ha60eb34d643aa591
[INFO] [stderr]                                  at /rustc/f0cb41030579cd1a6f72bd23f38e677052d5d485/library/std/src/panic.rs:358:14
[INFO] [stderr]     28:     0x613f2b7ea990 - std::rt::lang_start_internal::h051d1c050856cca6
[INFO] [stderr]                                  at /rustc/f0cb41030579cd1a6f72bd23f38e677052d5d485/library/std/src/rt.rs:164:5
[INFO] [stderr]     29:     0x613f2b570991 - std::rt::lang_start::hd408ad0dd8fe13c5
[INFO] [stderr]     30:     0x613f2b573075 - main
[INFO] [stderr]     31:     0x7f9f164fed90 - <unknown>
[INFO] [stderr]     32:     0x7f9f164fee40 - __libc_start_main
[INFO] [stderr]     33:     0x613f2b555bf5 - _start
[INFO] [stderr]     34:                0x0 - <unknown>
[INFO] [stderr] warning: build failed, waiting for other jobs to finish...
[INFO] running `Command { std: "docker" "inspect" "d110389d4ae0bd13e479e8d0112836165c503d411fcb0756145698f3fc5a1ccd", kill_on_drop: false }`
[INFO] running `Command { std: "docker" "rm" "-f" "d110389d4ae0bd13e479e8d0112836165c503d411fcb0756145698f3fc5a1ccd", kill_on_drop: false }`
[INFO] [stdout] d110389d4ae0bd13e479e8d0112836165c503d411fcb0756145698f3fc5a1ccd
