[INFO] cloning repository https://github.com/skpub/meigen-api-rust
[INFO] running `Command { std: "git" "-c" "credential.helper=" "-c" "credential.helper=/workspace/cargo-home/bin/git-credential-null" "clone" "--bare" "https://github.com/skpub/meigen-api-rust" "/workspace/cache/git-repos/https%3A%2F%2Fgithub.com%2Fskpub%2Fmeigen-api-rust", kill_on_drop: false }`
[INFO] [stderr] Cloning into bare repository '/workspace/cache/git-repos/https%3A%2F%2Fgithub.com%2Fskpub%2Fmeigen-api-rust'...
[INFO] running `Command { std: "git" "rev-parse" "HEAD", kill_on_drop: false }`
[INFO] [stdout] 9e4cb378cd7410ccabb64034fed8d643ead3c65d
[INFO] documenting skpub/meigen-api-rust against 1.85.0 for beta-1.86-rustdoc-1
[INFO] running `Command { std: "git" "clone" "/workspace/cache/git-repos/https%3A%2F%2Fgithub.com%2Fskpub%2Fmeigen-api-rust" "/workspace/builds/worker-0-tc1/source", kill_on_drop: false }`
[INFO] [stderr] Cloning into '/workspace/builds/worker-0-tc1/source'...
[INFO] [stderr] done.
[INFO] validating manifest of git repo https://github.com/skpub/meigen-api-rust on toolchain 1.85.0
[INFO] running `Command { std: CARGO_HOME="/workspace/cargo-home" RUSTUP_HOME="/workspace/rustup-home" "/workspace/cargo-home/bin/cargo" "+1.85.0" "metadata" "--manifest-path" "Cargo.toml" "--no-deps", kill_on_drop: false }`
[INFO] started tweaking git repo https://github.com/skpub/meigen-api-rust
[INFO] finished tweaking git repo https://github.com/skpub/meigen-api-rust
[INFO] tweaked toml for git repo https://github.com/skpub/meigen-api-rust written to /workspace/builds/worker-0-tc1/source/Cargo.toml
[INFO] crate git repo https://github.com/skpub/meigen-api-rust already has a lockfile, it will not be regenerated
[INFO] running `Command { std: CARGO_HOME="/workspace/cargo-home" RUSTUP_HOME="/workspace/rustup-home" "/workspace/cargo-home/bin/cargo" "+1.85.0" "fetch" "--manifest-path" "Cargo.toml", kill_on_drop: false }`
[INFO] [stderr]     Blocking waiting for file lock on package cache
[INFO] [stderr]     Blocking waiting for file lock on package cache
[INFO] [stderr]  Downloading crates ...
[INFO] [stderr]   Downloaded tokio-pg-mapper-derive v0.2.0
[INFO] [stderr]   Downloaded blowfish v0.7.0
[INFO] [stderr]   Downloaded deadpool-postgres v0.10.5
[INFO] [stderr]   Downloaded tokio-pg-mapper v0.2.0
[INFO] [stderr]   Downloaded pwhash v1.0.0
[INFO] running `Command { std: "docker" "create" "-v" "/var/lib/crater-agent-workspace/builds/worker-0-tc1/target:/opt/rustwide/target:rw,Z" "-v" "/var/lib/crater-agent-workspace/builds/worker-0-tc1/source:/opt/rustwide/workdir:ro,Z" "-v" "/var/lib/crater-agent-workspace/cargo-home:/opt/rustwide/cargo-home:ro,Z" "-v" "/var/lib/crater-agent-workspace/rustup-home:/opt/rustwide/rustup-home:ro,Z" "-e" "SOURCE_DIR=/opt/rustwide/workdir" "-e" "CARGO_TARGET_DIR=/opt/rustwide/target" "-e" "CARGO_HOME=/opt/rustwide/cargo-home" "-e" "RUSTUP_HOME=/opt/rustwide/rustup-home" "-w" "/opt/rustwide/workdir" "-m" "1610612736" "--user" "0:0" "--network" "none" "ghcr.io/rust-lang/crates-build-env/linux@sha256:3959728d45483eb673ba100a951a6b9f5012970368db2a9e08e0ac9b67c8a5ad" "/opt/rustwide/cargo-home/bin/cargo" "+1.85.0" "metadata" "--no-deps" "--format-version=1", kill_on_drop: false }`
[INFO] [stdout] a2ec8bf6f5cd75ba8f6514b0b39ed589073e51d1f85dceda61f4b823ba49909a
[INFO] running `Command { std: "docker" "start" "-a" "a2ec8bf6f5cd75ba8f6514b0b39ed589073e51d1f85dceda61f4b823ba49909a", kill_on_drop: false }`
[INFO] running `Command { std: "docker" "inspect" "a2ec8bf6f5cd75ba8f6514b0b39ed589073e51d1f85dceda61f4b823ba49909a", kill_on_drop: false }`
[INFO] running `Command { std: "docker" "rm" "-f" "a2ec8bf6f5cd75ba8f6514b0b39ed589073e51d1f85dceda61f4b823ba49909a", kill_on_drop: false }`
[INFO] [stdout] a2ec8bf6f5cd75ba8f6514b0b39ed589073e51d1f85dceda61f4b823ba49909a
[INFO] running `Command { std: "docker" "create" "-v" "/var/lib/crater-agent-workspace/builds/worker-0-tc1/target:/opt/rustwide/target:rw,Z" "-v" "/var/lib/crater-agent-workspace/builds/worker-0-tc1/source:/opt/rustwide/workdir:ro,Z" "-v" "/var/lib/crater-agent-workspace/cargo-home:/opt/rustwide/cargo-home:ro,Z" "-v" "/var/lib/crater-agent-workspace/rustup-home:/opt/rustwide/rustup-home:ro,Z" "-e" "SOURCE_DIR=/opt/rustwide/workdir" "-e" "CARGO_TARGET_DIR=/opt/rustwide/target" "-e" "CARGO_INCREMENTAL=0" "-e" "RUST_BACKTRACE=full" "-e" "RUSTFLAGS=--cap-lints=warn" "-e" "RUSTDOCFLAGS=--cap-lints=warn" "-e" "CARGO_HOME=/opt/rustwide/cargo-home" "-e" "RUSTUP_HOME=/opt/rustwide/rustup-home" "-w" "/opt/rustwide/workdir" "-m" "1610612736" "--user" "0:0" "--network" "none" "ghcr.io/rust-lang/crates-build-env/linux@sha256:3959728d45483eb673ba100a951a6b9f5012970368db2a9e08e0ac9b67c8a5ad" "/opt/rustwide/cargo-home/bin/cargo" "+1.85.0" "doc" "--frozen" "--no-deps" "--document-private-items" "--message-format=json", kill_on_drop: false }`
[INFO] [stdout] a86c57856bf022d43c8d4ba72eb1c2bc658f8a4c8b93f3d3a61264d65da14134
[INFO] running `Command { std: "docker" "start" "-a" "a86c57856bf022d43c8d4ba72eb1c2bc658f8a4c8b93f3d3a61264d65da14134", kill_on_drop: false }`
[INFO] [stderr]    Compiling libc v0.2.147
[INFO] [stderr]    Compiling version_check v0.9.4
[INFO] [stderr]    Compiling autocfg v1.1.0
[INFO] [stderr]    Compiling typenum v1.16.0
[INFO] [stderr]     Checking cfg-if v1.0.0
[INFO] [stderr]    Compiling proc-macro2 v1.0.66
[INFO] [stderr]    Compiling unicode-ident v1.0.11
[INFO] [stderr]    Compiling memchr v2.5.0
[INFO] [stderr]    Compiling futures-core v0.3.28
[INFO] [stderr]    Compiling parking_lot_core v0.9.8
[INFO] [stderr]     Checking once_cell v1.18.0
[INFO] [stderr]    Compiling lock_api v0.4.10
[INFO] [stderr]    Compiling generic-array v0.14.7
[INFO] [stderr]     Checking pin-project-lite v0.2.10
[INFO] [stderr]     Checking bytes v1.4.0
[INFO] [stderr]     Checking log v0.4.19
[INFO] [stderr]    Compiling slab v0.4.8
[INFO] [stderr]     Checking smallvec v1.11.0
[INFO] [stderr]    Compiling futures-task v0.3.28
[INFO] [stderr]     Checking getrandom v0.2.10
[INFO] [stderr]    Compiling quote v1.0.31
[INFO] [stderr]     Checking scopeguard v1.2.0
[INFO] [stderr]     Checking subtle v2.4.1
[INFO] [stderr]    Compiling syn v2.0.27
[INFO] [stderr]    Compiling tokio v1.29.1
[INFO] [stderr]     Checking mio v0.8.8
[INFO] [stderr]     Checking signal-hook-registry v1.4.1
[INFO] [stderr]     Checking socket2 v0.4.9
[INFO] [stderr]     Checking parking_lot v0.12.1
[INFO] [stderr]    Compiling futures-util v0.3.28
[INFO] [stderr]    Compiling serde v1.0.174
[INFO] [stderr]    Compiling serde_derive v1.0.174
[INFO] [stderr]     Checking futures-sink v0.3.28
[INFO] [stderr]     Checking cpufeatures v0.2.9
[INFO] [stderr]     Checking rand_core v0.6.4
[INFO] [stderr]     Checking tracing-core v0.1.31
[INFO] [stderr]     Checking tinyvec_macros v0.1.1
[INFO] [stderr]     Checking ppv-lite86 v0.2.17
[INFO] [stderr]     Checking tracing v0.1.37
[INFO] [stderr]     Checking tinyvec v1.6.0
[INFO] [stderr]     Checking crypto-common v0.1.6
[INFO] [stderr]     Checking block-buffer v0.10.4
[INFO] [stderr]     Checking rand_chacha v0.3.1
[INFO] [stderr]     Checking digest v0.10.7
[INFO] [stderr]    Compiling ahash v0.7.6
[INFO] [stderr]     Checking itoa v1.0.9
[INFO] [stderr]    Compiling thiserror v1.0.44
[INFO] [stderr]     Checking rand v0.8.5
[INFO] [stderr]     Checking unicode-normalization v0.1.22
[INFO] [stderr]    Compiling jobserver v0.1.26
[INFO] [stderr]     Checking pin-utils v0.1.0
[INFO] [stderr]     Checking percent-encoding v2.3.0
[INFO] [stderr]     Checking unicode-bidi v0.3.13
[INFO] [stderr]    Compiling async-trait v0.1.72
[INFO] [stderr]    Compiling cc v1.0.79
[INFO] [stderr]    Compiling futures-channel v0.3.28
[INFO] [stderr]    Compiling pkg-config v0.3.27
[INFO] [stderr]     Checking hashbrown v0.12.3
[INFO] [stderr]    Compiling syn v1.0.109
[INFO] [stderr]     Checking base64 v0.21.2
[INFO] [stderr]     Checking byteorder v1.4.3
[INFO] [stderr]    Compiling ucd-trie v0.1.6
[INFO] [stderr]    Compiling paste v1.0.14
[INFO] [stderr]    Compiling zstd-sys v2.0.8+zstd.1.5.5
[INFO] [stderr]     Checking stringprep v0.1.3
[INFO] [stderr]    Compiling aho-corasick v1.0.2
[INFO] [stderr]     Checking hmac v0.12.1
[INFO] [stderr]     Checking sha2 v0.10.7
[INFO] [stderr]     Checking tokio-util v0.7.8
[INFO] [stderr]     Checking md-5 v0.10.5
[INFO] [stderr]     Checking digest v0.9.0
[INFO] [stderr]    Compiling indexmap v1.9.3
[INFO] [stderr]     Checking local-waker v0.1.3
[INFO] [stderr]    Compiling crc32fast v1.3.2
[INFO] [stderr]     Checking fallible-iterator v0.2.0
[INFO] [stderr]     Checking siphasher v0.3.10
[INFO] [stderr]     Checking bitflags v1.3.2
[INFO] [stderr]    Compiling zstd-safe v6.0.6
[INFO] [stderr]     Checking fnv v1.0.7
[INFO] [stderr]     Checking opaque-debug v0.3.0
[INFO] [stderr]     Checking alloc-no-stdlib v2.0.4
[INFO] [stderr]    Compiling regex-syntax v0.7.4
[INFO] [stderr]    Compiling futures-macro v0.3.28
[INFO] [stderr]    Compiling thiserror-impl v1.0.44
[INFO] [stderr]     Checking alloc-stdlib v0.2.2
[INFO] [stderr]    Compiling actix-macros v0.2.4
[INFO] [stderr]     Checking http v0.2.9
[INFO] [stderr]     Checking postgres-protocol v0.6.5
[INFO] [stderr]     Checking phf_shared v0.11.2
[INFO] [stderr]     Checking block-buffer v0.9.0
[INFO] [stderr]    Compiling pest v2.7.1
[INFO] [stderr] rustc-LLVM ERROR: IO failure on output stream: No space left on device
[INFO] [stderr] rustc-LLVM ERROR: IO failure on output stream: No space left on device
[INFO] [stderr] error: could not compile `socket2` (lib)
[INFO] [stderr] 
[INFO] [stderr] Caused by:
[INFO] [stderr]   No space left on device (os error 28)
[INFO] [stderr] 
[INFO] [stderr] Caused by:
[INFO] [stderr]   failed to parse process output: `/opt/rustwide/rustup-home/toolchains/1.85.0-x86_64-unknown-linux-gnu/bin/rustc --crate-name socket2 --edition=2018 /opt/rustwide/cargo-home/registry/src/index.crates.io-1949cf8c6b5b557f/socket2-0.4.9/src/lib.rs --error-format=json --json=diagnostic-rendered-ansi,artifacts,future-incompat --crate-type lib --emit=dep-info,metadata,link -C embed-bitcode=no --cfg 'feature="all"' --check-cfg 'cfg(docsrs,test)' --check-cfg 'cfg(feature, values("all"))' -C metadata=a92b59fd4b1d59ce -C extra-filename=-206f1d26ca540389 --out-dir /opt/rustwide/target/debug/deps -L dependency=/opt/rustwide/target/debug/deps --extern libc=/opt/rustwide/target/debug/deps/liblibc-8d89a32bdefa256d.rmeta --cap-lints allow --cap-lints=warn` (exit status: 101)
[INFO] [stderr] warning: build failed, waiting for other jobs to finish...
[INFO] [stderr] error: could not compile `mio` (lib)
[INFO] [stderr] 
[INFO] [stderr] Caused by:
[INFO] [stderr]   process didn't exit successfully: `/opt/rustwide/rustup-home/toolchains/1.85.0-x86_64-unknown-linux-gnu/bin/rustc --crate-name mio --edition=2018 /opt/rustwide/cargo-home/registry/src/index.crates.io-1949cf8c6b5b557f/mio-0.8.8/src/lib.rs --error-format=json --json=diagnostic-rendered-ansi,artifacts,future-incompat --crate-type lib --emit=dep-info,metadata,link -C embed-bitcode=no --cfg 'feature="net"' --cfg 'feature="os-ext"' --cfg 'feature="os-poll"' --check-cfg 'cfg(docsrs,test)' --check-cfg 'cfg(feature, values("default", "log", "net", "os-ext", "os-poll"))' -C metadata=4ae7c5cd402555e9 -C extra-filename=-52310b929c957ab4 --out-dir /opt/rustwide/target/debug/deps -L dependency=/opt/rustwide/target/debug/deps --extern libc=/opt/rustwide/target/debug/deps/liblibc-8d89a32bdefa256d.rmeta --cap-lints allow --cap-lints=warn` (exit status: 101)
[INFO] [stdout] error: failed to write /tmp/rustcgKvABl/lib.rmeta: No space left on device (os error 28)
[INFO] [stdout] 
[INFO] [stdout] 
[INFO] [stderr] error: could not compile `rand` (lib) due to 1 previous error
[INFO] [stdout] error: failed to write to `/opt/rustwide/target/debug/deps/rmetaYj08E3/lib.rmeta`: No space left on device (os error 28)
[INFO] [stdout] 
[INFO] [stdout] 
[INFO] [stderr] error: could not compile `syn` (lib) due to 1 previous error
[INFO] [stderr] warning: zstd-sys@2.0.8+zstd.1.5.5: zstd/lib/common/threading.c:21:1: fatal error: error closing /tmp/ccfyiTq3.s: No space left on device
[INFO] [stderr] warning: zstd-sys@2.0.8+zstd.1.5.5:    21 | int g_ZSTD_threading_useless_symbol;
[INFO] [stderr] warning: zstd-sys@2.0.8+zstd.1.5.5:       | ^~~
[INFO] [stderr] warning: zstd-sys@2.0.8+zstd.1.5.5: compilation terminated.
[INFO] [stderr] warning: zstd-sys@2.0.8+zstd.1.5.5: /tmp/ccxhujDq.s: Assembler messages:
[INFO] [stderr] warning: zstd-sys@2.0.8+zstd.1.5.5: /tmp/ccxhujDq.s: Fatal error: can't fill 24 bytes in section .rodata.ZSTD_defaultCMem of /opt/rustwide/target/debug/build/zstd-sys-380754a6b6808a3d/out/zstd/lib/common/pool.o: 'No space left on device'
[INFO] [stderr] warning: zstd-sys@2.0.8+zstd.1.5.5: zstd/lib/common/fse_decompress.c:309:1: fatal error: error writing to /tmp/ccHd4GGb.s: No space left on device
[INFO] [stderr] warning: zstd-sys@2.0.8+zstd.1.5.5:   309 | }
[INFO] [stderr] warning: zstd-sys@2.0.8+zstd.1.5.5:       | ^
[INFO] [stderr] warning: zstd-sys@2.0.8+zstd.1.5.5: compilation terminated.
[INFO] [stderr] error: failed to run custom build command for `zstd-sys v2.0.8+zstd.1.5.5`
[INFO] [stderr] note: To improve backtraces for build dependencies, set the CARGO_PROFILE_DEV_BUILD_OVERRIDE_DEBUG=true environment variable to enable debug information generation.
[INFO] [stderr] 
[INFO] [stderr] Caused by:
[INFO] [stderr]   process didn't exit successfully: `/opt/rustwide/target/debug/build/zstd-sys-fd924358f5ee6d31/build-script-build` (exit status: 1)
[INFO] [stderr]   --- stdout
[INFO] [stderr]   cargo:rerun-if-env-changed=ZSTD_SYS_USE_PKG_CONFIG
[INFO] [stderr]   TARGET = Some("x86_64-unknown-linux-gnu")
[INFO] [stderr]   OPT_LEVEL = Some("0")
[INFO] [stderr]   HOST = Some("x86_64-unknown-linux-gnu")
[INFO] [stderr]   cargo:rerun-if-env-changed=CC_x86_64-unknown-linux-gnu
[INFO] [stderr]   CC_x86_64-unknown-linux-gnu = None
[INFO] [stderr]   cargo:rerun-if-env-changed=CC_x86_64_unknown_linux_gnu
[INFO] [stderr]   CC_x86_64_unknown_linux_gnu = None
[INFO] [stderr]   cargo:rerun-if-env-changed=HOST_CC
[INFO] [stderr]   HOST_CC = None
[INFO] [stderr]   cargo:rerun-if-env-changed=CC
[INFO] [stderr]   CC = None
[INFO] [stderr]   cargo:rerun-if-env-changed=CFLAGS_x86_64-unknown-linux-gnu
[INFO] [stderr]   CFLAGS_x86_64-unknown-linux-gnu = None
[INFO] [stderr]   cargo:rerun-if-env-changed=CFLAGS_x86_64_unknown_linux_gnu
[INFO] [stderr]   CFLAGS_x86_64_unknown_linux_gnu = None
[INFO] [stderr]   cargo:rerun-if-env-changed=HOST_CFLAGS
[INFO] [stderr]   HOST_CFLAGS = None
[INFO] [stderr]   cargo:rerun-if-env-changed=CFLAGS
[INFO] [stderr]   CFLAGS = None
[INFO] [stderr]   cargo:rerun-if-env-changed=CRATE_CC_NO_DEFAULTS
[INFO] [stderr]   CRATE_CC_NO_DEFAULTS = None
[INFO] [stderr]   DEBUG = Some("true")
[INFO] [stderr]   CARGO_CFG_TARGET_FEATURE = Some("fxsr,sse,sse2")
[INFO] [stderr]   cargo:rerun-if-env-changed=CC_x86_64-unknown-linux-gnu
[INFO] [stderr]   CC_x86_64-unknown-linux-gnu = None
[INFO] [stderr]   cargo:rerun-if-env-changed=CC_x86_64_unknown_linux_gnu
[INFO] [stderr]   CC_x86_64_unknown_linux_gnu = None
[INFO] [stderr]   cargo:rerun-if-env-changed=HOST_CC
[INFO] [stderr]   HOST_CC = None
[INFO] [stderr]   cargo:rerun-if-env-changed=CC
[INFO] [stderr]   CC = None
[INFO] [stderr]   cargo:rerun-if-env-changed=CFLAGS_x86_64-unknown-linux-gnu
[INFO] [stderr]   CFLAGS_x86_64-unknown-linux-gnu = None
[INFO] [stderr]   cargo:rerun-if-env-changed=CFLAGS_x86_64_unknown_linux_gnu
[INFO] [stderr]   CFLAGS_x86_64_unknown_linux_gnu = None
[INFO] [stderr]   cargo:rerun-if-env-changed=HOST_CFLAGS
[INFO] [stderr]   HOST_CFLAGS = None
[INFO] [stderr]   cargo:rerun-if-env-changed=CFLAGS
[INFO] [stderr]   CFLAGS = None
[INFO] [stderr]   cargo:rerun-if-env-changed=CRATE_CC_NO_DEFAULTS
[INFO] [stderr]   CRATE_CC_NO_DEFAULTS = None
[INFO] [stderr]   CARGO_CFG_TARGET_FEATURE = Some("fxsr,sse,sse2")
[INFO] [stderr]   cargo:rerun-if-env-changed=CC_x86_64-unknown-linux-gnu
[INFO] [stderr]   CC_x86_64-unknown-linux-gnu = None
[INFO] [stderr]   cargo:rerun-if-env-changed=CC_x86_64_unknown_linux_gnu
[INFO] [stderr]   CC_x86_64_unknown_linux_gnu = None
[INFO] [stderr]   cargo:rerun-if-env-changed=HOST_CC
[INFO] [stderr]   HOST_CC = None
[INFO] [stderr]   cargo:rerun-if-env-changed=CC
[INFO] [stderr]   CC = None
[INFO] [stderr]   cargo:rerun-if-env-changed=CFLAGS_x86_64-unknown-linux-gnu
[INFO] [stderr]   CFLAGS_x86_64-unknown-linux-gnu = None
[INFO] [stderr]   cargo:rerun-if-env-changed=CFLAGS_x86_64_unknown_linux_gnu
[INFO] [stderr]   CFLAGS_x86_64_unknown_linux_gnu = None
[INFO] [stderr]   cargo:rerun-if-env-changed=HOST_CFLAGS
[INFO] [stderr]   HOST_CFLAGS = None
[INFO] [stderr]   cargo:rerun-if-env-changed=CFLAGS
[INFO] [stderr]   CFLAGS = None
[INFO] [stderr]   cargo:rerun-if-env-changed=CRATE_CC_NO_DEFAULTS
[INFO] [stderr]   CRATE_CC_NO_DEFAULTS = None
[INFO] [stderr]   CARGO_CFG_TARGET_FEATURE = Some("fxsr,sse,sse2")
[INFO] [stderr]   cargo:rerun-if-env-changed=CC_x86_64-unknown-linux-gnu
[INFO] [stderr]   CC_x86_64-unknown-linux-gnu = None
[INFO] [stderr]   cargo:rerun-if-env-changed=CC_x86_64_unknown_linux_gnu
[INFO] [stderr]   CC_x86_64_unknown_linux_gnu = None
[INFO] [stderr]   cargo:rerun-if-env-changed=HOST_CC
[INFO] [stderr]   HOST_CC = None
[INFO] [stderr]   cargo:rerun-if-env-changed=CC
[INFO] [stderr]   CC = None
[INFO] [stderr]   cargo:rerun-if-env-changed=CFLAGS_x86_64-unknown-linux-gnu
[INFO] [stderr]   CFLAGS_x86_64-unknown-linux-gnu = None
[INFO] [stderr]   cargo:rerun-if-env-changed=CFLAGS_x86_64_unknown_linux_gnu
[INFO] [stderr]   CFLAGS_x86_64_unknown_linux_gnu = None
[INFO] [stderr]   cargo:rerun-if-env-changed=HOST_CFLAGS
[INFO] [stderr]   HOST_CFLAGS = None
[INFO] [stderr]   cargo:rerun-if-env-changed=CFLAGS
[INFO] [stderr]   CFLAGS = None
[INFO] [stderr]   cargo:rerun-if-env-changed=CRATE_CC_NO_DEFAULTS
[INFO] [stderr]   CRATE_CC_NO_DEFAULTS = None
[INFO] [stderr]   CARGO_CFG_TARGET_FEATURE = Some("fxsr,sse,sse2")
[INFO] [stderr]   running: "cc" "-O0" "-ffunction-sections" "-fdata-sections" "-fPIC" "-gdwarf-4" "-fno-omit-frame-pointer" "-m64" "-I" "zstd/lib/" "-I" "zstd/lib/common" "-I" "zstd/lib/legacy" "-fvisibility=hidden" "-ffunction-sections" "-fdata-sections" "-fmerge-all-constants" "-DZSTD_LIB_DEPRECATED=0" "-DXXH_PRIVATE_API=" "-DZSTDLIB_VISIBILITY=" "-DZDICTLIB_VISIBILITY=" "-DZSTDERRORLIB_VISIBILITY=" "-DZSTD_LEGACY_SUPPORT=1" "-o" "/opt/rustwide/target/debug/build/zstd-sys-380754a6b6808a3d/out/zstd/lib/common/debug.o" "-c" "zstd/lib/common/debug.c"
[INFO] [stderr]   exit status: 0
[INFO] [stderr]   running: "cc" "-O0" "-ffunction-sections" "-fdata-sections" "-fPIC" "-gdwarf-4" "-fno-omit-frame-pointer" "-m64" "-I" "zstd/lib/" "-I" "zstd/lib/common" "-I" "zstd/lib/legacy" "-fvisibility=hidden" "-ffunction-sections" "-fdata-sections" "-fmerge-all-constants" "-DZSTD_LIB_DEPRECATED=0" "-DXXH_PRIVATE_API=" "-DZSTDLIB_VISIBILITY=" "-DZDICTLIB_VISIBILITY=" "-DZSTDERRORLIB_VISIBILITY=" "-DZSTD_LEGACY_SUPPORT=1" "-o" "/opt/rustwide/target/debug/build/zstd-sys-380754a6b6808a3d/out/zstd/lib/common/entropy_common.o" "-c" "zstd/lib/common/entropy_common.c"
[INFO] [stderr]   exit status: 0
[INFO] [stderr]   running: "cc" "-O0" "-ffunction-sections" "-fdata-sections" "-fPIC" "-gdwarf-4" "-fno-omit-frame-pointer" "-m64" "-I" "zstd/lib/" "-I" "zstd/lib/common" "-I" "zstd/lib/legacy" "-fvisibility=hidden" "-ffunction-sections" "-fdata-sections" "-fmerge-all-constants" "-DZSTD_LIB_DEPRECATED=0" "-DXXH_PRIVATE_API=" "-DZSTDLIB_VISIBILITY=" "-DZDICTLIB_VISIBILITY=" "-DZSTDERRORLIB_VISIBILITY=" "-DZSTD_LEGACY_SUPPORT=1" "-o" "/opt/rustwide/target/debug/build/zstd-sys-380754a6b6808a3d/out/zstd/lib/common/error_private.o" "-c" "zstd/lib/common/error_private.c"
[INFO] [stderr]   running: "cc" "-O0" "-ffunction-sections" "-fdata-sections" "-fPIC" "-gdwarf-4" "-fno-omit-frame-pointer" "-m64" "-I" "zstd/lib/" "-I" "zstd/lib/common" "-I" "zstd/lib/legacy" "-fvisibility=hidden" "-ffunction-sections" "-fdata-sections" "-fmerge-all-constants" "-DZSTD_LIB_DEPRECATED=0" "-DXXH_PRIVATE_API=" "-DZSTDLIB_VISIBILITY=" "-DZDICTLIB_VISIBILITY=" "-DZSTDERRORLIB_VISIBILITY=" "-DZSTD_LEGACY_SUPPORT=1" "-o" "/opt/rustwide/target/debug/build/zstd-sys-380754a6b6808a3d/out/zstd/lib/common/fse_decompress.o" "-c" "zstd/lib/common/fse_decompress.c"
[INFO] [stderr]   running: "cc" "-O0" "-ffunction-sections" "-fdata-sections" "-fPIC" "-gdwarf-4" "-fno-omit-frame-pointer" "-m64" "-I" "zstd/lib/" "-I" "zstd/lib/common" "-I" "zstd/lib/legacy" "-fvisibility=hidden" "-ffunction-sections" "-fdata-sections" "-fmerge-all-constants" "-DZSTD_LIB_DEPRECATED=0" "-DXXH_PRIVATE_API=" "-DZSTDLIB_VISIBILITY=" "-DZDICTLIB_VISIBILITY=" "-DZSTDERRORLIB_VISIBILITY=" "-DZSTD_LEGACY_SUPPORT=1" "-o" "/opt/rustwide/target/debug/build/zstd-sys-380754a6b6808a3d/out/zstd/lib/common/pool.o" "-c" "zstd/lib/common/pool.c"
[INFO] [stderr]   exit status: 0
[INFO] [stderr]   running: "cc" "-O0" "-ffunction-sections" "-fdata-sections" "-fPIC" "-gdwarf-4" "-fno-omit-frame-pointer" "-m64" "-I" "zstd/lib/" "-I" "zstd/lib/common" "-I" "zstd/lib/legacy" "-fvisibility=hidden" "-ffunction-sections" "-fdata-sections" "-fmerge-all-constants" "-DZSTD_LIB_DEPRECATED=0" "-DXXH_PRIVATE_API=" "-DZSTDLIB_VISIBILITY=" "-DZDICTLIB_VISIBILITY=" "-DZSTDERRORLIB_VISIBILITY=" "-DZSTD_LEGACY_SUPPORT=1" "-o" "/opt/rustwide/target/debug/build/zstd-sys-380754a6b6808a3d/out/zstd/lib/common/threading.o" "-c" "zstd/lib/common/threading.c"
[INFO] [stderr]   cargo:warning=zstd/lib/common/threading.c:21:1: fatal error: error closing /tmp/ccfyiTq3.s: No space left on device
[INFO] [stderr]   cargo:warning=   21 | int g_ZSTD_threading_useless_symbol;
[INFO] [stderr]   cargo:warning=      | ^~~
[INFO] [stderr]   cargo:warning=compilation terminated.
[INFO] [stderr]   exit status: 1
[INFO] [stderr]   cargo:warning=/tmp/ccxhujDq.s: Assembler messages:
[INFO] [stderr]   cargo:warning=/tmp/ccxhujDq.s: Fatal error: can't fill 24 bytes in section .rodata.ZSTD_defaultCMem of /opt/rustwide/target/debug/build/zstd-sys-380754a6b6808a3d/out/zstd/lib/common/pool.o: 'No space left on device'
[INFO] [stderr]   exit status: 1
[INFO] [stderr]   running: "cc" "-O0" "-ffunction-sections" "-fdata-sections" "-fPIC" "-gdwarf-4" "-fno-omit-frame-pointer" "-m64" "-I" "zstd/lib/" "-I" "zstd/lib/common" "-I" "zstd/lib/legacy" "-fvisibility=hidden" "-ffunction-sections" "-fdata-sections" "-fmerge-all-constants" "-DZSTD_LIB_DEPRECATED=0" "-DXXH_PRIVATE_API=" "-DZSTDLIB_VISIBILITY=" "-DZDICTLIB_VISIBILITY=" "-DZSTDERRORLIB_VISIBILITY=" "-DZSTD_LEGACY_SUPPORT=1" "-o" "/opt/rustwide/target/debug/build/zstd-sys-380754a6b6808a3d/out/zstd/lib/common/zstd_common.o" "-c" "zstd/lib/common/zstd_common.c"
[INFO] [stderr]   cargo:warning=zstd/lib/common/fse_decompress.c:309:1: fatal error: error writing to /tmp/ccHd4GGb.s: No space left on device
[INFO] [stderr]   cargo:warning=  309 | }
[INFO] [stderr]   cargo:warning=      | ^
[INFO] [stderr]   cargo:warning=compilation terminated.
[INFO] [stderr]   exit status: 1
[INFO] [stderr]   exit status: 0
[INFO] [stderr] 
[INFO] [stderr]   --- stderr
[INFO] [stderr] 
[INFO] [stderr] 
[INFO] [stderr]   error occurred: Command "cc" "-O0" "-ffunction-sections" "-fdata-sections" "-fPIC" "-gdwarf-4" "-fno-omit-frame-pointer" "-m64" "-I" "zstd/lib/" "-I" "zstd/lib/common" "-I" "zstd/lib/legacy" "-fvisibility=hidden" "-ffunction-sections" "-fdata-sections" "-fmerge-all-constants" "-DZSTD_LIB_DEPRECATED=0" "-DXXH_PRIVATE_API=" "-DZSTDLIB_VISIBILITY=" "-DZDICTLIB_VISIBILITY=" "-DZSTDERRORLIB_VISIBILITY=" "-DZSTD_LEGACY_SUPPORT=1" "-o" "/opt/rustwide/target/debug/build/zstd-sys-380754a6b6808a3d/out/zstd/lib/common/fse_decompress.o" "-c" "zstd/lib/common/fse_decompress.c" with args "cc" did not execute successfully (status code exit status: 1).
[INFO] [stderr] 
[INFO] [stderr] 
[INFO] [stderr] error: could not parse/generate dep info at: /opt/rustwide/target/debug/deps/aho_corasick-2941d00d7da50321.d
[INFO] [stderr] 
[INFO] [stderr] Caused by:
[INFO] [stderr]   failed to write `/opt/rustwide/target/debug/.fingerprint/aho-corasick-2941d00d7da50321/dep-lib-aho_corasick`
[INFO] [stderr] 
[INFO] [stderr] Caused by:
[INFO] [stderr]   No space left on device (os error 28)
[INFO] [stdout] error: couldn't create a temp dir: No space left on device (os error 28) at path "/opt/rustwide/target/debug/deps/rmetaleZQxo"
[INFO] [stdout] 
[INFO] [stdout] 
[INFO] [stderr] error: could not compile `regex-syntax` (lib) due to 1 previous error
[INFO] [stdout] error: couldn't create a temp dir: No space left on device (os error 28) at path "/opt/rustwide/target/debug/deps/rmetatPyeJo"
[INFO] [stdout] 
[INFO] [stdout] 
[INFO] [stderr] error: could not compile `pest` (lib) due to 1 previous error
[INFO] [stdout] error: couldn't create a temp dir: No space left on device (os error 28) at path "/opt/rustwide/target/debug/deps/rmetaMhh5oj"
[INFO] [stdout] 
[INFO] [stdout] 
[INFO] [stderr] error: could not compile `futures-util` (lib) due to 1 previous error
[INFO] running `Command { std: "docker" "inspect" "a86c57856bf022d43c8d4ba72eb1c2bc658f8a4c8b93f3d3a61264d65da14134", kill_on_drop: false }`
[INFO] running `Command { std: "docker" "rm" "-f" "a86c57856bf022d43c8d4ba72eb1c2bc658f8a4c8b93f3d3a61264d65da14134", kill_on_drop: false }`
[INFO] [stdout] a86c57856bf022d43c8d4ba72eb1c2bc658f8a4c8b93f3d3a61264d65da14134
