[INFO] cloning repository https://github.com/prabhat0206/rusty_scrfd
[INFO] running `Command { std: "git" "-c" "credential.helper=" "-c" "credential.helper=/workspace/cargo-home/bin/git-credential-null" "clone" "--bare" "https://github.com/prabhat0206/rusty_scrfd" "/workspace/cache/git-repos/https%3A%2F%2Fgithub.com%2Fprabhat0206%2Frusty_scrfd", kill_on_drop: false }`
[INFO] [stderr] Cloning into bare repository '/workspace/cache/git-repos/https%3A%2F%2Fgithub.com%2Fprabhat0206%2Frusty_scrfd'...
[INFO] running `Command { std: "git" "rev-parse" "HEAD", kill_on_drop: false }`
[INFO] [stdout] df4b05f25aa7c75937af5edaa9300786ba959bba
[INFO] documenting prabhat0206/rusty_scrfd/df4b05f25aa7c75937af5edaa9300786ba959bba against 1.85.0 for beta-1.86-rustdoc-1
[INFO] running `Command { std: "git" "clone" "/workspace/cache/git-repos/https%3A%2F%2Fgithub.com%2Fprabhat0206%2Frusty_scrfd" "/workspace/builds/worker-0-tc1/source", kill_on_drop: false }`
[INFO] [stderr] Cloning into '/workspace/builds/worker-0-tc1/source'...
[INFO] [stderr] done.
[INFO] validating manifest of git repo https://github.com/prabhat0206/rusty_scrfd on toolchain 1.85.0
[INFO] running `Command { std: CARGO_HOME="/workspace/cargo-home" RUSTUP_HOME="/workspace/rustup-home" "/workspace/cargo-home/bin/cargo" "+1.85.0" "metadata" "--manifest-path" "Cargo.toml" "--no-deps", kill_on_drop: false }`
[INFO] started tweaking git repo https://github.com/prabhat0206/rusty_scrfd
[INFO] finished tweaking git repo https://github.com/prabhat0206/rusty_scrfd
[INFO] tweaked toml for git repo https://github.com/prabhat0206/rusty_scrfd written to /workspace/builds/worker-0-tc1/source/Cargo.toml
[INFO] crate git repo https://github.com/prabhat0206/rusty_scrfd already has a lockfile, it will not be regenerated
[INFO] running `Command { std: CARGO_HOME="/workspace/cargo-home" RUSTUP_HOME="/workspace/rustup-home" "/workspace/cargo-home/bin/cargo" "+1.85.0" "fetch" "--manifest-path" "Cargo.toml", kill_on_drop: false }`
[INFO] [stderr]     Blocking waiting for file lock on package cache
[INFO] [stderr]     Blocking waiting for file lock on package cache
[INFO] [stderr]  Downloading crates ...
[INFO] [stderr]   Downloaded noisy_float v0.1.15
[INFO] [stderr]   Downloaded ndarray-stats v0.4.0
[INFO] [stderr]   Downloaded ndarray v0.14.0
[INFO] [stderr]   Downloaded opencv v0.93.4
[INFO] running `Command { std: "docker" "create" "-v" "/var/lib/crater-agent-workspace/builds/worker-0-tc1/target:/opt/rustwide/target:rw,Z" "-v" "/var/lib/crater-agent-workspace/builds/worker-0-tc1/source:/opt/rustwide/workdir:ro,Z" "-v" "/var/lib/crater-agent-workspace/cargo-home:/opt/rustwide/cargo-home:ro,Z" "-v" "/var/lib/crater-agent-workspace/rustup-home:/opt/rustwide/rustup-home:ro,Z" "-e" "SOURCE_DIR=/opt/rustwide/workdir" "-e" "CARGO_TARGET_DIR=/opt/rustwide/target" "-e" "CARGO_HOME=/opt/rustwide/cargo-home" "-e" "RUSTUP_HOME=/opt/rustwide/rustup-home" "-w" "/opt/rustwide/workdir" "-m" "1610612736" "--user" "0:0" "--network" "none" "ghcr.io/rust-lang/crates-build-env/linux@sha256:3959728d45483eb673ba100a951a6b9f5012970368db2a9e08e0ac9b67c8a5ad" "/opt/rustwide/cargo-home/bin/cargo" "+1.85.0" "metadata" "--no-deps" "--format-version=1", kill_on_drop: false }`
[INFO] [stdout] 24a805eff10041778650ac0dc4164db21e7264a0a58a9075b40feaa2a03de3a6
[INFO] running `Command { std: "docker" "start" "-a" "24a805eff10041778650ac0dc4164db21e7264a0a58a9075b40feaa2a03de3a6", kill_on_drop: false }`
[INFO] running `Command { std: "docker" "inspect" "24a805eff10041778650ac0dc4164db21e7264a0a58a9075b40feaa2a03de3a6", kill_on_drop: false }`
[INFO] running `Command { std: "docker" "rm" "-f" "24a805eff10041778650ac0dc4164db21e7264a0a58a9075b40feaa2a03de3a6", kill_on_drop: false }`
[INFO] [stdout] 24a805eff10041778650ac0dc4164db21e7264a0a58a9075b40feaa2a03de3a6
[INFO] running `Command { std: "docker" "create" "-v" "/var/lib/crater-agent-workspace/builds/worker-0-tc1/target:/opt/rustwide/target:rw,Z" "-v" "/var/lib/crater-agent-workspace/builds/worker-0-tc1/source:/opt/rustwide/workdir:ro,Z" "-v" "/var/lib/crater-agent-workspace/cargo-home:/opt/rustwide/cargo-home:ro,Z" "-v" "/var/lib/crater-agent-workspace/rustup-home:/opt/rustwide/rustup-home:ro,Z" "-e" "SOURCE_DIR=/opt/rustwide/workdir" "-e" "CARGO_TARGET_DIR=/opt/rustwide/target" "-e" "CARGO_INCREMENTAL=0" "-e" "RUST_BACKTRACE=full" "-e" "RUSTFLAGS=--cap-lints=warn" "-e" "RUSTDOCFLAGS=--cap-lints=warn" "-e" "CARGO_HOME=/opt/rustwide/cargo-home" "-e" "RUSTUP_HOME=/opt/rustwide/rustup-home" "-w" "/opt/rustwide/workdir" "-m" "1610612736" "--user" "0:0" "--network" "none" "ghcr.io/rust-lang/crates-build-env/linux@sha256:3959728d45483eb673ba100a951a6b9f5012970368db2a9e08e0ac9b67c8a5ad" "/opt/rustwide/cargo-home/bin/cargo" "+1.85.0" "doc" "--frozen" "--no-deps" "--document-private-items" "--message-format=json", kill_on_drop: false }`
[INFO] [stdout] 5d70cf68db2400cc882f664f3230740006ad67187c266fe4444ffcf81b99b189
[INFO] running `Command { std: "docker" "start" "-a" "5d70cf68db2400cc882f664f3230740006ad67187c266fe4444ffcf81b99b189", kill_on_drop: false }`
[INFO] [stderr]    Compiling libc v0.2.166
[INFO] [stderr]    Compiling autocfg v1.4.0
[INFO] [stderr]    Compiling stable_deref_trait v1.2.0
[INFO] [stderr]    Compiling shlex v1.3.0
[INFO] [stderr]    Compiling writeable v0.5.5
[INFO] [stderr]    Compiling litemap v0.7.4
[INFO] [stderr]    Compiling percent-encoding v2.3.1
[INFO] [stderr]    Compiling icu_locid_transform_data v1.5.0
[INFO] [stderr]    Compiling once_cell v1.20.2
[INFO] [stderr]    Compiling icu_properties_data v1.5.0
[INFO] [stderr]    Compiling typenum v1.17.0
[INFO] [stderr]    Compiling crossbeam-utils v0.8.20
[INFO] [stderr]    Compiling utf16_iter v1.0.5
[INFO] [stderr]    Compiling write16 v1.0.0
[INFO] [stderr]    Compiling generic-array v0.14.7
[INFO] [stderr]    Compiling syn v2.0.89
[INFO] [stderr]    Compiling smallvec v1.13.2
[INFO] [stderr]    Compiling utf8_iter v1.0.4
[INFO] [stderr]    Compiling icu_normalizer_data v1.5.0
[INFO] [stderr]    Compiling untrusted v0.9.0
[INFO] [stderr]    Compiling spin v0.9.8
[INFO] [stderr]    Compiling rustix v0.38.41
[INFO] [stderr]     Checking simd-adler32 v0.3.7
[INFO] [stderr]    Compiling glob v0.3.1
[INFO] [stderr]    Compiling rustls-pki-types v1.10.0
[INFO] [stderr]    Compiling bitflags v2.6.0
[INFO] [stderr]    Compiling pkg-config v0.3.31
[INFO] [stderr]    Compiling linux-raw-sys v0.4.14
[INFO] [stderr]    Compiling rustls v0.23.19
[INFO] [stderr]    Compiling rayon-core v1.12.1
[INFO] [stderr]    Compiling memchr v2.7.4
[INFO] [stderr]    Compiling form_urlencoded v1.2.1
[INFO] [stderr]     Checking rawpointer v0.2.1
[INFO] [stderr]    Compiling log v0.4.22
[INFO] [stderr]    Compiling clang-sys v1.8.1
[INFO] [stderr]    Compiling subtle v2.6.1
[INFO] [stderr]     Checking byteorder v1.5.0
[INFO] [stderr]    Compiling num-traits v0.2.19
[INFO] [stderr]    Compiling adler2 v2.0.0
[INFO] [stderr]     Checking either v1.13.0
[INFO] [stderr]    Compiling getrandom v0.1.16
[INFO] [stderr]     Checking crossbeam-epoch v0.9.18
[INFO] [stderr]    Compiling zeroize v1.8.1
[INFO] [stderr]    Compiling regex-syntax v0.8.5
[INFO] [stderr]    Compiling webpki-roots v0.26.7
[INFO] [stderr]    Compiling miniz_oxide v0.8.0
[INFO] [stderr]     Checking crossbeam-deque v0.8.5
[INFO] [stderr]    Compiling crc32fast v1.4.2
[INFO] [stderr]    Compiling cpufeatures v0.2.16
[INFO] [stderr]    Compiling semver v1.0.23
[INFO] [stderr]    Compiling base64 v0.22.1
[INFO] [stderr]    Compiling matrixmultiply v0.3.9
[INFO] [stderr]    Compiling dunce v1.0.5
[INFO] [stderr]     Checking flate2 v1.0.35
[INFO] [stderr]    Compiling aho-corasick v1.1.3
[INFO] [stderr]    Compiling indexmap v1.9.3
[INFO] [stderr]     Checking num-integer v0.1.46
[INFO] [stderr]     Checking rand_core v0.5.1
[INFO] [stderr]    Compiling jobserver v0.1.32
[INFO] [stderr]    Compiling getrandom v0.2.15
[INFO] [stderr]    Compiling filetime v0.2.25
[INFO] [stderr]    Compiling socks v0.3.4
[INFO] [stderr]     Checking rayon v1.10.0
[INFO] [stderr]     Checking half v2.4.1
[INFO] [stderr]     Checking weezl v0.1.8
[INFO] [stderr]    Compiling ndarray v0.14.0
[INFO] [stderr]    Compiling vcpkg v0.2.15
[INFO] [stderr]    Compiling cc v1.2.1
[INFO] [stderr]     Checking num-complex v0.3.1
[INFO] [stderr]    Compiling block-buffer v0.10.4
[INFO] [stderr]    Compiling crypto-common v0.1.6
[INFO] [stderr]     Checking num-complex v0.4.6
[INFO] [stderr]     Checking tracing-core v0.1.33
[INFO] [stderr]     Checking matrixmultiply v0.2.4
[INFO] [stderr]    Compiling digest v0.10.7
[INFO] [stderr]     Checking zune-inflate v0.2.54
[INFO] [stderr]     Checking fdeflate v0.3.6
[INFO] [stderr]     Checking bytemuck v1.20.0
[INFO] [stderr]    Compiling sha2 v0.10.8
[INFO] [stderr]     Checking bit_field v0.10.2
[INFO] [stderr]     Checking bitflags v1.3.2
[INFO] [stderr]     Checking pin-project-lite v0.2.15
[INFO] [stderr]     Checking lebe v0.5.2
[INFO] [stderr]    Compiling anyhow v1.0.93
[INFO] [stderr]     Checking color_quant v1.1.0
[INFO] [stderr]    Compiling clang v2.0.0
[INFO] [stderr]     Checking exr v1.73.0
[INFO] [stderr]     Checking gif v0.13.1
[INFO] [stderr]     Checking ndarray v0.16.1
[INFO] [stderr]     Checking png v0.17.14
[INFO] [stderr]     Checking tracing v0.1.41
[INFO] [stderr]    Compiling synstructure v0.13.1
[INFO] [stderr]    Compiling xattr v1.3.1
[INFO] [stderr]     Checking qoi v0.4.1
[INFO] [stderr]    Compiling tar v0.4.43
[INFO] [stderr]     Checking noisy_float v0.1.15
[INFO] [stderr]     Checking itertools v0.9.0
[INFO] [stderr]     Checking uuid v1.11.0
[INFO] [stderr]    Compiling regex-automata v0.4.9
[INFO] [stderr]    Compiling ring v0.17.8
[INFO] [stderr]    Compiling zerofrom-derive v0.1.5
[INFO] [stderr]    Compiling yoke-derive v0.7.5
[INFO] [stderr]    Compiling zerovec-derive v0.10.3
[INFO] [stderr]    Compiling displaydoc v0.2.5
[INFO] [stderr]    Compiling icu_provider_macros v1.5.0
[INFO] [stderr]    Compiling zerocopy-derive v0.7.35
[INFO] [stderr]     Checking jpeg-decoder v0.3.1
[INFO] [stderr]     Checking tiff v0.9.1
[INFO] [stderr]    Compiling zerofrom v0.1.5
[INFO] [stderr]    Compiling yoke v0.7.5
[INFO] [stderr]     Checking zerocopy v0.7.35
[INFO] [stderr]    Compiling zerovec v0.10.4
[INFO] [stderr]    Compiling regex v1.11.1
[INFO] [stderr]     Checking image v0.24.9
[INFO] [stderr]     Checking ppv-lite86 v0.2.20
[INFO] [stderr]    Compiling opencv-binding-generator v0.93.0
[INFO] [stderr]     Checking rand_chacha v0.2.2
[INFO] [stderr]    Compiling tinystr v0.7.6
[INFO] [stderr]    Compiling icu_collections v1.5.0
[INFO] [stderr]     Checking rand v0.7.3
[INFO] [stderr]    Compiling icu_locid v1.5.0
[INFO] [stderr]    Compiling icu_provider v1.5.0
[INFO] [stderr]    Compiling rustls-webpki v0.102.8
[INFO] [stderr]    Compiling icu_locid_transform v1.5.0
[INFO] [stderr]     Checking ndarray-stats v0.4.0
[INFO] [stderr]    Compiling icu_properties v1.5.1
[INFO] [stderr]    Compiling icu_normalizer v1.5.0
[INFO] [stderr]    Compiling opencv v0.93.4
[INFO] [stderr]    Compiling idna_adapter v1.2.0
[INFO] [stderr]    Compiling idna v1.0.3
[INFO] [stderr]    Compiling url v2.5.4
[INFO] [stderr]    Compiling ureq v2.10.1
[INFO] [stderr]    Compiling ort-sys v2.0.0-rc.9
[INFO] [stderr] error: failed to run custom build command for `ort-sys v2.0.0-rc.9`
[INFO] [stderr] note: To improve backtraces for build dependencies, set the CARGO_PROFILE_DEV_BUILD_OVERRIDE_DEBUG=true environment variable to enable debug information generation.
[INFO] [stderr] 
[INFO] [stderr] Caused by:
[INFO] [stderr]   process didn't exit successfully: `/opt/rustwide/target/debug/build/ort-sys-27b0f4635f6c970e/build-script-build` (exit status: 101)
[INFO] [stderr]   --- stdout
[INFO] [stderr]   cargo:rerun-if-env-changed=LIBONNXRUNTIME_NO_PKG_CONFIG
[INFO] [stderr]   cargo:rerun-if-env-changed=PKG_CONFIG_x86_64-unknown-linux-gnu
[INFO] [stderr]   cargo:rerun-if-env-changed=PKG_CONFIG_x86_64_unknown_linux_gnu
[INFO] [stderr]   cargo:rerun-if-env-changed=HOST_PKG_CONFIG
[INFO] [stderr]   cargo:rerun-if-env-changed=PKG_CONFIG
[INFO] [stderr]   cargo:rerun-if-env-changed=LIBONNXRUNTIME_STATIC
[INFO] [stderr]   cargo:rerun-if-env-changed=LIBONNXRUNTIME_DYNAMIC
[INFO] [stderr]   cargo:rerun-if-env-changed=PKG_CONFIG_ALL_STATIC
[INFO] [stderr]   cargo:rerun-if-env-changed=PKG_CONFIG_ALL_DYNAMIC
[INFO] [stderr]   cargo:rerun-if-env-changed=PKG_CONFIG_PATH_x86_64-unknown-linux-gnu
[INFO] [stderr]   cargo:rerun-if-env-changed=PKG_CONFIG_PATH_x86_64_unknown_linux_gnu
[INFO] [stderr]   cargo:rerun-if-env-changed=HOST_PKG_CONFIG_PATH
[INFO] [stderr]   cargo:rerun-if-env-changed=PKG_CONFIG_PATH
[INFO] [stderr]   cargo:rerun-if-env-changed=PKG_CONFIG_LIBDIR_x86_64-unknown-linux-gnu
[INFO] [stderr]   cargo:rerun-if-env-changed=PKG_CONFIG_LIBDIR_x86_64_unknown_linux_gnu
[INFO] [stderr]   cargo:rerun-if-env-changed=HOST_PKG_CONFIG_LIBDIR
[INFO] [stderr]   cargo:rerun-if-env-changed=PKG_CONFIG_LIBDIR
[INFO] [stderr]   cargo:rerun-if-env-changed=PKG_CONFIG_SYSROOT_DIR_x86_64-unknown-linux-gnu
[INFO] [stderr]   cargo:rerun-if-env-changed=PKG_CONFIG_SYSROOT_DIR_x86_64_unknown_linux_gnu
[INFO] [stderr]   cargo:rerun-if-env-changed=HOST_PKG_CONFIG_SYSROOT_DIR
[INFO] [stderr]   cargo:rerun-if-env-changed=PKG_CONFIG_SYSROOT_DIR
[INFO] [stderr]   onnxruntime not found using pkg-config, falling back to manual setup.
[INFO] [stderr]   cargo:rerun-if-env-changed=ORT_LIB_LOCATION
[INFO] [stderr]   cargo:rerun-if-env-changed=ORT_LIB_PROFILE
[INFO] [stderr]   cargo:rerun-if-env-changed=ORT_PREFER_DYNAMIC_LINK
[INFO] [stderr]   cargo:rerun-if-env-changed=ORT_CXX_STDLIB
[INFO] [stderr]   cargo:rerun-if-env-changed=CXXSTDLIB
[INFO] [stderr]   selected feature set: none
[INFO] [stderr] 
[INFO] [stderr]   --- stderr
[INFO] [stderr] 
[INFO] [stderr]   thread 'main' panicked at /opt/rustwide/cargo-home/registry/src/index.crates.io-1949cf8c6b5b557f/ort-sys-2.0.0-rc.9/build.rs:31:31:
[INFO] [stderr]   Failed to GET `https://parcel.pyke.io/v2/delivery/ortrs/packages/msort-binary/1.20.0/ortrs_static-v1.20.0-x86_64-unknown-linux-gnu.tgz`: https://parcel.pyke.io/v2/delivery/ortrs/packages/msort-binary/1.20.0/ortrs_static-v1.20.0-x86_64-unknown-linux-gnu.tgz: Dns Failed: resolve dns name 'parcel.pyke.io:443': failed to lookup address information: Temporary failure in name resolution
[INFO] [stderr]   stack backtrace:
[INFO] [stderr]      0:     0x5fff17fc0efa - std::backtrace_rs::backtrace::libunwind::trace::h88deb10bd0145eb8
[INFO] [stderr]                                  at /rustc/4d91de4e48198da2e33413efdcd9cd2cc0c46688/library/std/src/../../backtrace/src/backtrace/libunwind.rs:116:5
[INFO] [stderr]      1:     0x5fff17fc0efa - std::backtrace_rs::backtrace::trace_unsynchronized::he1036f5481c14dff
[INFO] [stderr]                                  at /rustc/4d91de4e48198da2e33413efdcd9cd2cc0c46688/library/std/src/../../backtrace/src/backtrace/mod.rs:66:5
[INFO] [stderr]      2:     0x5fff17fc0efa - std::sys::backtrace::_print_fmt::hecc345b6e70c4b20
[INFO] [stderr]                                  at /rustc/4d91de4e48198da2e33413efdcd9cd2cc0c46688/library/std/src/sys/backtrace.rs:66:9
[INFO] [stderr]      3:     0x5fff17fc0efa - <std::sys::backtrace::BacktraceLock::print::DisplayBacktrace as core::fmt::Display>::fmt::he089f96442833f67
[INFO] [stderr]                                  at /rustc/4d91de4e48198da2e33413efdcd9cd2cc0c46688/library/std/src/sys/backtrace.rs:39:26
[INFO] [stderr]      4:     0x5fff17fe6e63 - core::fmt::rt::Argument::fmt::h1f77cded99c71a14
[INFO] [stderr]                                  at /rustc/4d91de4e48198da2e33413efdcd9cd2cc0c46688/library/core/src/fmt/rt.rs:177:76
[INFO] [stderr]      5:     0x5fff17fe6e63 - core::fmt::write::h2f210ed4c94745cb
[INFO] [stderr]                                  at /rustc/4d91de4e48198da2e33413efdcd9cd2cc0c46688/library/core/src/fmt/mod.rs:1440:21
[INFO] [stderr]      6:     0x5fff17fbcee3 - std::io::Write::write_fmt::h7de08171ab770fb2
[INFO] [stderr]                                  at /rustc/4d91de4e48198da2e33413efdcd9cd2cc0c46688/library/std/src/io/mod.rs:1887:15
[INFO] [stderr]      7:     0x5fff17fc0d42 - std::sys::backtrace::BacktraceLock::print::h810fbd31421329e6
[INFO] [stderr]                                  at /rustc/4d91de4e48198da2e33413efdcd9cd2cc0c46688/library/std/src/sys/backtrace.rs:42:9
[INFO] [stderr]      8:     0x5fff17fc1f60 - std::panicking::default_hook::{{closure}}::hbaad47ed9dc6356d
[INFO] [stderr]                                  at /rustc/4d91de4e48198da2e33413efdcd9cd2cc0c46688/library/std/src/panicking.rs:295:22
[INFO] [stderr]      9:     0x5fff17fc1d40 - std::panicking::default_hook::h24e207139139d40a
[INFO] [stderr]                                  at /rustc/4d91de4e48198da2e33413efdcd9cd2cc0c46688/library/std/src/panicking.rs:322:9
[INFO] [stderr]     10:     0x5fff17fc26c2 - std::panicking::rust_panic_with_hook::ha9131beeb2ddc506
[INFO] [stderr]                                  at /rustc/4d91de4e48198da2e33413efdcd9cd2cc0c46688/library/std/src/panicking.rs:828:13
[INFO] [stderr]     11:     0x5fff17fc246a - std::panicking::begin_panic_handler::{{closure}}::h1bba0eaeb6da506f
[INFO] [stderr]                                  at /rustc/4d91de4e48198da2e33413efdcd9cd2cc0c46688/library/std/src/panicking.rs:701:13
[INFO] [stderr]     12:     0x5fff17fc13f9 - std::sys::backtrace::__rust_end_short_backtrace::h1d1ca3eade483f4c
[INFO] [stderr]                                  at /rustc/4d91de4e48198da2e33413efdcd9cd2cc0c46688/library/std/src/sys/backtrace.rs:168:18
[INFO] [stderr]     13:     0x5fff17fc20fd - rust_begin_unwind
[INFO] [stderr]                                  at /rustc/4d91de4e48198da2e33413efdcd9cd2cc0c46688/library/std/src/panicking.rs:692:5
[INFO] [stderr]     14:     0x5fff17cbafd0 - core::panicking::panic_fmt::h896a0727a1a943f9
[INFO] [stderr]                                  at /rustc/4d91de4e48198da2e33413efdcd9cd2cc0c46688/library/core/src/panicking.rs:75:14
[INFO] [stderr]     15:     0x5fff17cbe553 - build_script_build::fetch_file::{{closure}}::h54cf6d1616ac7fd6
[INFO] [stderr]     16:     0x5fff17ccb5ed - core::result::Result<T,E>::unwrap_or_else::h236b65d5d6060a98
[INFO] [stderr]     17:     0x5fff17cbe1ca - build_script_build::fetch_file::h975337f9b4670a74
[INFO] [stderr]     18:     0x5fff17cc892a - build_script_build::prepare_libort_dir::h69053068d2614c92
[INFO] [stderr]     19:     0x5fff17cca0db - build_script_build::real_main::hc6dda3eecef40f37
[INFO] [stderr]     20:     0x5fff17cca79a - build_script_build::main::h7b02b05f6736a06f
[INFO] [stderr]     21:     0x5fff17cd3023 - core::ops::function::FnOnce::call_once::h2156fb30e8d69379
[INFO] [stderr]     22:     0x5fff17cd28c6 - std::sys::backtrace::__rust_begin_short_backtrace::h49eff2125e0cf5b2
[INFO] [stderr]     23:     0x5fff17ccfa29 - std::rt::lang_start::{{closure}}::hc92080a602c1256d
[INFO] [stderr]     24:     0x5fff17fb8807 - core::ops::function::impls::<impl core::ops::function::FnOnce<A> for &F>::call_once::ha29694188d478cce
[INFO] [stderr]                                  at /rustc/4d91de4e48198da2e33413efdcd9cd2cc0c46688/library/core/src/ops/function.rs:284:13
[INFO] [stderr]     25:     0x5fff17fb8807 - std::panicking::try::do_call::h146aeebcd3824393
[INFO] [stderr]                                  at /rustc/4d91de4e48198da2e33413efdcd9cd2cc0c46688/library/std/src/panicking.rs:584:40
[INFO] [stderr]     26:     0x5fff17fb8807 - std::panicking::try::hf3596e381ccb2229
[INFO] [stderr]                                  at /rustc/4d91de4e48198da2e33413efdcd9cd2cc0c46688/library/std/src/panicking.rs:547:19
[INFO] [stderr]     27:     0x5fff17fb8807 - std::panic::catch_unwind::h7b076e21cb40b9bf
[INFO] [stderr]                                  at /rustc/4d91de4e48198da2e33413efdcd9cd2cc0c46688/library/std/src/panic.rs:358:14
[INFO] [stderr]     28:     0x5fff17fb8807 - std::rt::lang_start_internal::{{closure}}::h481008de4850e7c0
[INFO] [stderr]                                  at /rustc/4d91de4e48198da2e33413efdcd9cd2cc0c46688/library/std/src/rt.rs:174:48
[INFO] [stderr]     29:     0x5fff17fb8807 - std::panicking::try::do_call::h865e627c98d1c4cc
[INFO] [stderr]                                  at /rustc/4d91de4e48198da2e33413efdcd9cd2cc0c46688/library/std/src/panicking.rs:584:40
[INFO] [stderr]     30:     0x5fff17fb8807 - std::panicking::try::hf53b8617a1069bb3
[INFO] [stderr]                                  at /rustc/4d91de4e48198da2e33413efdcd9cd2cc0c46688/library/std/src/panicking.rs:547:19
[INFO] [stderr]     31:     0x5fff17fb8807 - std::panic::catch_unwind::h9d30caa3add162e9
[INFO] [stderr]                                  at /rustc/4d91de4e48198da2e33413efdcd9cd2cc0c46688/library/std/src/panic.rs:358:14
[INFO] [stderr]     32:     0x5fff17fb8807 - std::rt::lang_start_internal::hbb268f70c879621d
[INFO] [stderr]                                  at /rustc/4d91de4e48198da2e33413efdcd9cd2cc0c46688/library/std/src/rt.rs:174:20
[INFO] [stderr]     33:     0x5fff17ccfa07 - std::rt::lang_start::hee846081560fd312
[INFO] [stderr]     34:     0x5fff17cca8e5 - main
[INFO] [stderr]     35:     0x78ba0c67ed90 - <unknown>
[INFO] [stderr]     36:     0x78ba0c67ee40 - __libc_start_main
[INFO] [stderr]     37:     0x5fff17cbb835 - _start
[INFO] [stderr]     38:                0x0 - <unknown>
[INFO] [stderr] warning: build failed, waiting for other jobs to finish...
[INFO] [stderr] warning: opencv@0.93.4: c++: fatal error: Killed signal terminated program cc1plus
[INFO] [stderr] warning: opencv@0.93.4: compilation terminated.
[INFO] [stderr] warning: opencv@0.93.4: ToolExecError: Command "c++" "-O0" "-ffunction-sections" "-fdata-sections" "-fPIC" "-gdwarf-4" "-fno-omit-frame-pointer" "-m64" "-std=c++14" "-I" "/opt/rustwide/cargo-home/registry/src/index.crates.io-1949cf8c6b5b557f/opencv-0.93.4/src_cpp" "-I" "/opt/rustwide/target/debug/build/opencv-9e6280cc7321417f/out" "-I" "." "-I" "/usr/include/opencv4" "-Wall" "-Wextra" "-Wno-deprecated-declarations" "-Wno-deprecated-copy" "-Wno-unused-parameter" "-Wno-sign-compare" "-Wno-comment" "-Wunused-but-set-variable" "-Wno-unused-variable" "-Wno-ignored-qualifiers" "-Wno-return-type-c-linkage" "-Wno-overloaded-virtual" "-DOCVRS_FFI_EXPORT_SUFFIX=_0_93_4" "-o" "/opt/rustwide/target/debug/build/opencv-9e6280cc7321417f/out/2df4b131b321e3d8-aruco.o" "-c" "/opt/rustwide/target/debug/build/opencv-9e6280cc7321417f/out/aruco.cpp" with args c++ did not execute successfully (status code exit status: 1).cargo:warning=c++: fatal error: Killed signal terminated program cc1plus
[INFO] [stderr] warning: opencv@0.93.4: compilation terminated.
[INFO] [stderr] warning: opencv@0.93.4: ToolExecError: Command "c++" "-O0" "-ffunction-sections" "-fdata-sections" "-fPIC" "-gdwarf-4" "-fno-omit-frame-pointer" "-m64" "-std=c++14" "-I" "/opt/rustwide/cargo-home/registry/src/index.crates.io-1949cf8c6b5b557f/opencv-0.93.4/src_cpp" "-I" "/opt/rustwide/target/debug/build/opencv-9e6280cc7321417f/out" "-I" "." "-I" "/usr/include/opencv4" "-Wall" "-Wextra" "-Wno-deprecated-declarations" "-Wno-deprecated-copy" "-Wno-unused-parameter" "-Wno-sign-compare" "-Wno-comment" "-Wunused-but-set-variable" "-Wno-unused-variable" "-Wno-ignored-qualifiers" "-Wno-return-type-c-linkage" "-Wno-overloaded-virtual" "-DOCVRS_FFI_EXPORT_SUFFIX=_0_93_4" "-o" "/opt/rustwide/target/debug/build/opencv-9e6280cc7321417f/out/2df4b131b321e3d8-ccalib.o" "-c" "/opt/rustwide/target/debug/build/opencv-9e6280cc7321417f/out/ccalib.cpp" with args c++ did not execute successfully (status code exit status: 1).cargo:warning=c++: fatal error: Killed signal terminated program cc1plus
[INFO] [stderr] warning: opencv@0.93.4: compilation terminated.
[INFO] [stderr] warning: opencv@0.93.4: ToolExecError: Command "c++" "-O0" "-ffunction-sections" "-fdata-sections" "-fPIC" "-gdwarf-4" "-fno-omit-frame-pointer" "-m64" "-std=c++14" "-I" "/opt/rustwide/cargo-home/registry/src/index.crates.io-1949cf8c6b5b557f/opencv-0.93.4/src_cpp" "-I" "/opt/rustwide/target/debug/build/opencv-9e6280cc7321417f/out" "-I" "." "-I" "/usr/include/opencv4" "-Wall" "-Wextra" "-Wno-deprecated-declarations" "-Wno-deprecated-copy" "-Wno-unused-parameter" "-Wno-sign-compare" "-Wno-comment" "-Wunused-but-set-variable" "-Wno-unused-variable" "-Wno-ignored-qualifiers" "-Wno-return-type-c-linkage" "-Wno-overloaded-virtual" "-DOCVRS_FFI_EXPORT_SUFFIX=_0_93_4" "-o" "/opt/rustwide/target/debug/build/opencv-9e6280cc7321417f/out/2df4b131b321e3d8-face.o" "-c" "/opt/rustwide/target/debug/build/opencv-9e6280cc7321417f/out/face.cpp" with args c++ did not execute successfully (status code exit status: 1).cargo:warning=c++: fatal error: Killed signal terminated program cc1plus
[INFO] [stderr] warning: opencv@0.93.4: compilation terminated.
[INFO] [stderr] warning: opencv@0.93.4: ToolExecError: Command "c++" "-O0" "-ffunction-sections" "-fdata-sections" "-fPIC" "-gdwarf-4" "-fno-omit-frame-pointer" "-m64" "-std=c++14" "-I" "/opt/rustwide/cargo-home/registry/src/index.crates.io-1949cf8c6b5b557f/opencv-0.93.4/src_cpp" "-I" "/opt/rustwide/target/debug/build/opencv-9e6280cc7321417f/out" "-I" "." "-I" "/usr/include/opencv4" "-Wall" "-Wextra" "-Wno-deprecated-declarations" "-Wno-deprecated-copy" "-Wno-unused-parameter" "-Wno-sign-compare" "-Wno-comment" "-Wunused-but-set-variable" "-Wno-unused-variable" "-Wno-ignored-qualifiers" "-Wno-return-type-c-linkage" "-Wno-overloaded-virtual" "-DOCVRS_FFI_EXPORT_SUFFIX=_0_93_4" "-o" "/opt/rustwide/target/debug/build/opencv-9e6280cc7321417f/out/2df4b131b321e3d8-features2d.o" "-c" "/opt/rustwide/target/debug/build/opencv-9e6280cc7321417f/out/features2d.cpp" with args c++ did not execute successfully (status code exit status: 1).cargo:warning=c++: fatal error: Killed signal terminated program cc1plus
[INFO] [stderr] warning: opencv@0.93.4: compilation terminated.
[INFO] [stderr] warning: opencv@0.93.4: ToolExecError: Command "c++" "-O0" "-ffunction-sections" "-fdata-sections" "-fPIC" "-gdwarf-4" "-fno-omit-frame-pointer" "-m64" "-std=c++14" "-I" "/opt/rustwide/cargo-home/registry/src/index.crates.io-1949cf8c6b5b557f/opencv-0.93.4/src_cpp" "-I" "/opt/rustwide/target/debug/build/opencv-9e6280cc7321417f/out" "-I" "." "-I" "/usr/include/opencv4" "-Wall" "-Wextra" "-Wno-deprecated-declarations" "-Wno-deprecated-copy" "-Wno-unused-parameter" "-Wno-sign-compare" "-Wno-comment" "-Wunused-but-set-variable" "-Wno-unused-variable" "-Wno-ignored-qualifiers" "-Wno-return-type-c-linkage" "-Wno-overloaded-virtual" "-DOCVRS_FFI_EXPORT_SUFFIX=_0_93_4" "-o" "/opt/rustwide/target/debug/build/opencv-9e6280cc7321417f/out/2df4b131b321e3d8-core.o" "-c" "/opt/rustwide/target/debug/build/opencv-9e6280cc7321417f/out/core.cpp" with args c++ did not execute successfully (status code exit status: 1).cargo:warning=c++: fatal error: Killed signal terminated program cc1plus
[INFO] [stderr] warning: opencv@0.93.4: compilation terminated.
[INFO] [stderr] warning: opencv@0.93.4: ToolExecError: Command "c++" "-O0" "-ffunction-sections" "-fdata-sections" "-fPIC" "-gdwarf-4" "-fno-omit-frame-pointer" "-m64" "-std=c++14" "-I" "/opt/rustwide/cargo-home/registry/src/index.crates.io-1949cf8c6b5b557f/opencv-0.93.4/src_cpp" "-I" "/opt/rustwide/target/debug/build/opencv-9e6280cc7321417f/out" "-I" "." "-I" "/usr/include/opencv4" "-Wall" "-Wextra" "-Wno-deprecated-declarations" "-Wno-deprecated-copy" "-Wno-unused-parameter" "-Wno-sign-compare" "-Wno-comment" "-Wunused-but-set-variable" "-Wno-unused-variable" "-Wno-ignored-qualifiers" "-Wno-return-type-c-linkage" "-Wno-overloaded-virtual" "-DOCVRS_FFI_EXPORT_SUFFIX=_0_93_4" "-o" "/opt/rustwide/target/debug/build/opencv-9e6280cc7321417f/out/2df4b131b321e3d8-dnn.o" "-c" "/opt/rustwide/target/debug/build/opencv-9e6280cc7321417f/out/dnn.cpp" with args c++ did not execute successfully (status code exit status: 1).cargo:warning=c++: fatal error: Killed signal terminated program cc1plus
[INFO] [stderr] warning: opencv@0.93.4: compilation terminated.
[INFO] [stderr] warning: opencv@0.93.4: ToolExecError: Command "c++" "-O0" "-ffunction-sections" "-fdata-sections" "-fPIC" "-gdwarf-4" "-fno-omit-frame-pointer" "-m64" "-std=c++14" "-I" "/opt/rustwide/cargo-home/registry/src/index.crates.io-1949cf8c6b5b557f/opencv-0.93.4/src_cpp" "-I" "/opt/rustwide/target/debug/build/opencv-9e6280cc7321417f/out" "-I" "." "-I" "/usr/include/opencv4" "-Wall" "-Wextra" "-Wno-deprecated-declarations" "-Wno-deprecated-copy" "-Wno-unused-parameter" "-Wno-sign-compare" "-Wno-comment" "-Wunused-but-set-variable" "-Wno-unused-variable" "-Wno-ignored-qualifiers" "-Wno-return-type-c-linkage" "-Wno-overloaded-virtual" "-DOCVRS_FFI_EXPORT_SUFFIX=_0_93_4" "-o" "/opt/rustwide/target/debug/build/opencv-9e6280cc7321417f/out/2df4b131b321e3d8-ml.o" "-c" "/opt/rustwide/target/debug/build/opencv-9e6280cc7321417f/out/ml.cpp" with args c++ did not execute successfully (status code exit status: 1).cargo:warning=c++: fatal error: Killed signal terminated program cc1plus
[INFO] [stderr] warning: opencv@0.93.4: compilation terminated.
[INFO] [stderr] warning: opencv@0.93.4: ToolExecError: Command "c++" "-O0" "-ffunction-sections" "-fdata-sections" "-fPIC" "-gdwarf-4" "-fno-omit-frame-pointer" "-m64" "-std=c++14" "-I" "/opt/rustwide/cargo-home/registry/src/index.crates.io-1949cf8c6b5b557f/opencv-0.93.4/src_cpp" "-I" "/opt/rustwide/target/debug/build/opencv-9e6280cc7321417f/out" "-I" "." "-I" "/usr/include/opencv4" "-Wall" "-Wextra" "-Wno-deprecated-declarations" "-Wno-deprecated-copy" "-Wno-unused-parameter" "-Wno-sign-compare" "-Wno-comment" "-Wunused-but-set-variable" "-Wno-unused-variable" "-Wno-ignored-qualifiers" "-Wno-return-type-c-linkage" "-Wno-overloaded-virtual" "-DOCVRS_FFI_EXPORT_SUFFIX=_0_93_4" "-o" "/opt/rustwide/target/debug/build/opencv-9e6280cc7321417f/out/2df4b131b321e3d8-optflow.o" "-c" "/opt/rustwide/target/debug/build/opencv-9e6280cc7321417f/out/optflow.cpp" with args c++ did not execute successfully (status code exit status: 1).cargo:warning=c++: fatal error: Killed signal terminated program cc1plus
[INFO] [stderr] warning: opencv@0.93.4: compilation terminated.
[INFO] [stderr] warning: opencv@0.93.4: ToolExecError: Command "c++" "-O0" "-ffunction-sections" "-fdata-sections" "-fPIC" "-gdwarf-4" "-fno-omit-frame-pointer" "-m64" "-std=c++14" "-I" "/opt/rustwide/cargo-home/registry/src/index.crates.io-1949cf8c6b5b557f/opencv-0.93.4/src_cpp" "-I" "/opt/rustwide/target/debug/build/opencv-9e6280cc7321417f/out" "-I" "." "-I" "/usr/include/opencv4" "-Wall" "-Wextra" "-Wno-deprecated-declarations" "-Wno-deprecated-copy" "-Wno-unused-parameter" "-Wno-sign-compare" "-Wno-comment" "-Wunused-but-set-variable" "-Wno-unused-variable" "-Wno-ignored-qualifiers" "-Wno-return-type-c-linkage" "-Wno-overloaded-virtual" "-DOCVRS_FFI_EXPORT_SUFFIX=_0_93_4" "-o" "/opt/rustwide/target/debug/build/opencv-9e6280cc7321417f/out/2df4b131b321e3d8-line_descriptor.o" "-c" "/opt/rustwide/target/debug/build/opencv-9e6280cc7321417f/out/line_descriptor.cpp" with args c++ did not execute successfully (status code exit status: 1).cargo:warning=c++: fatal error: Killed signal terminated program cc1plus
[INFO] [stderr] warning: opencv@0.93.4: compilation terminated.
[INFO] [stderr] warning: opencv@0.93.4: ToolExecError: Command "c++" "-O0" "-ffunction-sections" "-fdata-sections" "-fPIC" "-gdwarf-4" "-fno-omit-frame-pointer" "-m64" "-std=c++14" "-I" "/opt/rustwide/cargo-home/registry/src/index.crates.io-1949cf8c6b5b557f/opencv-0.93.4/src_cpp" "-I" "/opt/rustwide/target/debug/build/opencv-9e6280cc7321417f/out" "-I" "." "-I" "/usr/include/opencv4" "-Wall" "-Wextra" "-Wno-deprecated-declarations" "-Wno-deprecated-copy" "-Wno-unused-parameter" "-Wno-sign-compare" "-Wno-comment" "-Wunused-but-set-variable" "-Wno-unused-variable" "-Wno-ignored-qualifiers" "-Wno-return-type-c-linkage" "-Wno-overloaded-virtual" "-DOCVRS_FFI_EXPORT_SUFFIX=_0_93_4" "-o" "/opt/rustwide/target/debug/build/opencv-9e6280cc7321417f/out/2df4b131b321e3d8-imgproc.o" "-c" "/opt/rustwide/target/debug/build/opencv-9e6280cc7321417f/out/imgproc.cpp" with args c++ did not execute successfully (status code exit status: 1).cargo:warning=c++: fatal error: Killed signal terminated program cc1plus
[INFO] [stderr] warning: opencv@0.93.4: compilation terminated.
[INFO] [stderr] warning: opencv@0.93.4: ToolExecError: Command "c++" "-O0" "-ffunction-sections" "-fdata-sections" "-fPIC" "-gdwarf-4" "-fno-omit-frame-pointer" "-m64" "-std=c++14" "-I" "/opt/rustwide/cargo-home/registry/src/index.crates.io-1949cf8c6b5b557f/opencv-0.93.4/src_cpp" "-I" "/opt/rustwide/target/debug/build/opencv-9e6280cc7321417f/out" "-I" "." "-I" "/usr/include/opencv4" "-Wall" "-Wextra" "-Wno-deprecated-declarations" "-Wno-deprecated-copy" "-Wno-unused-parameter" "-Wno-sign-compare" "-Wno-comment" "-Wunused-but-set-variable" "-Wno-unused-variable" "-Wno-ignored-qualifiers" "-Wno-return-type-c-linkage" "-Wno-overloaded-virtual" "-DOCVRS_FFI_EXPORT_SUFFIX=_0_93_4" "-o" "/opt/rustwide/target/debug/build/opencv-9e6280cc7321417f/out/2df4b131b321e3d8-objdetect.o" "-c" "/opt/rustwide/target/debug/build/opencv-9e6280cc7321417f/out/objdetect.cpp" with args c++ did not execute successfully (status code exit status: 1).cargo:warning=c++: fatal error: Killed signal terminated program cc1plus
[INFO] [stderr] warning: opencv@0.93.4: compilation terminated.
[INFO] [stderr] warning: opencv@0.93.4: ToolExecError: Command "c++" "-O0" "-ffunction-sections" "-fdata-sections" "-fPIC" "-gdwarf-4" "-fno-omit-frame-pointer" "-m64" "-std=c++14" "-I" "/opt/rustwide/cargo-home/registry/src/index.crates.io-1949cf8c6b5b557f/opencv-0.93.4/src_cpp" "-I" "/opt/rustwide/target/debug/build/opencv-9e6280cc7321417f/out" "-I" "." "-I" "/usr/include/opencv4" "-Wall" "-Wextra" "-Wno-deprecated-declarations" "-Wno-deprecated-copy" "-Wno-unused-parameter" "-Wno-sign-compare" "-Wno-comment" "-Wunused-but-set-variable" "-Wno-unused-variable" "-Wno-ignored-qualifiers" "-Wno-return-type-c-linkage" "-Wno-overloaded-virtual" "-DOCVRS_FFI_EXPORT_SUFFIX=_0_93_4" "-o" "/opt/rustwide/target/debug/build/opencv-9e6280cc7321417f/out/2df4b131b321e3d8-rgbd.o" "-c" "/opt/rustwide/target/debug/build/opencv-9e6280cc7321417f/out/rgbd.cpp" with args c++ did not execute successfully (status code exit status: 1).cargo:warning=c++: fatal error: Killed signal terminated program cc1plus
[INFO] [stderr] warning: opencv@0.93.4: compilation terminated.
[INFO] [stderr] warning: opencv@0.93.4: ToolExecError: Command "c++" "-O0" "-ffunction-sections" "-fdata-sections" "-fPIC" "-gdwarf-4" "-fno-omit-frame-pointer" "-m64" "-std=c++14" "-I" "/opt/rustwide/cargo-home/registry/src/index.crates.io-1949cf8c6b5b557f/opencv-0.93.4/src_cpp" "-I" "/opt/rustwide/target/debug/build/opencv-9e6280cc7321417f/out" "-I" "." "-I" "/usr/include/opencv4" "-Wall" "-Wextra" "-Wno-deprecated-declarations" "-Wno-deprecated-copy" "-Wno-unused-parameter" "-Wno-sign-compare" "-Wno-comment" "-Wunused-but-set-variable" "-Wno-unused-variable" "-Wno-ignored-qualifiers" "-Wno-return-type-c-linkage" "-Wno-overloaded-virtual" "-DOCVRS_FFI_EXPORT_SUFFIX=_0_93_4" "-o" "/opt/rustwide/target/debug/build/opencv-9e6280cc7321417f/out/2df4b131b321e3d8-stitching.o" "-c" "/opt/rustwide/target/debug/build/opencv-9e6280cc7321417f/out/stitching.cpp" with args c++ did not execute successfully (status code exit status: 1).cargo:warning=c++: fatal error: Killed signal terminated program cc1plus
[INFO] [stderr] warning: opencv@0.93.4: compilation terminated.
[INFO] [stderr] warning: opencv@0.93.4: ToolExecError: Command "c++" "-O0" "-ffunction-sections" "-fdata-sections" "-fPIC" "-gdwarf-4" "-fno-omit-frame-pointer" "-m64" "-std=c++14" "-I" "/opt/rustwide/cargo-home/registry/src/index.crates.io-1949cf8c6b5b557f/opencv-0.93.4/src_cpp" "-I" "/opt/rustwide/target/debug/build/opencv-9e6280cc7321417f/out" "-I" "." "-I" "/usr/include/opencv4" "-Wall" "-Wextra" "-Wno-deprecated-declarations" "-Wno-deprecated-copy" "-Wno-unused-parameter" "-Wno-sign-compare" "-Wno-comment" "-Wunused-but-set-variable" "-Wno-unused-variable" "-Wno-ignored-qualifiers" "-Wno-return-type-c-linkage" "-Wno-overloaded-virtual" "-DOCVRS_FFI_EXPORT_SUFFIX=_0_93_4" "-o" "/opt/rustwide/target/debug/build/opencv-9e6280cc7321417f/out/2df4b131b321e3d8-saliency.o" "-c" "/opt/rustwide/target/debug/build/opencv-9e6280cc7321417f/out/saliency.cpp" with args c++ did not execute successfully (status code exit status: 1).cargo:warning=c++: fatal error: Killed signal terminated program cc1plus
[INFO] [stderr] warning: opencv@0.93.4: compilation terminated.
[INFO] [stderr] warning: opencv@0.93.4: ToolExecError: Command "c++" "-O0" "-ffunction-sections" "-fdata-sections" "-fPIC" "-gdwarf-4" "-fno-omit-frame-pointer" "-m64" "-std=c++14" "-I" "/opt/rustwide/cargo-home/registry/src/index.crates.io-1949cf8c6b5b557f/opencv-0.93.4/src_cpp" "-I" "/opt/rustwide/target/debug/build/opencv-9e6280cc7321417f/out" "-I" "." "-I" "/usr/include/opencv4" "-Wall" "-Wextra" "-Wno-deprecated-declarations" "-Wno-deprecated-copy" "-Wno-unused-parameter" "-Wno-sign-compare" "-Wno-comment" "-Wunused-but-set-variable" "-Wno-unused-variable" "-Wno-ignored-qualifiers" "-Wno-return-type-c-linkage" "-Wno-overloaded-virtual" "-DOCVRS_FFI_EXPORT_SUFFIX=_0_93_4" "-o" "/opt/rustwide/target/debug/build/opencv-9e6280cc7321417f/out/2df4b131b321e3d8-shape.o" "-c" "/opt/rustwide/target/debug/build/opencv-9e6280cc7321417f/out/shape.cpp" with args c++ did not execute successfully (status code exit status: 1).
[INFO] [stderr] error: failed to run custom build command for `opencv v0.93.4`
[INFO] [stderr] note: To improve backtraces for build dependencies, set the CARGO_PROFILE_DEV_BUILD_OVERRIDE_DEBUG=true environment variable to enable debug information generation.
[INFO] [stderr] 
[INFO] [stderr] Caused by:
[INFO] [stderr]   process didn't exit successfully: `/opt/rustwide/target/debug/build/opencv-05c96df024d675a3/build-script-build` (exit status: 1)
[INFO] [stderr]   --- stdout
[INFO] [stderr]   cargo:rustc-check-cfg=cfg(ocvrs_opencv_branch_4)
[INFO] [stderr]   cargo:rustc-check-cfg=cfg(ocvrs_opencv_branch_34)
[INFO] [stderr]   cargo:rustc-check-cfg=cfg(ocvrs_opencv_branch_32)
[INFO] [stderr]   cargo:rustc-check-cfg=cfg(ocvrs_has_module_alphamat)
[INFO] [stderr]   cargo:rustc-check-cfg=cfg(ocvrs_has_module_aruco)
[INFO] [stderr]   cargo:rustc-check-cfg=cfg(ocvrs_has_module_aruco_detector)
[INFO] [stderr]   cargo:rustc-check-cfg=cfg(ocvrs_has_module_barcode)
[INFO] [stderr]   cargo:rustc-check-cfg=cfg(ocvrs_has_module_bgsegm)
[INFO] [stderr]   cargo:rustc-check-cfg=cfg(ocvrs_has_module_bioinspired)
[INFO] [stderr]   cargo:rustc-check-cfg=cfg(ocvrs_has_module_calib3d)
[INFO] [stderr]   cargo:rustc-check-cfg=cfg(ocvrs_has_module_ccalib)
[INFO] [stderr]   cargo:rustc-check-cfg=cfg(ocvrs_has_module_core)
[INFO] [stderr]   cargo:rustc-check-cfg=cfg(ocvrs_has_module_cudaarithm)
[INFO] [stderr]   cargo:rustc-check-cfg=cfg(ocvrs_has_module_cudabgsegm)
[INFO] [stderr]   cargo:rustc-check-cfg=cfg(ocvrs_has_module_cudacodec)
[INFO] [stderr]   cargo:rustc-check-cfg=cfg(ocvrs_has_module_cudafeatures2d)
[INFO] [stderr]   cargo:rustc-check-cfg=cfg(ocvrs_has_module_cudafilters)
[INFO] [stderr]   cargo:rustc-check-cfg=cfg(ocvrs_has_module_cudaimgproc)
[INFO] [stderr]   cargo:rustc-check-cfg=cfg(ocvrs_has_module_cudaobjdetect)
[INFO] [stderr]   cargo:rustc-check-cfg=cfg(ocvrs_has_module_cudaoptflow)
[INFO] [stderr]   cargo:rustc-check-cfg=cfg(ocvrs_has_module_cudastereo)
[INFO] [stderr]   cargo:rustc-check-cfg=cfg(ocvrs_has_module_cudawarping)
[INFO] [stderr]   cargo:rustc-check-cfg=cfg(ocvrs_has_module_cvv)
[INFO] [stderr]   cargo:rustc-check-cfg=cfg(ocvrs_has_module_dnn)
[INFO] [stderr]   cargo:rustc-check-cfg=cfg(ocvrs_has_module_dnn_superres)
[INFO] [stderr]   cargo:rustc-check-cfg=cfg(ocvrs_has_module_dpm)
[INFO] [stderr]   cargo:rustc-check-cfg=cfg(ocvrs_has_module_face)
[INFO] [stderr]   cargo:rustc-check-cfg=cfg(ocvrs_has_module_features2d)
[INFO] [stderr]   cargo:rustc-check-cfg=cfg(ocvrs_has_module_flann)
[INFO] [stderr]   cargo:rustc-check-cfg=cfg(ocvrs_has_module_freetype)
[INFO] [stderr]   cargo:rustc-check-cfg=cfg(ocvrs_has_module_fuzzy)
[INFO] [stderr]   cargo:rustc-check-cfg=cfg(ocvrs_has_module_gapi)
[INFO] [stderr]   cargo:rustc-check-cfg=cfg(ocvrs_has_module_hdf)
[INFO] [stderr]   cargo:rustc-check-cfg=cfg(ocvrs_has_module_hfs)
[INFO] [stderr]   cargo:rustc-check-cfg=cfg(ocvrs_has_module_highgui)
[INFO] [stderr]   cargo:rustc-check-cfg=cfg(ocvrs_has_module_img_hash)
[INFO] [stderr]   cargo:rustc-check-cfg=cfg(ocvrs_has_module_imgcodecs)
[INFO] [stderr]   cargo:rustc-check-cfg=cfg(ocvrs_has_module_imgproc)
[INFO] [stderr]   cargo:rustc-check-cfg=cfg(ocvrs_has_module_intensity_transform)
[INFO] [stderr]   cargo:rustc-check-cfg=cfg(ocvrs_has_module_line_descriptor)
[INFO] [stderr]   cargo:rustc-check-cfg=cfg(ocvrs_has_module_mcc)
[INFO] [stderr]   cargo:rustc-check-cfg=cfg(ocvrs_has_module_ml)
[INFO] [stderr]   cargo:rustc-check-cfg=cfg(ocvrs_has_module_objdetect)
[INFO] [stderr]   cargo:rustc-check-cfg=cfg(ocvrs_has_module_optflow)
[INFO] [stderr]   cargo:rustc-check-cfg=cfg(ocvrs_has_module_ovis)
[INFO] [stderr]   cargo:rustc-check-cfg=cfg(ocvrs_has_module_phase_unwrapping)
[INFO] [stderr]   cargo:rustc-check-cfg=cfg(ocvrs_has_module_photo)
[INFO] [stderr]   cargo:rustc-check-cfg=cfg(ocvrs_has_module_plot)
[INFO] [stderr]   cargo:rustc-check-cfg=cfg(ocvrs_has_module_quality)
[INFO] [stderr]   cargo:rustc-check-cfg=cfg(ocvrs_has_module_rapid)
[INFO] [stderr]   cargo:rustc-check-cfg=cfg(ocvrs_has_module_rgbd)
[INFO] [stderr]   cargo:rustc-check-cfg=cfg(ocvrs_has_module_saliency)
[INFO] [stderr]   cargo:rustc-check-cfg=cfg(ocvrs_has_module_sfm)
[INFO] [stderr]   cargo:rustc-check-cfg=cfg(ocvrs_has_module_shape)
[INFO] [stderr]   cargo:rustc-check-cfg=cfg(ocvrs_has_module_stereo)
[INFO] [stderr]   cargo:rustc-check-cfg=cfg(ocvrs_has_module_stitching)
[INFO] [stderr]   cargo:rustc-check-cfg=cfg(ocvrs_has_module_structured_light)
[INFO] [stderr]   cargo:rustc-check-cfg=cfg(ocvrs_has_module_superres)
[INFO] [stderr]   cargo:rustc-check-cfg=cfg(ocvrs_has_module_surface_matching)
[INFO] [stderr]   cargo:rustc-check-cfg=cfg(ocvrs_has_module_text)
[INFO] [stderr]   cargo:rustc-check-cfg=cfg(ocvrs_has_module_tracking)
[INFO] [stderr]   cargo:rustc-check-cfg=cfg(ocvrs_has_module_video)
[INFO] [stderr]   cargo:rustc-check-cfg=cfg(ocvrs_has_module_videoio)
[INFO] [stderr]   cargo:rustc-check-cfg=cfg(ocvrs_has_module_videostab)
[INFO] [stderr]   cargo:rustc-check-cfg=cfg(ocvrs_has_module_viz)
[INFO] [stderr]   cargo:rustc-check-cfg=cfg(ocvrs_has_module_wechat_qrcode)
[INFO] [stderr]   cargo:rustc-check-cfg=cfg(ocvrs_has_module_xfeatures2d)
[INFO] [stderr]   cargo:rustc-check-cfg=cfg(ocvrs_has_module_ximgproc)
[INFO] [stderr]   cargo:rustc-check-cfg=cfg(ocvrs_has_module_xobjdetect)
[INFO] [stderr]   cargo:rustc-check-cfg=cfg(ocvrs_has_module_xphoto)
[INFO] [stderr]   cargo:rerun-if-env-changed=OPENCV4_NO_PKG_CONFIG
[INFO] [stderr]   cargo:rerun-if-env-changed=PKG_CONFIG_x86_64-unknown-linux-gnu
[INFO] [stderr]   cargo:rerun-if-env-changed=PKG_CONFIG_x86_64_unknown_linux_gnu
[INFO] [stderr]   cargo:rerun-if-env-changed=HOST_PKG_CONFIG
[INFO] [stderr]   cargo:rerun-if-env-changed=PKG_CONFIG
[INFO] [stderr]   cargo:rerun-if-env-changed=OPENCV4_STATIC
[INFO] [stderr]   cargo:rerun-if-env-changed=OPENCV4_DYNAMIC
[INFO] [stderr]   cargo:rerun-if-env-changed=PKG_CONFIG_ALL_STATIC
[INFO] [stderr]   cargo:rerun-if-env-changed=PKG_CONFIG_ALL_DYNAMIC
[INFO] [stderr]   cargo:rerun-if-env-changed=PKG_CONFIG_PATH_x86_64-unknown-linux-gnu
[INFO] [stderr]   cargo:rerun-if-env-changed=PKG_CONFIG_PATH_x86_64_unknown_linux_gnu
[INFO] [stderr]   cargo:rerun-if-env-changed=HOST_PKG_CONFIG_PATH
[INFO] [stderr]   cargo:rerun-if-env-changed=PKG_CONFIG_PATH
[INFO] [stderr]   cargo:rerun-if-env-changed=PKG_CONFIG_LIBDIR_x86_64-unknown-linux-gnu
[INFO] [stderr]   cargo:rerun-if-env-changed=PKG_CONFIG_LIBDIR_x86_64_unknown_linux_gnu
[INFO] [stderr]   cargo:rerun-if-env-changed=HOST_PKG_CONFIG_LIBDIR
[INFO] [stderr]   cargo:rerun-if-env-changed=PKG_CONFIG_LIBDIR
[INFO] [stderr]   cargo:rerun-if-env-changed=PKG_CONFIG_SYSROOT_DIR_x86_64-unknown-linux-gnu
[INFO] [stderr]   cargo:rerun-if-env-changed=PKG_CONFIG_SYSROOT_DIR_x86_64_unknown_linux_gnu
[INFO] [stderr]   cargo:rerun-if-env-changed=HOST_PKG_CONFIG_SYSROOT_DIR
[INFO] [stderr]   cargo:rerun-if-env-changed=PKG_CONFIG_SYSROOT_DIR
[INFO] [stderr]   cargo:rerun-if-env-changed=PKG_CONFIG_SYSROOT_DIR
[INFO] [stderr]   cargo:rerun-if-env-changed=SYSROOT
[INFO] [stderr]   cargo:rerun-if-env-changed=OPENCV4_STATIC
[INFO] [stderr]   cargo:rerun-if-env-changed=OPENCV4_DYNAMIC
[INFO] [stderr]   cargo:rerun-if-env-changed=PKG_CONFIG_ALL_STATIC
[INFO] [stderr]   cargo:rerun-if-env-changed=PKG_CONFIG_ALL_DYNAMIC
[INFO] [stderr]   cargo:rerun-if-env-changed=PKG_CONFIG_x86_64-unknown-linux-gnu
[INFO] [stderr]   cargo:rerun-if-env-changed=PKG_CONFIG_x86_64_unknown_linux_gnu
[INFO] [stderr]   cargo:rerun-if-env-changed=HOST_PKG_CONFIG
[INFO] [stderr]   cargo:rerun-if-env-changed=PKG_CONFIG
[INFO] [stderr]   cargo:rerun-if-env-changed=OPENCV4_STATIC
[INFO] [stderr]   cargo:rerun-if-env-changed=OPENCV4_DYNAMIC
[INFO] [stderr]   cargo:rerun-if-env-changed=PKG_CONFIG_ALL_STATIC
[INFO] [stderr]   cargo:rerun-if-env-changed=PKG_CONFIG_ALL_DYNAMIC
[INFO] [stderr]   cargo:rerun-if-env-changed=PKG_CONFIG_PATH_x86_64-unknown-linux-gnu
[INFO] [stderr]   cargo:rerun-if-env-changed=PKG_CONFIG_PATH_x86_64_unknown_linux_gnu
[INFO] [stderr]   cargo:rerun-if-env-changed=HOST_PKG_CONFIG_PATH
[INFO] [stderr]   cargo:rerun-if-env-changed=PKG_CONFIG_PATH
[INFO] [stderr]   cargo:rerun-if-env-changed=PKG_CONFIG_LIBDIR_x86_64-unknown-linux-gnu
[INFO] [stderr]   cargo:rerun-if-env-changed=PKG_CONFIG_LIBDIR_x86_64_unknown_linux_gnu
[INFO] [stderr]   cargo:rerun-if-env-changed=HOST_PKG_CONFIG_LIBDIR
[INFO] [stderr]   cargo:rerun-if-env-changed=PKG_CONFIG_LIBDIR
[INFO] [stderr]   cargo:rerun-if-env-changed=PKG_CONFIG_SYSROOT_DIR_x86_64-unknown-linux-gnu
[INFO] [stderr]   cargo:rerun-if-env-changed=PKG_CONFIG_SYSROOT_DIR_x86_64_unknown_linux_gnu
[INFO] [stderr]   cargo:rerun-if-env-changed=HOST_PKG_CONFIG_SYSROOT_DIR
[INFO] [stderr]   cargo:rerun-if-env-changed=PKG_CONFIG_SYSROOT_DIR
[INFO] [stderr]   cargo:rustc-cfg=ocvrs_opencv_branch_4
[INFO] [stderr]   cargo:rerun-if-env-changed=OPENCV_PACKAGE_NAME
[INFO] [stderr]   cargo:rerun-if-env-changed=OPENCV_PKGCONFIG_NAME
[INFO] [stderr]   cargo:rerun-if-env-changed=OPENCV_CMAKE_NAME
[INFO] [stderr]   cargo:rerun-if-env-changed=OPENCV_CMAKE_BIN
[INFO] [stderr]   cargo:rerun-if-env-changed=OPENCV_VCPKG_NAME
[INFO] [stderr]   cargo:rerun-if-env-changed=OPENCV_LINK_LIBS
[INFO] [stderr]   cargo:rerun-if-env-changed=OPENCV_LINK_PATHS
[INFO] [stderr]   cargo:rerun-if-env-changed=OPENCV_INCLUDE_PATHS
[INFO] [stderr]   cargo:rerun-if-env-changed=OPENCV_DISABLE_PROBES
[INFO] [stderr]   cargo:rerun-if-env-changed=OPENCV_MSVC_CRT
[INFO] [stderr]   cargo:rerun-if-env-changed=CMAKE_PREFIX_PATH
[INFO] [stderr]   cargo:rerun-if-env-changed=OpenCV_DIR
[INFO] [stderr]   cargo:rerun-if-env-changed=PKG_CONFIG_PATH
[INFO] [stderr]   cargo:rerun-if-env-changed=VCPKG_ROOT
[INFO] [stderr]   cargo:rerun-if-env-changed=VCPKGRS_DYNAMIC
[INFO] [stderr]   cargo:rerun-if-env-changed=VCPKGRS_TRIPLET
[INFO] [stderr]   cargo:rerun-if-env-changed=OCVRS_DOCS_GENERATE_DIR
[INFO] [stderr]   cargo:rerun-if-env-changed=DOCS_RS
[INFO] [stderr]   cargo:rerun-if-changed=/opt/rustwide/cargo-home/registry/src/index.crates.io-1949cf8c6b5b557f/opencv-0.93.4/src_cpp/alphamat.hpp
[INFO] [stderr]   cargo:rerun-if-changed=/opt/rustwide/cargo-home/registry/src/index.crates.io-1949cf8c6b5b557f/opencv-0.93.4/src_cpp/photo.hpp
[INFO] [stderr]   cargo:rerun-if-changed=/opt/rustwide/cargo-home/registry/src/index.crates.io-1949cf8c6b5b557f/opencv-0.93.4/src_cpp/hdf.hpp
[INFO] [stderr]   cargo:rerun-if-changed=/opt/rustwide/cargo-home/registry/src/index.crates.io-1949cf8c6b5b557f/opencv-0.93.4/src_cpp/aruco.hpp
[INFO] [stderr]   cargo:rerun-if-changed=/opt/rustwide/cargo-home/registry/src/index.crates.io-1949cf8c6b5b557f/opencv-0.93.4/src_cpp/ccalib.hpp
[INFO] [stderr]   cargo:rerun-if-changed=/opt/rustwide/cargo-home/registry/src/index.crates.io-1949cf8c6b5b557f/opencv-0.93.4/src_cpp/core.hpp
[INFO] [stderr]   cargo:rerun-if-changed=/opt/rustwide/cargo-home/registry/src/index.crates.io-1949cf8c6b5b557f/opencv-0.93.4/src_cpp/gapi.hpp
[INFO] [stderr]   cargo:rerun-if-changed=/opt/rustwide/cargo-home/registry/src/index.crates.io-1949cf8c6b5b557f/opencv-0.93.4/src_cpp/videoio.hpp
[INFO] [stderr]   cargo:rerun-if-changed=/opt/rustwide/cargo-home/registry/src/index.crates.io-1949cf8c6b5b557f/opencv-0.93.4/src_cpp/sfm.hpp
[INFO] [stderr]   cargo:rerun-if-changed=/opt/rustwide/cargo-home/registry/src/index.crates.io-1949cf8c6b5b557f/opencv-0.93.4/src_cpp/xfeatures2d.hpp
[INFO] [stderr]   cargo:rerun-if-changed=/opt/rustwide/cargo-home/registry/src/index.crates.io-1949cf8c6b5b557f/opencv-0.93.4/src_cpp/ocvrs_common.hpp
[INFO] [stderr]   cargo:rerun-if-changed=/opt/rustwide/cargo-home/registry/src/index.crates.io-1949cf8c6b5b557f/opencv-0.93.4/src_cpp/manual-core.cpp
[INFO] [stderr]   cargo:rerun-if-changed=/opt/rustwide/cargo-home/registry/src/index.crates.io-1949cf8c6b5b557f/opencv-0.93.4/src_cpp/face.hpp
[INFO] [stderr]   cargo:rerun-if-changed=/opt/rustwide/cargo-home/registry/src/index.crates.io-1949cf8c6b5b557f/opencv-0.93.4/src_cpp/bioinspired.hpp
[INFO] [stderr]   cargo:rerun-if-changed=/opt/rustwide/cargo-home/registry/src/index.crates.io-1949cf8c6b5b557f/opencv-0.93.4/src_cpp/dnn.hpp
[INFO] [stderr]   cargo:rerun-if-changed=Cargo.toml
[INFO] [stderr]   OPT_LEVEL = Some(0)
[INFO] [stderr]   OUT_DIR = Some(/opt/rustwide/target/debug/build/opencv-9e6280cc7321417f/out)
[INFO] [stderr]   TARGET = Some(x86_64-unknown-linux-gnu)
[INFO] [stderr]   HOST = Some(x86_64-unknown-linux-gnu)
[INFO] [stderr]   cargo:rerun-if-env-changed=CXX_x86_64-unknown-linux-gnu
[INFO] [stderr]   CXX_x86_64-unknown-linux-gnu = None
[INFO] [stderr]   cargo:rerun-if-env-changed=CXX_x86_64_unknown_linux_gnu
[INFO] [stderr]   CXX_x86_64_unknown_linux_gnu = None
[INFO] [stderr]   cargo:rerun-if-env-changed=HOST_CXX
[INFO] [stderr]   HOST_CXX = None
[INFO] [stderr]   cargo:rerun-if-env-changed=CXX
[INFO] [stderr]   CXX = None
[INFO] [stderr]   cargo:rerun-if-env-changed=CC_ENABLE_DEBUG_OUTPUT
[INFO] [stderr]   RUSTC_WRAPPER = None
[INFO] [stderr]   cargo:rerun-if-env-changed=CRATE_CC_NO_DEFAULTS
[INFO] [stderr]   CRATE_CC_NO_DEFAULTS = None
[INFO] [stderr]   DEBUG = Some(true)
[INFO] [stderr]   CARGO_CFG_TARGET_FEATURE = Some(fxsr,sse,sse2)
[INFO] [stderr]   cargo:rerun-if-env-changed=CXXFLAGS_x86_64-unknown-linux-gnu
[INFO] [stderr]   CXXFLAGS_x86_64-unknown-linux-gnu = None
[INFO] [stderr]   cargo:rerun-if-env-changed=CXXFLAGS_x86_64_unknown_linux_gnu
[INFO] [stderr]   CXXFLAGS_x86_64_unknown_linux_gnu = None
[INFO] [stderr]   cargo:rerun-if-env-changed=HOST_CXXFLAGS
[INFO] [stderr]   HOST_CXXFLAGS = None
[INFO] [stderr]   cargo:rerun-if-env-changed=CXXFLAGS
[INFO] [stderr]   CXXFLAGS = None
[INFO] [stderr]   OUT_DIR = Some(/opt/rustwide/target/debug/build/opencv-9e6280cc7321417f/out)
[INFO] [stderr]   cargo:rerun-if-env-changed=CC_ENABLE_DEBUG_OUTPUT
[INFO] [stderr]   cargo:rerun-if-env-changed=CRATE_CC_NO_DEFAULTS
[INFO] [stderr]   CRATE_CC_NO_DEFAULTS = None
[INFO] [stderr]   TARGET = Some(x86_64-unknown-linux-gnu)
[INFO] [stderr]   CARGO_CFG_TARGET_FEATURE = Some(fxsr,sse,sse2)
[INFO] [stderr]   HOST = Some(x86_64-unknown-linux-gnu)
[INFO] [stderr]   cargo:rerun-if-env-changed=CXXFLAGS_x86_64-unknown-linux-gnu
[INFO] [stderr]   CXXFLAGS_x86_64-unknown-linux-gnu = None
[INFO] [stderr]   cargo:rerun-if-env-changed=CXXFLAGS_x86_64_unknown_linux_gnu
[INFO] [stderr]   CXXFLAGS_x86_64_unknown_linux_gnu = None
[INFO] [stderr]   cargo:rerun-if-env-changed=HOST_CXXFLAGS
[INFO] [stderr]   HOST_CXXFLAGS = None
[INFO] [stderr]   cargo:rerun-if-env-changed=CXXFLAGS
[INFO] [stderr]   CXXFLAGS = None
[INFO] [stderr]   OUT_DIR = Some(/opt/rustwide/target/debug/build/opencv-9e6280cc7321417f/out)
[INFO] [stderr]   cargo:rerun-if-env-changed=CC_ENABLE_DEBUG_OUTPUT
[INFO] [stderr]   cargo:rerun-if-env-changed=CRATE_CC_NO_DEFAULTS
[INFO] [stderr]   CRATE_CC_NO_DEFAULTS = None
[INFO] [stderr]   TARGET = Some(x86_64-unknown-linux-gnu)
[INFO] [stderr]   CARGO_CFG_TARGET_FEATURE = Some(fxsr,sse,sse2)
[INFO] [stderr]   HOST = Some(x86_64-unknown-linux-gnu)
[INFO] [stderr]   cargo:rerun-if-env-changed=CXXFLAGS_x86_64-unknown-linux-gnu
[INFO] [stderr]   CXXFLAGS_x86_64-unknown-linux-gnu = None
[INFO] [stderr]   cargo:rerun-if-env-changed=CXXFLAGS_x86_64_unknown_linux_gnu
[INFO] [stderr]   CXXFLAGS_x86_64_unknown_linux_gnu = None
[INFO] [stderr]   cargo:rerun-if-env-changed=HOST_CXXFLAGS
[INFO] [stderr]   HOST_CXXFLAGS = None
[INFO] [stderr]   cargo:rerun-if-env-changed=CXXFLAGS
[INFO] [stderr]   CXXFLAGS = None
[INFO] [stderr]   OUT_DIR = Some(/opt/rustwide/target/debug/build/opencv-9e6280cc7321417f/out)
[INFO] [stderr]   cargo:rerun-if-env-changed=CC_ENABLE_DEBUG_OUTPUT
[INFO] [stderr]   cargo:rerun-if-env-changed=CRATE_CC_NO_DEFAULTS
[INFO] [stderr]   CRATE_CC_NO_DEFAULTS = None
[INFO] [stderr]   TARGET = Some(x86_64-unknown-linux-gnu)
[INFO] [stderr]   CARGO_CFG_TARGET_FEATURE = Some(fxsr,sse,sse2)
[INFO] [stderr]   HOST = Some(x86_64-unknown-linux-gnu)
[INFO] [stderr]   cargo:rerun-if-env-changed=CXXFLAGS_x86_64-unknown-linux-gnu
[INFO] [stderr]   CXXFLAGS_x86_64-unknown-linux-gnu = None
[INFO] [stderr]   cargo:rerun-if-env-changed=CXXFLAGS_x86_64_unknown_linux_gnu
[INFO] [stderr]   CXXFLAGS_x86_64_unknown_linux_gnu = None
[INFO] [stderr]   cargo:rerun-if-env-changed=HOST_CXXFLAGS
[INFO] [stderr]   HOST_CXXFLAGS = None
[INFO] [stderr]   cargo:rerun-if-env-changed=CXXFLAGS
[INFO] [stderr]   CXXFLAGS = None
[INFO] [stderr]   OUT_DIR = Some(/opt/rustwide/target/debug/build/opencv-9e6280cc7321417f/out)
[INFO] [stderr]   cargo:rerun-if-env-changed=CC_ENABLE_DEBUG_OUTPUT
[INFO] [stderr]   cargo:rerun-if-env-changed=CRATE_CC_NO_DEFAULTS
[INFO] [stderr]   CRATE_CC_NO_DEFAULTS = None
[INFO] [stderr]   TARGET = Some(x86_64-unknown-linux-gnu)
[INFO] [stderr]   CARGO_CFG_TARGET_FEATURE = Some(fxsr,sse,sse2)
[INFO] [stderr]   HOST = Some(x86_64-unknown-linux-gnu)
[INFO] [stderr]   cargo:rerun-if-env-changed=CXXFLAGS_x86_64-unknown-linux-gnu
[INFO] [stderr]   CXXFLAGS_x86_64-unknown-linux-gnu = None
[INFO] [stderr]   cargo:rerun-if-env-changed=CXXFLAGS_x86_64_unknown_linux_gnu
[INFO] [stderr]   CXXFLAGS_x86_64_unknown_linux_gnu = None
[INFO] [stderr]   cargo:rerun-if-env-changed=HOST_CXXFLAGS
[INFO] [stderr]   HOST_CXXFLAGS = None
[INFO] [stderr]   cargo:rerun-if-env-changed=CXXFLAGS
[INFO] [stderr]   CXXFLAGS = None
[INFO] [stderr]   OUT_DIR = Some(/opt/rustwide/target/debug/build/opencv-9e6280cc7321417f/out)
[INFO] [stderr]   cargo:rerun-if-env-changed=CC_ENABLE_DEBUG_OUTPUT
[INFO] [stderr]   cargo:rerun-if-env-changed=CRATE_CC_NO_DEFAULTS
[INFO] [stderr]   CRATE_CC_NO_DEFAULTS = None
[INFO] [stderr]   TARGET = Some(x86_64-unknown-linux-gnu)
[INFO] [stderr]   CARGO_CFG_TARGET_FEATURE = Some(fxsr,sse,sse2)
[INFO] [stderr]   HOST = Some(x86_64-unknown-linux-gnu)
[INFO] [stderr]   cargo:rerun-if-env-changed=CXXFLAGS_x86_64-unknown-linux-gnu
[INFO] [stderr]   CXXFLAGS_x86_64-unknown-linux-gnu = None
[INFO] [stderr]   cargo:rerun-if-env-changed=CXXFLAGS_x86_64_unknown_linux_gnu
[INFO] [stderr]   CXXFLAGS_x86_64_unknown_linux_gnu = None
[INFO] [stderr]   cargo:rerun-if-env-changed=HOST_CXXFLAGS
[INFO] [stderr]   HOST_CXXFLAGS = None
[INFO] [stderr]   cargo:rerun-if-env-changed=CXXFLAGS
[INFO] [stderr]   CXXFLAGS = None
[INFO] [stderr]   OUT_DIR = Some(/opt/rustwide/target/debug/build/opencv-9e6280cc7321417f/out)
[INFO] [stderr]   cargo:rerun-if-env-changed=CC_ENABLE_DEBUG_OUTPUT
[INFO] [stderr]   cargo:rerun-if-env-changed=CRATE_CC_NO_DEFAULTS
[INFO] [stderr]   CRATE_CC_NO_DEFAULTS = None
[INFO] [stderr]   TARGET = Some(x86_64-unknown-linux-gnu)
[INFO] [stderr]   CARGO_CFG_TARGET_FEATURE = Some(fxsr,sse,sse2)
[INFO] [stderr]   HOST = Some(x86_64-unknown-linux-gnu)
[INFO] [stderr]   cargo:rerun-if-env-changed=CXXFLAGS_x86_64-unknown-linux-gnu
[INFO] [stderr]   CXXFLAGS_x86_64-unknown-linux-gnu = None
[INFO] [stderr]   cargo:rerun-if-env-changed=CXXFLAGS_x86_64_unknown_linux_gnu
[INFO] [stderr]   CXXFLAGS_x86_64_unknown_linux_gnu = None
[INFO] [stderr]   cargo:rerun-if-env-changed=HOST_CXXFLAGS
[INFO] [stderr]   HOST_CXXFLAGS = None
[INFO] [stderr]   cargo:rerun-if-env-changed=CXXFLAGS
[INFO] [stderr]   CXXFLAGS = None
[INFO] [stderr]   OUT_DIR = Some(/opt/rustwide/target/debug/build/opencv-9e6280cc7321417f/out)
[INFO] [stderr]   cargo:rerun-if-env-changed=CC_ENABLE_DEBUG_OUTPUT
[INFO] [stderr]   cargo:rerun-if-env-changed=CRATE_CC_NO_DEFAULTS
[INFO] [stderr]   CRATE_CC_NO_DEFAULTS = None
[INFO] [stderr]   TARGET = Some(x86_64-unknown-linux-gnu)
[INFO] [stderr]   CARGO_CFG_TARGET_FEATURE = Some(fxsr,sse,sse2)
[INFO] [stderr]   HOST = Some(x86_64-unknown-linux-gnu)
[INFO] [stderr]   cargo:rerun-if-env-changed=CXXFLAGS_x86_64-unknown-linux-gnu
[INFO] [stderr]   CXXFLAGS_x86_64-unknown-linux-gnu = None
[INFO] [stderr]   cargo:rerun-if-env-changed=CXXFLAGS_x86_64_unknown_linux_gnu
[INFO] [stderr]   CXXFLAGS_x86_64_unknown_linux_gnu = None
[INFO] [stderr]   cargo:rerun-if-env-changed=HOST_CXXFLAGS
[INFO] [stderr]   HOST_CXXFLAGS = None
[INFO] [stderr]   cargo:rerun-if-env-changed=CXXFLAGS
[INFO] [stderr]   CXXFLAGS = None
[INFO] [stderr]   OUT_DIR = Some(/opt/rustwide/target/debug/build/opencv-9e6280cc7321417f/out)
[INFO] [stderr]   cargo:rerun-if-env-changed=CC_ENABLE_DEBUG_OUTPUT
[INFO] [stderr]   cargo:rerun-if-env-changed=CRATE_CC_NO_DEFAULTS
[INFO] [stderr]   CRATE_CC_NO_DEFAULTS = None
[INFO] [stderr]   TARGET = Some(x86_64-unknown-linux-gnu)
[INFO] [stderr]   CARGO_CFG_TARGET_FEATURE = Some(fxsr,sse,sse2)
[INFO] [stderr]   HOST = Some(x86_64-unknown-linux-gnu)
[INFO] [stderr]   cargo:rerun-if-env-changed=CXXFLAGS_x86_64-unknown-linux-gnu
[INFO] [stderr]   CXXFLAGS_x86_64-unknown-linux-gnu = None
[INFO] [stderr]   cargo:rerun-if-env-changed=CXXFLAGS_x86_64_unknown_linux_gnu
[INFO] [stderr]   CXXFLAGS_x86_64_unknown_linux_gnu = None
[INFO] [stderr]   cargo:rerun-if-env-changed=HOST_CXXFLAGS
[INFO] [stderr]   HOST_CXXFLAGS = None
[INFO] [stderr]   cargo:rerun-if-env-changed=CXXFLAGS
[INFO] [stderr]   CXXFLAGS = None
[INFO] [stderr]   OUT_DIR = Some(/opt/rustwide/target/debug/build/opencv-9e6280cc7321417f/out)
[INFO] [stderr]   cargo:rerun-if-env-changed=CC_ENABLE_DEBUG_OUTPUT
[INFO] [stderr]   cargo:rerun-if-env-changed=CRATE_CC_NO_DEFAULTS
[INFO] [stderr]   CRATE_CC_NO_DEFAULTS = None
[INFO] [stderr]   TARGET = Some(x86_64-unknown-linux-gnu)
[INFO] [stderr]   CARGO_CFG_TARGET_FEATURE = Some(fxsr,sse,sse2)
[INFO] [stderr]   HOST = Some(x86_64-unknown-linux-gnu)
[INFO] [stderr]   cargo:rerun-if-env-changed=CXXFLAGS_x86_64-unknown-linux-gnu
[INFO] [stderr]   CXXFLAGS_x86_64-unknown-linux-gnu = None
[INFO] [stderr]   cargo:rerun-if-env-changed=CXXFLAGS_x86_64_unknown_linux_gnu
[INFO] [stderr]   CXXFLAGS_x86_64_unknown_linux_gnu = None
[INFO] [stderr]   cargo:rerun-if-env-changed=HOST_CXXFLAGS
[INFO] [stderr]   HOST_CXXFLAGS = None
[INFO] [stderr]   cargo:rerun-if-env-changed=CXXFLAGS
[INFO] [stderr]   CXXFLAGS = None
[INFO] [stderr]   OUT_DIR = Some(/opt/rustwide/target/debug/build/opencv-9e6280cc7321417f/out)
[INFO] [stderr]   cargo:rerun-if-env-changed=CC_ENABLE_DEBUG_OUTPUT
[INFO] [stderr]   cargo:rerun-if-env-changed=CRATE_CC_NO_DEFAULTS
[INFO] [stderr]   CRATE_CC_NO_DEFAULTS = None
[INFO] [stderr]   TARGET = Some(x86_64-unknown-linux-gnu)
[INFO] [stderr]   CARGO_CFG_TARGET_FEATURE = Some(fxsr,sse,sse2)
[INFO] [stderr]   HOST = Some(x86_64-unknown-linux-gnu)
[INFO] [stderr]   cargo:rerun-if-env-changed=CXXFLAGS_x86_64-unknown-linux-gnu
[INFO] [stderr]   CXXFLAGS_x86_64-unknown-linux-gnu = None
[INFO] [stderr]   cargo:rerun-if-env-changed=CXXFLAGS_x86_64_unknown_linux_gnu
[INFO] [stderr]   CXXFLAGS_x86_64_unknown_linux_gnu = None
[INFO] [stderr]   cargo:rerun-if-env-changed=HOST_CXXFLAGS
[INFO] [stderr]   HOST_CXXFLAGS = None
[INFO] [stderr]   cargo:rerun-if-env-changed=CXXFLAGS
[INFO] [stderr]   CXXFLAGS = None
[INFO] [stderr]   OUT_DIR = Some(/opt/rustwide/target/debug/build/opencv-9e6280cc7321417f/out)
[INFO] [stderr]   cargo:rerun-if-env-changed=CC_ENABLE_DEBUG_OUTPUT
[INFO] [stderr]   cargo:rerun-if-env-changed=CRATE_CC_NO_DEFAULTS
[INFO] [stderr]   CRATE_CC_NO_DEFAULTS = None
[INFO] [stderr]   TARGET = Some(x86_64-unknown-linux-gnu)
[INFO] [stderr]   CARGO_CFG_TARGET_FEATURE = Some(fxsr,sse,sse2)
[INFO] [stderr]   HOST = Some(x86_64-unknown-linux-gnu)
[INFO] [stderr]   cargo:rerun-if-env-changed=CXXFLAGS_x86_64-unknown-linux-gnu
[INFO] [stderr]   CXXFLAGS_x86_64-unknown-linux-gnu = None
[INFO] [stderr]   cargo:rerun-if-env-changed=CXXFLAGS_x86_64_unknown_linux_gnu
[INFO] [stderr]   CXXFLAGS_x86_64_unknown_linux_gnu = None
[INFO] [stderr]   cargo:rerun-if-env-changed=HOST_CXXFLAGS
[INFO] [stderr]   HOST_CXXFLAGS = None
[INFO] [stderr]   cargo:rerun-if-env-changed=CXXFLAGS
[INFO] [stderr]   CXXFLAGS = None
[INFO] [stderr]   cargo:rustc-cfg=ocvrs_has_module_alphamat
[INFO] [stderr]   cargo:rustc-cfg=ocvrs_has_module_aruco
[INFO] [stderr]   cargo:rustc-cfg=ocvrs_has_module_barcode
[INFO] [stderr]   cargo:rustc-cfg=ocvrs_has_module_bgsegm
[INFO] [stderr]   cargo:rustc-cfg=ocvrs_has_module_bioinspired
[INFO] [stderr]   cargo:rustc-cfg=ocvrs_has_module_calib3d
[INFO] [stderr]   cargo:rustc-cfg=ocvrs_has_module_ccalib
[INFO] [stderr]   cargo:rustc-cfg=ocvrs_has_module_core
[INFO] [stderr]   cargo:rustc-cfg=ocvrs_has_module_dnn
[INFO] [stderr]   cargo:rustc-cfg=ocvrs_has_module_dnn_superres
[INFO] [stderr]   cargo:rustc-cfg=ocvrs_has_module_dpm
[INFO] [stderr]   cargo:rustc-cfg=ocvrs_has_module_face
[INFO] [stderr]   cargo:rustc-cfg=ocvrs_has_module_features2d
[INFO] [stderr]   cargo:rustc-cfg=ocvrs_has_module_flann
[INFO] [stderr]   cargo:rustc-cfg=ocvrs_has_module_freetype
[INFO] [stderr]   cargo:rustc-cfg=ocvrs_has_module_fuzzy
[INFO] [stderr]   cargo:rustc-cfg=ocvrs_has_module_hdf
[INFO] [stderr]   cargo:rustc-cfg=ocvrs_has_module_hfs
[INFO] [stderr]   cargo:rustc-cfg=ocvrs_has_module_highgui
[INFO] [stderr]   cargo:rustc-cfg=ocvrs_has_module_img_hash
[INFO] [stderr]   cargo:rustc-cfg=ocvrs_has_module_imgcodecs
[INFO] [stderr]   cargo:rustc-cfg=ocvrs_has_module_imgproc
[INFO] [stderr]   cargo:rustc-cfg=ocvrs_has_module_intensity_transform
[INFO] [stderr]   cargo:rustc-cfg=ocvrs_has_module_line_descriptor
[INFO] [stderr]   cargo:rustc-cfg=ocvrs_has_module_mcc
[INFO] [stderr]   cargo:rustc-cfg=ocvrs_has_module_ml
[INFO] [stderr]   cargo:rustc-cfg=ocvrs_has_module_objdetect
[INFO] [stderr]   cargo:rustc-cfg=ocvrs_has_module_optflow
[INFO] [stderr]   cargo:rustc-cfg=ocvrs_has_module_phase_unwrapping
[INFO] [stderr]   cargo:rustc-cfg=ocvrs_has_module_photo
[INFO] [stderr]   cargo:rustc-cfg=ocvrs_has_module_plot
[INFO] [stderr]   cargo:rustc-cfg=ocvrs_has_module_quality
[INFO] [stderr]   cargo:rustc-cfg=ocvrs_has_module_rapid
[INFO] [stderr]   cargo:rustc-cfg=ocvrs_has_module_rgbd
[INFO] [stderr]   cargo:rustc-cfg=ocvrs_has_module_saliency
[INFO] [stderr]   cargo:rustc-cfg=ocvrs_has_module_shape
[INFO] [stderr]   cargo:rustc-cfg=ocvrs_has_module_stereo
[INFO] [stderr]   cargo:rustc-cfg=ocvrs_has_module_stitching
[INFO] [stderr]   cargo:rustc-cfg=ocvrs_has_module_structured_light
[INFO] [stderr]   cargo:rustc-cfg=ocvrs_has_module_superres
[INFO] [stderr]   cargo:rustc-cfg=ocvrs_has_module_surface_matching
[INFO] [stderr]   cargo:rustc-cfg=ocvrs_has_module_text
[INFO] [stderr]   cargo:rustc-cfg=ocvrs_has_module_tracking
[INFO] [stderr]   cargo:rustc-cfg=ocvrs_has_module_video
[INFO] [stderr]   cargo:rustc-cfg=ocvrs_has_module_videoio
[INFO] [stderr]   cargo:rustc-cfg=ocvrs_has_module_videostab
[INFO] [stderr]   cargo:rustc-cfg=ocvrs_has_module_viz
[INFO] [stderr]   cargo:rustc-cfg=ocvrs_has_module_wechat_qrcode
[INFO] [stderr]   cargo:rustc-cfg=ocvrs_has_module_ximgproc
[INFO] [stderr]   cargo:rustc-cfg=ocvrs_has_module_xobjdetect
[INFO] [stderr]   cargo:rustc-cfg=ocvrs_has_module_xphoto
[INFO] [stderr]   cargo:warning=c++: fatal error: Killed signal terminated program cc1plus
[INFO] [stderr]   cargo:warning=compilation terminated.
[INFO] [stderr]   exit status: 0
[INFO] [stderr]   exit status: 0
[INFO] [stderr]   exit status: 1
[INFO] [stderr]   cargo:warning=ToolExecError: Command "c++" "-O0" "-ffunction-sections" "-fdata-sections" "-fPIC" "-gdwarf-4" "-fno-omit-frame-pointer" "-m64" "-std=c++14" "-I" "/opt/rustwide/cargo-home/registry/src/index.crates.io-1949cf8c6b5b557f/opencv-0.93.4/src_cpp" "-I" "/opt/rustwide/target/debug/build/opencv-9e6280cc7321417f/out" "-I" "." "-I" "/usr/include/opencv4" "-Wall" "-Wextra" "-Wno-deprecated-declarations" "-Wno-deprecated-copy" "-Wno-unused-parameter" "-Wno-sign-compare" "-Wno-comment" "-Wunused-but-set-variable" "-Wno-unused-variable" "-Wno-ignored-qualifiers" "-Wno-return-type-c-linkage" "-Wno-overloaded-virtual" "-DOCVRS_FFI_EXPORT_SUFFIX=_0_93_4" "-o" "/opt/rustwide/target/debug/build/opencv-9e6280cc7321417f/out/2df4b131b321e3d8-aruco.o" "-c" "/opt/rustwide/target/debug/build/opencv-9e6280cc7321417f/out/aruco.cpp" with args c++ did not execute successfully (status code exit status: 1).cargo:warning=c++: fatal error: Killed signal terminated program cc1plus
[INFO] [stderr]   cargo:warning=compilation terminated.
[INFO] [stderr] 
[INFO] [stderr]   exit status: 1
[INFO] [stderr]   cargo:warning=ToolExecError: Command "c++" "-O0" "-ffunction-sections" "-fdata-sections" "-fPIC" "-gdwarf-4" "-fno-omit-frame-pointer" "-m64" "-std=c++14" "-I" "/opt/rustwide/cargo-home/registry/src/index.crates.io-1949cf8c6b5b557f/opencv-0.93.4/src_cpp" "-I" "/opt/rustwide/target/debug/build/opencv-9e6280cc7321417f/out" "-I" "." "-I" "/usr/include/opencv4" "-Wall" "-Wextra" "-Wno-deprecated-declarations" "-Wno-deprecated-copy" "-Wno-unused-parameter" "-Wno-sign-compare" "-Wno-comment" "-Wunused-but-set-variable" "-Wno-unused-variable" "-Wno-ignored-qualifiers" "-Wno-return-type-c-linkage" "-Wno-overloaded-virtual" "-DOCVRS_FFI_EXPORT_SUFFIX=_0_93_4" "-o" "/opt/rustwide/target/debug/build/opencv-9e6280cc7321417f/out/2df4b131b321e3d8-ccalib.o" "-c" "/opt/rustwide/target/debug/build/opencv-9e6280cc7321417f/out/ccalib.cpp" with args c++ did not execute successfully (status code exit status: 1).cargo:warning=c++: fatal error: Killed signal terminated program cc1plus
[INFO] [stderr]   cargo:warning=compilation terminated.
[INFO] [stderr] 
[INFO] [stderr]   exit status: 1
[INFO] [stderr]   cargo:warning=ToolExecError: Command "c++" "-O0" "-ffunction-sections" "-fdata-sections" "-fPIC" "-gdwarf-4" "-fno-omit-frame-pointer" "-m64" "-std=c++14" "-I" "/opt/rustwide/cargo-home/registry/src/index.crates.io-1949cf8c6b5b557f/opencv-0.93.4/src_cpp" "-I" "/opt/rustwide/target/debug/build/opencv-9e6280cc7321417f/out" "-I" "." "-I" "/usr/include/opencv4" "-Wall" "-Wextra" "-Wno-deprecated-declarations" "-Wno-deprecated-copy" "-Wno-unused-parameter" "-Wno-sign-compare" "-Wno-comment" "-Wunused-but-set-variable" "-Wno-unused-variable" "-Wno-ignored-qualifiers" "-Wno-return-type-c-linkage" "-Wno-overloaded-virtual" "-DOCVRS_FFI_EXPORT_SUFFIX=_0_93_4" "-o" "/opt/rustwide/target/debug/build/opencv-9e6280cc7321417f/out/2df4b131b321e3d8-face.o" "-c" "/opt/rustwide/target/debug/build/opencv-9e6280cc7321417f/out/face.cpp" with args c++ did not execute successfully (status code exit status: 1).cargo:warning=c++: fatal error: Killed signal terminated program cc1plus
[INFO] [stderr]   cargo:warning=compilation terminated.
[INFO] [stderr] 
[INFO] [stderr]   exit status: 1
[INFO] [stderr]   cargo:warning=ToolExecError: Command "c++" "-O0" "-ffunction-sections" "-fdata-sections" "-fPIC" "-gdwarf-4" "-fno-omit-frame-pointer" "-m64" "-std=c++14" "-I" "/opt/rustwide/cargo-home/registry/src/index.crates.io-1949cf8c6b5b557f/opencv-0.93.4/src_cpp" "-I" "/opt/rustwide/target/debug/build/opencv-9e6280cc7321417f/out" "-I" "." "-I" "/usr/include/opencv4" "-Wall" "-Wextra" "-Wno-deprecated-declarations" "-Wno-deprecated-copy" "-Wno-unused-parameter" "-Wno-sign-compare" "-Wno-comment" "-Wunused-but-set-variable" "-Wno-unused-variable" "-Wno-ignored-qualifiers" "-Wno-return-type-c-linkage" "-Wno-overloaded-virtual" "-DOCVRS_FFI_EXPORT_SUFFIX=_0_93_4" "-o" "/opt/rustwide/target/debug/build/opencv-9e6280cc7321417f/out/2df4b131b321e3d8-features2d.o" "-c" "/opt/rustwide/target/debug/build/opencv-9e6280cc7321417f/out/features2d.cpp" with args c++ did not execute successfully (status code exit status: 1).cargo:warning=c++: fatal error: Killed signal terminated program cc1plus
[INFO] [stderr]   cargo:warning=compilation terminated.
[INFO] [stderr] 
[INFO] [stderr]   exit status: 0
[INFO] [stderr]   exit status: 0
[INFO] [stderr]   exit status: 1
[INFO] [stderr]   cargo:warning=ToolExecError: Command "c++" "-O0" "-ffunction-sections" "-fdata-sections" "-fPIC" "-gdwarf-4" "-fno-omit-frame-pointer" "-m64" "-std=c++14" "-I" "/opt/rustwide/cargo-home/registry/src/index.crates.io-1949cf8c6b5b557f/opencv-0.93.4/src_cpp" "-I" "/opt/rustwide/target/debug/build/opencv-9e6280cc7321417f/out" "-I" "." "-I" "/usr/include/opencv4" "-Wall" "-Wextra" "-Wno-deprecated-declarations" "-Wno-deprecated-copy" "-Wno-unused-parameter" "-Wno-sign-compare" "-Wno-comment" "-Wunused-but-set-variable" "-Wno-unused-variable" "-Wno-ignored-qualifiers" "-Wno-return-type-c-linkage" "-Wno-overloaded-virtual" "-DOCVRS_FFI_EXPORT_SUFFIX=_0_93_4" "-o" "/opt/rustwide/target/debug/build/opencv-9e6280cc7321417f/out/2df4b131b321e3d8-core.o" "-c" "/opt/rustwide/target/debug/build/opencv-9e6280cc7321417f/out/core.cpp" with args c++ did not execute successfully (status code exit status: 1).cargo:warning=c++: fatal error: Killed signal terminated program cc1plus
[INFO] [stderr]   cargo:warning=compilation terminated.
[INFO] [stderr] 
[INFO] [stderr]   exit status: 0
[INFO] [stderr]   exit status: 0
[INFO] [stderr]   exit status: 0
[INFO] [stderr]   exit status: 0
[INFO] [stderr]   exit status: 0
[INFO] [stderr]   exit status: 1
[INFO] [stderr]   cargo:warning=ToolExecError: Command "c++" "-O0" "-ffunction-sections" "-fdata-sections" "-fPIC" "-gdwarf-4" "-fno-omit-frame-pointer" "-m64" "-std=c++14" "-I" "/opt/rustwide/cargo-home/registry/src/index.crates.io-1949cf8c6b5b557f/opencv-0.93.4/src_cpp" "-I" "/opt/rustwide/target/debug/build/opencv-9e6280cc7321417f/out" "-I" "." "-I" "/usr/include/opencv4" "-Wall" "-Wextra" "-Wno-deprecated-declarations" "-Wno-deprecated-copy" "-Wno-unused-parameter" "-Wno-sign-compare" "-Wno-comment" "-Wunused-but-set-variable" "-Wno-unused-variable" "-Wno-ignored-qualifiers" "-Wno-return-type-c-linkage" "-Wno-overloaded-virtual" "-DOCVRS_FFI_EXPORT_SUFFIX=_0_93_4" "-o" "/opt/rustwide/target/debug/build/opencv-9e6280cc7321417f/out/2df4b131b321e3d8-dnn.o" "-c" "/opt/rustwide/target/debug/build/opencv-9e6280cc7321417f/out/dnn.cpp" with args c++ did not execute successfully (status code exit status: 1).cargo:warning=c++: fatal error: Killed signal terminated program cc1plus
[INFO] [stderr]   cargo:warning=compilation terminated.
[INFO] [stderr] 
[INFO] [stderr]   exit status: 0
[INFO] [stderr]   exit status: 0
[INFO] [stderr]   exit status: 0
[INFO] [stderr]   exit status: 0
[INFO] [stderr]   exit status: 0
[INFO] [stderr]   exit status: 0
[INFO] [stderr]   exit status: 0
[INFO] [stderr]   exit status: 0
[INFO] [stderr]   exit status: 1
[INFO] [stderr]   cargo:warning=ToolExecError: Command "c++" "-O0" "-ffunction-sections" "-fdata-sections" "-fPIC" "-gdwarf-4" "-fno-omit-frame-pointer" "-m64" "-std=c++14" "-I" "/opt/rustwide/cargo-home/registry/src/index.crates.io-1949cf8c6b5b557f/opencv-0.93.4/src_cpp" "-I" "/opt/rustwide/target/debug/build/opencv-9e6280cc7321417f/out" "-I" "." "-I" "/usr/include/opencv4" "-Wall" "-Wextra" "-Wno-deprecated-declarations" "-Wno-deprecated-copy" "-Wno-unused-parameter" "-Wno-sign-compare" "-Wno-comment" "-Wunused-but-set-variable" "-Wno-unused-variable" "-Wno-ignored-qualifiers" "-Wno-return-type-c-linkage" "-Wno-overloaded-virtual" "-DOCVRS_FFI_EXPORT_SUFFIX=_0_93_4" "-o" "/opt/rustwide/target/debug/build/opencv-9e6280cc7321417f/out/2df4b131b321e3d8-ml.o" "-c" "/opt/rustwide/target/debug/build/opencv-9e6280cc7321417f/out/ml.cpp" with args c++ did not execute successfully (status code exit status: 1).cargo:warning=c++: fatal error: Killed signal terminated program cc1plus
[INFO] [stderr]   cargo:warning=compilation terminated.
[INFO] [stderr] 
[INFO] [stderr]   exit status: 1
[INFO] [stderr]   cargo:warning=ToolExecError: Command "c++" "-O0" "-ffunction-sections" "-fdata-sections" "-fPIC" "-gdwarf-4" "-fno-omit-frame-pointer" "-m64" "-std=c++14" "-I" "/opt/rustwide/cargo-home/registry/src/index.crates.io-1949cf8c6b5b557f/opencv-0.93.4/src_cpp" "-I" "/opt/rustwide/target/debug/build/opencv-9e6280cc7321417f/out" "-I" "." "-I" "/usr/include/opencv4" "-Wall" "-Wextra" "-Wno-deprecated-declarations" "-Wno-deprecated-copy" "-Wno-unused-parameter" "-Wno-sign-compare" "-Wno-comment" "-Wunused-but-set-variable" "-Wno-unused-variable" "-Wno-ignored-qualifiers" "-Wno-return-type-c-linkage" "-Wno-overloaded-virtual" "-DOCVRS_FFI_EXPORT_SUFFIX=_0_93_4" "-o" "/opt/rustwide/target/debug/build/opencv-9e6280cc7321417f/out/2df4b131b321e3d8-optflow.o" "-c" "/opt/rustwide/target/debug/build/opencv-9e6280cc7321417f/out/optflow.cpp" with args c++ did not execute successfully (status code exit status: 1).cargo:warning=c++: fatal error: Killed signal terminated program cc1plus
[INFO] [stderr]   cargo:warning=compilation terminated.
[INFO] [stderr] 
[INFO] [stderr]   exit status: 1
[INFO] [stderr]   cargo:warning=ToolExecError: Command "c++" "-O0" "-ffunction-sections" "-fdata-sections" "-fPIC" "-gdwarf-4" "-fno-omit-frame-pointer" "-m64" "-std=c++14" "-I" "/opt/rustwide/cargo-home/registry/src/index.crates.io-1949cf8c6b5b557f/opencv-0.93.4/src_cpp" "-I" "/opt/rustwide/target/debug/build/opencv-9e6280cc7321417f/out" "-I" "." "-I" "/usr/include/opencv4" "-Wall" "-Wextra" "-Wno-deprecated-declarations" "-Wno-deprecated-copy" "-Wno-unused-parameter" "-Wno-sign-compare" "-Wno-comment" "-Wunused-but-set-variable" "-Wno-unused-variable" "-Wno-ignored-qualifiers" "-Wno-return-type-c-linkage" "-Wno-overloaded-virtual" "-DOCVRS_FFI_EXPORT_SUFFIX=_0_93_4" "-o" "/opt/rustwide/target/debug/build/opencv-9e6280cc7321417f/out/2df4b131b321e3d8-line_descriptor.o" "-c" "/opt/rustwide/target/debug/build/opencv-9e6280cc7321417f/out/line_descriptor.cpp" with args c++ did not execute successfully (status code exit status: 1).cargo:warning=c++: fatal error: Killed signal terminated program cc1plus
[INFO] [stderr]   cargo:warning=compilation terminated.
[INFO] [stderr] 
[INFO] [stderr]   exit status: 1
[INFO] [stderr]   cargo:warning=ToolExecError: Command "c++" "-O0" "-ffunction-sections" "-fdata-sections" "-fPIC" "-gdwarf-4" "-fno-omit-frame-pointer" "-m64" "-std=c++14" "-I" "/opt/rustwide/cargo-home/registry/src/index.crates.io-1949cf8c6b5b557f/opencv-0.93.4/src_cpp" "-I" "/opt/rustwide/target/debug/build/opencv-9e6280cc7321417f/out" "-I" "." "-I" "/usr/include/opencv4" "-Wall" "-Wextra" "-Wno-deprecated-declarations" "-Wno-deprecated-copy" "-Wno-unused-parameter" "-Wno-sign-compare" "-Wno-comment" "-Wunused-but-set-variable" "-Wno-unused-variable" "-Wno-ignored-qualifiers" "-Wno-return-type-c-linkage" "-Wno-overloaded-virtual" "-DOCVRS_FFI_EXPORT_SUFFIX=_0_93_4" "-o" "/opt/rustwide/target/debug/build/opencv-9e6280cc7321417f/out/2df4b131b321e3d8-imgproc.o" "-c" "/opt/rustwide/target/debug/build/opencv-9e6280cc7321417f/out/imgproc.cpp" with args c++ did not execute successfully (status code exit status: 1).cargo:warning=c++: fatal error: Killed signal terminated program cc1plus
[INFO] [stderr]   cargo:warning=compilation terminated.
[INFO] [stderr] 
[INFO] [stderr]   exit status: 0
[INFO] [stderr]   exit status: 0
[INFO] [stderr]   exit status: 0
[INFO] [stderr]   exit status: 1
[INFO] [stderr]   cargo:warning=ToolExecError: Command "c++" "-O0" "-ffunction-sections" "-fdata-sections" "-fPIC" "-gdwarf-4" "-fno-omit-frame-pointer" "-m64" "-std=c++14" "-I" "/opt/rustwide/cargo-home/registry/src/index.crates.io-1949cf8c6b5b557f/opencv-0.93.4/src_cpp" "-I" "/opt/rustwide/target/debug/build/opencv-9e6280cc7321417f/out" "-I" "." "-I" "/usr/include/opencv4" "-Wall" "-Wextra" "-Wno-deprecated-declarations" "-Wno-deprecated-copy" "-Wno-unused-parameter" "-Wno-sign-compare" "-Wno-comment" "-Wunused-but-set-variable" "-Wno-unused-variable" "-Wno-ignored-qualifiers" "-Wno-return-type-c-linkage" "-Wno-overloaded-virtual" "-DOCVRS_FFI_EXPORT_SUFFIX=_0_93_4" "-o" "/opt/rustwide/target/debug/build/opencv-9e6280cc7321417f/out/2df4b131b321e3d8-objdetect.o" "-c" "/opt/rustwide/target/debug/build/opencv-9e6280cc7321417f/out/objdetect.cpp" with args c++ did not execute successfully (status code exit status: 1).cargo:warning=c++: fatal error: Killed signal terminated program cc1plus
[INFO] [stderr]   cargo:warning=compilation terminated.
[INFO] [stderr] 
[INFO] [stderr]   exit status: 0
[INFO] [stderr]   exit status: 0
[INFO] [stderr]   exit status: 0
[INFO] [stderr]   exit status: 1
[INFO] [stderr]   cargo:warning=ToolExecError: Command "c++" "-O0" "-ffunction-sections" "-fdata-sections" "-fPIC" "-gdwarf-4" "-fno-omit-frame-pointer" "-m64" "-std=c++14" "-I" "/opt/rustwide/cargo-home/registry/src/index.crates.io-1949cf8c6b5b557f/opencv-0.93.4/src_cpp" "-I" "/opt/rustwide/target/debug/build/opencv-9e6280cc7321417f/out" "-I" "." "-I" "/usr/include/opencv4" "-Wall" "-Wextra" "-Wno-deprecated-declarations" "-Wno-deprecated-copy" "-Wno-unused-parameter" "-Wno-sign-compare" "-Wno-comment" "-Wunused-but-set-variable" "-Wno-unused-variable" "-Wno-ignored-qualifiers" "-Wno-return-type-c-linkage" "-Wno-overloaded-virtual" "-DOCVRS_FFI_EXPORT_SUFFIX=_0_93_4" "-o" "/opt/rustwide/target/debug/build/opencv-9e6280cc7321417f/out/2df4b131b321e3d8-rgbd.o" "-c" "/opt/rustwide/target/debug/build/opencv-9e6280cc7321417f/out/rgbd.cpp" with args c++ did not execute successfully (status code exit status: 1).cargo:warning=c++: fatal error: Killed signal terminated program cc1plus
[INFO] [stderr]   cargo:warning=compilation terminated.
[INFO] [stderr] 
[INFO] [stderr]   exit status: 1
[INFO] [stderr]   cargo:warning=ToolExecError: Command "c++" "-O0" "-ffunction-sections" "-fdata-sections" "-fPIC" "-gdwarf-4" "-fno-omit-frame-pointer" "-m64" "-std=c++14" "-I" "/opt/rustwide/cargo-home/registry/src/index.crates.io-1949cf8c6b5b557f/opencv-0.93.4/src_cpp" "-I" "/opt/rustwide/target/debug/build/opencv-9e6280cc7321417f/out" "-I" "." "-I" "/usr/include/opencv4" "-Wall" "-Wextra" "-Wno-deprecated-declarations" "-Wno-deprecated-copy" "-Wno-unused-parameter" "-Wno-sign-compare" "-Wno-comment" "-Wunused-but-set-variable" "-Wno-unused-variable" "-Wno-ignored-qualifiers" "-Wno-return-type-c-linkage" "-Wno-overloaded-virtual" "-DOCVRS_FFI_EXPORT_SUFFIX=_0_93_4" "-o" "/opt/rustwide/target/debug/build/opencv-9e6280cc7321417f/out/2df4b131b321e3d8-stitching.o" "-c" "/opt/rustwide/target/debug/build/opencv-9e6280cc7321417f/out/stitching.cpp" with args c++ did not execute successfully (status code exit status: 1).cargo:warning=c++: fatal error: Killed signal terminated program cc1plus
[INFO] [stderr]   cargo:warning=compilation terminated.
[INFO] [stderr] 
[INFO] [stderr]   exit status: 1
[INFO] [stderr]   cargo:warning=ToolExecError: Command "c++" "-O0" "-ffunction-sections" "-fdata-sections" "-fPIC" "-gdwarf-4" "-fno-omit-frame-pointer" "-m64" "-std=c++14" "-I" "/opt/rustwide/cargo-home/registry/src/index.crates.io-1949cf8c6b5b557f/opencv-0.93.4/src_cpp" "-I" "/opt/rustwide/target/debug/build/opencv-9e6280cc7321417f/out" "-I" "." "-I" "/usr/include/opencv4" "-Wall" "-Wextra" "-Wno-deprecated-declarations" "-Wno-deprecated-copy" "-Wno-unused-parameter" "-Wno-sign-compare" "-Wno-comment" "-Wunused-but-set-variable" "-Wno-unused-variable" "-Wno-ignored-qualifiers" "-Wno-return-type-c-linkage" "-Wno-overloaded-virtual" "-DOCVRS_FFI_EXPORT_SUFFIX=_0_93_4" "-o" "/opt/rustwide/target/debug/build/opencv-9e6280cc7321417f/out/2df4b131b321e3d8-saliency.o" "-c" "/opt/rustwide/target/debug/build/opencv-9e6280cc7321417f/out/saliency.cpp" with args c++ did not execute successfully (status code exit status: 1).cargo:warning=c++: fatal error: Killed signal terminated program cc1plus
[INFO] [stderr]   cargo:warning=compilation terminated.
[INFO] [stderr] 
[INFO] [stderr]   exit status: 1
[INFO] [stderr]   cargo:warning=ToolExecError: Command "c++" "-O0" "-ffunction-sections" "-fdata-sections" "-fPIC" "-gdwarf-4" "-fno-omit-frame-pointer" "-m64" "-std=c++14" "-I" "/opt/rustwide/cargo-home/registry/src/index.crates.io-1949cf8c6b5b557f/opencv-0.93.4/src_cpp" "-I" "/opt/rustwide/target/debug/build/opencv-9e6280cc7321417f/out" "-I" "." "-I" "/usr/include/opencv4" "-Wall" "-Wextra" "-Wno-deprecated-declarations" "-Wno-deprecated-copy" "-Wno-unused-parameter" "-Wno-sign-compare" "-Wno-comment" "-Wunused-but-set-variable" "-Wno-unused-variable" "-Wno-ignored-qualifiers" "-Wno-return-type-c-linkage" "-Wno-overloaded-virtual" "-DOCVRS_FFI_EXPORT_SUFFIX=_0_93_4" "-o" "/opt/rustwide/target/debug/build/opencv-9e6280cc7321417f/out/2df4b131b321e3d8-shape.o" "-c" "/opt/rustwide/target/debug/build/opencv-9e6280cc7321417f/out/shape.cpp" with args c++ did not execute successfully (status code exit status: 1).
[INFO] [stderr]   exit status: 0
[INFO] [stderr]   exit status: 0
[INFO] [stderr]   exit status: 0
[INFO] [stderr]   exit status: 0
[INFO] [stderr]   exit status: 0
[INFO] [stderr]   exit status: 0
[INFO] [stderr]   exit status: 0
[INFO] [stderr]   exit status: 0
[INFO] [stderr]   exit status: 0
[INFO] [stderr]   exit status: 0
[INFO] [stderr]   exit status: 0
[INFO] [stderr]   exit status: 0
[INFO] [stderr]   exit status: 0
[INFO] [stderr]   exit status: 0
[INFO] [stderr] 
[INFO] [stderr]   --- stderr
[INFO] [stderr]   === Crate version: 0.93.4
[INFO] [stderr]   === Environment configuration:
[INFO] [stderr]   ===   OPENCV_PACKAGE_NAME = None
[INFO] [stderr]   ===   OPENCV_PKGCONFIG_NAME = None
[INFO] [stderr]   ===   OPENCV_CMAKE_NAME = None
[INFO] [stderr]   ===   OPENCV_CMAKE_BIN = None
[INFO] [stderr]   ===   OPENCV_VCPKG_NAME = None
[INFO] [stderr]   ===   OPENCV_LINK_LIBS = None
[INFO] [stderr]   ===   OPENCV_LINK_PATHS = None
[INFO] [stderr]   ===   OPENCV_INCLUDE_PATHS = None
[INFO] [stderr]   ===   OPENCV_DISABLE_PROBES = None
[INFO] [stderr]   ===   OPENCV_MSVC_CRT = None
[INFO] [stderr]   ===   CMAKE_PREFIX_PATH = None
[INFO] [stderr]   ===   OpenCV_DIR = None
[INFO] [stderr]   ===   PKG_CONFIG_PATH = None
[INFO] [stderr]   ===   VCPKG_ROOT = None
[INFO] [stderr]   ===   VCPKGRS_DYNAMIC = None
[INFO] [stderr]   ===   VCPKGRS_TRIPLET = None
[INFO] [stderr]   ===   OCVRS_DOCS_GENERATE_DIR = None
[INFO] [stderr]   ===   DOCS_RS = None
[INFO] [stderr]   ===   PATH = Some("/opt/rustwide/cargo-home/bin:/usr/local/sbin:/usr/local/bin:/usr/sbin:/usr/bin:/sbin:/bin")
[INFO] [stderr]   === Enabled features:
[INFO] [stderr]   ===   ALPHAMAT
[INFO] [stderr]   ===   ARUCO
[INFO] [stderr]   ===   ARUCO_DETECTOR
[INFO] [stderr]   ===   BARCODE
[INFO] [stderr]   ===   BGSEGM
[INFO] [stderr]   ===   BIOINSPIRED
[INFO] [stderr]   ===   CALIB3D
[INFO] [stderr]   ===   CCALIB
[INFO] [stderr]   ===   CUDAARITHM
[INFO] [stderr]   ===   CUDABGSEGM
[INFO] [stderr]   ===   CUDACODEC
[INFO] [stderr]   ===   CUDAFEATURES2D
[INFO] [stderr]   ===   CUDAFILTERS
[INFO] [stderr]   ===   CUDAIMGPROC
[INFO] [stderr]   ===   CUDAOBJDETECT
[INFO] [stderr]   ===   CUDAOPTFLOW
[INFO] [stderr]   ===   CUDASTEREO
[INFO] [stderr]   ===   CUDAWARPING
[INFO] [stderr]   ===   CVV
[INFO] [stderr]   ===   DEFAULT
[INFO] [stderr]   ===   DNN
[INFO] [stderr]   ===   DNN_SUPERRES
[INFO] [stderr]   ===   DPM
[INFO] [stderr]   ===   FACE
[INFO] [stderr]   ===   FEATURES2D
[INFO] [stderr]   ===   FLANN
[INFO] [stderr]   ===   FREETYPE
[INFO] [stderr]   ===   FUZZY
[INFO] [stderr]   ===   GAPI
[INFO] [stderr]   ===   HDF
[INFO] [stderr]   ===   HFS
[INFO] [stderr]   ===   HIGHGUI
[INFO] [stderr]   ===   IMGCODECS
[INFO] [stderr]   ===   IMGPROC
[INFO] [stderr]   ===   IMG_HASH
[INFO] [stderr]   ===   INTENSITY_TRANSFORM
[INFO] [stderr]   ===   LINE_DESCRIPTOR
[INFO] [stderr]   ===   MCC
[INFO] [stderr]   ===   ML
[INFO] [stderr]   ===   OBJDETECT
[INFO] [stderr]   ===   OPTFLOW
[INFO] [stderr]   ===   OVIS
[INFO] [stderr]   ===   PHASE_UNWRAPPING
[INFO] [stderr]   ===   PHOTO
[INFO] [stderr]   ===   PLOT
[INFO] [stderr]   ===   QUALITY
[INFO] [stderr]   ===   RAPID
[INFO] [stderr]   ===   RGBD
[INFO] [stderr]   ===   SALIENCY
[INFO] [stderr]   ===   SFM
[INFO] [stderr]   ===   SHAPE
[INFO] [stderr]   ===   STEREO
[INFO] [stderr]   ===   STITCHING
[INFO] [stderr]   ===   STRUCTURED_LIGHT
[INFO] [stderr]   ===   SUPERRES
[INFO] [stderr]   ===   SURFACE_MATCHING
[INFO] [stderr]   ===   TEXT
[INFO] [stderr]   ===   TRACKING
[INFO] [stderr]   ===   VIDEO
[INFO] [stderr]   ===   VIDEOIO
[INFO] [stderr]   ===   VIDEOSTAB
[INFO] [stderr]   ===   VIZ
[INFO] [stderr]   ===   WECHAT_QRCODE
[INFO] [stderr]   ===   XFEATURES2D
[INFO] [stderr]   ===   XIMGPROC
[INFO] [stderr]   ===   XOBJDETECT
[INFO] [stderr]   ===   XPHOTO
[INFO] [stderr]   === Detected probe priority boost based on environment vars: pkg_config: false, cmake: false, vcpkg: false
[INFO] [stderr]   === Probing the OpenCV library in the following order: environment, pkg_config, cmake, vcpkg_cmake, vcpkg
[INFO] [stderr]   === Can't probe using: environment, continuing with other methods because: Some environment variables are missing
[INFO] [stderr]   === Probing OpenCV library using pkg_config
[INFO] [stderr]   === Successfully probed using: pkg_config
[INFO] [stderr]   === OpenCV library configuration: Library {
[INFO] [stderr]       include_paths: [
[INFO] [stderr]           "/usr/include/opencv4",
[INFO] [stderr]       ],
[INFO] [stderr]       version: Version {
[INFO] [stderr]           major: 4,
[INFO] [stderr]           minor: 5,
[INFO] [stderr]           patch: 4,
[INFO] [stderr]       },
[INFO] [stderr]       cargo_metadata: [
[INFO] [stderr]           "cargo:rustc-link-search=/usr/lib/x86_64-linux-gnu",
[INFO] [stderr]           "cargo:rustc-link-lib=opencv_stitching",
[INFO] [stderr]           "cargo:rustc-link-lib=opencv_alphamat",
[INFO] [stderr]           "cargo:rustc-link-lib=opencv_aruco",
[INFO] [stderr]           "cargo:rustc-link-lib=opencv_barcode",
[INFO] [stderr]           "cargo:rustc-link-lib=opencv_bgsegm",
[INFO] [stderr]           "cargo:rustc-link-lib=opencv_bioinspired",
[INFO] [stderr]           "cargo:rustc-link-lib=opencv_ccalib",
[INFO] [stderr]           "cargo:rustc-link-lib=opencv_dnn_objdetect",
[INFO] [stderr]           "cargo:rustc-link-lib=opencv_dnn_superres",
[INFO] [stderr]           "cargo:rustc-link-lib=opencv_dpm",
[INFO] [stderr]           "cargo:rustc-link-lib=opencv_face",
[INFO] [stderr]           "cargo:rustc-link-lib=opencv_freetype",
[INFO] [stderr]           "cargo:rustc-link-lib=opencv_fuzzy",
[INFO] [stderr]           "cargo:rustc-link-lib=opencv_hdf",
[INFO] [stderr]           "cargo:rustc-link-lib=opencv_hfs",
[INFO] [stderr]           "cargo:rustc-link-lib=opencv_img_hash",
[INFO] [stderr]           "cargo:rustc-link-lib=opencv_intensity_transform",
[INFO] [stderr]           "cargo:rustc-link-lib=opencv_line_descriptor",
[INFO] [stderr]           "cargo:rustc-link-lib=opencv_mcc",
[INFO] [stderr]           "cargo:rustc-link-lib=opencv_quality",
[INFO] [stderr]           "cargo:rustc-link-lib=opencv_rapid",
[INFO] [stderr]           "cargo:rustc-link-lib=opencv_reg",
[INFO] [stderr]           "cargo:rustc-link-lib=opencv_rgbd",
[INFO] [stderr]           "cargo:rustc-link-lib=opencv_saliency",
[INFO] [stderr]           "cargo:rustc-link-lib=opencv_shape",
[INFO] [stderr]           "cargo:rustc-link-lib=opencv_stereo",
[INFO] [stderr]           "cargo:rustc-link-lib=opencv_structured_light",
[INFO] [stderr]           "cargo:rustc-link-lib=opencv_phase_unwrapping",
[INFO] [stderr]           "cargo:rustc-link-lib=opencv_superres",
[INFO] [stderr]           "cargo:rustc-link-lib=opencv_optflow",
[INFO] [stderr]           "cargo:rustc-link-lib=opencv_surface_matching",
[INFO] [stderr]           "cargo:rustc-link-lib=opencv_tracking",
[INFO] [stderr]           "cargo:rustc-link-lib=opencv_highgui",
[INFO] [stderr]           "cargo:rustc-link-lib=opencv_datasets",
[INFO] [stderr]           "cargo:rustc-link-lib=opencv_text",
[INFO] [stderr]           "cargo:rustc-link-lib=opencv_plot",
[INFO] [stderr]           "cargo:rustc-link-lib=opencv_ml",
[INFO] [stderr]           "cargo:rustc-link-lib=opencv_videostab",
[INFO] [stderr]           "cargo:rustc-link-lib=opencv_videoio",
[INFO] [stderr]           "cargo:rustc-link-lib=opencv_viz",
[INFO] [stderr]           "cargo:rustc-link-lib=opencv_wechat_qrcode",
[INFO] [stderr]           "cargo:rustc-link-lib=opencv_ximgproc",
[INFO] [stderr]           "cargo:rustc-link-lib=opencv_video",
[INFO] [stderr]           "cargo:rustc-link-lib=opencv_xobjdetect",
[INFO] [stderr]           "cargo:rustc-link-lib=opencv_objdetect",
[INFO] [stderr]           "cargo:rustc-link-lib=opencv_calib3d",
[INFO] [stderr]           "cargo:rustc-link-lib=opencv_imgcodecs",
[INFO] [stderr]           "cargo:rustc-link-lib=opencv_features2d",
[INFO] [stderr]           "cargo:rustc-link-lib=opencv_dnn",
[INFO] [stderr]           "cargo:rustc-link-lib=opencv_flann",
[INFO] [stderr]           "cargo:rustc-link-lib=opencv_xphoto",
[INFO] [stderr]           "cargo:rustc-link-lib=opencv_photo",
[INFO] [stderr]           "cargo:rustc-link-lib=opencv_imgproc",
[INFO] [stderr]           "cargo:rustc-link-lib=opencv_core",
[INFO] [stderr]       ],
[INFO] [stderr]   }
[INFO] [stderr]   === Detected OpenCV module header dir at: /usr/include/opencv4/opencv2
[INFO] [stderr]   === Found OpenCV version: 4.5.4 in headers located at: /usr/include/opencv4
[INFO] [stderr]   === Generating code in: /opt/rustwide/target/debug/build/opencv-9e6280cc7321417f/out
[INFO] [stderr]   === Placing generated bindings into: /opt/rustwide/target/debug/build/opencv-9e6280cc7321417f/out/opencv
[INFO] [stderr]   === Using OpenCV headers from: /usr/include/opencv4
[INFO] [stderr]   === Clang: Ubuntu clang version 14.0.0-1ubuntu1.1
[INFO] [stderr]   === Clang command line args: [
[INFO] [stderr]       "-isystem/usr/lib/gcc/x86_64-linux-gnu/11/../../../../include/c++/11",
[INFO] [stderr]       "-isystem/usr/lib/gcc/x86_64-linux-gnu/11/../../../../include/x86_64-linux-gnu/c++/11",
[INFO] [stderr]       "-isystem/usr/lib/gcc/x86_64-linux-gnu/11/../../../../include/c++/11/backward",
[INFO] [stderr]       "-isystem/usr/lib/llvm-14/lib/clang/14.0.0/include",
[INFO] [stderr]       "-isystem/usr/local/include",
[INFO] [stderr]       "-isystem/usr/include/x86_64-linux-gnu",
[INFO] [stderr]       "-isystem/usr/include",
[INFO] [stderr]       "-I/usr/include/opencv4",
[INFO] [stderr]       "-F/usr/include/opencv4",
[INFO] [stderr]       "-I/opt/rustwide/cargo-home/registry/src/index.crates.io-1949cf8c6b5b557f/opencv-0.93.4/src_cpp",
[INFO] [stderr]       "-F/opt/rustwide/cargo-home/registry/src/index.crates.io-1949cf8c6b5b557f/opencv-0.93.4/src_cpp",
[INFO] [stderr]       "-DOCVRS_PARSING_HEADERS",
[INFO] [stderr]       "-includeocvrs_common.hpp",
[INFO] [stderr]       "-std=c++14",
[INFO] [stderr]   ]
[INFO] [stderr]   === Using environment job server with the the amount of available jobs: 15
[INFO] [stderr]   === Generating 51 modules
[INFO] [stderr]   === Running: "/opt/rustwide/target/debug/build/opencv-05c96df024d675a3/build-script-build" "/usr/include/opencv4" "/opt/rustwide/cargo-home/registry/src/index.crates.io-1949cf8c6b5b557f/opencv-0.93.4/src_cpp" "/opt/rustwide/target/debug/build/opencv-9e6280cc7321417f/out" "alphamat" ""
[INFO] [stderr]   === Running: "/opt/rustwide/target/debug/build/opencv-05c96df024d675a3/build-script-build" "/usr/include/opencv4" "/opt/rustwide/cargo-home/registry/src/index.crates.io-1949cf8c6b5b557f/opencv-0.93.4/src_cpp" "/opt/rustwide/target/debug/build/opencv-9e6280cc7321417f/out" "aruco" ""
[INFO] [stderr]   === Running: "/opt/rustwide/target/debug/build/opencv-05c96df024d675a3/build-script-build" "/usr/include/opencv4" "/opt/rustwide/cargo-home/registry/src/index.crates.io-1949cf8c6b5b557f/opencv-0.93.4/src_cpp" "/opt/rustwide/target/debug/build/opencv-9e6280cc7321417f/out" "bgsegm" ""
[INFO] [stderr]   === Running: "/opt/rustwide/target/debug/build/opencv-05c96df024d675a3/build-script-build" "/usr/include/opencv4" "/opt/rustwide/cargo-home/registry/src/index.crates.io-1949cf8c6b5b557f/opencv-0.93.4/src_cpp" "/opt/rustwide/target/debug/build/opencv-9e6280cc7321417f/out" "barcode" ""
[INFO] [stderr]   === Running: "/opt/rustwide/target/debug/build/opencv-05c96df024d675a3/build-script-build" "/usr/include/opencv4" "/opt/rustwide/cargo-home/registry/src/index.crates.io-1949cf8c6b5b557f/opencv-0.93.4/src_cpp" "/opt/rustwide/target/debug/build/opencv-9e6280cc7321417f/out" "calib3d" ""
[INFO] [stderr]   === Running: "/opt/rustwide/target/debug/build/opencv-05c96df024d675a3/build-script-build" "/usr/include/opencv4" "/opt/rustwide/cargo-home/registry/src/index.crates.io-1949cf8c6b5b557f/opencv-0.93.4/src_cpp" "/opt/rustwide/target/debug/build/opencv-9e6280cc7321417f/out" "core" ""
[INFO] [stderr]   === Running: "/opt/rustwide/target/debug/build/opencv-05c96df024d675a3/build-script-build" "/usr/include/opencv4" "/opt/rustwide/cargo-home/registry/src/index.crates.io-1949cf8c6b5b557f/opencv-0.93.4/src_cpp" "/opt/rustwide/target/debug/build/opencv-9e6280cc7321417f/out" "dnn" ""
[INFO] [stderr]   === Running: "/opt/rustwide/target/debug/build/opencv-05c96df024d675a3/build-script-build" "/usr/include/opencv4" "/opt/rustwide/cargo-home/registry/src/index.crates.io-1949cf8c6b5b557f/opencv-0.93.4/src_cpp" "/opt/rustwide/target/debug/build/opencv-9e6280cc7321417f/out" "face" ""
[INFO] [stderr]   === Running: "/opt/rustwide/target/debug/build/opencv-05c96df024d675a3/build-script-build" "/usr/include/opencv4" "/opt/rustwide/cargo-home/registry/src/index.crates.io-1949cf8c6b5b557f/opencv-0.93.4/src_cpp" "/opt/rustwide/target/debug/build/opencv-9e6280cc7321417f/out" "features2d" ""
[INFO] [stderr]   === Running: "/opt/rustwide/target/debug/build/opencv-05c96df024d675a3/build-script-build" "/usr/include/opencv4" "/opt/rustwide/cargo-home/registry/src/index.crates.io-1949cf8c6b5b557f/opencv-0.93.4/src_cpp" "/opt/rustwide/target/debug/build/opencv-9e6280cc7321417f/out" "dpm" ""
[INFO] [stderr]   === Running: "/opt/rustwide/target/debug/build/opencv-05c96df024d675a3/build-script-build" "/usr/include/opencv4" "/opt/rustwide/cargo-home/registry/src/index.crates.io-1949cf8c6b5b557f/opencv-0.93.4/src_cpp" "/opt/rustwide/target/debug/build/opencv-9e6280cc7321417f/out" "bioinspired" ""
[INFO] [stderr]   === Running: "/opt/rustwide/target/debug/build/opencv-05c96df024d675a3/build-script-build" "/usr/include/opencv4" "/opt/rustwide/cargo-home/registry/src/index.crates.io-1949cf8c6b5b557f/opencv-0.93.4/src_cpp" "/opt/rustwide/target/debug/build/opencv-9e6280cc7321417f/out" "ccalib" ""
[INFO] [stderr]   === Running: "/opt/rustwide/target/debug/build/opencv-05c96df024d675a3/build-script-build" "/usr/include/opencv4" "/opt/rustwide/cargo-home/registry/src/index.crates.io-1949cf8c6b5b557f/opencv-0.93.4/src_cpp" "/opt/rustwide/target/debug/build/opencv-9e6280cc7321417f/out" "freetype" ""
[INFO] [stderr]   === Running: "/opt/rustwide/target/debug/build/opencv-05c96df024d675a3/build-script-build" "/usr/include/opencv4" "/opt/rustwide/cargo-home/registry/src/index.crates.io-1949cf8c6b5b557f/opencv-0.93.4/src_cpp" "/opt/rustwide/target/debug/build/opencv-9e6280cc7321417f/out" "dnn_superres" ""
[INFO] [stderr]   === Running: "/opt/rustwide/target/debug/build/opencv-05c96df024d675a3/build-script-build" "/usr/include/opencv4" "/opt/rustwide/cargo-home/registry/src/index.crates.io-1949cf8c6b5b557f/opencv-0.93.4/src_cpp" "/opt/rustwide/target/debug/build/opencv-9e6280cc7321417f/out" "flann" ""
[INFO] [stderr]   === Generated: freetype in 7.453489338s
[INFO] [stderr]   === Running: "/opt/rustwide/target/debug/build/opencv-05c96df024d675a3/build-script-build" "/usr/include/opencv4" "/opt/rustwide/cargo-home/registry/src/index.crates.io-1949cf8c6b5b557f/opencv-0.93.4/src_cpp" "/opt/rustwide/target/debug/build/opencv-9e6280cc7321417f/out" "fuzzy" ""
[INFO] [stderr]   === Generated: alphamat in 7.519007542s
[INFO] [stderr]   === Running: "/opt/rustwide/target/debug/build/opencv-05c96df024d675a3/build-script-build" "/usr/include/opencv4" "/opt/rustwide/cargo-home/registry/src/index.crates.io-1949cf8c6b5b557f/opencv-0.93.4/src_cpp" "/opt/rustwide/target/debug/build/opencv-9e6280cc7321417f/out" "hdf" ""
[INFO] [stderr]   === Generated: barcode in 7.821969264s
[INFO] [stderr]   === Running: "/opt/rustwide/target/debug/build/opencv-05c96df024d675a3/build-script-build" "/usr/include/opencv4" "/opt/rustwide/cargo-home/registry/src/index.crates.io-1949cf8c6b5b557f/opencv-0.93.4/src_cpp" "/opt/rustwide/target/debug/build/opencv-9e6280cc7321417f/out" "hfs" ""
[INFO] [stderr]   === Running: "/opt/rustwide/target/debug/build/opencv-05c96df024d675a3/build-script-build" "/usr/include/opencv4" "/opt/rustwide/cargo-home/registry/src/index.crates.io-1949cf8c6b5b557f/opencv-0.93.4/src_cpp" "/opt/rustwide/target/debug/build/opencv-9e6280cc7321417f/out" "highgui" ""
[INFO] [stderr]   === Generated: ccalib in 8.599613275s
[INFO] [stderr]   === Running: "/opt/rustwide/target/debug/build/opencv-05c96df024d675a3/build-script-build" "/usr/include/opencv4" "/opt/rustwide/cargo-home/registry/src/index.crates.io-1949cf8c6b5b557f/opencv-0.93.4/src_cpp" "/opt/rustwide/target/debug/build/opencv-9e6280cc7321417f/out" "img_hash" ""
[INFO] [stderr]   === Generated: dpm in 8.948009511s
[INFO] [stderr]   === Running: "/opt/rustwide/target/debug/build/opencv-05c96df024d675a3/build-script-build" "/usr/include/opencv4" "/opt/rustwide/cargo-home/registry/src/index.crates.io-1949cf8c6b5b557f/opencv-0.93.4/src_cpp" "/opt/rustwide/target/debug/build/opencv-9e6280cc7321417f/out" "imgcodecs" ""
[INFO] [stderr]   === Generated: flann in 9.795050853s
[INFO] [stderr]   === Running: "/opt/rustwide/target/debug/build/opencv-05c96df024d675a3/build-script-build" "/usr/include/opencv4" "/opt/rustwide/cargo-home/registry/src/index.crates.io-1949cf8c6b5b557f/opencv-0.93.4/src_cpp" "/opt/rustwide/target/debug/build/opencv-9e6280cc7321417f/out" "imgproc" ""
[INFO] [stderr]   === Generated: bioinspired in 9.854373401s
[INFO] [stderr]   === Running: "/opt/rustwide/target/debug/build/opencv-05c96df024d675a3/build-script-build" "/usr/include/opencv4" "/opt/rustwide/cargo-home/registry/src/index.crates.io-1949cf8c6b5b557f/opencv-0.93.4/src_cpp" "/opt/rustwide/target/debug/build/opencv-9e6280cc7321417f/out" "intensity_transform" ""
[INFO] [stderr]   === Generated: dnn_superres in 9.924955681s
[INFO] [stderr]   === Running: "/opt/rustwide/target/debug/build/opencv-05c96df024d675a3/build-script-build" "/usr/include/opencv4" "/opt/rustwide/cargo-home/registry/src/index.crates.io-1949cf8c6b5b557f/opencv-0.93.4/src_cpp" "/opt/rustwide/target/debug/build/opencv-9e6280cc7321417f/out" "line_descriptor" ""
[INFO] [stderr]   === Generated: bgsegm in 10.013258783s
[INFO] [stderr]   === Running: "/opt/rustwide/target/debug/build/opencv-05c96df024d675a3/build-script-build" "/usr/include/opencv4" "/opt/rustwide/cargo-home/registry/src/index.crates.io-1949cf8c6b5b557f/opencv-0.93.4/src_cpp" "/opt/rustwide/target/debug/build/opencv-9e6280cc7321417f/out" "mcc" ""
[INFO] [stderr]   === Generated: highgui in 3.378308301s
[INFO] [stderr]   === Running: "/opt/rustwide/target/debug/build/opencv-05c96df024d675a3/build-script-build" "/usr/include/opencv4" "/opt/rustwide/cargo-home/registry/src/index.crates.io-1949cf8c6b5b557f/opencv-0.93.4/src_cpp" "/opt/rustwide/target/debug/build/opencv-9e6280cc7321417f/out" "ml" ""
[INFO] [stderr]   === Generated: hfs in 4.055938237s
[INFO] [stderr]   === Running: "/opt/rustwide/target/debug/build/opencv-05c96df024d675a3/build-script-build" "/usr/include/opencv4" "/opt/rustwide/cargo-home/registry/src/index.crates.io-1949cf8c6b5b557f/opencv-0.93.4/src_cpp" "/opt/rustwide/target/debug/build/opencv-9e6280cc7321417f/out" "objdetect" ""
[INFO] [stderr]   === Generated: aruco in 12.004823881s
[INFO] [stderr]   === Running: "/opt/rustwide/target/debug/build/opencv-05c96df024d675a3/build-script-build" "/usr/include/opencv4" "/opt/rustwide/cargo-home/registry/src/index.crates.io-1949cf8c6b5b557f/opencv-0.93.4/src_cpp" "/opt/rustwide/target/debug/build/opencv-9e6280cc7321417f/out" "optflow" ""
[INFO] [stderr]   === Generated: face in 12.901626406s
[INFO] [stderr]   === Running: "/opt/rustwide/target/debug/build/opencv-05c96df024d675a3/build-script-build" "/usr/include/opencv4" "/opt/rustwide/cargo-home/registry/src/index.crates.io-1949cf8c6b5b557f/opencv-0.93.4/src_cpp" "/opt/rustwide/target/debug/build/opencv-9e6280cc7321417f/out" "phase_unwrapping" ""
[INFO] [stderr]   === Generated: features2d in 14.086553511s
[INFO] [stderr]   === Running: "/opt/rustwide/target/debug/build/opencv-05c96df024d675a3/build-script-build" "/usr/include/opencv4" "/opt/rustwide/cargo-home/registry/src/index.crates.io-1949cf8c6b5b557f/opencv-0.93.4/src_cpp" "/opt/rustwide/target/debug/build/opencv-9e6280cc7321417f/out" "photo" ""
[INFO] [stderr]   === Generated: fuzzy in 7.086263172s
[INFO] [stderr]   === Running: "/opt/rustwide/target/debug/build/opencv-05c96df024d675a3/build-script-build" "/usr/include/opencv4" "/opt/rustwide/cargo-home/registry/src/index.crates.io-1949cf8c6b5b557f/opencv-0.93.4/src_cpp" "/opt/rustwide/target/debug/build/opencv-9e6280cc7321417f/out" "plot" ""
[INFO] [stderr]   === Generated: hdf in 7.055038498s
[INFO] [stderr]   === Running: "/opt/rustwide/target/debug/build/opencv-05c96df024d675a3/build-script-build" "/usr/include/opencv4" "/opt/rustwide/cargo-home/registry/src/index.crates.io-1949cf8c6b5b557f/opencv-0.93.4/src_cpp" "/opt/rustwide/target/debug/build/opencv-9e6280cc7321417f/out" "quality" ""
[INFO] [stderr]   === Generated: imgcodecs in 5.979687504s
[INFO] [stderr]   === Running: "/opt/rustwide/target/debug/build/opencv-05c96df024d675a3/build-script-build" "/usr/include/opencv4" "/opt/rustwide/cargo-home/registry/src/index.crates.io-1949cf8c6b5b557f/opencv-0.93.4/src_cpp" "/opt/rustwide/target/debug/build/opencv-9e6280cc7321417f/out" "rapid" ""
[INFO] [stderr]   === Generated: intensity_transform in 7.203972927s
[INFO] [stderr]   === Running: "/opt/rustwide/target/debug/build/opencv-05c96df024d675a3/build-script-build" "/usr/include/opencv4" "/opt/rustwide/cargo-home/registry/src/index.crates.io-1949cf8c6b5b557f/opencv-0.93.4/src_cpp" "/opt/rustwide/target/debug/build/opencv-9e6280cc7321417f/out" "rgbd" ""
[INFO] [stderr]   === Generated: img_hash in 8.894582691s
[INFO] [stderr]   === Running: "/opt/rustwide/target/debug/build/opencv-05c96df024d675a3/build-script-build" "/usr/include/opencv4" "/opt/rustwide/cargo-home/registry/src/index.crates.io-1949cf8c6b5b557f/opencv-0.93.4/src_cpp" "/opt/rustwide/target/debug/build/opencv-9e6280cc7321417f/out" "saliency" ""
[INFO] [stderr]   === Generated: line_descriptor in 8.874972962s
[INFO] [stderr]   === Running: "/opt/rustwide/target/debug/build/opencv-05c96df024d675a3/build-script-build" "/usr/include/opencv4" "/opt/rustwide/cargo-home/registry/src/index.crates.io-1949cf8c6b5b557f/opencv-0.93.4/src_cpp" "/opt/rustwide/target/debug/build/opencv-9e6280cc7321417f/out" "shape" ""
[INFO] [stderr]   === Generated: calib3d in 19.894744449s
[INFO] [stderr]   === Running: "/opt/rustwide/target/debug/build/opencv-05c96df024d675a3/build-script-build" "/usr/include/opencv4" "/opt/rustwide/cargo-home/registry/src/index.crates.io-1949cf8c6b5b557f/opencv-0.93.4/src_cpp" "/opt/rustwide/target/debug/build/opencv-9e6280cc7321417f/out" "stereo" ""
[INFO] [stderr]   === Generated: mcc in 11.037995436s
[INFO] [stderr]   === Running: "/opt/rustwide/target/debug/build/opencv-05c96df024d675a3/build-script-build" "/usr/include/opencv4" "/opt/rustwide/cargo-home/registry/src/index.crates.io-1949cf8c6b5b557f/opencv-0.93.4/src_cpp" "/opt/rustwide/target/debug/build/opencv-9e6280cc7321417f/out" "stitching" ""
[INFO] [stderr]   === Generated: phase_unwrapping in 8.278994782s
[INFO] [stderr]   === Running: "/opt/rustwide/target/debug/build/opencv-05c96df024d675a3/build-script-build" "/usr/include/opencv4" "/opt/rustwide/cargo-home/registry/src/index.crates.io-1949cf8c6b5b557f/opencv-0.93.4/src_cpp" "/opt/rustwide/target/debug/build/opencv-9e6280cc7321417f/out" "structured_light" ""
[INFO] [stderr]   === Generated: optflow in 9.924780012s
[INFO] [stderr]   === Running: "/opt/rustwide/target/debug/build/opencv-05c96df024d675a3/build-script-build" "/usr/include/opencv4" "/opt/rustwide/cargo-home/registry/src/index.crates.io-1949cf8c6b5b557f/opencv-0.93.4/src_cpp" "/opt/rustwide/target/debug/build/opencv-9e6280cc7321417f/out" "superres" ""
[INFO] [stderr]   === Generated: plot in 7.731488915s
[INFO] [stderr]   === Running: "/opt/rustwide/target/debug/build/opencv-05c96df024d675a3/build-script-build" "/usr/include/opencv4" "/opt/rustwide/cargo-home/registry/src/index.crates.io-1949cf8c6b5b557f/opencv-0.93.4/src_cpp" "/opt/rustwide/target/debug/build/opencv-9e6280cc7321417f/out" "surface_matching" ""
[INFO] [stderr]   === Generated: dnn in 22.467435696s
[INFO] [stderr]   === Running: "/opt/rustwide/target/debug/build/opencv-05c96df024d675a3/build-script-build" "/usr/include/opencv4" "/opt/rustwide/cargo-home/registry/src/index.crates.io-1949cf8c6b5b557f/opencv-0.93.4/src_cpp" "/opt/rustwide/target/debug/build/opencv-9e6280cc7321417f/out" "text" ""
[INFO] [stderr]   === Generated: quality in 9.234767363s
[INFO] [stderr]   === Running: "/opt/rustwide/target/debug/build/opencv-05c96df024d675a3/build-script-build" "/usr/include/opencv4" "/opt/rustwide/cargo-home/registry/src/index.crates.io-1949cf8c6b5b557f/opencv-0.93.4/src_cpp" "/opt/rustwide/target/debug/build/opencv-9e6280cc7321417f/out" "tracking" ""
[INFO] [stderr]   === Generated: rapid in 9.324746374s
[INFO] [stderr]   === Running: "/opt/rustwide/target/debug/build/opencv-05c96df024d675a3/build-script-build" "/usr/include/opencv4" "/opt/rustwide/cargo-home/registry/src/index.crates.io-1949cf8c6b5b557f/opencv-0.93.4/src_cpp" "/opt/rustwide/target/debug/build/opencv-9e6280cc7321417f/out" "video" ""
[INFO] [stderr]   === Generated: ml in 12.848411175s
[INFO] [stderr]   === Running: "/opt/rustwide/target/debug/build/opencv-05c96df024d675a3/build-script-build" "/usr/include/opencv4" "/opt/rustwide/cargo-home/registry/src/index.crates.io-1949cf8c6b5b557f/opencv-0.93.4/src_cpp" "/opt/rustwide/target/debug/build/opencv-9e6280cc7321417f/out" "videoio" ""
[INFO] [stderr]   === Generated: photo in 10.235128s
[INFO] [stderr]   === Running: "/opt/rustwide/target/debug/build/opencv-05c96df024d675a3/build-script-build" "/usr/include/opencv4" "/opt/rustwide/cargo-home/registry/src/index.crates.io-1949cf8c6b5b557f/opencv-0.93.4/src_cpp" "/opt/rustwide/target/debug/build/opencv-9e6280cc7321417f/out" "videostab" ""
[INFO] [stderr]   === Generated: objdetect in 14.098842433s
[INFO] [stderr]   === Running: "/opt/rustwide/target/debug/build/opencv-05c96df024d675a3/build-script-build" "/usr/include/opencv4" "/opt/rustwide/cargo-home/registry/src/index.crates.io-1949cf8c6b5b557f/opencv-0.93.4/src_cpp" "/opt/rustwide/target/debug/build/opencv-9e6280cc7321417f/out" "viz" ""
[INFO] [stderr]   === Generated: saliency in 9.631989834s
[INFO] [stderr]   === Running: "/opt/rustwide/target/debug/build/opencv-05c96df024d675a3/build-script-build" "/usr/include/opencv4" "/opt/rustwide/cargo-home/registry/src/index.crates.io-1949cf8c6b5b557f/opencv-0.93.4/src_cpp" "/opt/rustwide/target/debug/build/opencv-9e6280cc7321417f/out" "wechat_qrcode" ""
[INFO] [stderr]   === Generated: stereo in 8.22795937s
[INFO] [stderr]   === Running: "/opt/rustwide/target/debug/build/opencv-05c96df024d675a3/build-script-build" "/usr/include/opencv4" "/opt/rustwide/cargo-home/registry/src/index.crates.io-1949cf8c6b5b557f/opencv-0.93.4/src_cpp" "/opt/rustwide/target/debug/build/opencv-9e6280cc7321417f/out" "ximgproc" ""
[INFO] [stderr]   === Generated: shape in 9.639978699s
[INFO] [stderr]   === Running: "/opt/rustwide/target/debug/build/opencv-05c96df024d675a3/build-script-build" "/usr/include/opencv4" "/opt/rustwide/cargo-home/registry/src/index.crates.io-1949cf8c6b5b557f/opencv-0.93.4/src_cpp" "/opt/rustwide/target/debug/build/opencv-9e6280cc7321417f/out" "xobjdetect" ""
[INFO] [stderr]   === Generated: imgproc in 18.783584683s
[INFO] [stderr]   === Running: "/opt/rustwide/target/debug/build/opencv-05c96df024d675a3/build-script-build" "/usr/include/opencv4" "/opt/rustwide/cargo-home/registry/src/index.crates.io-1949cf8c6b5b557f/opencv-0.93.4/src_cpp" "/opt/rustwide/target/debug/build/opencv-9e6280cc7321417f/out" "xphoto" ""
[INFO] [stderr]   === Generated: videoio in 5.377224166s
[INFO] [stderr]   === Generated: tracking in 6.733717496s
[INFO] [stderr]   === Generated: structured_light in 9.96460018s
[INFO] [stderr]   === Generated: superres in 9.309955791s
[INFO] [stderr]   === Generated: surface_matching in 9.25852289s
[INFO] [stderr]   === Generated: text in 9.354650477s
[INFO] [stderr]   === Generated: wechat_qrcode in 4.866985308s
[INFO] [stderr]   === Generated: xobjdetect in 3.666026042s
[INFO] [stderr]   === Generated: rgbd in 15.361753245s
[INFO] [stderr]   === Generated: video in 8.217572185s
[INFO] [stderr]   === Generated: xphoto in 4.059050785s
[INFO] [stderr]   === Generated: viz in 6.965148958s
[INFO] [stderr]   === Generated: videostab in 8.808153339s
[INFO] [stderr]   === Generated: core in 33.831771931s
[INFO] [stderr]   === Generated: stitching in 13.174878075s
[INFO] [stderr]   === Generated: ximgproc in 6.36499364s
[INFO] [stderr]   === Total binding generation time: 34.516602123s
[INFO] [stderr]   === Total binding collection time: 521.604331ms
[INFO] [stderr]   === Compiler information: Tool {
[INFO] [stderr]       path: "c++",
[INFO] [stderr]       cc_wrapper_path: None,
[INFO] [stderr]       cc_wrapper_args: [],
[INFO] [stderr]       args: [
[INFO] [stderr]           "-O0",
[INFO] [stderr]           "-ffunction-sections",
[INFO] [stderr]           "-fdata-sections",
[INFO] [stderr]           "-fPIC",
[INFO] [stderr]           "-gdwarf-4",
[INFO] [stderr]           "-fno-omit-frame-pointer",
[INFO] [stderr]           "-m64",
[INFO] [stderr]           "-std=c++14",
[INFO] [stderr]           "-I",
[INFO] [stderr]           "/opt/rustwide/cargo-home/registry/src/index.crates.io-1949cf8c6b5b557f/opencv-0.93.4/src_cpp",
[INFO] [stderr]           "-I",
[INFO] [stderr]           "/opt/rustwide/target/debug/build/opencv-9e6280cc7321417f/out",
[INFO] [stderr]           "-I",
[INFO] [stderr]           ".",
[INFO] [stderr]           "-I",
[INFO] [stderr]           "/usr/include/opencv4",
[INFO] [stderr]           "-Wall",
[INFO] [stderr]           "-Wextra",
[INFO] [stderr]           "-Wno-deprecated-declarations",
[INFO] [stderr]           "-Wno-deprecated-copy",
[INFO] [stderr]           "-Wno-unused-parameter",
[INFO] [stderr]           "-Wno-sign-compare",
[INFO] [stderr]           "-Wno-comment",
[INFO] [stderr]           "-Wunused-but-set-variable",
[INFO] [stderr]           "-Wno-unused-variable",
[INFO] [stderr]           "-Wno-ignored-qualifiers",
[INFO] [stderr]           "-Wno-return-type-c-linkage",
[INFO] [stderr]           "-Wno-overloaded-virtual",
[INFO] [stderr]           "-DOCVRS_FFI_EXPORT_SUFFIX=_0_93_4",
[INFO] [stderr]       ],
[INFO] [stderr]       env: [],
[INFO] [stderr]       family: Gnu,
[INFO] [stderr]       cuda: false,
[INFO] [stderr]       removed_args: [],
[INFO] [stderr]       has_internal_target_arg: false,
[INFO] [stderr]   }
[INFO] [stderr] 
[INFO] [stderr] 
[INFO] [stderr]   error occurred: Command "c++" "-O0" "-ffunction-sections" "-fdata-sections" "-fPIC" "-gdwarf-4" "-fno-omit-frame-pointer" "-m64" "-std=c++14" "-I" "/opt/rustwide/cargo-home/registry/src/index.crates.io-1949cf8c6b5b557f/opencv-0.93.4/src_cpp" "-I" "/opt/rustwide/target/debug/build/opencv-9e6280cc7321417f/out" "-I" "." "-I" "/usr/include/opencv4" "-Wall" "-Wextra" "-Wno-deprecated-declarations" "-Wno-deprecated-copy" "-Wno-unused-parameter" "-Wno-sign-compare" "-Wno-comment" "-Wunused-but-set-variable" "-Wno-unused-variable" "-Wno-ignored-qualifiers" "-Wno-return-type-c-linkage" "-Wno-overloaded-virtual" "-DOCVRS_FFI_EXPORT_SUFFIX=_0_93_4" "-o" "/opt/rustwide/target/debug/build/opencv-9e6280cc7321417f/out/2df4b131b321e3d8-shape.o" "-c" "/opt/rustwide/target/debug/build/opencv-9e6280cc7321417f/out/shape.cpp" with args c++ did not execute successfully (status code exit status: 1).
[INFO] [stderr] 
[INFO] [stderr] 
[INFO] running `Command { std: "docker" "inspect" "5d70cf68db2400cc882f664f3230740006ad67187c266fe4444ffcf81b99b189", kill_on_drop: false }`
[INFO] running `Command { std: "docker" "rm" "-f" "5d70cf68db2400cc882f664f3230740006ad67187c266fe4444ffcf81b99b189", kill_on_drop: false }`
[INFO] [stdout] 5d70cf68db2400cc882f664f3230740006ad67187c266fe4444ffcf81b99b189
