[INFO] cloning repository https://github.com/niklasbuesing/sciter_issue
[INFO] running `Command { std: "git" "-c" "credential.helper=" "-c" "credential.helper=/workspace/cargo-home/bin/git-credential-null" "clone" "--bare" "https://github.com/niklasbuesing/sciter_issue" "/workspace/cache/git-repos/https%3A%2F%2Fgithub.com%2Fniklasbuesing%2Fsciter_issue", kill_on_drop: false }`
[INFO] [stderr] Cloning into bare repository '/workspace/cache/git-repos/https%3A%2F%2Fgithub.com%2Fniklasbuesing%2Fsciter_issue'...
[INFO] [stderr] error: copy-fd: write returned: No space left on device
[INFO] [stderr] fatal: cannot copy '/usr/share/git-core/templates/hooks/pre-rebase.sample' to '/workspace/cache/git-repos/https%3A%2F%2Fgithub.com%2Fniklasbuesing%2Fsciter_issue/hooks/pre-rebase.sample': No space left on device
[WARN] Retrying crate fetch in 3 seconds (attempt 1)
[INFO] cloning repository https://github.com/niklasbuesing/sciter_issue
[INFO] running `Command { std: "git" "-c" "credential.helper=" "-c" "credential.helper=/workspace/cargo-home/bin/git-credential-null" "clone" "--bare" "https://github.com/niklasbuesing/sciter_issue" "/workspace/cache/git-repos/https%3A%2F%2Fgithub.com%2Fniklasbuesing%2Fsciter_issue", kill_on_drop: false }`
[INFO] [stderr] Cloning into bare repository '/workspace/cache/git-repos/https%3A%2F%2Fgithub.com%2Fniklasbuesing%2Fsciter_issue'...
[INFO] running `Command { std: "git" "rev-parse" "HEAD", kill_on_drop: false }`
[INFO] [stdout] 99f3c331f322899f92ecd7140defbae78eebe7ad
[INFO] documenting niklasbuesing/sciter_issue against 1.85.0 for beta-1.86-rustdoc-1
[INFO] running `Command { std: "git" "clone" "/workspace/cache/git-repos/https%3A%2F%2Fgithub.com%2Fniklasbuesing%2Fsciter_issue" "/workspace/builds/worker-2-tc1/source", kill_on_drop: false }`
[INFO] [stderr] Cloning into '/workspace/builds/worker-2-tc1/source'...
[INFO] [stderr] done.
[INFO] validating manifest of git repo https://github.com/niklasbuesing/sciter_issue on toolchain 1.85.0
[INFO] running `Command { std: CARGO_HOME="/workspace/cargo-home" RUSTUP_HOME="/workspace/rustup-home" "/workspace/cargo-home/bin/cargo" "+1.85.0" "metadata" "--manifest-path" "Cargo.toml" "--no-deps", kill_on_drop: false }`
[INFO] started tweaking git repo https://github.com/niklasbuesing/sciter_issue
[INFO] finished tweaking git repo https://github.com/niklasbuesing/sciter_issue
[INFO] tweaked toml for git repo https://github.com/niklasbuesing/sciter_issue written to /workspace/builds/worker-2-tc1/source/Cargo.toml
[INFO] crate git repo https://github.com/niklasbuesing/sciter_issue already has a lockfile, it will not be regenerated
[INFO] running `Command { std: CARGO_HOME="/workspace/cargo-home" RUSTUP_HOME="/workspace/rustup-home" "/workspace/cargo-home/bin/cargo" "+1.85.0" "fetch" "--manifest-path" "Cargo.toml", kill_on_drop: false }`
[INFO] [stderr]     Updating crates.io index
[INFO] [stderr]  Downloading crates ...
[INFO] [stderr]   Downloaded sciter-rs v0.5.54
[INFO] running `Command { std: "docker" "create" "-v" "/var/lib/crater-agent-workspace/builds/worker-2-tc1/target:/opt/rustwide/target:rw,Z" "-v" "/var/lib/crater-agent-workspace/builds/worker-2-tc1/source:/opt/rustwide/workdir:ro,Z" "-v" "/var/lib/crater-agent-workspace/cargo-home:/opt/rustwide/cargo-home:ro,Z" "-v" "/var/lib/crater-agent-workspace/rustup-home:/opt/rustwide/rustup-home:ro,Z" "-e" "SOURCE_DIR=/opt/rustwide/workdir" "-e" "CARGO_TARGET_DIR=/opt/rustwide/target" "-e" "CARGO_HOME=/opt/rustwide/cargo-home" "-e" "RUSTUP_HOME=/opt/rustwide/rustup-home" "-w" "/opt/rustwide/workdir" "-m" "1610612736" "--user" "0:0" "--network" "none" "ghcr.io/rust-lang/crates-build-env/linux@sha256:3959728d45483eb673ba100a951a6b9f5012970368db2a9e08e0ac9b67c8a5ad" "/opt/rustwide/cargo-home/bin/cargo" "+1.85.0" "metadata" "--no-deps" "--format-version=1", kill_on_drop: false }`
[INFO] [stdout] 6b177f5fa560a3b316d0a35f1ade2b4b85b959de36b8b78f465507ebc81e1308
[INFO] running `Command { std: "docker" "start" "-a" "6b177f5fa560a3b316d0a35f1ade2b4b85b959de36b8b78f465507ebc81e1308", kill_on_drop: false }`
[INFO] running `Command { std: "docker" "inspect" "6b177f5fa560a3b316d0a35f1ade2b4b85b959de36b8b78f465507ebc81e1308", kill_on_drop: false }`
[INFO] running `Command { std: "docker" "rm" "-f" "6b177f5fa560a3b316d0a35f1ade2b4b85b959de36b8b78f465507ebc81e1308", kill_on_drop: false }`
[INFO] [stdout] 6b177f5fa560a3b316d0a35f1ade2b4b85b959de36b8b78f465507ebc81e1308
[INFO] running `Command { std: "docker" "create" "-v" "/var/lib/crater-agent-workspace/builds/worker-2-tc1/target:/opt/rustwide/target:rw,Z" "-v" "/var/lib/crater-agent-workspace/builds/worker-2-tc1/source:/opt/rustwide/workdir:ro,Z" "-v" "/var/lib/crater-agent-workspace/cargo-home:/opt/rustwide/cargo-home:ro,Z" "-v" "/var/lib/crater-agent-workspace/rustup-home:/opt/rustwide/rustup-home:ro,Z" "-e" "SOURCE_DIR=/opt/rustwide/workdir" "-e" "CARGO_TARGET_DIR=/opt/rustwide/target" "-e" "CARGO_INCREMENTAL=0" "-e" "RUST_BACKTRACE=full" "-e" "RUSTFLAGS=--cap-lints=warn" "-e" "RUSTDOCFLAGS=--cap-lints=warn" "-e" "CARGO_HOME=/opt/rustwide/cargo-home" "-e" "RUSTUP_HOME=/opt/rustwide/rustup-home" "-w" "/opt/rustwide/workdir" "-m" "1610612736" "--user" "0:0" "--network" "none" "ghcr.io/rust-lang/crates-build-env/linux@sha256:3959728d45483eb673ba100a951a6b9f5012970368db2a9e08e0ac9b67c8a5ad" "/opt/rustwide/cargo-home/bin/cargo" "+1.85.0" "doc" "--frozen" "--no-deps" "--document-private-items" "--message-format=json", kill_on_drop: false }`
[INFO] [stdout] fba81cb115e50b6e71d7d4dc628ba731a0384fe207ec9dd6d24e894a16694769
[INFO] running `Command { std: "docker" "start" "-a" "fba81cb115e50b6e71d7d4dc628ba731a0384fe207ec9dd6d24e894a16694769", kill_on_drop: false }`
[INFO] [stderr]    Compiling log v0.4.13
[INFO] [stderr]    Compiling khronos_api v3.1.0
[INFO] [stderr]    Compiling cfg-if v0.1.10
[INFO] [stderr]    Compiling cc v1.0.66
[INFO] [stderr]    Compiling libc v0.2.82
[INFO] [stderr]    Compiling xml-rs v0.8.3
[INFO] [stderr]    Compiling bitflags v1.2.1
[INFO] [stderr]     Checking semver-parser v0.7.0
[INFO] [stderr]     Checking lazy_static v1.4.0
[INFO] [stderr]     Checking semver v0.9.0
[INFO] [stderr]    Compiling cmake v0.1.45
[INFO] [stderr]    Compiling gl_generator v0.14.0
[INFO] [stderr]    Compiling glfw-sys v3.3.2
[INFO] [stderr]     Checking raw-window-handle v0.3.3
[INFO] [stderr]     Checking sciter-rs v0.5.54
[INFO] [stderr]    Compiling opengl v0.1.0 (/opt/rustwide/workdir/opengl)
[INFO] [stderr] error: failed to run custom build command for `opengl v0.1.0 (/opt/rustwide/workdir/opengl)`
[INFO] [stderr] note: To improve backtraces for build dependencies, set the CARGO_PROFILE_DEV_BUILD_OVERRIDE_DEBUG=true environment variable to enable debug information generation.
[INFO] [stderr] 
[INFO] [stderr] Caused by:
[INFO] [stderr]   process didn't exit successfully: `/opt/rustwide/target/debug/build/opengl-45fb0fe8ac14a364/build-script-build` (exit status: 101)
[INFO] [stderr]   --- stderr
[INFO] [stderr] 
[INFO] [stderr]   thread 'main' panicked at opengl/build.rs:12:10:
[INFO] [stderr]   called `Result::unwrap()` on an `Err` value: Os { code: 28, kind: StorageFull, message: "No space left on device" }
[INFO] [stderr]   stack backtrace:
[INFO] [stderr]      0:     0x649a71a20bea - std::backtrace_rs::backtrace::libunwind::trace::h88deb10bd0145eb8
[INFO] [stderr]                                  at /rustc/4d91de4e48198da2e33413efdcd9cd2cc0c46688/library/std/src/../../backtrace/src/backtrace/libunwind.rs:116:5
[INFO] [stderr]      1:     0x649a71a20bea - std::backtrace_rs::backtrace::trace_unsynchronized::he1036f5481c14dff
[INFO] [stderr]                                  at /rustc/4d91de4e48198da2e33413efdcd9cd2cc0c46688/library/std/src/../../backtrace/src/backtrace/mod.rs:66:5
[INFO] [stderr]      2:     0x649a71a20bea - std::sys::backtrace::_print_fmt::hecc345b6e70c4b20
[INFO] [stderr]                                  at /rustc/4d91de4e48198da2e33413efdcd9cd2cc0c46688/library/std/src/sys/backtrace.rs:66:9
[INFO] [stderr]      3:     0x649a71a20bea - <std::sys::backtrace::BacktraceLock::print::DisplayBacktrace as core::fmt::Display>::fmt::he089f96442833f67
[INFO] [stderr]                                  at /rustc/4d91de4e48198da2e33413efdcd9cd2cc0c46688/library/std/src/sys/backtrace.rs:39:26
[INFO] [stderr]      4:     0x649a71a3d0b3 - core::fmt::rt::Argument::fmt::h1f77cded99c71a14
[INFO] [stderr]                                  at /rustc/4d91de4e48198da2e33413efdcd9cd2cc0c46688/library/core/src/fmt/rt.rs:177:76
[INFO] [stderr]      5:     0x649a71a3d0b3 - core::fmt::write::h2f210ed4c94745cb
[INFO] [stderr]                                  at /rustc/4d91de4e48198da2e33413efdcd9cd2cc0c46688/library/core/src/fmt/mod.rs:1440:21
[INFO] [stderr]      6:     0x649a71a1e453 - std::io::Write::write_fmt::h7de08171ab770fb2
[INFO] [stderr]                                  at /rustc/4d91de4e48198da2e33413efdcd9cd2cc0c46688/library/std/src/io/mod.rs:1887:15
[INFO] [stderr]      7:     0x649a71a20a32 - std::sys::backtrace::BacktraceLock::print::h810fbd31421329e6
[INFO] [stderr]                                  at /rustc/4d91de4e48198da2e33413efdcd9cd2cc0c46688/library/std/src/sys/backtrace.rs:42:9
[INFO] [stderr]      8:     0x649a71a21aa0 - std::panicking::default_hook::{{closure}}::hbaad47ed9dc6356d
[INFO] [stderr]                                  at /rustc/4d91de4e48198da2e33413efdcd9cd2cc0c46688/library/std/src/panicking.rs:295:22
[INFO] [stderr]      9:     0x649a71a21880 - std::panicking::default_hook::h24e207139139d40a
[INFO] [stderr]                                  at /rustc/4d91de4e48198da2e33413efdcd9cd2cc0c46688/library/std/src/panicking.rs:322:9
[INFO] [stderr]     10:     0x649a71a22202 - std::panicking::rust_panic_with_hook::ha9131beeb2ddc506
[INFO] [stderr]                                  at /rustc/4d91de4e48198da2e33413efdcd9cd2cc0c46688/library/std/src/panicking.rs:828:13
[INFO] [stderr]     11:     0x649a71a21faa - std::panicking::begin_panic_handler::{{closure}}::h1bba0eaeb6da506f
[INFO] [stderr]                                  at /rustc/4d91de4e48198da2e33413efdcd9cd2cc0c46688/library/std/src/panicking.rs:701:13
[INFO] [stderr]     12:     0x649a71a210e9 - std::sys::backtrace::__rust_end_short_backtrace::h1d1ca3eade483f4c
[INFO] [stderr]                                  at /rustc/4d91de4e48198da2e33413efdcd9cd2cc0c46688/library/std/src/sys/backtrace.rs:168:18
[INFO] [stderr]     13:     0x649a71a21c3d - rust_begin_unwind
[INFO] [stderr]                                  at /rustc/4d91de4e48198da2e33413efdcd9cd2cc0c46688/library/std/src/panicking.rs:692:5
[INFO] [stderr]     14:     0x649a71978390 - core::panicking::panic_fmt::h896a0727a1a943f9
[INFO] [stderr]                                  at /rustc/4d91de4e48198da2e33413efdcd9cd2cc0c46688/library/core/src/panicking.rs:75:14
[INFO] [stderr]     15:     0x649a719787d6 - core::result::unwrap_failed::h1b5ed8541c7bebd6
[INFO] [stderr]                                  at /rustc/4d91de4e48198da2e33413efdcd9cd2cc0c46688/library/core/src/result.rs:1704:5
[INFO] [stderr]     16:     0x649a719a7d17 - build_script_build::main::h1e17e8d036d56b7b
[INFO] [stderr]     17:     0x649a719b8703 - core::ops::function::FnOnce::call_once::h7fa610cbe330f1bd
[INFO] [stderr]     18:     0x649a71995036 - std::sys::backtrace::__rust_begin_short_backtrace::hf8ab412d07a692db
[INFO] [stderr]     19:     0x649a719a2eb9 - std::rt::lang_start::{{closure}}::hfe500651db0e0a95
[INFO] [stderr]     20:     0x649a71a1c3a7 - core::ops::function::impls::<impl core::ops::function::FnOnce<A> for &F>::call_once::ha29694188d478cce
[INFO] [stderr]                                  at /rustc/4d91de4e48198da2e33413efdcd9cd2cc0c46688/library/core/src/ops/function.rs:284:13
[INFO] [stderr]     21:     0x649a71a1c3a7 - std::panicking::try::do_call::h146aeebcd3824393
[INFO] [stderr]                                  at /rustc/4d91de4e48198da2e33413efdcd9cd2cc0c46688/library/std/src/panicking.rs:584:40
[INFO] [stderr]     22:     0x649a71a1c3a7 - std::panicking::try::hf3596e381ccb2229
[INFO] [stderr]                                  at /rustc/4d91de4e48198da2e33413efdcd9cd2cc0c46688/library/std/src/panicking.rs:547:19
[INFO] [stderr]     23:     0x649a71a1c3a7 - std::panic::catch_unwind::h7b076e21cb40b9bf
[INFO] [stderr]                                  at /rustc/4d91de4e48198da2e33413efdcd9cd2cc0c46688/library/std/src/panic.rs:358:14
[INFO] [stderr]     24:     0x649a71a1c3a7 - std::rt::lang_start_internal::{{closure}}::h481008de4850e7c0
[INFO] [stderr]                                  at /rustc/4d91de4e48198da2e33413efdcd9cd2cc0c46688/library/std/src/rt.rs:174:48
[INFO] [stderr]     25:     0x649a71a1c3a7 - std::panicking::try::do_call::h865e627c98d1c4cc
[INFO] [stderr]                                  at /rustc/4d91de4e48198da2e33413efdcd9cd2cc0c46688/library/std/src/panicking.rs:584:40
[INFO] [stderr]     26:     0x649a71a1c3a7 - std::panicking::try::hf53b8617a1069bb3
[INFO] [stderr]                                  at /rustc/4d91de4e48198da2e33413efdcd9cd2cc0c46688/library/std/src/panicking.rs:547:19
[INFO] [stderr]     27:     0x649a71a1c3a7 - std::panic::catch_unwind::h9d30caa3add162e9
[INFO] [stderr]                                  at /rustc/4d91de4e48198da2e33413efdcd9cd2cc0c46688/library/std/src/panic.rs:358:14
[INFO] [stderr]     28:     0x649a71a1c3a7 - std::rt::lang_start_internal::hbb268f70c879621d
[INFO] [stderr]                                  at /rustc/4d91de4e48198da2e33413efdcd9cd2cc0c46688/library/std/src/rt.rs:174:20
[INFO] [stderr]     29:     0x649a719a2e97 - std::rt::lang_start::h1ec40941d6ee34a9
[INFO] [stderr]     30:     0x649a719a7dd5 - main
[INFO] [stderr]     31:     0x75b7244e1d90 - <unknown>
[INFO] [stderr]     32:     0x75b7244e1e40 - __libc_start_main
[INFO] [stderr]     33:     0x649a71978a65 - _start
[INFO] [stderr]     34:                0x0 - <unknown>
[INFO] [stderr] warning: build failed, waiting for other jobs to finish...
[INFO] [stderr] error: failed to run custom build command for `glfw-sys v3.3.2`
[INFO] [stderr] note: To improve backtraces for build dependencies, set the CARGO_PROFILE_DEV_BUILD_OVERRIDE_DEBUG=true environment variable to enable debug information generation.
[INFO] [stderr] 
[INFO] [stderr] Caused by:
[INFO] [stderr]   process didn't exit successfully: `/opt/rustwide/target/debug/build/glfw-sys-3176ff00c1c4e53e/build-script-build` (exit status: 101)
[INFO] [stderr]   --- stdout
[INFO] [stderr]   running: cd "/opt/rustwide/target/debug/build/glfw-sys-fa2e4148ac9d52b3/out/build" && CMAKE_PREFIX_PATH="" "cmake" "/opt/rustwide/cargo-home/registry/src/index.crates.io-1949cf8c6b5b557f/glfw-sys-3.3.2/." "-DGLFW_BUILD_EXAMPLES=OFF" "-DGLFW_BUILD_TESTS=OFF" "-DGLFW_BUILD_DOCS=OFF" "-DCMAKE_INSTALL_LIBDIR=lib" "-DCMAKE_INSTALL_PREFIX=/opt/rustwide/target/debug/build/glfw-sys-fa2e4148ac9d52b3/out" "-DCMAKE_C_FLAGS= -ffunction-sections -fdata-sections -fPIC -m64" "-DCMAKE_C_COMPILER=/usr/bin/cc" "-DCMAKE_CXX_FLAGS= -ffunction-sections -fdata-sections -fPIC -m64" "-DCMAKE_CXX_COMPILER=/usr/bin/c++" "-DCMAKE_ASM_FLAGS= -ffunction-sections -fdata-sections -fPIC -m64" "-DCMAKE_ASM_COMPILER=/usr/bin/cc" "-DCMAKE_BUILD_TYPE=Debug"
[INFO] [stderr]   -- The C compiler identification is GNU 11.4.0
[INFO] [stderr]   -- Detecting C compiler ABI info
[INFO] [stderr]   -- Detecting C compiler ABI info - done
[INFO] [stderr]   -- Check for working C compiler: /usr/bin/cc - skipped
[INFO] [stderr]   -- Detecting C compile features
[INFO] [stderr]   -- Detecting C compile features - done
[INFO] [stderr]   -- Looking for pthread.h
[INFO] [stderr]   -- Looking for pthread.h - found
[INFO] [stderr]   -- Performing Test CMAKE_HAVE_LIBC_PTHREAD
[INFO] [stderr]   -- Performing Test CMAKE_HAVE_LIBC_PTHREAD - Success
[INFO] [stderr]   -- Found Threads: TRUE  
[INFO] [stderr]   -- Using X11 for window creation
[INFO] [stderr]   -- Found X11: /usr/include   
[INFO] [stderr]   -- Looking for XOpenDisplay in /usr/lib/x86_64-linux-gnu/libX11.so;/usr/lib/x86_64-linux-gnu/libXext.so
[INFO] [stderr]   -- Looking for XOpenDisplay in /usr/lib/x86_64-linux-gnu/libX11.so;/usr/lib/x86_64-linux-gnu/libXext.so - found
[INFO] [stderr]   -- Looking for gethostbyname
[INFO] [stderr]   -- Looking for gethostbyname - found
[INFO] [stderr]   -- Looking for connect
[INFO] [stderr]   -- Looking for connect - found
[INFO] [stderr]   -- Looking for remove
[INFO] [stderr]   -- Looking for remove - found
[INFO] [stderr]   -- Looking for shmat
[INFO] [stderr]   -- Looking for shmat - found
[INFO] [stderr]   -- Looking for IceConnectionNumber in ICE
[INFO] [stderr]   -- Looking for IceConnectionNumber in ICE - not found
[INFO] [stderr]   -- Configuring done
[INFO] [stderr]   -- Generating done
[INFO] [stderr]   -- Build files have been written to: /opt/rustwide/target/debug/build/glfw-sys-fa2e4148ac9d52b3/out/build
[INFO] [stderr]   running: cd "/opt/rustwide/target/debug/build/glfw-sys-fa2e4148ac9d52b3/out/build" && MAKEFLAGS="-j --jobserver-fds=8,9 --jobserver-auth=8,9" "cmake" "--build" "." "--target" "install" "--config" "Debug" "--"
[INFO] [stderr]   [  5%] Building C object src/CMakeFiles/glfw.dir/input.c.o
[INFO] [stderr]   [ 23%] Building C object src/CMakeFiles/glfw.dir/x11_window.c.o
[INFO] [stderr]   [ 11%] Building C object src/CMakeFiles/glfw.dir/init.c.o
[INFO] [stderr]   [ 23%] Building C object src/CMakeFiles/glfw.dir/x11_monitor.c.o
[INFO] [stderr]   [ 29%] Building C object src/CMakeFiles/glfw.dir/x11_init.c.o
[INFO] [stderr]   [ 35%] Building C object src/CMakeFiles/glfw.dir/posix_time.c.o
[INFO] [stderr]   [ 41%] Building C object src/CMakeFiles/glfw.dir/monitor.c.o
[INFO] [stderr]   [ 47%] Building C object src/CMakeFiles/glfw.dir/vulkan.c.o
[INFO] [stderr]   [ 58%] Building C object src/CMakeFiles/glfw.dir/context.c.o
[INFO] [stderr]   [ 58%] Building C object src/CMakeFiles/glfw.dir/window.c.o
[INFO] [stderr]   [ 64%] Building C object src/CMakeFiles/glfw.dir/osmesa_context.c.o
[INFO] [stderr]   [ 70%] Building C object src/CMakeFiles/glfw.dir/xkb_unicode.c.o
[INFO] [stderr]   [ 76%] Building C object src/CMakeFiles/glfw.dir/egl_context.c.o
[INFO] [stderr]   [ 82%] Building C object src/CMakeFiles/glfw.dir/posix_thread.c.o
[INFO] [stderr]   [ 88%] Building C object src/CMakeFiles/glfw.dir/glx_context.c.o
[INFO] [stderr] 
[INFO] [stderr]   --- stderr
[INFO] [stderr]   CMake Warning:
[INFO] [stderr]     Manually-specified variables were not used by the project:
[INFO] [stderr] 
[INFO] [stderr]       CMAKE_ASM_COMPILER
[INFO] [stderr]       CMAKE_ASM_FLAGS
[INFO] [stderr]       CMAKE_CXX_COMPILER
[INFO] [stderr]       CMAKE_CXX_FLAGS
[INFO] [stderr] 
[INFO] [stderr] 
[INFO] [stderr]   /opt/rustwide/cargo-home/registry/src/index.crates.io-1949cf8c6b5b557f/glfw-sys-3.3.2/src/xkb_unicode.c:941:1: fatal error: error closing /tmp/ccUdtwVF.s: No space left on device
[INFO] [stderr]     941 | }
[INFO] [stderr]         | ^
[INFO] [stderr]   compilation terminated.
[INFO] [stderr]   gmake[2]: *** [src/CMakeFiles/glfw.dir/build.make:202: src/CMakeFiles/glfw.dir/xkb_unicode.c.o] Error 1
[INFO] [stderr]   gmake[2]: *** Waiting for unfinished jobs....
[INFO] [stderr]   /opt/rustwide/cargo-home/registry/src/index.crates.io-1949cf8c6b5b557f/glfw-sys-3.3.2/src/posix_thread.c:104:1: fatal error: error writing to /tmp/ccKhXjEl.s: No space left on device
[INFO] [stderr]     104 | }
[INFO] [stderr]         | ^
[INFO] [stderr]   compilation terminated.
[INFO] [stderr]   gmake[2]: *** [src/CMakeFiles/glfw.dir/build.make:230: src/CMakeFiles/glfw.dir/posix_thread.c.o] Error 1
[INFO] [stderr]   /opt/rustwide/cargo-home/registry/src/index.crates.io-1949cf8c6b5b557f/glfw-sys-3.3.2/src/posix_time.c:86:1: fatal error: error writing to /tmp/ccmRP8bj.s: No space left on device
[INFO] [stderr]      86 | }
[INFO] [stderr]         | ^
[INFO] [stderr]   compilation terminated.
[INFO] [stderr]   gmake[2]: *** [src/CMakeFiles/glfw.dir/build.make:216: src/CMakeFiles/glfw.dir/posix_time.c.o] Error 1
[INFO] [stderr]   /opt/rustwide/cargo-home/registry/src/index.crates.io-1949cf8c6b5b557f/glfw-sys-3.3.2/src/osmesa_context.c:371:1: fatal error: error writing to /tmp/ccdQzqZn.s: No space left on device
[INFO] [stderr]     371 | }
[INFO] [stderr]         | ^
[INFO] [stderr]   compilation terminated.
[INFO] [stderr]   /opt/rustwide/cargo-home/registry/src/index.crates.io-1949cf8c6b5b557f/glfw-sys-3.3.2/src/vulkan.c:331:1: fatal error: error writing to /tmp/ccLA23Iv.s: No space left on device
[INFO] [stderr]     331 | }
[INFO] [stderr]         | ^
[INFO] [stderr]   compilation terminated.
[INFO] [stderr]   gmake[2]: *** [src/CMakeFiles/glfw.dir/build.make:272: src/CMakeFiles/glfw.dir/osmesa_context.c.o] Error 1
[INFO] [stderr]   gmake[2]: *** [src/CMakeFiles/glfw.dir/build.make:132: src/CMakeFiles/glfw.dir/vulkan.c.o] Error 1
[INFO] [stderr]   /opt/rustwide/cargo-home/registry/src/index.crates.io-1949cf8c6b5b557f/glfw-sys-3.3.2/src/glx_context.c:697:1: fatal error: error writing to /tmp/ccKwjkzU.s: No space left on device
[INFO] [stderr]     697 | }
[INFO] [stderr]         | ^
[INFO] [stderr]   compilation terminated.
[INFO] [stderr]   /opt/rustwide/cargo-home/registry/src/index.crates.io-1949cf8c6b5b557f/glfw-sys-3.3.2/src/init.c:339:1: fatal error: error writing to /tmp/ccAu40tW.s: No space left on device
[INFO] [stderr]     339 | }
[INFO] [stderr]         | ^
[INFO] [stderr]   compilation terminated.
[INFO] [stderr]   /opt/rustwide/cargo-home/registry/src/index.crates.io-1949cf8c6b5b557f/glfw-sys-3.3.2/src/context.c:759:1: fatal error: error writing to /tmp/ccP660Zq.s: No space left on device
[INFO] [stderr]     759 | }
[INFO] [stderr]         | ^
[INFO] [stderr]   compilation terminated.
[INFO] [stderr]   /opt/rustwide/cargo-home/registry/src/index.crates.io-1949cf8c6b5b557f/glfw-sys-3.3.2/src/x11_monitor.c:613:1: fatal error: error writing to /tmp/ccSQNCj2.s: No space left on device
[INFO] [stderr]     613 | }
[INFO] [stderr]         | ^
[INFO] [stderr]   compilation terminated.
[INFO] [stderr]   gmake[2]: *** [src/CMakeFiles/glfw.dir/build.make:76: src/CMakeFiles/glfw.dir/context.c.o] Error 1
[INFO] [stderr]   gmake[2]: *** [src/CMakeFiles/glfw.dir/build.make:244: src/CMakeFiles/glfw.dir/glx_context.c.o] Error 1
[INFO] [stderr]   gmake[2]: *** [src/CMakeFiles/glfw.dir/build.make:90: src/CMakeFiles/glfw.dir/init.c.o] Error 1
[INFO] [stderr]   gmake[2]: *** [src/CMakeFiles/glfw.dir/build.make:174: src/CMakeFiles/glfw.dir/x11_monitor.c.o] Error 1
[INFO] [stderr]   /opt/rustwide/cargo-home/registry/src/index.crates.io-1949cf8c6b5b557f/glfw-sys-3.3.2/src/egl_context.c:788:1: fatal error: error writing to /tmp/ccNicCsE.s: No space left on device
[INFO] [stderr]     788 | }
[INFO] [stderr]         | ^
[INFO] [stderr]   compilation terminated.
[INFO] [stderr]   /opt/rustwide/cargo-home/registry/src/index.crates.io-1949cf8c6b5b557f/glfw-sys-3.3.2/src/monitor.c:543:1: fatal error: error writing to /tmp/cccpHt8z.s: No space left on device
[INFO] [stderr]     543 | }
[INFO] [stderr]         | ^
[INFO] [stderr]   compilation terminated.
[INFO] [stderr]   gmake[2]: *** [src/CMakeFiles/glfw.dir/build.make:258: src/CMakeFiles/glfw.dir/egl_context.c.o] Error 1
[INFO] [stderr]   gmake[2]: *** [src/CMakeFiles/glfw.dir/build.make:118: src/CMakeFiles/glfw.dir/monitor.c.o] Error 1
[INFO] [stderr]   /opt/rustwide/cargo-home/registry/src/index.crates.io-1949cf8c6b5b557f/glfw-sys-3.3.2/src/window.c:1101:1: fatal error: error writing to /tmp/ccWjg9Oi.s: No space left on device
[INFO] [stderr]    1101 | }
[INFO] [stderr]         | ^
[INFO] [stderr]   compilation terminated.
[INFO] [stderr]   gmake[2]: *** [src/CMakeFiles/glfw.dir/build.make:146: src/CMakeFiles/glfw.dir/window.c.o] Error 1
[INFO] [stderr]   /opt/rustwide/cargo-home/registry/src/index.crates.io-1949cf8c6b5b557f/glfw-sys-3.3.2/src/x11_init.c:1105:1: fatal error: error writing to /tmp/ccz2btL1.s: No space left on device
[INFO] [stderr]    1105 | }
[INFO] [stderr]         | ^
[INFO] [stderr]   compilation terminated.
[INFO] [stderr]   gmake[2]: *** [src/CMakeFiles/glfw.dir/build.make:160: src/CMakeFiles/glfw.dir/x11_init.c.o] Error 1
[INFO] [stderr]   /opt/rustwide/cargo-home/registry/src/index.crates.io-1949cf8c6b5b557f/glfw-sys-3.3.2/src/input.c:1356:1: fatal error: error writing to /tmp/ccK3dMmc.s: No space left on device
[INFO] [stderr]    1356 | }
[INFO] [stderr]         | ^
[INFO] [stderr]   compilation terminated.
[INFO] [stderr]   gmake[2]: *** [src/CMakeFiles/glfw.dir/build.make:104: src/CMakeFiles/glfw.dir/input.c.o] Error 1
[INFO] [stderr]   /opt/rustwide/cargo-home/registry/src/index.crates.io-1949cf8c6b5b557f/glfw-sys-3.3.2/src/x11_window.c:3165:1: fatal error: error writing to /tmp/ccykRyGY.s: No space left on device
[INFO] [stderr]    3165 | }
[INFO] [stderr]         | ^
[INFO] [stderr]   compilation terminated.
[INFO] [stderr]   gmake[2]: *** [src/CMakeFiles/glfw.dir/build.make:188: src/CMakeFiles/glfw.dir/x11_window.c.o] Error 1
[INFO] [stderr]   gmake[1]: *** [CMakeFiles/Makefile2:125: src/CMakeFiles/glfw.dir/all] Error 2
[INFO] [stderr]   gmake: *** [Makefile:136: all] Error 2
[INFO] [stderr] 
[INFO] [stderr]   thread 'main' panicked at /opt/rustwide/cargo-home/registry/src/index.crates.io-1949cf8c6b5b557f/cmake-0.1.45/src/lib.rs:894:5:
[INFO] [stderr] 
[INFO] [stderr]   command did not execute successfully, got: exit status: 2
[INFO] [stderr] 
[INFO] [stderr]   build script failed, must exit now
[INFO] [stderr]   stack backtrace:
[INFO] [stderr]      0:     0x62e9890c598a - std::backtrace_rs::backtrace::libunwind::trace::h88deb10bd0145eb8
[INFO] [stderr]                                  at /rustc/4d91de4e48198da2e33413efdcd9cd2cc0c46688/library/std/src/../../backtrace/src/backtrace/libunwind.rs:116:5
[INFO] [stderr]      1:     0x62e9890c598a - std::backtrace_rs::backtrace::trace_unsynchronized::he1036f5481c14dff
[INFO] [stderr]                                  at /rustc/4d91de4e48198da2e33413efdcd9cd2cc0c46688/library/std/src/../../backtrace/src/backtrace/mod.rs:66:5
[INFO] [stderr]      2:     0x62e9890c598a - std::sys::backtrace::_print_fmt::hecc345b6e70c4b20
[INFO] [stderr]                                  at /rustc/4d91de4e48198da2e33413efdcd9cd2cc0c46688/library/std/src/sys/backtrace.rs:66:9
[INFO] [stderr]      3:     0x62e9890c598a - <std::sys::backtrace::BacktraceLock::print::DisplayBacktrace as core::fmt::Display>::fmt::he089f96442833f67
[INFO] [stderr]                                  at /rustc/4d91de4e48198da2e33413efdcd9cd2cc0c46688/library/std/src/sys/backtrace.rs:39:26
[INFO] [stderr]      4:     0x62e9890e8863 - core::fmt::rt::Argument::fmt::h1f77cded99c71a14
[INFO] [stderr]                                  at /rustc/4d91de4e48198da2e33413efdcd9cd2cc0c46688/library/core/src/fmt/rt.rs:177:76
[INFO] [stderr]      5:     0x62e9890e8863 - core::fmt::write::h2f210ed4c94745cb
[INFO] [stderr]                                  at /rustc/4d91de4e48198da2e33413efdcd9cd2cc0c46688/library/core/src/fmt/mod.rs:1440:21
[INFO] [stderr]      6:     0x62e9890c2653 - std::io::Write::write_fmt::h7de08171ab770fb2
[INFO] [stderr]                                  at /rustc/4d91de4e48198da2e33413efdcd9cd2cc0c46688/library/std/src/io/mod.rs:1887:15
[INFO] [stderr]      7:     0x62e9890c57d2 - std::sys::backtrace::BacktraceLock::print::h810fbd31421329e6
[INFO] [stderr]                                  at /rustc/4d91de4e48198da2e33413efdcd9cd2cc0c46688/library/std/src/sys/backtrace.rs:42:9
[INFO] [stderr]      8:     0x62e9890c6a70 - std::panicking::default_hook::{{closure}}::hbaad47ed9dc6356d
[INFO] [stderr]                                  at /rustc/4d91de4e48198da2e33413efdcd9cd2cc0c46688/library/std/src/panicking.rs:295:22
[INFO] [stderr]      9:     0x62e9890c6850 - std::panicking::default_hook::h24e207139139d40a
[INFO] [stderr]                                  at /rustc/4d91de4e48198da2e33413efdcd9cd2cc0c46688/library/std/src/panicking.rs:322:9
[INFO] [stderr]     10:     0x62e9890c71d2 - std::panicking::rust_panic_with_hook::ha9131beeb2ddc506
[INFO] [stderr]                                  at /rustc/4d91de4e48198da2e33413efdcd9cd2cc0c46688/library/std/src/panicking.rs:828:13
[INFO] [stderr]     11:     0x62e9890c6f7a - std::panicking::begin_panic_handler::{{closure}}::h1bba0eaeb6da506f
[INFO] [stderr]                                  at /rustc/4d91de4e48198da2e33413efdcd9cd2cc0c46688/library/std/src/panicking.rs:701:13
[INFO] [stderr]     12:     0x62e9890c5e89 - std::sys::backtrace::__rust_end_short_backtrace::h1d1ca3eade483f4c
[INFO] [stderr]                                  at /rustc/4d91de4e48198da2e33413efdcd9cd2cc0c46688/library/std/src/sys/backtrace.rs:168:18
[INFO] [stderr]     13:     0x62e9890c6c0d - rust_begin_unwind
[INFO] [stderr]                                  at /rustc/4d91de4e48198da2e33413efdcd9cd2cc0c46688/library/std/src/panicking.rs:692:5
[INFO] [stderr]     14:     0x62e989052660 - core::panicking::panic_fmt::h896a0727a1a943f9
[INFO] [stderr]                                  at /rustc/4d91de4e48198da2e33413efdcd9cd2cc0c46688/library/core/src/panicking.rs:75:14
[INFO] [stderr]     15:     0x62e98905ccaf - cmake::fail::hfbc6f51505c390a0
[INFO] [stderr]     16:     0x62e98905c48a - cmake::run::hcd0e55f0485b7a4c
[INFO] [stderr]     17:     0x62e98905a1fa - cmake::Config::build::h14b2c1313d715d5f
[INFO] [stderr]     18:     0x62e989053c02 - build_script_build::main::h461e562bb52a7c36
[INFO] [stderr]     19:     0x62e989052e13 - core::ops::function::FnOnce::call_once::h59718f8aeda37b85
[INFO] [stderr]     20:     0x62e989052de6 - std::sys::backtrace::__rust_begin_short_backtrace::hf55736bab7aa21e4
[INFO] [stderr]     21:     0x62e989052d69 - std::rt::lang_start::{{closure}}::h5be15265dca9e06b
[INFO] [stderr]     22:     0x62e9890be197 - core::ops::function::impls::<impl core::ops::function::FnOnce<A> for &F>::call_once::ha29694188d478cce
[INFO] [stderr]                                  at /rustc/4d91de4e48198da2e33413efdcd9cd2cc0c46688/library/core/src/ops/function.rs:284:13
[INFO] [stderr]     23:     0x62e9890be197 - std::panicking::try::do_call::h146aeebcd3824393
[INFO] [stderr]                                  at /rustc/4d91de4e48198da2e33413efdcd9cd2cc0c46688/library/std/src/panicking.rs:584:40
[INFO] [stderr]     24:     0x62e9890be197 - std::panicking::try::hf3596e381ccb2229
[INFO] [stderr]                                  at /rustc/4d91de4e48198da2e33413efdcd9cd2cc0c46688/library/std/src/panicking.rs:547:19
[INFO] [stderr]     25:     0x62e9890be197 - std::panic::catch_unwind::h7b076e21cb40b9bf
[INFO] [stderr]                                  at /rustc/4d91de4e48198da2e33413efdcd9cd2cc0c46688/library/std/src/panic.rs:358:14
[INFO] [stderr]     26:     0x62e9890be197 - std::rt::lang_start_internal::{{closure}}::h481008de4850e7c0
[INFO] [stderr]                                  at /rustc/4d91de4e48198da2e33413efdcd9cd2cc0c46688/library/std/src/rt.rs:174:48
[INFO] [stderr]     27:     0x62e9890be197 - std::panicking::try::do_call::h865e627c98d1c4cc
[INFO] [stderr]                                  at /rustc/4d91de4e48198da2e33413efdcd9cd2cc0c46688/library/std/src/panicking.rs:584:40
[INFO] [stderr]     28:     0x62e9890be197 - std::panicking::try::hf53b8617a1069bb3
[INFO] [stderr]                                  at /rustc/4d91de4e48198da2e33413efdcd9cd2cc0c46688/library/std/src/panicking.rs:547:19
[INFO] [stderr]     29:     0x62e9890be197 - std::panic::catch_unwind::h9d30caa3add162e9
[INFO] [stderr]                                  at /rustc/4d91de4e48198da2e33413efdcd9cd2cc0c46688/library/std/src/panic.rs:358:14
[INFO] [stderr]     30:     0x62e9890be197 - std::rt::lang_start_internal::hbb268f70c879621d
[INFO] [stderr]                                  at /rustc/4d91de4e48198da2e33413efdcd9cd2cc0c46688/library/std/src/rt.rs:174:20
[INFO] [stderr]     31:     0x62e989052d47 - std::rt::lang_start::h3a5c044cda218047
[INFO] [stderr]     32:     0x62e989053dd5 - main
[INFO] [stderr]     33:     0x784e9e005d90 - <unknown>
[INFO] [stderr]     34:     0x784e9e005e40 - __libc_start_main
[INFO] [stderr]     35:     0x62e989052c15 - _start
[INFO] [stderr]     36:                0x0 - <unknown>
[INFO] running `Command { std: "docker" "inspect" "fba81cb115e50b6e71d7d4dc628ba731a0384fe207ec9dd6d24e894a16694769", kill_on_drop: false }`
[INFO] running `Command { std: "docker" "rm" "-f" "fba81cb115e50b6e71d7d4dc628ba731a0384fe207ec9dd6d24e894a16694769", kill_on_drop: false }`
[INFO] [stdout] fba81cb115e50b6e71d7d4dc628ba731a0384fe207ec9dd6d24e894a16694769
