[INFO] cloning repository https://github.com/nicmr/fidelitas
[INFO] running `Command { std: "git" "-c" "credential.helper=" "-c" "credential.helper=/workspace/cargo-home/bin/git-credential-null" "clone" "--bare" "https://github.com/nicmr/fidelitas" "/workspace/cache/git-repos/https%3A%2F%2Fgithub.com%2Fnicmr%2Ffidelitas", kill_on_drop: false }`
[INFO] [stderr] Cloning into bare repository '/workspace/cache/git-repos/https%3A%2F%2Fgithub.com%2Fnicmr%2Ffidelitas'...
[INFO] running `Command { std: "git" "rev-parse" "HEAD", kill_on_drop: false }`
[INFO] [stdout] d1743d46f4aef4a0eb935ec6b9fdd7f7c8e3dbaa
[INFO] documenting nicmr/fidelitas against beta-2025-02-18 for beta-1.86-rustdoc-1
[INFO] running `Command { std: "git" "clone" "/workspace/cache/git-repos/https%3A%2F%2Fgithub.com%2Fnicmr%2Ffidelitas" "/workspace/builds/worker-2-tc2/source", kill_on_drop: false }`
[INFO] [stderr] Cloning into '/workspace/builds/worker-2-tc2/source'...
[INFO] [stderr] done.
[INFO] validating manifest of git repo https://github.com/nicmr/fidelitas on toolchain beta-2025-02-18
[INFO] running `Command { std: CARGO_HOME="/workspace/cargo-home" RUSTUP_HOME="/workspace/rustup-home" "/workspace/cargo-home/bin/cargo" "+beta-2025-02-18" "metadata" "--manifest-path" "Cargo.toml" "--no-deps", kill_on_drop: false }`
[INFO] removed /workspace/builds/worker-2-tc2/source/.cargo/config
[INFO] started tweaking git repo https://github.com/nicmr/fidelitas
[INFO] finished tweaking git repo https://github.com/nicmr/fidelitas
[INFO] tweaked toml for git repo https://github.com/nicmr/fidelitas written to /workspace/builds/worker-2-tc2/source/Cargo.toml
[INFO] crate git repo https://github.com/nicmr/fidelitas already has a lockfile, it will not be regenerated
[INFO] running `Command { std: CARGO_HOME="/workspace/cargo-home" RUSTUP_HOME="/workspace/rustup-home" "/workspace/cargo-home/bin/cargo" "+beta-2025-02-18" "fetch" "--manifest-path" "Cargo.toml", kill_on_drop: false }`
[INFO] [stderr]     Blocking waiting for file lock on package cache
[INFO] running `Command { std: "docker" "create" "-v" "/var/lib/crater-agent-workspace/builds/worker-2-tc2/target:/opt/rustwide/target:rw,Z" "-v" "/var/lib/crater-agent-workspace/builds/worker-2-tc2/source:/opt/rustwide/workdir:ro,Z" "-v" "/var/lib/crater-agent-workspace/cargo-home:/opt/rustwide/cargo-home:ro,Z" "-v" "/var/lib/crater-agent-workspace/rustup-home:/opt/rustwide/rustup-home:ro,Z" "-e" "SOURCE_DIR=/opt/rustwide/workdir" "-e" "CARGO_TARGET_DIR=/opt/rustwide/target" "-e" "CARGO_HOME=/opt/rustwide/cargo-home" "-e" "RUSTUP_HOME=/opt/rustwide/rustup-home" "-w" "/opt/rustwide/workdir" "-m" "1610612736" "--user" "0:0" "--network" "none" "ghcr.io/rust-lang/crates-build-env/linux@sha256:3959728d45483eb673ba100a951a6b9f5012970368db2a9e08e0ac9b67c8a5ad" "/opt/rustwide/cargo-home/bin/cargo" "+beta-2025-02-18" "metadata" "--no-deps" "--format-version=1", kill_on_drop: false }`
[INFO] [stdout] 81a62240bddb264aa4a8d47c352c1218f3034fe290d5e1109ff52b5cc6a97960
[INFO] running `Command { std: "docker" "start" "-a" "81a62240bddb264aa4a8d47c352c1218f3034fe290d5e1109ff52b5cc6a97960", kill_on_drop: false }`
[INFO] running `Command { std: "docker" "inspect" "81a62240bddb264aa4a8d47c352c1218f3034fe290d5e1109ff52b5cc6a97960", kill_on_drop: false }`
[INFO] running `Command { std: "docker" "rm" "-f" "81a62240bddb264aa4a8d47c352c1218f3034fe290d5e1109ff52b5cc6a97960", kill_on_drop: false }`
[INFO] [stdout] 81a62240bddb264aa4a8d47c352c1218f3034fe290d5e1109ff52b5cc6a97960
[INFO] running `Command { std: "docker" "create" "-v" "/var/lib/crater-agent-workspace/builds/worker-2-tc2/target:/opt/rustwide/target:rw,Z" "-v" "/var/lib/crater-agent-workspace/builds/worker-2-tc2/source:/opt/rustwide/workdir:ro,Z" "-v" "/var/lib/crater-agent-workspace/cargo-home:/opt/rustwide/cargo-home:ro,Z" "-v" "/var/lib/crater-agent-workspace/rustup-home:/opt/rustwide/rustup-home:ro,Z" "-e" "SOURCE_DIR=/opt/rustwide/workdir" "-e" "CARGO_TARGET_DIR=/opt/rustwide/target" "-e" "CARGO_INCREMENTAL=0" "-e" "RUST_BACKTRACE=full" "-e" "RUSTFLAGS=--cap-lints=warn" "-e" "RUSTDOCFLAGS=--cap-lints=warn" "-e" "CARGO_HOME=/opt/rustwide/cargo-home" "-e" "RUSTUP_HOME=/opt/rustwide/rustup-home" "-w" "/opt/rustwide/workdir" "-m" "1610612736" "--user" "0:0" "--network" "none" "ghcr.io/rust-lang/crates-build-env/linux@sha256:3959728d45483eb673ba100a951a6b9f5012970368db2a9e08e0ac9b67c8a5ad" "/opt/rustwide/cargo-home/bin/cargo" "+beta-2025-02-18" "doc" "--frozen" "--no-deps" "--document-private-items" "--message-format=json", kill_on_drop: false }`
[INFO] [stdout] 8f88a4ce3967ad142e75900a63c8893002f2b0c2055feacf76ff4fed04077afb
[INFO] running `Command { std: "docker" "start" "-a" "8f88a4ce3967ad142e75900a63c8893002f2b0c2055feacf76ff4fed04077afb", kill_on_drop: false }`
[INFO] [stderr]    Compiling libc v0.2.62
[INFO] [stderr]     Checking cfg-if v0.1.9
[INFO] [stderr]    Compiling autocfg v0.1.6
[INFO] [stderr]    Compiling semver-parser v0.7.0
[INFO] [stderr]     Checking smallvec v0.6.10
[INFO] [stderr]     Checking lazy_static v1.4.0
[INFO] [stderr]     Checking rand_core v0.4.2
[INFO] [stderr]    Compiling byteorder v1.3.2
[INFO] [stderr]    Compiling log v0.4.8
[INFO] [stderr]    Compiling proc-macro2 v0.4.30
[INFO] [stderr]     Checking futures v0.1.29
[INFO] [stderr]    Compiling unicode-xid v0.1.0
[INFO] [stderr]    Compiling syn v0.15.44
[INFO] [stderr]    Compiling memchr v2.2.1
[INFO] [stderr]    Compiling cc v1.0.45
[INFO] [stderr]     Checking slab v0.4.2
[INFO] [stderr]    Compiling version_check v0.1.5
[INFO] [stderr]     Checking crossbeam-utils v0.6.6
[INFO] [stderr]     Checking fnv v1.0.6
[INFO] [stderr]     Checking stable_deref_trait v1.1.1
[INFO] [stderr]     Checking rand_core v0.3.1
[INFO] [stderr]     Checking rand_jitter v0.1.4
[INFO] [stderr]    Compiling semver v0.9.0
[INFO] [stderr]     Checking owning_ref v0.4.0
[INFO] [stderr]     Checking rand_hc v0.1.0
[INFO] [stderr]    Compiling rand_pcg v0.1.2
[INFO] [stderr]    Compiling rand_chacha v0.1.1
[INFO] [stderr]    Compiling rand v0.6.5
[INFO] [stderr]     Checking rand_xorshift v0.1.1
[INFO] [stderr]     Checking rand_isaac v0.1.1
[INFO] [stderr]     Checking scopeguard v0.3.3
[INFO] [stderr]    Compiling proc-macro2 v1.0.3
[INFO] [stderr]    Compiling rustc_version v0.2.3
[INFO] [stderr]     Checking lock_api v0.1.5
[INFO] [stderr]     Checking matches v0.1.8
[INFO] [stderr]    Compiling regex v1.0.6
[INFO] [stderr]     Checking unicode-bidi v0.3.4
[INFO] [stderr]     Checking unicode-normalization v0.1.8
[INFO] [stderr]    Compiling unicode-xid v0.2.0
[INFO] [stderr]     Checking scopeguard v1.0.0
[INFO] [stderr]    Compiling parking_lot_core v0.4.0
[INFO] [stderr]    Compiling parking_lot_core v0.6.2
[INFO] [stderr]    Compiling unicase v2.5.1
[INFO] [stderr]    Compiling syn v1.0.5
[INFO] [stderr]    Compiling parking_lot v0.9.0
[INFO] [stderr]    Compiling thread_local v0.3.6
[INFO] [stderr]    Compiling failure_derive v0.1.5
[INFO] [stderr]     Checking iovec v0.1.2
[INFO] [stderr]     Checking rand_os v0.1.3
[INFO] [stderr]     Checking net2 v0.2.33
[INFO] [stderr]     Checking num_cpus v1.10.1
[INFO] [stderr]    Compiling quote v0.6.13
[INFO] [stderr]     Checking bytes v0.4.12
[INFO] [stderr]    Compiling aho-corasick v0.6.10
[INFO] [stderr]     Checking tokio-executor v0.1.8
[INFO] [stderr]     Checking tokio-sync v0.1.6
[INFO] [stderr]    Compiling utf8-ranges v1.0.4
[INFO] [stderr]     Checking itoa v0.4.4
[INFO] [stderr]    Compiling regex-syntax v0.6.12
[INFO] [stderr]    Compiling backtrace-sys v0.1.31
[INFO] [stderr]     Checking tokio-io v0.1.12
[INFO] [stderr]     Checking mio v0.6.19
[INFO] [stderr]     Checking tokio-timer v0.2.11
[INFO] [stderr]     Checking lock_api v0.3.1
[INFO] [stderr]     Checking rustc-demangle v0.1.16
[INFO] [stderr]    Compiling getrandom v0.1.12
[INFO] [stderr]    Compiling serde v1.0.100
[INFO] [stderr]     Checking tokio-current-thread v0.1.6
[INFO] [stderr]     Checking threadpool v1.7.1
[INFO] [stderr]    Compiling num-traits v0.2.8
[INFO] [stderr]     Checking percent-encoding v1.0.1
[INFO] [stderr]     Checking idna v0.1.5
[INFO] [stderr]    Compiling quote v1.0.2
[INFO] [stderr]     Checking tokio-codec v0.1.1
[INFO] [stderr]     Checking http v0.1.18
[INFO] [stderr]    Compiling brotli-sys v0.3.2
[INFO] [stderr]    Compiling miniz-sys v0.1.12
[INFO] [stderr]     Checking actix-service v0.4.2
[INFO] [stderr]     Checking hostname v0.1.5
[INFO] [stderr]     Checking socket2 v0.3.11
[INFO] [stderr]    Compiling num-integer v0.1.41
[INFO] [stdout] error[E0512]: cannot transmute between types of different sizes, or dependently-sized types
[INFO] [stdout]    --> /opt/rustwide/cargo-home/registry/src/index.crates.io-1949cf8c6b5b557f/socket2-0.3.11/src/sockaddr.rs:156:9
[INFO] [stdout]     |
[INFO] [stdout] 156 |         mem::transmute::<SocketAddrV4, sockaddr_in>(v4);
[INFO] [stdout]     |         ^^^^^^^^^^^^^^^^^^^^^^^^^^^^^^^^^^^^^^^^^^^
[INFO] [stdout]     |
[INFO] [stdout]     = note: source type: `SocketAddrV4` (48 bits)
[INFO] [stdout]     = note: target type: `sockaddr_in` (128 bits)
[INFO] [stdout] 
[INFO] [stdout] 
[INFO] [stderr]     Checking linked-hash-map v0.5.2
[INFO] [stderr]     Checking copyless v0.1.4
[INFO] [stdout] For more information about this error, try `rustc --explain E0512`.
[INFO] [stdout] 
[INFO] [stderr] error: could not compile `socket2` (lib) due to 1 previous error
[INFO] [stderr] warning: build failed, waiting for other jobs to finish...
[INFO] [stdout] error: linking with `cc` failed: exit status: 1
[INFO] [stdout]   |
[INFO] [stdout]   = note:  "cc" "-m64" "/tmp/rustcEwDXQ8/symbols.o" "<2 object files omitted>" "-Wl,--as-needed" "-Wl,-Bstatic" "/opt/rustwide/target/debug/deps/{libcc-70e45e2ab3bcc0d8.rlib}.rlib" "<sysroot>/lib/rustlib/x86_64-unknown-linux-gnu/lib/{libstd-*,libpanic_unwind-*,libobject-*,libmemchr-*,libaddr2line-*,libgimli-*,librustc_demangle-*,libstd_detect-*,libhashbrown-*,librustc_std_workspace_alloc-*,libminiz_oxide-*,libadler2-*,libunwind-*,libcfg_if-*,liblibc-*,liballoc-*,librustc_std_workspace_core-*,libcore-*,libcompiler_builtins-*}.rlib" "-Wl,-Bdynamic" "-lgcc_s" "-lutil" "-lrt" "-lpthread" "-lm" "-ldl" "-lc" "-Wl,--eh-frame-hdr" "-Wl,-z,noexecstack" "-L" "<sysroot>/lib/rustlib/x86_64-unknown-linux-gnu/lib" "-o" "/opt/rustwide/target/debug/build/miniz-sys-c5b53f97878d6e06/build_script_build-c5b53f97878d6e06" "-Wl,--gc-sections" "-pie" "-Wl,-z,relro,-z,now" "-nodefaultlibs"
[INFO] [stdout]   = note: some arguments are omitted. use `--verbose` to show all linker arguments
[INFO] [stdout]   = note: /usr/bin/ld: final link failed: No space left on device
[INFO] [stdout]           collect2: error: ld returned 1 exit status
[INFO] [stdout]           
[INFO] [stdout] 
[INFO] [stdout] 
[INFO] [stderr] warning: backtrace-sys@0.1.31: src/libbacktrace/fileline.c:201:1: fatal error: error writing to /tmp/ccwcHPq8.s: No space left on device
[INFO] [stderr] warning: backtrace-sys@0.1.31:   201 | }
[INFO] [stderr] warning: backtrace-sys@0.1.31:       | ^
[INFO] [stderr] warning: backtrace-sys@0.1.31: compilation terminated.
[INFO] [stderr] error: failed to run custom build command for `backtrace-sys v0.1.31`
[INFO] [stderr] note: To improve backtraces for build dependencies, set the CARGO_PROFILE_DEV_BUILD_OVERRIDE_DEBUG=true environment variable to enable debug information generation.
[INFO] [stderr] 
[INFO] [stderr] Caused by:
[INFO] [stderr]   process didn't exit successfully: `/opt/rustwide/target/debug/build/backtrace-sys-e8765a78bb248777/build-script-build` (exit status: 1)
[INFO] [stderr]   --- stdout
[INFO] [stderr]   cargo:rustc-cfg=rbt
[INFO] [stderr]   TARGET = Some("x86_64-unknown-linux-gnu")
[INFO] [stderr]   OPT_LEVEL = Some("0")
[INFO] [stderr]   HOST = Some("x86_64-unknown-linux-gnu")
[INFO] [stderr]   CC_x86_64-unknown-linux-gnu = None
[INFO] [stderr]   CC_x86_64_unknown_linux_gnu = None
[INFO] [stderr]   HOST_CC = None
[INFO] [stderr]   CC = None
[INFO] [stderr]   CFLAGS_x86_64-unknown-linux-gnu = None
[INFO] [stderr]   CFLAGS_x86_64_unknown_linux_gnu = None
[INFO] [stderr]   HOST_CFLAGS = None
[INFO] [stderr]   CFLAGS = None
[INFO] [stderr]   CRATE_CC_NO_DEFAULTS = None
[INFO] [stderr]   CARGO_CFG_TARGET_FEATURE = Some("fxsr,sse,sse2")
[INFO] [stderr]   running: "cc" "-O0" "-ffunction-sections" "-fdata-sections" "-fPIC" "-m64" "-I" "src/libbacktrace" "-I" "/opt/rustwide/target/debug/build/backtrace-sys-8066a3bf4eaa490e/out" "-fvisibility=hidden" "-DBACKTRACE_ELF_SIZE=64" "-DBACKTRACE_SUPPORTED=1" "-DBACKTRACE_USES_MALLOC=1" "-DBACKTRACE_SUPPORTS_THREADS=0" "-DBACKTRACE_SUPPORTS_DATA=0" "-DHAVE_DL_ITERATE_PHDR=1" "-D_GNU_SOURCE=1" "-D_LARGE_FILES=1" "-Dbacktrace_full=__rbt_backtrace_full" "-Dbacktrace_dwarf_add=__rbt_backtrace_dwarf_add" "-Dbacktrace_initialize=__rbt_backtrace_initialize" "-Dbacktrace_pcinfo=__rbt_backtrace_pcinfo" "-Dbacktrace_syminfo=__rbt_backtrace_syminfo" "-Dbacktrace_get_view=__rbt_backtrace_get_view" "-Dbacktrace_release_view=__rbt_backtrace_release_view" "-Dbacktrace_alloc=__rbt_backtrace_alloc" "-Dbacktrace_free=__rbt_backtrace_free" "-Dbacktrace_vector_finish=__rbt_backtrace_vector_finish" "-Dbacktrace_vector_grow=__rbt_backtrace_vector_grow" "-Dbacktrace_vector_release=__rbt_backtrace_vector_release" "-Dbacktrace_close=__rbt_backtrace_close" "-Dbacktrace_open=__rbt_backtrace_open" "-Dbacktrace_print=__rbt_backtrace_print" "-Dbacktrace_simple=__rbt_backtrace_simple" "-Dbacktrace_qsort=__rbt_backtrace_qsort" "-Dbacktrace_create_state=__rbt_backtrace_create_state" "-Dbacktrace_uncompress_zdebug=__rbt_backtrace_uncompress_zdebug" "-Dmacho_get_view=__rbt_macho_get_view" "-Dmacho_symbol_type_relevant=__rbt_macho_symbol_type_relevant" "-Dmacho_get_commands=__rbt_macho_get_commands" "-Dmacho_try_dsym=__rbt_macho_try_dsym" "-Dmacho_try_dwarf=__rbt_macho_try_dwarf" "-Dmacho_get_addr_range=__rbt_macho_get_addr_range" "-Dmacho_get_uuid=__rbt_macho_get_uuid" "-Dmacho_add=__rbt_macho_add" "-Dmacho_add_symtab=__rbt_macho_add_symtab" "-Dmacho_file_to_host_u64=__rbt_macho_file_to_host_u64" "-Dmacho_file_to_host_u32=__rbt_macho_file_to_host_u32" "-Dmacho_file_to_host_u16=__rbt_macho_file_to_host_u16" "-o" "/opt/rustwide/target/debug/build/backtrace-sys-8066a3bf4eaa490e/out/src/libbacktrace/alloc.o" "-c" "src/libbacktrace/alloc.c"
[INFO] [stderr]   exit status: 0
[INFO] [stderr]   running: "cc" "-O0" "-ffunction-sections" "-fdata-sections" "-fPIC" "-m64" "-I" "src/libbacktrace" "-I" "/opt/rustwide/target/debug/build/backtrace-sys-8066a3bf4eaa490e/out" "-fvisibility=hidden" "-DBACKTRACE_ELF_SIZE=64" "-DBACKTRACE_SUPPORTED=1" "-DBACKTRACE_USES_MALLOC=1" "-DBACKTRACE_SUPPORTS_THREADS=0" "-DBACKTRACE_SUPPORTS_DATA=0" "-DHAVE_DL_ITERATE_PHDR=1" "-D_GNU_SOURCE=1" "-D_LARGE_FILES=1" "-Dbacktrace_full=__rbt_backtrace_full" "-Dbacktrace_dwarf_add=__rbt_backtrace_dwarf_add" "-Dbacktrace_initialize=__rbt_backtrace_initialize" "-Dbacktrace_pcinfo=__rbt_backtrace_pcinfo" "-Dbacktrace_syminfo=__rbt_backtrace_syminfo" "-Dbacktrace_get_view=__rbt_backtrace_get_view" "-Dbacktrace_release_view=__rbt_backtrace_release_view" "-Dbacktrace_alloc=__rbt_backtrace_alloc" "-Dbacktrace_free=__rbt_backtrace_free" "-Dbacktrace_vector_finish=__rbt_backtrace_vector_finish" "-Dbacktrace_vector_grow=__rbt_backtrace_vector_grow" "-Dbacktrace_vector_release=__rbt_backtrace_vector_release" "-Dbacktrace_close=__rbt_backtrace_close" "-Dbacktrace_open=__rbt_backtrace_open" "-Dbacktrace_print=__rbt_backtrace_print" "-Dbacktrace_simple=__rbt_backtrace_simple" "-Dbacktrace_qsort=__rbt_backtrace_qsort" "-Dbacktrace_create_state=__rbt_backtrace_create_state" "-Dbacktrace_uncompress_zdebug=__rbt_backtrace_uncompress_zdebug" "-Dmacho_get_view=__rbt_macho_get_view" "-Dmacho_symbol_type_relevant=__rbt_macho_symbol_type_relevant" "-Dmacho_get_commands=__rbt_macho_get_commands" "-Dmacho_try_dsym=__rbt_macho_try_dsym" "-Dmacho_try_dwarf=__rbt_macho_try_dwarf" "-Dmacho_get_addr_range=__rbt_macho_get_addr_range" "-Dmacho_get_uuid=__rbt_macho_get_uuid" "-Dmacho_add=__rbt_macho_add" "-Dmacho_add_symtab=__rbt_macho_add_symtab" "-Dmacho_file_to_host_u64=__rbt_macho_file_to_host_u64" "-Dmacho_file_to_host_u32=__rbt_macho_file_to_host_u32" "-Dmacho_file_to_host_u16=__rbt_macho_file_to_host_u16" "-o" "/opt/rustwide/target/debug/build/backtrace-sys-8066a3bf4eaa490e/out/src/libbacktrace/dwarf.o" "-c" "src/libbacktrace/dwarf.c"
[INFO] [stderr]   exit status: 0
[INFO] [stderr]   running: "cc" "-O0" "-ffunction-sections" "-fdata-sections" "-fPIC" "-m64" "-I" "src/libbacktrace" "-I" "/opt/rustwide/target/debug/build/backtrace-sys-8066a3bf4eaa490e/out" "-fvisibility=hidden" "-DBACKTRACE_ELF_SIZE=64" "-DBACKTRACE_SUPPORTED=1" "-DBACKTRACE_USES_MALLOC=1" "-DBACKTRACE_SUPPORTS_THREADS=0" "-DBACKTRACE_SUPPORTS_DATA=0" "-DHAVE_DL_ITERATE_PHDR=1" "-D_GNU_SOURCE=1" "-D_LARGE_FILES=1" "-Dbacktrace_full=__rbt_backtrace_full" "-Dbacktrace_dwarf_add=__rbt_backtrace_dwarf_add" "-Dbacktrace_initialize=__rbt_backtrace_initialize" "-Dbacktrace_pcinfo=__rbt_backtrace_pcinfo" "-Dbacktrace_syminfo=__rbt_backtrace_syminfo" "-Dbacktrace_get_view=__rbt_backtrace_get_view" "-Dbacktrace_release_view=__rbt_backtrace_release_view" "-Dbacktrace_alloc=__rbt_backtrace_alloc" "-Dbacktrace_free=__rbt_backtrace_free" "-Dbacktrace_vector_finish=__rbt_backtrace_vector_finish" "-Dbacktrace_vector_grow=__rbt_backtrace_vector_grow" "-Dbacktrace_vector_release=__rbt_backtrace_vector_release" "-Dbacktrace_close=__rbt_backtrace_close" "-Dbacktrace_open=__rbt_backtrace_open" "-Dbacktrace_print=__rbt_backtrace_print" "-Dbacktrace_simple=__rbt_backtrace_simple" "-Dbacktrace_qsort=__rbt_backtrace_qsort" "-Dbacktrace_create_state=__rbt_backtrace_create_state" "-Dbacktrace_uncompress_zdebug=__rbt_backtrace_uncompress_zdebug" "-Dmacho_get_view=__rbt_macho_get_view" "-Dmacho_symbol_type_relevant=__rbt_macho_symbol_type_relevant" "-Dmacho_get_commands=__rbt_macho_get_commands" "-Dmacho_try_dsym=__rbt_macho_try_dsym" "-Dmacho_try_dwarf=__rbt_macho_try_dwarf" "-Dmacho_get_addr_range=__rbt_macho_get_addr_range" "-Dmacho_get_uuid=__rbt_macho_get_uuid" "-Dmacho_add=__rbt_macho_add" "-Dmacho_add_symtab=__rbt_macho_add_symtab" "-Dmacho_file_to_host_u64=__rbt_macho_file_to_host_u64" "-Dmacho_file_to_host_u32=__rbt_macho_file_to_host_u32" "-Dmacho_file_to_host_u16=__rbt_macho_file_to_host_u16" "-o" "/opt/rustwide/target/debug/build/backtrace-sys-8066a3bf4eaa490e/out/src/libbacktrace/fileline.o" "-c" "src/libbacktrace/fileline.c"
[INFO] [stderr]   cargo:warning=src/libbacktrace/fileline.c:201:1: fatal error: error writing to /tmp/ccwcHPq8.s: No space left on device
[INFO] [stderr]   cargo:warning=  201 | }
[INFO] [stderr]   cargo:warning=      | ^
[INFO] [stderr]   cargo:warning=compilation terminated.
[INFO] [stderr]   exit status: 1
[INFO] [stderr] 
[INFO] [stderr]   --- stderr
[INFO] [stderr] 
[INFO] [stderr] 
[INFO] [stderr]   error occurred: Command "cc" "-O0" "-ffunction-sections" "-fdata-sections" "-fPIC" "-m64" "-I" "src/libbacktrace" "-I" "/opt/rustwide/target/debug/build/backtrace-sys-8066a3bf4eaa490e/out" "-fvisibility=hidden" "-DBACKTRACE_ELF_SIZE=64" "-DBACKTRACE_SUPPORTED=1" "-DBACKTRACE_USES_MALLOC=1" "-DBACKTRACE_SUPPORTS_THREADS=0" "-DBACKTRACE_SUPPORTS_DATA=0" "-DHAVE_DL_ITERATE_PHDR=1" "-D_GNU_SOURCE=1" "-D_LARGE_FILES=1" "-Dbacktrace_full=__rbt_backtrace_full" "-Dbacktrace_dwarf_add=__rbt_backtrace_dwarf_add" "-Dbacktrace_initialize=__rbt_backtrace_initialize" "-Dbacktrace_pcinfo=__rbt_backtrace_pcinfo" "-Dbacktrace_syminfo=__rbt_backtrace_syminfo" "-Dbacktrace_get_view=__rbt_backtrace_get_view" "-Dbacktrace_release_view=__rbt_backtrace_release_view" "-Dbacktrace_alloc=__rbt_backtrace_alloc" "-Dbacktrace_free=__rbt_backtrace_free" "-Dbacktrace_vector_finish=__rbt_backtrace_vector_finish" "-Dbacktrace_vector_grow=__rbt_backtrace_vector_grow" "-Dbacktrace_vector_release=__rbt_backtrace_vector_release" "-Dbacktrace_close=__rbt_backtrace_close" "-Dbacktrace_open=__rbt_backtrace_open" "-Dbacktrace_print=__rbt_backtrace_print" "-Dbacktrace_simple=__rbt_backtrace_simple" "-Dbacktrace_qsort=__rbt_backtrace_qsort" "-Dbacktrace_create_state=__rbt_backtrace_create_state" "-Dbacktrace_uncompress_zdebug=__rbt_backtrace_uncompress_zdebug" "-Dmacho_get_view=__rbt_macho_get_view" "-Dmacho_symbol_type_relevant=__rbt_macho_symbol_type_relevant" "-Dmacho_get_commands=__rbt_macho_get_commands" "-Dmacho_try_dsym=__rbt_macho_try_dsym" "-Dmacho_try_dwarf=__rbt_macho_try_dwarf" "-Dmacho_get_addr_range=__rbt_macho_get_addr_range" "-Dmacho_get_uuid=__rbt_macho_get_uuid" "-Dmacho_add=__rbt_macho_add" "-Dmacho_add_symtab=__rbt_macho_add_symtab" "-Dmacho_file_to_host_u64=__rbt_macho_file_to_host_u64" "-Dmacho_file_to_host_u32=__rbt_macho_file_to_host_u32" "-Dmacho_file_to_host_u16=__rbt_macho_file_to_host_u16" "-o" "/opt/rustwide/target/debug/build/backtrace-sys-8066a3bf4eaa490e/out/src/libbacktrace/fileline.o" "-c" "src/libbacktrace/fileline.c" with args "cc" did not execute successfully (status code exit status: 1).
[INFO] [stderr] 
[INFO] [stderr] 
[INFO] [stdout] error: linking with `cc` failed: exit status: 1
[INFO] [stdout]   |
[INFO] [stdout]   = note:  "cc" "-m64" "/tmp/rustc5UswQU/symbols.o" "<2 object files omitted>" "-Wl,--as-needed" "-Wl,-Bstatic" "/opt/rustwide/target/debug/deps/{libcc-70e45e2ab3bcc0d8.rlib}.rlib" "<sysroot>/lib/rustlib/x86_64-unknown-linux-gnu/lib/{libstd-*,libpanic_unwind-*,libobject-*,libmemchr-*,libaddr2line-*,libgimli-*,librustc_demangle-*,libstd_detect-*,libhashbrown-*,librustc_std_workspace_alloc-*,libminiz_oxide-*,libadler2-*,libunwind-*,libcfg_if-*,liblibc-*,liballoc-*,librustc_std_workspace_core-*,libcore-*,libcompiler_builtins-*}.rlib" "-Wl,-Bdynamic" "-lgcc_s" "-lutil" "-lrt" "-lpthread" "-lm" "-ldl" "-lc" "-Wl,--eh-frame-hdr" "-Wl,-z,noexecstack" "-L" "<sysroot>/lib/rustlib/x86_64-unknown-linux-gnu/lib" "-o" "/opt/rustwide/target/debug/build/brotli-sys-691c0324f81bd943/build_script_build-691c0324f81bd943" "-Wl,--gc-sections" "-pie" "-Wl,-z,relro,-z,now" "-nodefaultlibs"
[INFO] [stdout]   = note: some arguments are omitted. use `--verbose` to show all linker arguments
[INFO] [stdout]   = note: /usr/bin/ld: final link failed: No space left on device
[INFO] [stdout]           collect2: error: ld returned 1 exit status
[INFO] [stdout]           
[INFO] [stdout] 
[INFO] [stdout] 
[INFO] [stderr] error: could not compile `brotli-sys` (build script) due to 1 previous error
[INFO] [stderr] error: could not compile `miniz-sys` (build script) due to 1 previous error
[INFO] [stderr] error: could not parse/generate dep info at: /opt/rustwide/target/debug/deps/idna-4bdc177717186eb8.d
[INFO] [stderr] 
[INFO] [stderr] Caused by:
[INFO] [stderr]   failed to write `/opt/rustwide/target/debug/.fingerprint/idna-4bdc177717186eb8/dep-lib-idna`
[INFO] [stderr] 
[INFO] [stderr] Caused by:
[INFO] [stderr]   No space left on device (os error 28)
[INFO] [stdout] error: couldn't create a temp dir: No space left on device (os error 28) at path "/opt/rustwide/target/debug/deps/rmetaSy7u1g"
[INFO] [stdout] 
[INFO] [stdout] 
[INFO] [stderr] error: could not compile `regex-syntax` (lib) due to 1 previous error
[INFO] [stderr] rustc-LLVM ERROR: IO failure on output stream: No space left on device
[INFO] [stderr] error: could not compile `syn` (lib)
[INFO] [stderr] 
[INFO] [stderr] Caused by:
[INFO] [stderr]   No space left on device (os error 28)
[INFO] [stderr] 
[INFO] [stderr] Caused by:
[INFO] [stderr]   failed to parse process output: `/opt/rustwide/rustup-home/toolchains/beta-2025-02-18-x86_64-unknown-linux-gnu/bin/rustc --crate-name syn --edition=2018 /opt/rustwide/cargo-home/registry/src/index.crates.io-1949cf8c6b5b557f/syn-1.0.5/src/lib.rs --error-format=json --json=diagnostic-rendered-ansi,artifacts,future-incompat --crate-type lib --emit=dep-info,metadata,link -C embed-bitcode=no --cfg 'feature="clone-impls"' --cfg 'feature="default"' --cfg 'feature="derive"' --cfg 'feature="parsing"' --cfg 'feature="printing"' --cfg 'feature="proc-macro"' --cfg 'feature="quote"' --cfg 'feature="visit"' --check-cfg 'cfg(docsrs,test)' --check-cfg 'cfg(feature, values("clone-impls", "default", "derive", "extra-traits", "fold", "full", "parsing", "printing", "proc-macro", "quote", "visit", "visit-mut"))' -C metadata=8da7a6671223d9a4 -C extra-filename=-f46a4c8b6e328185 --out-dir /opt/rustwide/target/debug/deps -L dependency=/opt/rustwide/target/debug/deps --extern proc_macro2=/opt/rustwide/target/debug/deps/libproc_macro2-a50e5ef2ebcfff3d.rmeta --extern quote=/opt/rustwide/target/debug/deps/libquote-9f58b8fcb8ebc93a.rmeta --extern unicode_xid=/opt/rustwide/target/debug/deps/libunicode_xid-4a725bec3393d00b.rmeta --cap-lints allow --cap-lints=warn --cfg syn_disable_nightly_tests` (exit status: 101)
[INFO] [stdout] error: failed to write to `/opt/rustwide/target/debug/deps/rmeta2klRDj/lib.rmeta`: No space left on device (os error 28)
[INFO] [stdout] 
[INFO] [stdout] 
[INFO] [stderr] error: could not compile `syn` (lib) due to 1 previous error
[INFO] running `Command { std: "docker" "inspect" "8f88a4ce3967ad142e75900a63c8893002f2b0c2055feacf76ff4fed04077afb", kill_on_drop: false }`
[INFO] running `Command { std: "docker" "rm" "-f" "8f88a4ce3967ad142e75900a63c8893002f2b0c2055feacf76ff4fed04077afb", kill_on_drop: false }`
[INFO] [stdout] 8f88a4ce3967ad142e75900a63c8893002f2b0c2055feacf76ff4fed04077afb
