[INFO] cloning repository https://github.com/kyrosle/bt-tui
[INFO] running `Command { std: "git" "-c" "credential.helper=" "-c" "credential.helper=/workspace/cargo-home/bin/git-credential-null" "clone" "--bare" "https://github.com/kyrosle/bt-tui" "/workspace/cache/git-repos/https%3A%2F%2Fgithub.com%2Fkyrosle%2Fbt-tui", kill_on_drop: false }`
[INFO] [stderr] Cloning into bare repository '/workspace/cache/git-repos/https%3A%2F%2Fgithub.com%2Fkyrosle%2Fbt-tui'...
[INFO] running `Command { std: "git" "rev-parse" "HEAD", kill_on_drop: false }`
[INFO] [stdout] 644260fd02291206f9f17c805431f15107cfceb1
[INFO] documenting kyrosle/bt-tui against beta-2025-02-18 for beta-1.86-rustdoc-1
[INFO] running `Command { std: "git" "clone" "/workspace/cache/git-repos/https%3A%2F%2Fgithub.com%2Fkyrosle%2Fbt-tui" "/workspace/builds/worker-7-tc2/source", kill_on_drop: false }`
[INFO] [stderr] Cloning into '/workspace/builds/worker-7-tc2/source'...
[INFO] [stderr] done.
[INFO] validating manifest of git repo https://github.com/kyrosle/bt-tui on toolchain beta-2025-02-18
[INFO] running `Command { std: CARGO_HOME="/workspace/cargo-home" RUSTUP_HOME="/workspace/rustup-home" "/workspace/cargo-home/bin/cargo" "+beta-2025-02-18" "metadata" "--manifest-path" "Cargo.toml" "--no-deps", kill_on_drop: false }`
[INFO] started tweaking git repo https://github.com/kyrosle/bt-tui
[INFO] finished tweaking git repo https://github.com/kyrosle/bt-tui
[INFO] tweaked toml for git repo https://github.com/kyrosle/bt-tui written to /workspace/builds/worker-7-tc2/source/Cargo.toml
[INFO] crate git repo https://github.com/kyrosle/bt-tui already has a lockfile, it will not be regenerated
[INFO] running `Command { std: CARGO_HOME="/workspace/cargo-home" RUSTUP_HOME="/workspace/rustup-home" "/workspace/cargo-home/bin/cargo" "+beta-2025-02-18" "fetch" "--manifest-path" "Cargo.toml", kill_on_drop: false }`
[INFO] [stderr] warning: unused manifest key: dependencies.bt-rust.commit
[INFO] [stderr]     Blocking waiting for file lock on package cache
[INFO] [stderr]     Updating git repository `https://github.com/kyrosle/bt-rust.git`
[INFO] [stderr]     Updating crates.io index
[INFO] [stderr]     Blocking waiting for file lock on package cache
[INFO] [stderr]  Downloading crates ...
[INFO] [stderr]   Downloaded cxxbridge-macro v1.0.89
[INFO] [stderr]   Downloaded cxxbridge-flags v1.0.89
[INFO] [stderr]   Downloaded pretty_assertions v1.3.0
[INFO] [stderr]   Downloaded serde_bencoded v0.3.1
[INFO] [stderr]   Downloaded cxx-build v1.0.89
[INFO] [stderr]   Downloaded serde_json v1.0.92
[INFO] [stderr]   Downloaded crossterm v0.26.0
[INFO] [stderr]   Downloaded flexi_logger v0.25.1
[INFO] [stderr]   Downloaded cxx v1.0.89
[INFO] running `Command { std: "docker" "create" "-v" "/var/lib/crater-agent-workspace/builds/worker-7-tc2/target:/opt/rustwide/target:rw,Z" "-v" "/var/lib/crater-agent-workspace/builds/worker-7-tc2/source:/opt/rustwide/workdir:ro,Z" "-v" "/var/lib/crater-agent-workspace/cargo-home:/opt/rustwide/cargo-home:ro,Z" "-v" "/var/lib/crater-agent-workspace/rustup-home:/opt/rustwide/rustup-home:ro,Z" "-e" "SOURCE_DIR=/opt/rustwide/workdir" "-e" "CARGO_TARGET_DIR=/opt/rustwide/target" "-e" "CARGO_HOME=/opt/rustwide/cargo-home" "-e" "RUSTUP_HOME=/opt/rustwide/rustup-home" "-w" "/opt/rustwide/workdir" "-m" "1610612736" "--user" "0:0" "--network" "none" "ghcr.io/rust-lang/crates-build-env/linux@sha256:3959728d45483eb673ba100a951a6b9f5012970368db2a9e08e0ac9b67c8a5ad" "/opt/rustwide/cargo-home/bin/cargo" "+beta-2025-02-18" "metadata" "--no-deps" "--format-version=1", kill_on_drop: false }`
[INFO] [stdout] 94abc5d0b91bd594c8ec96af26fce9821bab4ff59c7f40fa784820e59fb67246
[INFO] running `Command { std: "docker" "start" "-a" "94abc5d0b91bd594c8ec96af26fce9821bab4ff59c7f40fa784820e59fb67246", kill_on_drop: false }`
[INFO] running `Command { std: "docker" "inspect" "94abc5d0b91bd594c8ec96af26fce9821bab4ff59c7f40fa784820e59fb67246", kill_on_drop: false }`
[INFO] running `Command { std: "docker" "rm" "-f" "94abc5d0b91bd594c8ec96af26fce9821bab4ff59c7f40fa784820e59fb67246", kill_on_drop: false }`
[INFO] [stdout] 94abc5d0b91bd594c8ec96af26fce9821bab4ff59c7f40fa784820e59fb67246
[INFO] running `Command { std: "docker" "create" "-v" "/var/lib/crater-agent-workspace/builds/worker-7-tc2/target:/opt/rustwide/target:rw,Z" "-v" "/var/lib/crater-agent-workspace/builds/worker-7-tc2/source:/opt/rustwide/workdir:ro,Z" "-v" "/var/lib/crater-agent-workspace/cargo-home:/opt/rustwide/cargo-home:ro,Z" "-v" "/var/lib/crater-agent-workspace/rustup-home:/opt/rustwide/rustup-home:ro,Z" "-e" "SOURCE_DIR=/opt/rustwide/workdir" "-e" "CARGO_TARGET_DIR=/opt/rustwide/target" "-e" "CARGO_INCREMENTAL=0" "-e" "RUST_BACKTRACE=full" "-e" "RUSTFLAGS=--cap-lints=warn" "-e" "RUSTDOCFLAGS=--cap-lints=warn" "-e" "CARGO_HOME=/opt/rustwide/cargo-home" "-e" "RUSTUP_HOME=/opt/rustwide/rustup-home" "-w" "/opt/rustwide/workdir" "-m" "1610612736" "--user" "0:0" "--network" "none" "ghcr.io/rust-lang/crates-build-env/linux@sha256:3959728d45483eb673ba100a951a6b9f5012970368db2a9e08e0ac9b67c8a5ad" "/opt/rustwide/cargo-home/bin/cargo" "+beta-2025-02-18" "doc" "--frozen" "--no-deps" "--document-private-items" "--message-format=json", kill_on_drop: false }`
[INFO] [stdout] fe960998d82663489f3fe3b2be3376da2daff2517321290b2cf2cc4ebda008de
[INFO] running `Command { std: "docker" "start" "-a" "fe960998d82663489f3fe3b2be3376da2daff2517321290b2cf2cc4ebda008de", kill_on_drop: false }`
[INFO] [stderr] warning: unused manifest key: dependencies.bt-rust.commit
[INFO] [stderr]    Compiling autocfg v1.1.0
[INFO] [stderr]    Compiling libc v0.2.139
[INFO] [stderr]    Compiling proc-macro2 v1.0.51
[INFO] [stderr]    Compiling unicode-ident v1.0.6
[INFO] [stderr]    Compiling quote v1.0.23
[INFO] [stderr]    Compiling syn v1.0.107
[INFO] [stderr]    Compiling version_check v0.9.4
[INFO] [stderr]    Compiling log v0.4.17
[INFO] [stderr]    Compiling memchr v2.5.0
[INFO] [stderr]     Checking once_cell v1.17.0
[INFO] [stderr]    Compiling parking_lot_core v0.9.7
[INFO] [stderr]     Checking pin-project-lite v0.2.9
[INFO] [stderr]     Checking smallvec v1.10.0
[INFO] [stderr]    Compiling futures-core v0.3.26
[INFO] [stderr]    Compiling pkg-config v0.3.26
[INFO] [stderr]     Checking bitflags v1.3.2
[INFO] [stderr]    Compiling cc v1.0.79
[INFO] [stderr]    Compiling futures-channel v0.3.26
[INFO] [stderr]    Compiling futures-task v0.3.26
[INFO] [stderr]     Checking bytes v1.4.0
[INFO] [stderr]     Checking futures-sink v0.3.26
[INFO] [stderr]    Compiling lock_api v0.4.9
[INFO] [stderr]    Compiling slab v0.4.7
[INFO] [stderr]    Compiling tokio v1.26.0
[INFO] [stderr]    Compiling futures-util v0.3.26
[INFO] [stderr]    Compiling num-traits v0.2.15
[INFO] [stderr]     Checking futures-io v0.3.26
[INFO] [stderr]     Checking itoa v1.0.5
[INFO] [stderr]    Compiling typenum v1.16.0
[INFO] [stderr]     Checking pin-utils v0.1.0
[INFO] [stderr]    Compiling generic-array v0.14.6
[INFO] [stderr]     Checking tracing-core v0.1.30
[INFO] [stderr]    Compiling indexmap v1.9.2
[INFO] [stderr]     Checking foreign-types-shared v0.1.1
[INFO] [stderr]     Checking fnv v1.0.7
[INFO] [stderr]    Compiling serde v1.0.152
[INFO] [stderr]    Compiling openssl v0.10.45
[INFO] [stderr]     Checking foreign-types v0.3.2
[INFO] [stderr]     Checking tinyvec_macros v0.1.1
[INFO] [stderr]    Compiling signal-hook v0.3.14
[INFO] [stderr]     Checking hashbrown v0.12.3
[INFO] [stderr]     Checking signal-hook-registry v1.4.0
[INFO] [stderr]     Checking mio v0.8.5
[INFO] [stderr]    Compiling openssl-sys v0.9.80
[INFO] [stderr]     Checking num_cpus v1.15.0
[INFO] [stderr]     Checking socket2 v0.4.7
[INFO] [stderr]     Checking http v0.2.8
[INFO] [stderr]    Compiling native-tls v0.2.11
[INFO] [stderr]     Checking tracing v0.1.37
[INFO] [stderr]    Compiling httparse v1.8.0
[INFO] [stderr]     Checking tinyvec v1.6.0
[INFO] [stderr]     Checking parking_lot v0.12.1
[INFO] [stderr]    Compiling proc-macro-error-attr v1.0.4
[INFO] [stderr]    Compiling ahash v0.8.3
[INFO] [stderr]     Checking try-lock v0.2.4
[INFO] [stderr]     Checking openssl-probe v0.1.5
[INFO] [stderr]     Checking percent-encoding v2.2.0
[INFO] [stderr]     Checking want v0.3.0
[INFO] [stderr]     Checking getrandom v0.2.8
[INFO] [stderr]    Compiling proc-macro-error v1.0.4
[INFO] [stderr]    Compiling num-integer v0.1.45
[INFO] [stderr]     Checking form_urlencoded v1.1.0
[INFO] [stderr]     Checking httpdate v1.0.2
[INFO] [stderr]    Compiling thiserror v1.0.38
[INFO] [stderr]    Compiling radium v0.7.0
[INFO] [stderr]     Checking unicode-width v0.1.10
[INFO] [stderr]     Checking tower-service v0.3.2
[INFO] [stderr]     Checking unicode-bidi v0.3.10
[INFO] [stderr]     Checking signal-hook-mio v0.2.3
[INFO] [stderr]     Checking rand_core v0.6.4
[INFO] [stderr]     Checking atty v0.2.14
[INFO] [stderr]     Checking ppv-lite86 v0.2.17
[INFO] [stderr]    Compiling serde_derive v1.0.152
[INFO] [stderr]     Checking tap v1.0.1
[INFO] [stderr]     Checking ryu v1.0.12
[INFO] [stderr]    Compiling anyhow v1.0.69
[INFO] [stderr]     Checking http-body v0.4.5
[INFO] [stderr]    Compiling unicode-segmentation v1.10.1
[INFO] [stderr]     Checking hashbrown v0.13.2
[INFO] [stderr]     Checking btoi v0.4.3
[INFO] [stderr]     Checking wyz v0.5.1
[INFO] [stderr]     Checking textwrap v0.11.0
[INFO] [stderr]     Checking aho-corasick v0.7.20
[INFO] [stderr]    Compiling heck v0.3.3
[INFO] [stderr]     Checking encoding_rs v0.8.32
[INFO] [stderr]     Checking ipnet v2.7.1
[INFO] [stderr]     Checking base64 v0.21.0
[INFO] [stderr]     Checking vec_map v0.8.2
[INFO] [stderr]     Checking regex-syntax v0.6.28
[INFO] [stderr]     Checking funty v2.0.0
[INFO] [stderr]     Checking yansi v0.5.1
[INFO] [stderr]     Checking mime v0.3.16
[INFO] [stderr]     Checking iana-time-zone v0.1.53
[INFO] [stderr]     Checking itoa v0.4.8
[INFO] [stderr]     Checking rand_chacha v0.3.1
[INFO] [stderr]     Checking fastrand v1.8.0
[INFO] [stderr]     Checking cpufeatures v0.2.5
[INFO] [stderr]     Checking remove_dir_all v0.5.3
[INFO] [stderr]     Checking overload v0.1.1
[INFO] [stderr]     Checking unicode-normalization v0.1.22
[INFO] [stderr]     Checking ansi_term v0.12.1
[INFO] [stderr]     Checking diff v0.1.13
[INFO] [stderr]     Checking strsim v0.8.0
[INFO] [stderr]     Checking nu-ansi-term v0.46.0
[INFO] [stderr]     Checking pretty_assertions v1.3.0
[INFO] [stderr]     Checking tempfile v3.3.0
[INFO] [stderr]     Checking chrono v0.4.23
[INFO] [stderr]     Checking clap v2.34.0
[INFO] [stderr]     Checking rand v0.8.5
[INFO] [stderr]     Checking lru v0.10.0
[INFO] [stderr]     Checking crossterm v0.25.0
[INFO] [stderr]     Checking cassowary v0.3.0
[INFO] [stderr]     Checking glob v0.3.1
[INFO] [stderr]     Checking bitvec v1.0.1
[INFO] [stderr]     Checking hex v0.4.3
[INFO] [stderr]     Checking crossterm v0.26.0
[INFO] [stderr]     Checking block-buffer v0.10.3
[INFO] [stderr]     Checking crypto-common v0.1.6
[INFO] [stderr]     Checking idna v0.3.0
[INFO] [stderr]     Checking tui v0.19.0
[INFO] [stderr]     Checking digest v0.10.6
[INFO] [stderr]     Checking sha1 v0.10.5
[INFO] [stderr]     Checking url v2.3.1
[INFO] [stderr]    Compiling tokio-macros v1.8.2
[INFO] [stderr]    Compiling futures-macro v0.3.26
[INFO] [stderr]    Compiling openssl-macros v0.1.0
[INFO] [stderr]    Compiling thiserror-impl v1.0.38
[INFO] [stderr]    Compiling structopt-derive v0.4.18
[INFO] [stderr]     Checking regex v1.7.1
[INFO] [stderr]     Checking serde_urlencoded v0.7.1
[INFO] [stderr]     Checking serde_bytes v0.11.9
[INFO] [stderr]     Checking serde_bencoded v0.3.1
[INFO] [stderr]     Checking flexi_logger v0.25.1
[INFO] [stderr]     Checking structopt v0.3.26
[INFO] [stderr]     Checking futures-executor v0.3.26
[INFO] [stderr]     Checking futures v0.3.26
[INFO] [stderr]     Checking tokio-util v0.7.4
[INFO] [stderr]     Checking tokio-native-tls v0.3.1
[INFO] [stderr]     Checking h2 v0.3.15
[INFO] [stderr]     Checking hyper v0.14.24
[INFO] [stderr]     Checking hyper-tls v0.5.0
[INFO] [stderr]     Checking reqwest v0.11.14
[INFO] [stderr]     Checking bt-rust v0.1.0 (https://github.com/kyrosle/bt-rust.git#db1b6de4)
[INFO] [stdout] error[E0433]: failed to resolve: could not find `windows` in `os`
[INFO] [stdout]  --> /opt/rustwide/cargo-home/git/checkouts/bt-rust-048c3d7d0d3a0781/db1b6de/src/disk/io/file_io.rs:3:15
[INFO] [stdout]   |
[INFO] [stdout] 3 | use std::{os::windows::prelude::FileExt, sync::Arc};
[INFO] [stdout]   |               ^^^^^^^ could not find `windows` in `os`
[INFO] [stdout]   |
[INFO] [stdout] note: found an item that was configured out
[INFO] [stdout]  --> /rustc/f0cb41030579cd1a6f72bd23f38e677052d5d485/library/std/src/os/mod.rs:63:9
[INFO] [stdout] note: the item is gated here
[INFO] [stdout]  --> /rustc/f0cb41030579cd1a6f72bd23f38e677052d5d485/library/std/src/os/mod.rs:55:1
[INFO] [stdout] note: found an item that was configured out
[INFO] [stdout]  --> /rustc/f0cb41030579cd1a6f72bd23f38e677052d5d485/library/std/src/os/mod.rs:121:9
[INFO] [stdout] note: the item is gated here
[INFO] [stdout]  --> /rustc/f0cb41030579cd1a6f72bd23f38e677052d5d485/library/std/src/os/mod.rs:120:1
[INFO] [stdout] 
[INFO] [stdout] 
[INFO] [stdout] error[E0433]: failed to resolve: use of unresolved module or unlinked crate `nix`
[INFO] [stdout]   --> /opt/rustwide/cargo-home/git/checkouts/bt-rust-048c3d7d0d3a0781/db1b6de/src/iovecs/mod.rs:56:9
[INFO] [stdout]    |
[INFO] [stdout] 56 | pub use nix::sys::uio::IoVec;
[INFO] [stdout]    |         ^^^ use of unresolved module or unlinked crate `nix`
[INFO] [stdout]    |
[INFO] [stdout]    = help: if you wanted to use a crate named `nix`, use `cargo add nix` to add it to your `Cargo.toml`
[INFO] [stdout] 
[INFO] [stdout] 
[INFO] [stdout] error[E0432]: unresolved imports `crate::iovecs::IoVec`, `crate::iovecs::IoVec`, `super::IoVec`
[INFO] [stdout]   --> /opt/rustwide/cargo-home/git/checkouts/bt-rust-048c3d7d0d3a0781/db1b6de/src/disk/io/file_io.rs:8:12
[INFO] [stdout]    |
[INFO] [stdout] 8  |   iovecs::{IoVec, IoVecs},
[INFO] [stdout]    |            ^^^^^
[INFO] [stdout]    |
[INFO] [stdout]   ::: /opt/rustwide/cargo-home/git/checkouts/bt-rust-048c3d7d0d3a0781/db1b6de/src/disk/io/piece.rs:8:3
[INFO] [stdout]    |
[INFO] [stdout] 8  |   iovecs::IoVec,
[INFO] [stdout]    |   ^^^^^^^^^^^^^
[INFO] [stdout]    |
[INFO] [stdout]   ::: /opt/rustwide/cargo-home/git/checkouts/bt-rust-048c3d7d0d3a0781/db1b6de/src/iovecs/utils.rs:51:5
[INFO] [stdout]    |
[INFO] [stdout] 51 | use super::IoVec;
[INFO] [stdout]    |     ^^^^^^^^^^^^
[INFO] [stdout] 
[INFO] [stdout] 
[INFO] [stdout] error[E0599]: no method named `seek_write` found for struct `std::fs::File` in the current scope
[INFO] [stdout]   --> /opt/rustwide/cargo-home/git/checkouts/bt-rust-048c3d7d0d3a0781/db1b6de/src/disk/io/file_io.rs:83:8
[INFO] [stdout]    |
[INFO] [stdout] 81 | /     self
[INFO] [stdout] 82 | |       .handle
[INFO] [stdout] 83 | |       .seek_write(iovecs.as_u8_vec().as_slice(), file_slice.offset)
[INFO] [stdout]    | |_______-^^^^^^^^^^
[INFO] [stdout]    |
[INFO] [stdout] help: there is a method `write` with a similar name, but with different arguments
[INFO] [stdout]   --> /rustc/f0cb41030579cd1a6f72bd23f38e677052d5d485/library/std/src/io/mod.rs:1643:5
[INFO] [stdout] 
[INFO] [stdout] 
[INFO] [stdout] error[E0599]: no method named `seek_read` found for struct `std::fs::File` in the current scope
[INFO] [stdout]    --> /opt/rustwide/cargo-home/git/checkouts/bt-rust-048c3d7d0d3a0781/db1b6de/src/disk/io/file_io.rs:138:8
[INFO] [stdout]     |
[INFO] [stdout] 136 |       let total_read_count = self
[INFO] [stdout]     |  ____________________________-
[INFO] [stdout] 137 | |       .handle
[INFO] [stdout] 138 | |       .seek_read(&mut data, file_slice.offset)
[INFO] [stdout]     | |_______-^^^^^^^^^
[INFO] [stdout]     |
[INFO] [stdout] help: there is a method `seek_relative` with a similar name, but with different arguments
[INFO] [stdout]    --> /rustc/f0cb41030579cd1a6f72bd23f38e677052d5d485/library/std/src/io/mod.rs:2118:5
[INFO] [stdout] 
[INFO] [stdout] 
[INFO] [stdout] Some errors have detailed explanations: E0432, E0433, E0599.
[INFO] [stdout] 
[INFO] [stdout] For more information about an error, try `rustc --explain E0432`.
[INFO] [stdout] 
[INFO] [stderr] error: could not compile `bt-rust` (lib) due to 5 previous errors
[INFO] running `Command { std: "docker" "inspect" "fe960998d82663489f3fe3b2be3376da2daff2517321290b2cf2cc4ebda008de", kill_on_drop: false }`
[INFO] running `Command { std: "docker" "rm" "-f" "fe960998d82663489f3fe3b2be3376da2daff2517321290b2cf2cc4ebda008de", kill_on_drop: false }`
[INFO] [stdout] fe960998d82663489f3fe3b2be3376da2daff2517321290b2cf2cc4ebda008de
