[INFO] cloning repository https://github.com/jquesada2016/tts-clone-unsoundness
[INFO] running `Command { std: "git" "-c" "credential.helper=" "-c" "credential.helper=/workspace/cargo-home/bin/git-credential-null" "clone" "--bare" "https://github.com/jquesada2016/tts-clone-unsoundness" "/workspace/cache/git-repos/https%3A%2F%2Fgithub.com%2Fjquesada2016%2Ftts-clone-unsoundness", kill_on_drop: false }`
[INFO] [stderr] Cloning into bare repository '/workspace/cache/git-repos/https%3A%2F%2Fgithub.com%2Fjquesada2016%2Ftts-clone-unsoundness'...
[INFO] running `Command { std: "git" "rev-parse" "HEAD", kill_on_drop: false }`
[INFO] [stdout] d3204b8e8d98a646aa4b6a894385aa6bedf1a134
[INFO] documenting jquesada2016/tts-clone-unsoundness against beta-2025-02-18 for beta-1.86-rustdoc-1
[INFO] running `Command { std: "git" "clone" "/workspace/cache/git-repos/https%3A%2F%2Fgithub.com%2Fjquesada2016%2Ftts-clone-unsoundness" "/workspace/builds/worker-7-tc2/source", kill_on_drop: false }`
[INFO] [stderr] Cloning into '/workspace/builds/worker-7-tc2/source'...
[INFO] [stderr] done.
[INFO] validating manifest of git repo https://github.com/jquesada2016/tts-clone-unsoundness on toolchain beta-2025-02-18
[INFO] running `Command { std: CARGO_HOME="/workspace/cargo-home" RUSTUP_HOME="/workspace/rustup-home" "/workspace/cargo-home/bin/cargo" "+beta-2025-02-18" "metadata" "--manifest-path" "Cargo.toml" "--no-deps", kill_on_drop: false }`
[INFO] started tweaking git repo https://github.com/jquesada2016/tts-clone-unsoundness
[INFO] finished tweaking git repo https://github.com/jquesada2016/tts-clone-unsoundness
[INFO] tweaked toml for git repo https://github.com/jquesada2016/tts-clone-unsoundness written to /workspace/builds/worker-7-tc2/source/Cargo.toml
[INFO] crate git repo https://github.com/jquesada2016/tts-clone-unsoundness already has a lockfile, it will not be regenerated
[INFO] running `Command { std: CARGO_HOME="/workspace/cargo-home" RUSTUP_HOME="/workspace/rustup-home" "/workspace/cargo-home/bin/cargo" "+beta-2025-02-18" "fetch" "--manifest-path" "Cargo.toml", kill_on_drop: false }`
[INFO] [stderr]     Blocking waiting for file lock on package cache
[INFO] [stderr]     Updating crates.io index
[INFO] [stderr]     Blocking waiting for file lock on package cache
[ERROR] error running command: no output for 300 seconds
[INFO] documenting jquesada2016/tts-clone-unsoundness against beta-2025-02-18 for beta-1.86-rustdoc-1
[INFO] running `Command { std: "git" "clone" "/workspace/cache/git-repos/https%3A%2F%2Fgithub.com%2Fjquesada2016%2Ftts-clone-unsoundness" "/workspace/builds/worker-7-tc2/source", kill_on_drop: false }`
[INFO] [stderr] Cloning into '/workspace/builds/worker-7-tc2/source'...
[INFO] [stderr] done.
[INFO] validating manifest of git repo https://github.com/jquesada2016/tts-clone-unsoundness on toolchain beta-2025-02-18
[INFO] running `Command { std: CARGO_HOME="/workspace/cargo-home" RUSTUP_HOME="/workspace/rustup-home" "/workspace/cargo-home/bin/cargo" "+beta-2025-02-18" "metadata" "--manifest-path" "Cargo.toml" "--no-deps", kill_on_drop: false }`
[INFO] started tweaking git repo https://github.com/jquesada2016/tts-clone-unsoundness
[INFO] finished tweaking git repo https://github.com/jquesada2016/tts-clone-unsoundness
[INFO] tweaked toml for git repo https://github.com/jquesada2016/tts-clone-unsoundness written to /workspace/builds/worker-7-tc2/source/Cargo.toml
[INFO] crate git repo https://github.com/jquesada2016/tts-clone-unsoundness already has a lockfile, it will not be regenerated
[INFO] running `Command { std: CARGO_HOME="/workspace/cargo-home" RUSTUP_HOME="/workspace/rustup-home" "/workspace/cargo-home/bin/cargo" "+beta-2025-02-18" "fetch" "--manifest-path" "Cargo.toml", kill_on_drop: false }`
[INFO] [stderr]     Blocking waiting for file lock on package cache
[INFO] [stderr]     Blocking waiting for file lock on package cache
[INFO] [stderr]  Downloading crates ...
[INFO] [stderr]   Downloaded speech-dispatcher-sys v0.7.0
[INFO] [stderr]   Downloaded ndk-context v0.1.0
[INFO] [stderr]   Downloaded ndk-glue v0.6.1
[INFO] [stderr]   Downloaded speech-dispatcher v0.12.0
[INFO] [stderr]   Downloaded which v4.2.4
[INFO] [stderr]   Downloaded clang-sys v1.3.1
[INFO] [stderr]   Downloaded tts v0.20.4
[INFO] [stderr]   Downloaded combine v4.6.3
[INFO] [stderr]   Downloaded windows_x86_64_msvc v0.33.0
[INFO] [stderr]   Downloaded libc v0.2.119
[INFO] [stderr]   Downloaded windows_aarch64_msvc v0.33.0
[INFO] [stderr]   Downloaded windows_i686_msvc v0.33.0
[INFO] [stderr]   Downloaded windows_i686_gnu v0.33.0
[INFO] [stderr]   Downloaded windows_x86_64_gnu v0.33.0
[INFO] [stderr]   Downloaded windows v0.33.0
[INFO] running `Command { std: "docker" "create" "-v" "/var/lib/crater-agent-workspace/builds/worker-7-tc2/target:/opt/rustwide/target:rw,Z" "-v" "/var/lib/crater-agent-workspace/builds/worker-7-tc2/source:/opt/rustwide/workdir:ro,Z" "-v" "/var/lib/crater-agent-workspace/cargo-home:/opt/rustwide/cargo-home:ro,Z" "-v" "/var/lib/crater-agent-workspace/rustup-home:/opt/rustwide/rustup-home:ro,Z" "-e" "SOURCE_DIR=/opt/rustwide/workdir" "-e" "CARGO_TARGET_DIR=/opt/rustwide/target" "-e" "CARGO_HOME=/opt/rustwide/cargo-home" "-e" "RUSTUP_HOME=/opt/rustwide/rustup-home" "-w" "/opt/rustwide/workdir" "-m" "1610612736" "--user" "0:0" "--network" "none" "ghcr.io/rust-lang/crates-build-env/linux@sha256:3959728d45483eb673ba100a951a6b9f5012970368db2a9e08e0ac9b67c8a5ad" "/opt/rustwide/cargo-home/bin/cargo" "+beta-2025-02-18" "metadata" "--no-deps" "--format-version=1", kill_on_drop: false }`
[INFO] [stdout] 5451f1d2ea4803fa2bed84e0fad97d2d2002484be7f165a2da573c32c7dd9ae0
[INFO] running `Command { std: "docker" "start" "-a" "5451f1d2ea4803fa2bed84e0fad97d2d2002484be7f165a2da573c32c7dd9ae0", kill_on_drop: false }`
[INFO] running `Command { std: "docker" "inspect" "5451f1d2ea4803fa2bed84e0fad97d2d2002484be7f165a2da573c32c7dd9ae0", kill_on_drop: false }`
[INFO] running `Command { std: "docker" "rm" "-f" "5451f1d2ea4803fa2bed84e0fad97d2d2002484be7f165a2da573c32c7dd9ae0", kill_on_drop: false }`
[INFO] [stdout] 5451f1d2ea4803fa2bed84e0fad97d2d2002484be7f165a2da573c32c7dd9ae0
[INFO] running `Command { std: "docker" "create" "-v" "/var/lib/crater-agent-workspace/builds/worker-7-tc2/target:/opt/rustwide/target:rw,Z" "-v" "/var/lib/crater-agent-workspace/builds/worker-7-tc2/source:/opt/rustwide/workdir:ro,Z" "-v" "/var/lib/crater-agent-workspace/cargo-home:/opt/rustwide/cargo-home:ro,Z" "-v" "/var/lib/crater-agent-workspace/rustup-home:/opt/rustwide/rustup-home:ro,Z" "-e" "SOURCE_DIR=/opt/rustwide/workdir" "-e" "CARGO_TARGET_DIR=/opt/rustwide/target" "-e" "CARGO_INCREMENTAL=0" "-e" "RUST_BACKTRACE=full" "-e" "RUSTFLAGS=--cap-lints=warn" "-e" "RUSTDOCFLAGS=--cap-lints=warn" "-e" "CARGO_HOME=/opt/rustwide/cargo-home" "-e" "RUSTUP_HOME=/opt/rustwide/rustup-home" "-w" "/opt/rustwide/workdir" "-m" "1610612736" "--user" "0:0" "--network" "none" "ghcr.io/rust-lang/crates-build-env/linux@sha256:3959728d45483eb673ba100a951a6b9f5012970368db2a9e08e0ac9b67c8a5ad" "/opt/rustwide/cargo-home/bin/cargo" "+beta-2025-02-18" "doc" "--frozen" "--no-deps" "--document-private-items" "--message-format=json", kill_on_drop: false }`
[INFO] [stdout] 41ce35a5acf380eb8784795d3aee2f43651f64ef1e4af472e3e7fc3999414bfb
[INFO] running `Command { std: "docker" "start" "-a" "41ce35a5acf380eb8784795d3aee2f43651f64ef1e4af472e3e7fc3999414bfb", kill_on_drop: false }`
[INFO] [stderr]    Compiling proc-macro2 v1.0.36
[INFO] [stderr]    Compiling libc v0.2.119
[INFO] [stderr]    Compiling glob v0.3.0
[INFO] [stderr]    Compiling unicode-width v0.1.9
[INFO] [stderr]    Compiling regex-syntax v0.6.25
[INFO] [stderr]    Compiling bindgen v0.59.2
[INFO] [stderr]    Compiling strsim v0.8.0
[INFO] [stderr]    Compiling humantime v2.1.0
[INFO] [stderr]    Compiling vec_map v0.8.2
[INFO] [stderr]    Compiling ansi_term v0.12.1
[INFO] [stderr]    Compiling memchr v2.4.1
[INFO] [stderr]    Compiling nom v7.1.0
[INFO] [stderr]    Compiling log v0.4.14
[INFO] [stderr]    Compiling libloading v0.7.3
[INFO] [stderr]    Compiling syn v1.0.86
[INFO] [stderr]    Compiling termcolor v1.1.3
[INFO] [stderr]    Compiling textwrap v0.11.0
[INFO] [stderr]    Compiling either v1.6.1
[INFO] [stderr]    Compiling shlex v1.1.0
[INFO] [stderr]    Compiling lazycell v1.3.0
[INFO] [stderr]    Compiling lazy_static v1.4.0
[INFO] [stderr]    Compiling peeking_take_while v0.1.2
[INFO] [stderr]     Checking dyn-clone v1.0.4
[INFO] [stderr]    Compiling tts v0.20.4
[INFO] [stderr]    Compiling clang-sys v1.3.1
[INFO] [stderr]    Compiling aho-corasick v0.7.18
[INFO] [stderr]    Compiling quote v1.0.15
[INFO] [stderr]    Compiling atty v0.2.14
[INFO] [stderr]    Compiling which v4.2.4
[INFO] [stderr]    Compiling clap v2.34.0
[INFO] [stderr]    Compiling cexpr v0.6.0
[INFO] [stderr]    Compiling regex v1.5.4
[INFO] [stderr]    Compiling env_logger v0.9.0
[INFO] [stderr]    Compiling thiserror-impl v1.0.30
[INFO] [stderr]    Compiling dyn-clonable-impl v0.9.0
[INFO] [stderr]     Checking dyn-clonable v0.9.0
[INFO] [stderr]     Checking thiserror v1.0.30
[INFO] [stderr]    Compiling speech-dispatcher-sys v0.7.0
[INFO] [stderr]     Checking speech-dispatcher v0.12.0
[INFO] [stdout] error[E0308]: mismatched types
[INFO] [stdout]   --> /opt/rustwide/cargo-home/registry/src/index.crates.io-1949cf8c6b5b557f/speech-dispatcher-0.12.0/src/lib.rs:35:13
[INFO] [stdout]    |
[INFO] [stdout] 35 |     Male1 = SPDVoiceType::SPD_MALE1,
[INFO] [stdout]    |             ^^^^^^^^^^^^^^^^^^^^^^^ expected `u32`, found `i32`
[INFO] [stdout] 
[INFO] [stdout] 
[INFO] [stdout] error[E0308]: mismatched types
[INFO] [stdout]   --> /opt/rustwide/cargo-home/registry/src/index.crates.io-1949cf8c6b5b557f/speech-dispatcher-0.12.0/src/lib.rs:36:13
[INFO] [stdout]    |
[INFO] [stdout] 36 |     Male2 = SPDVoiceType::SPD_MALE2,
[INFO] [stdout]    |             ^^^^^^^^^^^^^^^^^^^^^^^ expected `u32`, found `i32`
[INFO] [stdout] 
[INFO] [stdout] 
[INFO] [stdout] error[E0308]: mismatched types
[INFO] [stdout]   --> /opt/rustwide/cargo-home/registry/src/index.crates.io-1949cf8c6b5b557f/speech-dispatcher-0.12.0/src/lib.rs:37:13
[INFO] [stdout]    |
[INFO] [stdout] 37 |     Male3 = SPDVoiceType::SPD_MALE3,
[INFO] [stdout]    |             ^^^^^^^^^^^^^^^^^^^^^^^ expected `u32`, found `i32`
[INFO] [stdout] 
[INFO] [stdout] 
[INFO] [stdout] error[E0308]: mismatched types
[INFO] [stdout]   --> /opt/rustwide/cargo-home/registry/src/index.crates.io-1949cf8c6b5b557f/speech-dispatcher-0.12.0/src/lib.rs:38:15
[INFO] [stdout]    |
[INFO] [stdout] 38 |     Female1 = SPDVoiceType::SPD_FEMALE1,
[INFO] [stdout]    |               ^^^^^^^^^^^^^^^^^^^^^^^^^ expected `u32`, found `i32`
[INFO] [stdout] 
[INFO] [stdout] 
[INFO] [stdout] error[E0308]: mismatched types
[INFO] [stdout]   --> /opt/rustwide/cargo-home/registry/src/index.crates.io-1949cf8c6b5b557f/speech-dispatcher-0.12.0/src/lib.rs:39:15
[INFO] [stdout]    |
[INFO] [stdout] 39 |     Female2 = SPDVoiceType::SPD_FEMALE2,
[INFO] [stdout]    |               ^^^^^^^^^^^^^^^^^^^^^^^^^ expected `u32`, found `i32`
[INFO] [stdout] 
[INFO] [stdout] 
[INFO] [stdout] error[E0308]: mismatched types
[INFO] [stdout]   --> /opt/rustwide/cargo-home/registry/src/index.crates.io-1949cf8c6b5b557f/speech-dispatcher-0.12.0/src/lib.rs:40:15
[INFO] [stdout]    |
[INFO] [stdout] 40 |     Female3 = SPDVoiceType::SPD_FEMALE3,
[INFO] [stdout]    |               ^^^^^^^^^^^^^^^^^^^^^^^^^ expected `u32`, found `i32`
[INFO] [stdout] 
[INFO] [stdout] 
[INFO] [stdout] error[E0308]: mismatched types
[INFO] [stdout]   --> /opt/rustwide/cargo-home/registry/src/index.crates.io-1949cf8c6b5b557f/speech-dispatcher-0.12.0/src/lib.rs:41:17
[INFO] [stdout]    |
[INFO] [stdout] 41 |     ChildMale = SPDVoiceType::SPD_CHILD_MALE,
[INFO] [stdout]    |                 ^^^^^^^^^^^^^^^^^^^^^^^^^^^^ expected `u32`, found `i32`
[INFO] [stdout] 
[INFO] [stdout] 
[INFO] [stdout] error[E0308]: mismatched types
[INFO] [stdout]   --> /opt/rustwide/cargo-home/registry/src/index.crates.io-1949cf8c6b5b557f/speech-dispatcher-0.12.0/src/lib.rs:42:19
[INFO] [stdout]    |
[INFO] [stdout] 42 |     ChildFemale = SPDVoiceType::SPD_CHILD_FEMALE,
[INFO] [stdout]    |                   ^^^^^^^^^^^^^^^^^^^^^^^^^^^^^^ expected `u32`, found `i32`
[INFO] [stdout] 
[INFO] [stdout] 
[INFO] [stdout] error[E0308]: mismatched types
[INFO] [stdout]    --> /opt/rustwide/cargo-home/registry/src/index.crates.io-1949cf8c6b5b557f/speech-dispatcher-0.12.0/src/lib.rs:414:53
[INFO] [stdout]     |
[INFO] [stdout] 414 |         let v = unsafe { spd_set_voice_type(self.0, voice_type as u32) };
[INFO] [stdout]     |                          ------------------         ^^^^^^^^^^^^^^^^^ expected `i32`, found `u32`
[INFO] [stdout]     |                          |
[INFO] [stdout]     |                          arguments to this function are incorrect
[INFO] [stdout]     |
[INFO] [stdout] note: function defined here
[INFO] [stdout]    --> /opt/rustwide/target/debug/build/speech-dispatcher-sys-ecd9f4240ef4c132/out/speech_dispatcher_sys.rs:3:64011
[INFO] [stdout]     |
[INFO] [stdout] 3   | ...) -> :: std :: os :: raw :: c_int ; } extern "C" { pub fn spd_set_voice_type (arg1 : * mut SPDConnection , type_ : SPDVoiceType :: Typ...
[INFO] [stdout]     |                                                              ^^^^^^^^^^^^^^^^^^
[INFO] [stdout] help: you can convert a `u32` to an `i32` and panic if the converted value doesn't fit
[INFO] [stdout]     |
[INFO] [stdout] 414 |         let v = unsafe { spd_set_voice_type(self.0, (voice_type as u32).try_into().unwrap()) };
[INFO] [stdout]     |                                                     +                 +++++++++++++++++++++
[INFO] [stdout] 
[INFO] [stdout] 
[INFO] [stdout] error[E0308]: mismatched types
[INFO] [stdout]    --> /opt/rustwide/cargo-home/registry/src/index.crates.io-1949cf8c6b5b557f/speech-dispatcher-0.12.0/src/lib.rs:419:57
[INFO] [stdout]     |
[INFO] [stdout] 419 |         let v = unsafe { spd_set_voice_type_all(self.0, voice_type as u32) };
[INFO] [stdout]     |                          ----------------------         ^^^^^^^^^^^^^^^^^ expected `i32`, found `u32`
[INFO] [stdout]     |                          |
[INFO] [stdout]     |                          arguments to this function are incorrect
[INFO] [stdout]     |
[INFO] [stdout] note: function defined here
[INFO] [stdout]    --> /opt/rustwide/target/debug/build/speech-dispatcher-sys-ecd9f4240ef4c132/out/speech_dispatcher_sys.rs:3:64146
[INFO] [stdout]     |
[INFO] [stdout] 3   | ...-> :: std :: os :: raw :: c_int ; } extern "C" { pub fn spd_set_voice_type_all (arg1 : * mut SPDConnection , type_ : SPDVoiceType :: T...
[INFO] [stdout]     |                                                            ^^^^^^^^^^^^^^^^^^^^^^
[INFO] [stdout] help: you can convert a `u32` to an `i32` and panic if the converted value doesn't fit
[INFO] [stdout]     |
[INFO] [stdout] 419 |         let v = unsafe { spd_set_voice_type_all(self.0, (voice_type as u32).try_into().unwrap()) };
[INFO] [stdout]     |                                                         +                 +++++++++++++++++++++
[INFO] [stdout] 
[INFO] [stdout] 
[INFO] [stdout] error[E0308]: mismatched types
[INFO] [stdout]    --> /opt/rustwide/cargo-home/registry/src/index.crates.io-1949cf8c6b5b557f/speech-dispatcher-0.12.0/src/lib.rs:424:57
[INFO] [stdout]     |
[INFO] [stdout] 424 |         let v = unsafe { spd_set_voice_type_uid(self.0, voice_type as u32, target_uid) };
[INFO] [stdout]     |                          ----------------------         ^^^^^^^^^^^^^^^^^ expected `i32`, found `u32`
[INFO] [stdout]     |                          |
[INFO] [stdout]     |                          arguments to this function are incorrect
[INFO] [stdout]     |
[INFO] [stdout] note: function defined here
[INFO] [stdout]    --> /opt/rustwide/target/debug/build/speech-dispatcher-sys-ecd9f4240ef4c132/out/speech_dispatcher_sys.rs:3:64285
[INFO] [stdout]     |
[INFO] [stdout] 3   | ...-> :: std :: os :: raw :: c_int ; } extern "C" { pub fn spd_set_voice_type_uid (arg1 : * mut SPDConnection , type_ : SPDVoiceType :: T...
[INFO] [stdout]     |                                                            ^^^^^^^^^^^^^^^^^^^^^^
[INFO] [stdout] help: you can convert a `u32` to an `i32` and panic if the converted value doesn't fit
[INFO] [stdout]     |
[INFO] [stdout] 424 |         let v = unsafe { spd_set_voice_type_uid(self.0, (voice_type as u32).try_into().unwrap(), target_uid) };
[INFO] [stdout]     |                                                         +                 +++++++++++++++++++++
[INFO] [stdout] 
[INFO] [stdout] 
[INFO] [stdout] For more information about this error, try `rustc --explain E0308`.
[INFO] [stdout] 
[INFO] [stderr] error: could not compile `speech-dispatcher` (lib) due to 11 previous errors
[INFO] running `Command { std: "docker" "inspect" "41ce35a5acf380eb8784795d3aee2f43651f64ef1e4af472e3e7fc3999414bfb", kill_on_drop: false }`
[INFO] running `Command { std: "docker" "rm" "-f" "41ce35a5acf380eb8784795d3aee2f43651f64ef1e4af472e3e7fc3999414bfb", kill_on_drop: false }`
[INFO] [stdout] 41ce35a5acf380eb8784795d3aee2f43651f64ef1e4af472e3e7fc3999414bfb
