[INFO] cloning repository https://github.com/if0ne/asphyx
[INFO] running `Command { std: "git" "-c" "credential.helper=" "-c" "credential.helper=/workspace/cargo-home/bin/git-credential-null" "clone" "--bare" "https://github.com/if0ne/asphyx" "/workspace/cache/git-repos/https%3A%2F%2Fgithub.com%2Fif0ne%2Fasphyx", kill_on_drop: false }`
[INFO] [stderr] Cloning into bare repository '/workspace/cache/git-repos/https%3A%2F%2Fgithub.com%2Fif0ne%2Fasphyx'...
[INFO] running `Command { std: "git" "rev-parse" "HEAD", kill_on_drop: false }`
[INFO] [stdout] 1715f10c9918e65b9b2ea60cfb4e7bb790029dfe
[INFO] documenting if0ne/asphyx against beta-2025-02-18 for beta-1.86-rustdoc-1
[INFO] running `Command { std: "git" "clone" "/workspace/cache/git-repos/https%3A%2F%2Fgithub.com%2Fif0ne%2Fasphyx" "/workspace/builds/worker-2-tc2/source", kill_on_drop: false }`
[INFO] [stderr] Cloning into '/workspace/builds/worker-2-tc2/source'...
[INFO] [stderr] done.
[INFO] validating manifest of git repo https://github.com/if0ne/asphyx on toolchain beta-2025-02-18
[INFO] running `Command { std: CARGO_HOME="/workspace/cargo-home" RUSTUP_HOME="/workspace/rustup-home" "/workspace/cargo-home/bin/cargo" "+beta-2025-02-18" "metadata" "--manifest-path" "Cargo.toml" "--no-deps", kill_on_drop: false }`
[INFO] started tweaking git repo https://github.com/if0ne/asphyx
[INFO] finished tweaking git repo https://github.com/if0ne/asphyx
[INFO] tweaked toml for git repo https://github.com/if0ne/asphyx written to /workspace/builds/worker-2-tc2/source/Cargo.toml
[INFO] crate git repo https://github.com/if0ne/asphyx already has a lockfile, it will not be regenerated
[INFO] running `Command { std: CARGO_HOME="/workspace/cargo-home" RUSTUP_HOME="/workspace/rustup-home" "/workspace/cargo-home/bin/cargo" "+beta-2025-02-18" "fetch" "--manifest-path" "Cargo.toml", kill_on_drop: false }`
[INFO] running `Command { std: "docker" "create" "-v" "/var/lib/crater-agent-workspace/builds/worker-2-tc2/target:/opt/rustwide/target:rw,Z" "-v" "/var/lib/crater-agent-workspace/builds/worker-2-tc2/source:/opt/rustwide/workdir:ro,Z" "-v" "/var/lib/crater-agent-workspace/cargo-home:/opt/rustwide/cargo-home:ro,Z" "-v" "/var/lib/crater-agent-workspace/rustup-home:/opt/rustwide/rustup-home:ro,Z" "-e" "SOURCE_DIR=/opt/rustwide/workdir" "-e" "CARGO_TARGET_DIR=/opt/rustwide/target" "-e" "CARGO_HOME=/opt/rustwide/cargo-home" "-e" "RUSTUP_HOME=/opt/rustwide/rustup-home" "-w" "/opt/rustwide/workdir" "-m" "1610612736" "--user" "0:0" "--network" "none" "ghcr.io/rust-lang/crates-build-env/linux@sha256:3959728d45483eb673ba100a951a6b9f5012970368db2a9e08e0ac9b67c8a5ad" "/opt/rustwide/cargo-home/bin/cargo" "+beta-2025-02-18" "metadata" "--no-deps" "--format-version=1", kill_on_drop: false }`
[INFO] [stdout] 9eac8df78260826dcc90ed42658fe3eab4ea3b9d773a782f2e2de3e6d74f9d9f
[INFO] running `Command { std: "docker" "start" "-a" "9eac8df78260826dcc90ed42658fe3eab4ea3b9d773a782f2e2de3e6d74f9d9f", kill_on_drop: false }`
[INFO] running `Command { std: "docker" "inspect" "9eac8df78260826dcc90ed42658fe3eab4ea3b9d773a782f2e2de3e6d74f9d9f", kill_on_drop: false }`
[INFO] running `Command { std: "docker" "rm" "-f" "9eac8df78260826dcc90ed42658fe3eab4ea3b9d773a782f2e2de3e6d74f9d9f", kill_on_drop: false }`
[INFO] [stdout] 9eac8df78260826dcc90ed42658fe3eab4ea3b9d773a782f2e2de3e6d74f9d9f
[INFO] running `Command { std: "docker" "create" "-v" "/var/lib/crater-agent-workspace/builds/worker-2-tc2/target:/opt/rustwide/target:rw,Z" "-v" "/var/lib/crater-agent-workspace/builds/worker-2-tc2/source:/opt/rustwide/workdir:ro,Z" "-v" "/var/lib/crater-agent-workspace/cargo-home:/opt/rustwide/cargo-home:ro,Z" "-v" "/var/lib/crater-agent-workspace/rustup-home:/opt/rustwide/rustup-home:ro,Z" "-e" "SOURCE_DIR=/opt/rustwide/workdir" "-e" "CARGO_TARGET_DIR=/opt/rustwide/target" "-e" "CARGO_INCREMENTAL=0" "-e" "RUST_BACKTRACE=full" "-e" "RUSTFLAGS=--cap-lints=warn" "-e" "RUSTDOCFLAGS=--cap-lints=warn" "-e" "CARGO_HOME=/opt/rustwide/cargo-home" "-e" "RUSTUP_HOME=/opt/rustwide/rustup-home" "-w" "/opt/rustwide/workdir" "-m" "1610612736" "--user" "0:0" "--network" "none" "ghcr.io/rust-lang/crates-build-env/linux@sha256:3959728d45483eb673ba100a951a6b9f5012970368db2a9e08e0ac9b67c8a5ad" "/opt/rustwide/cargo-home/bin/cargo" "+beta-2025-02-18" "doc" "--frozen" "--no-deps" "--document-private-items" "--message-format=json", kill_on_drop: false }`
[INFO] [stdout] e9cadf2e2771508d10fd241d776caa8ba29ed69dcb408a5d71d81c9ad9e5ab05
[INFO] running `Command { std: "docker" "start" "-a" "e9cadf2e2771508d10fd241d776caa8ba29ed69dcb408a5d71d81c9ad9e5ab05", kill_on_drop: false }`
[INFO] [stderr]    Compiling proc-macro2 v1.0.93
[INFO] [stderr]     Checking cfg-if v1.0.0
[INFO] [stderr]    Compiling unicode-ident v1.0.16
[INFO] [stderr]     Checking once_cell v1.20.3
[INFO] [stderr]     Checking bitflags v2.8.0
[INFO] [stderr]    Compiling pkg-config v0.3.31
[INFO] [stderr]     Checking log v0.4.25
[INFO] [stderr]    Compiling rustix v0.38.44
[INFO] [stderr]     Checking linux-raw-sys v0.4.15
[INFO] [stderr]    Compiling shlex v1.3.0
[INFO] [stderr]     Checking smallvec v1.13.2
[INFO] [stderr]    Compiling autocfg v1.4.0
[INFO] [stderr]    Compiling libc v0.2.169
[INFO] [stderr]     Checking scoped-tls v1.0.1
[INFO] [stderr]     Checking downcast-rs v1.2.1
[INFO] [stderr]    Compiling memchr v2.7.4
[INFO] [stderr]     Checking libloading v0.8.6
[INFO] [stderr]    Compiling wayland-client v0.31.8
[INFO] [stderr]    Compiling windows_x86_64_gnu v0.52.6
[INFO] [stderr]    Compiling thiserror v1.0.69
[INFO] [stderr]    Compiling cc v1.2.13
[INFO] [stderr]     Checking dlib v0.5.2
[INFO] [stderr]     Checking tracing-core v0.1.33
[INFO] [stderr]     Checking pin-project-lite v0.2.16
[INFO] [stderr]    Compiling rustversion v1.0.19
[INFO] [stderr]     Checking cursor-icon v1.1.0
[INFO] [stderr]    Compiling smithay-client-toolkit v0.19.2
[INFO] [stderr]     Checking xkeysym v0.2.1
[INFO] [stderr]    Compiling version_check v0.9.5
[INFO] [stderr]     Checking ttf-parser v0.25.1
[INFO] [stderr]    Compiling slab v0.4.9
[INFO] [stderr]     Checking windows-targets v0.52.6
[INFO] [stderr]     Checking bytemuck v1.21.0
[INFO] [stderr]     Checking strict-num v0.1.1
[INFO] [stderr]     Checking windows-result v0.2.0
[INFO] [stderr]     Checking arrayref v0.3.9
[INFO] [stderr]    Compiling quick-xml v0.37.2
[INFO] [stderr]     Checking xcursor v0.3.8
[INFO] [stderr]    Compiling lock_api v0.4.12
[INFO] [stderr]    Compiling wayland-sys v0.31.6
[INFO] [stdout] error: couldn't create a temp dir: No space left on device (os error 28) at path "/opt/rustwide/target/debug/deps/rmetaCIkxJw"
[INFO] [stdout] 
[INFO] [stdout] 
[INFO] [stderr]    Compiling ahash v0.8.11
[INFO] [stderr] error: could not compile `bytemuck` (lib) due to 1 previous error
[INFO] [stderr] warning: build failed, waiting for other jobs to finish...
[INFO] [stdout] error: linking with `cc` failed: exit status: 1
[INFO] [stdout]   |
[INFO] [stdout]   = note:  "cc" "-m64" "/tmp/rustcnzwDBc/symbols.o" "<2 object files omitted>" "-Wl,--as-needed" "-Wl,-Bstatic" "/opt/rustwide/target/debug/deps/{libautocfg-37e49257b5a6b323.rlib}.rlib" "<sysroot>/lib/rustlib/x86_64-unknown-linux-gnu/lib/{libstd-*,libpanic_unwind-*,libobject-*,libmemchr-*,libaddr2line-*,libgimli-*,librustc_demangle-*,libstd_detect-*,libhashbrown-*,librustc_std_workspace_alloc-*,libminiz_oxide-*,libadler2-*,libunwind-*,libcfg_if-*,liblibc-*,liballoc-*,librustc_std_workspace_core-*,libcore-*,libcompiler_builtins-*}.rlib" "-Wl,-Bdynamic" "-lgcc_s" "-lutil" "-lrt" "-lpthread" "-lm" "-ldl" "-lc" "-Wl,--eh-frame-hdr" "-Wl,-z,noexecstack" "-L" "<sysroot>/lib/rustlib/x86_64-unknown-linux-gnu/lib" "-o" "/opt/rustwide/target/debug/build/slab-50448f13a4855f46/build_script_build-50448f13a4855f46" "-Wl,--gc-sections" "-pie" "-Wl,-z,relro,-z,now" "-nodefaultlibs"
[INFO] [stdout]   = note: some arguments are omitted. use `--verbose` to show all linker arguments
[INFO] [stdout]   = note: /usr/bin/ld: final link failed: No space left on device
[INFO] [stdout]           collect2: error: ld returned 1 exit status
[INFO] [stdout]           
[INFO] [stdout] 
[INFO] [stdout] 
[INFO] [stderr] error: could not compile `slab` (build script) due to 1 previous error
[INFO] [stdout] error: couldn't create a temp dir: No space left on device (os error 28) at path "/opt/rustwide/target/debug/deps/rmetaMiL68F"
[INFO] [stdout] 
[INFO] [stdout] 
[INFO] [stdout] error: couldn't create a temp dir: No space left on device (os error 28) at path "/opt/rustwide/target/debug/build/ahash-0d793c14a22aef04/rmeta5ieFSp"
[INFO] [stdout] 
[INFO] [stdout] 
[INFO] [stderr] rustc-LLVM ERROR: IO failure on output stream: No space left on device
[INFO] [stderr] error: could not compile `ahash` (build script) due to 1 previous error
[INFO] [stderr] error: could not compile `cc` (lib) due to 1 previous error
[INFO] [stderr] error: could not compile `memchr` (lib)
[INFO] [stderr] 
[INFO] [stderr] Caused by:
[INFO] [stderr]   No space left on device (os error 28)
[INFO] [stderr] 
[INFO] [stderr] Caused by:
[INFO] [stderr]   failed to parse process output: `/opt/rustwide/rustup-home/toolchains/beta-2025-02-18-x86_64-unknown-linux-gnu/bin/rustc --crate-name memchr --edition=2021 /opt/rustwide/cargo-home/registry/src/index.crates.io-1949cf8c6b5b557f/memchr-2.7.4/src/lib.rs --error-format=json --json=diagnostic-rendered-ansi,artifacts,future-incompat --crate-type lib --emit=dep-info,metadata,link -C embed-bitcode=no --cfg 'feature="alloc"' --cfg 'feature="default"' --cfg 'feature="std"' --check-cfg 'cfg(docsrs,test)' --check-cfg 'cfg(feature, values("alloc", "compiler_builtins", "core", "default", "libc", "logging", "rustc-dep-of-std", "std", "use_std"))' -C metadata=fd751a9f861d5865 -C extra-filename=-18ff61bd6d7b3a7f --out-dir /opt/rustwide/target/debug/deps -L dependency=/opt/rustwide/target/debug/deps --cap-lints allow --cap-lints=warn` (exit status: 101)
[INFO] [stdout] error: failed to write to `/opt/rustwide/target/debug/deps/rmeta4sZHIB/lib.rmeta`: No space left on device (os error 28)
[INFO] [stdout] 
[INFO] [stdout] 
[INFO] [stderr] error: could not compile `proc-macro2` (lib) due to 1 previous error
[INFO] [stdout] error: couldn't create a temp dir: No space left on device (os error 28) at path "/opt/rustwide/target/debug/deps/rmetaeYD0NV"
[INFO] [stdout] 
[INFO] [stdout] 
[INFO] [stdout] error: linking with `cc` failed: exit status: 1
[INFO] [stdout]   |
[INFO] [stdout]   = note:  "cc" "-m64" "/tmp/rustcrrg2Mt/symbols.o" "<2 object files omitted>" "-Wl,--as-needed" "-Wl,-Bstatic" "/opt/rustwide/target/debug/deps/{libautocfg-37e49257b5a6b323.rlib}.rlib" "<sysroot>/lib/rustlib/x86_64-unknown-linux-gnu/lib/{libstd-*,libpanic_unwind-*,libobject-*,libmemchr-*,libaddr2line-*,libgimli-*,librustc_demangle-*,libstd_detect-*,libhashbrown-*,librustc_std_workspace_alloc-*,libminiz_oxide-*,libadler2-*,libunwind-*,libcfg_if-*,liblibc-*,liballoc-*,librustc_std_workspace_core-*,libcore-*,libcompiler_builtins-*}.rlib" "-Wl,-Bdynamic" "-lgcc_s" "-lutil" "-lrt" "-lpthread" "-lm" "-ldl" "-lc" "-Wl,--eh-frame-hdr" "-Wl,-z,noexecstack" "-L" "<sysroot>/lib/rustlib/x86_64-unknown-linux-gnu/lib" "-o" "/opt/rustwide/target/debug/build/lock_api-924056aa1ee07381/build_script_build-924056aa1ee07381" "-Wl,--gc-sections" "-pie" "-Wl,-z,relro,-z,now" "-nodefaultlibs"
[INFO] [stdout]   = note: some arguments are omitted. use `--verbose` to show all linker arguments
[INFO] [stdout]   = note: /usr/bin/ld: final link failed: No space left on device
[INFO] [stdout]           collect2: error: ld returned 1 exit status
[INFO] [stdout]           
[INFO] [stdout] 
[INFO] [stdout] 
[INFO] [stderr] error: could not compile `xcursor` (lib) due to 1 previous error
[INFO] [stderr] error: could not compile `lock_api` (build script) due to 1 previous error
[INFO] [stderr] rustc-LLVM ERROR: IO failure on output stream: No space left on device
[INFO] [stderr] error: could not compile `rustversion` (lib)
[INFO] [stderr] 
[INFO] [stderr] Caused by:
[INFO] [stderr]   No space left on device (os error 28)
[INFO] [stderr] 
[INFO] [stderr] Caused by:
[INFO] [stderr]   failed to parse process output: `/opt/rustwide/rustup-home/toolchains/beta-2025-02-18-x86_64-unknown-linux-gnu/bin/rustc --crate-name rustversion --edition=2018 /opt/rustwide/cargo-home/registry/src/index.crates.io-1949cf8c6b5b557f/rustversion-1.0.19/src/lib.rs --error-format=json --json=diagnostic-rendered-ansi,artifacts,future-incompat --crate-type proc-macro --emit=dep-info,link -C prefer-dynamic -C embed-bitcode=no --check-cfg 'cfg(docsrs,test)' --check-cfg 'cfg(feature, values())' -C metadata=98fbb2d3d8fc5c9a -C extra-filename=-d9a4f217340da9d7 --out-dir /opt/rustwide/target/debug/deps -L dependency=/opt/rustwide/target/debug/deps --extern proc_macro --cap-lints allow --cap-lints=warn --check-cfg 'cfg(cfg_macro_not_allowed)' --check-cfg 'cfg(host_os, values("windows"))'` (exit status: 101)
[INFO] [stdout] error: failed to write to `/opt/rustwide/target/debug/deps/rmetakmTTQC/lib.rmeta`: No space left on device (os error 28)
[INFO] [stdout] 
[INFO] [stdout] 
[INFO] [stdout] error: linking with `cc` failed: exit status: 1
[INFO] [stdout]   |
[INFO] [stdout]   = note:  "cc" "-m64" "/tmp/rustcKAUM0G/symbols.o" "<2 object files omitted>" "-Wl,--as-needed" "-Wl,-Bstatic" "/opt/rustwide/target/debug/deps/{libpkg_config-6980ed5fc7a2605a.rlib}.rlib" "<sysroot>/lib/rustlib/x86_64-unknown-linux-gnu/lib/{libstd-*,libpanic_unwind-*,libobject-*,libmemchr-*,libaddr2line-*,libgimli-*,librustc_demangle-*,libstd_detect-*,libhashbrown-*,librustc_std_workspace_alloc-*,libminiz_oxide-*,libadler2-*,libunwind-*,libcfg_if-*,liblibc-*,liballoc-*,librustc_std_workspace_core-*,libcore-*,libcompiler_builtins-*}.rlib" "-Wl,-Bdynamic" "-lgcc_s" "-lutil" "-lrt" "-lpthread" "-lm" "-ldl" "-lc" "-Wl,--eh-frame-hdr" "-Wl,-z,noexecstack" "-L" "<sysroot>/lib/rustlib/x86_64-unknown-linux-gnu/lib" "-o" "/opt/rustwide/target/debug/build/wayland-sys-eac88b324cc8f168/build_script_build-eac88b324cc8f168" "-Wl,--gc-sections" "-pie" "-Wl,-z,relro,-z,now" "-nodefaultlibs"
[INFO] [stdout]   = note: some arguments are omitted. use `--verbose` to show all linker arguments
[INFO] [stdout]   = note: /usr/bin/ld: final link failed: No space left on device
[INFO] [stdout]           collect2: error: ld returned 1 exit status
[INFO] [stdout]           
[INFO] [stdout] 
[INFO] [stdout] 
[INFO] [stderr] error: could not compile `wayland-sys` (build script) due to 1 previous error
[INFO] [stderr] error: could not compile `libc` (lib) due to 1 previous error
[INFO] running `Command { std: "docker" "inspect" "e9cadf2e2771508d10fd241d776caa8ba29ed69dcb408a5d71d81c9ad9e5ab05", kill_on_drop: false }`
[INFO] running `Command { std: "docker" "rm" "-f" "e9cadf2e2771508d10fd241d776caa8ba29ed69dcb408a5d71d81c9ad9e5ab05", kill_on_drop: false }`
[INFO] [stdout] e9cadf2e2771508d10fd241d776caa8ba29ed69dcb408a5d71d81c9ad9e5ab05
