[INFO] cloning repository https://github.com/hiroshimorowaka/esp32-snake-game
[INFO] running `Command { std: "git" "-c" "credential.helper=" "-c" "credential.helper=/workspace/cargo-home/bin/git-credential-null" "clone" "--bare" "https://github.com/hiroshimorowaka/esp32-snake-game" "/workspace/cache/git-repos/https%3A%2F%2Fgithub.com%2Fhiroshimorowaka%2Fesp32-snake-game", kill_on_drop: false }`
[INFO] [stderr] Cloning into bare repository '/workspace/cache/git-repos/https%3A%2F%2Fgithub.com%2Fhiroshimorowaka%2Fesp32-snake-game'...
[INFO] running `Command { std: "git" "rev-parse" "HEAD", kill_on_drop: false }`
[INFO] [stdout] 635b5812556fc4e005b1130ce8f43ed9a3033285
[INFO] documenting hiroshimorowaka/esp32-snake-game against beta-2025-02-18 for beta-1.86-rustdoc-1
[INFO] running `Command { std: "git" "clone" "/workspace/cache/git-repos/https%3A%2F%2Fgithub.com%2Fhiroshimorowaka%2Fesp32-snake-game" "/workspace/builds/worker-6-tc2/source", kill_on_drop: false }`
[INFO] [stderr] Cloning into '/workspace/builds/worker-6-tc2/source'...
[INFO] [stderr] done.
[INFO] validating manifest of git repo https://github.com/hiroshimorowaka/esp32-snake-game on toolchain beta-2025-02-18
[INFO] running `Command { std: CARGO_HOME="/workspace/cargo-home" RUSTUP_HOME="/workspace/rustup-home" "/workspace/cargo-home/bin/cargo" "+beta-2025-02-18" "metadata" "--manifest-path" "Cargo.toml" "--no-deps", kill_on_drop: false }`
[INFO] removed /workspace/builds/worker-6-tc2/source/.cargo/config.toml
[INFO] removed /workspace/builds/worker-6-tc2/source/rust-toolchain.toml
[INFO] started tweaking git repo https://github.com/hiroshimorowaka/esp32-snake-game
[INFO] finished tweaking git repo https://github.com/hiroshimorowaka/esp32-snake-game
[INFO] tweaked toml for git repo https://github.com/hiroshimorowaka/esp32-snake-game written to /workspace/builds/worker-6-tc2/source/Cargo.toml
[INFO] crate git repo https://github.com/hiroshimorowaka/esp32-snake-game already has a lockfile, it will not be regenerated
[INFO] running `Command { std: CARGO_HOME="/workspace/cargo-home" RUSTUP_HOME="/workspace/rustup-home" "/workspace/cargo-home/bin/cargo" "+beta-2025-02-18" "fetch" "--manifest-path" "Cargo.toml", kill_on_drop: false }`
[INFO] [stderr]     Blocking waiting for file lock on package cache
[INFO] [stderr]  Downloading crates ...
[INFO] [stderr]   Downloaded esp32p4 v0.1.0
[INFO] [stderr] error: failed to unpack package `esp32p4 v0.1.0`
[INFO] [stderr] 
[INFO] [stderr] Caused by:
[INFO] [stderr]   failed to unpack entry at `esp32p4-0.1.0/src/h264_dma/exter_mem_end_addr1.rs`
[INFO] [stderr] 
[INFO] [stderr] Caused by:
[INFO] [stderr]   failed to unpack `/workspace/cargo-home/registry/src/index.crates.io-1949cf8c6b5b557f/esp32p4-0.1.0/src/h264_dma/exter_mem_end_addr1.rs`
[INFO] [stderr] 
[INFO] [stderr] Caused by:
[INFO] [stderr]   failed to unpack `esp32p4-0.1.0/src/h264_dma/exter_mem_end_addr1.rs` into `/workspace/cargo-home/registry/src/index.crates.io-1949cf8c6b5b557f/esp32p4-0.1.0/src/h264_dma/exter_mem_end_addr1.rs`
[INFO] [stderr] 
[INFO] [stderr] Caused by:
[INFO] [stderr]   No space left on device (os error 28)
[INFO] documenting hiroshimorowaka/esp32-snake-game against beta-2025-02-18 for beta-1.86-rustdoc-1
[INFO] running `Command { std: "git" "clone" "/workspace/cache/git-repos/https%3A%2F%2Fgithub.com%2Fhiroshimorowaka%2Fesp32-snake-game" "/workspace/builds/worker-6-tc2/source", kill_on_drop: false }`
[INFO] [stderr] Cloning into '/workspace/builds/worker-6-tc2/source'...
[INFO] [stderr] done.
[INFO] validating manifest of git repo https://github.com/hiroshimorowaka/esp32-snake-game on toolchain beta-2025-02-18
[INFO] running `Command { std: CARGO_HOME="/workspace/cargo-home" RUSTUP_HOME="/workspace/rustup-home" "/workspace/cargo-home/bin/cargo" "+beta-2025-02-18" "metadata" "--manifest-path" "Cargo.toml" "--no-deps", kill_on_drop: false }`
[INFO] removed /workspace/builds/worker-6-tc2/source/.cargo/config.toml
[INFO] removed /workspace/builds/worker-6-tc2/source/rust-toolchain.toml
[INFO] started tweaking git repo https://github.com/hiroshimorowaka/esp32-snake-game
[INFO] finished tweaking git repo https://github.com/hiroshimorowaka/esp32-snake-game
[INFO] tweaked toml for git repo https://github.com/hiroshimorowaka/esp32-snake-game written to /workspace/builds/worker-6-tc2/source/Cargo.toml
[INFO] crate git repo https://github.com/hiroshimorowaka/esp32-snake-game already has a lockfile, it will not be regenerated
[INFO] running `Command { std: CARGO_HOME="/workspace/cargo-home" RUSTUP_HOME="/workspace/rustup-home" "/workspace/cargo-home/bin/cargo" "+beta-2025-02-18" "fetch" "--manifest-path" "Cargo.toml", kill_on_drop: false }`
[INFO] [stderr] error: failed to download `esp32p4 v0.1.0`
[INFO] [stderr] 
[INFO] [stderr] Caused by:
[INFO] [stderr]   unable to get packages from source
[INFO] [stderr] 
[INFO] [stderr] Caused by:
[INFO] [stderr]   failed to unpack package `esp32p4 v0.1.0`
[INFO] [stderr] 
[INFO] [stderr] Caused by:
[INFO] [stderr]   failed to unpack entry at `esp32p4-0.1.0/src/dma/ch1_sstatar1.rs`
[INFO] [stderr] 
[INFO] [stderr] Caused by:
[INFO] [stderr]   failed to unpack `/workspace/cargo-home/registry/src/index.crates.io-1949cf8c6b5b557f/esp32p4-0.1.0/src/dma/ch1_sstatar1.rs`
[INFO] [stderr] 
[INFO] [stderr] Caused by:
[INFO] [stderr]   failed to unpack `esp32p4-0.1.0/src/dma/ch1_sstatar1.rs` into `/workspace/cargo-home/registry/src/index.crates.io-1949cf8c6b5b557f/esp32p4-0.1.0/src/dma/ch1_sstatar1.rs`
[INFO] [stderr] 
[INFO] [stderr] Caused by:
[INFO] [stderr]   No space left on device (os error 28)
[INFO] documenting hiroshimorowaka/esp32-snake-game against beta-2025-02-18 for beta-1.86-rustdoc-1
[INFO] running `Command { std: "git" "clone" "/workspace/cache/git-repos/https%3A%2F%2Fgithub.com%2Fhiroshimorowaka%2Fesp32-snake-game" "/workspace/builds/worker-6-tc2/source", kill_on_drop: false }`
[INFO] [stderr] Cloning into '/workspace/builds/worker-6-tc2/source'...
[INFO] [stderr] done.
[INFO] validating manifest of git repo https://github.com/hiroshimorowaka/esp32-snake-game on toolchain beta-2025-02-18
[INFO] running `Command { std: CARGO_HOME="/workspace/cargo-home" RUSTUP_HOME="/workspace/rustup-home" "/workspace/cargo-home/bin/cargo" "+beta-2025-02-18" "metadata" "--manifest-path" "Cargo.toml" "--no-deps", kill_on_drop: false }`
[INFO] removed /workspace/builds/worker-6-tc2/source/.cargo/config.toml
[INFO] removed /workspace/builds/worker-6-tc2/source/rust-toolchain.toml
[INFO] started tweaking git repo https://github.com/hiroshimorowaka/esp32-snake-game
[INFO] finished tweaking git repo https://github.com/hiroshimorowaka/esp32-snake-game
[INFO] tweaked toml for git repo https://github.com/hiroshimorowaka/esp32-snake-game written to /workspace/builds/worker-6-tc2/source/Cargo.toml
[INFO] crate git repo https://github.com/hiroshimorowaka/esp32-snake-game already has a lockfile, it will not be regenerated
[INFO] running `Command { std: CARGO_HOME="/workspace/cargo-home" RUSTUP_HOME="/workspace/rustup-home" "/workspace/cargo-home/bin/cargo" "+beta-2025-02-18" "fetch" "--manifest-path" "Cargo.toml", kill_on_drop: false }`
[INFO] running `Command { std: "docker" "create" "-v" "/var/lib/crater-agent-workspace/builds/worker-6-tc2/target:/opt/rustwide/target:rw,Z" "-v" "/var/lib/crater-agent-workspace/builds/worker-6-tc2/source:/opt/rustwide/workdir:ro,Z" "-v" "/var/lib/crater-agent-workspace/cargo-home:/opt/rustwide/cargo-home:ro,Z" "-v" "/var/lib/crater-agent-workspace/rustup-home:/opt/rustwide/rustup-home:ro,Z" "-e" "SOURCE_DIR=/opt/rustwide/workdir" "-e" "CARGO_TARGET_DIR=/opt/rustwide/target" "-e" "CARGO_HOME=/opt/rustwide/cargo-home" "-e" "RUSTUP_HOME=/opt/rustwide/rustup-home" "-w" "/opt/rustwide/workdir" "-m" "1610612736" "--user" "0:0" "--network" "none" "ghcr.io/rust-lang/crates-build-env/linux@sha256:3959728d45483eb673ba100a951a6b9f5012970368db2a9e08e0ac9b67c8a5ad" "/opt/rustwide/cargo-home/bin/cargo" "+beta-2025-02-18" "metadata" "--no-deps" "--format-version=1", kill_on_drop: false }`
[INFO] [stdout] 4c8469539e8b5a7fe328d86be5ec4e4d6673112728e13b063abe453c5613c9db
[INFO] running `Command { std: "docker" "start" "-a" "4c8469539e8b5a7fe328d86be5ec4e4d6673112728e13b063abe453c5613c9db", kill_on_drop: false }`
[INFO] running `Command { std: "docker" "inspect" "4c8469539e8b5a7fe328d86be5ec4e4d6673112728e13b063abe453c5613c9db", kill_on_drop: false }`
[INFO] running `Command { std: "docker" "rm" "-f" "4c8469539e8b5a7fe328d86be5ec4e4d6673112728e13b063abe453c5613c9db", kill_on_drop: false }`
[INFO] [stdout] 4c8469539e8b5a7fe328d86be5ec4e4d6673112728e13b063abe453c5613c9db
[INFO] running `Command { std: "docker" "create" "-v" "/var/lib/crater-agent-workspace/builds/worker-6-tc2/target:/opt/rustwide/target:rw,Z" "-v" "/var/lib/crater-agent-workspace/builds/worker-6-tc2/source:/opt/rustwide/workdir:ro,Z" "-v" "/var/lib/crater-agent-workspace/cargo-home:/opt/rustwide/cargo-home:ro,Z" "-v" "/var/lib/crater-agent-workspace/rustup-home:/opt/rustwide/rustup-home:ro,Z" "-e" "SOURCE_DIR=/opt/rustwide/workdir" "-e" "CARGO_TARGET_DIR=/opt/rustwide/target" "-e" "CARGO_INCREMENTAL=0" "-e" "RUST_BACKTRACE=full" "-e" "RUSTFLAGS=--cap-lints=warn" "-e" "RUSTDOCFLAGS=--cap-lints=warn" "-e" "CARGO_HOME=/opt/rustwide/cargo-home" "-e" "RUSTUP_HOME=/opt/rustwide/rustup-home" "-w" "/opt/rustwide/workdir" "-m" "1610612736" "--user" "0:0" "--network" "none" "ghcr.io/rust-lang/crates-build-env/linux@sha256:3959728d45483eb673ba100a951a6b9f5012970368db2a9e08e0ac9b67c8a5ad" "/opt/rustwide/cargo-home/bin/cargo" "+beta-2025-02-18" "doc" "--frozen" "--no-deps" "--document-private-items" "--message-format=json", kill_on_drop: false }`
[INFO] [stdout] d3ff9662ea747ad4bcdae674cd9df6594c8d664b0096f2494a09c43a5da43d3f
[INFO] running `Command { std: "docker" "start" "-a" "d3ff9662ea747ad4bcdae674cd9df6594c8d664b0096f2494a09c43a5da43d3f", kill_on_drop: false }`
[INFO] [stderr]    Compiling proc-macro2 v1.0.81
[INFO] [stderr]    Compiling unicode-ident v1.0.12
[INFO] [stderr]    Compiling autocfg v1.2.0
[INFO] [stderr]    Compiling fnv v1.0.7
[INFO] [stderr]     Checking nb v1.1.0
[INFO] [stderr]    Compiling strsim v0.10.0
[INFO] [stderr]    Compiling ident_case v1.0.1
[INFO] [stderr]    Compiling version_check v0.9.4
[INFO] [stderr]    Compiling embassy-time-driver v0.1.0
[INFO] [stderr]     Checking byteorder v1.5.0
[INFO] [stderr]     Checking critical-section v1.1.2
[INFO] [stderr]    Compiling serde v1.0.198
[INFO] [stderr]    Compiling xtensa-lx v0.9.0
[INFO] [stderr]    Compiling embassy-time-queue-driver v0.1.0
[INFO] [stderr]     Checking void v1.0.2
[INFO] [stderr]    Compiling syn v1.0.109
[INFO] [stderr]     Checking nb v0.1.3
[INFO] [stderr]    Compiling heapless v0.8.0
[INFO] [stderr]    Compiling equivalent v1.0.1
[INFO] [stderr]    Compiling rustversion v1.0.15
[INFO] [stderr]     Checking scopeguard v1.2.0
[INFO] [stderr]     Checking embedded-hal v0.2.7
[INFO] [stderr]    Compiling hashbrown v0.14.3
[INFO] [stderr]     Checking stable_deref_trait v1.2.0
[INFO] [stderr]    Compiling az v1.2.1
[INFO] [stderr]     Checking hash32 v0.3.1
[INFO] [stderr]    Compiling embedded-hal-async v1.0.0
[INFO] [stderr]    Compiling cfg-if v1.0.0
[INFO] [stderr]    Compiling embedded-io-async v0.6.1
[INFO] [stderr]     Checking embedded-hal v1.0.0
[INFO] [stderr]    Compiling toml_datetime v0.6.5
[INFO] [stderr]     Checking futures-task v0.3.30
[INFO] [stderr]     Checking pin-project-lite v0.2.14
[INFO] [stderr]     Checking futures-core v0.3.30
[INFO] [stderr]    Compiling proc-macro-error-attr v1.0.4
[INFO] [stderr]    Compiling proc-macro-error v1.0.4
[INFO] [stderr]    Compiling winnow v0.5.40
[INFO] [stderr]    Compiling lock_api v0.4.11
[INFO] [stderr]    Compiling num-traits v0.2.18
[INFO] [stderr]     Checking pin-utils v0.1.0
[INFO] [stderr]     Checking bare-metal v1.0.0
[INFO] [stderr]     Checking mutex-trait v0.2.0
[INFO] [stderr]    Compiling portable-atomic v1.6.0
[INFO] [stderr]     Checking futures-util v0.3.30
[INFO] [stderr]    Compiling esp-println v0.9.1
[INFO] [stderr]    Compiling paste v1.0.14
[INFO] [stderr]    Compiling embassy-executor v0.5.0
[INFO] [stderr]    Compiling heck v0.4.1
[INFO] [stderr]    Compiling embassy-sync v0.5.0
[INFO] [stderr]     Checking spin v0.9.8
[INFO] [stderr]     Checking display-interface v0.4.1
[INFO] [stderr]    Compiling esp32 v0.29.0
[INFO] [stderr]    Compiling indexmap v2.2.6
[INFO] [stderr]     Checking embedded-io v0.6.1
[INFO] [stderr]     Checking gcd v2.3.0
[INFO] [stderr]     Checking byte-slice-cast v0.3.5
[INFO] [stdout] error: linking with `cc` failed: exit status: 1
[INFO] [stdout]   |
[INFO] [stdout]   = note:  "cc" "-m64" "/tmp/rustcuJELiQ/symbols.o" "<2 object files omitted>" "-Wl,--as-needed" "-Wl,-Bstatic" "<sysroot>/lib/rustlib/x86_64-unknown-linux-gnu/lib/{libstd-*,libpanic_unwind-*,libobject-*,libmemchr-*,libaddr2line-*,libgimli-*,librustc_demangle-*,libstd_detect-*,libhashbrown-*,librustc_std_workspace_alloc-*,libminiz_oxide-*,libadler2-*,libunwind-*,libcfg_if-*,liblibc-*,liballoc-*,librustc_std_workspace_core-*,libcore-*,libcompiler_builtins-*}.rlib" "-Wl,-Bdynamic" "-lgcc_s" "-lutil" "-lrt" "-lpthread" "-lm" "-ldl" "-lc" "-Wl,--eh-frame-hdr" "-Wl,-z,noexecstack" "-L" "<sysroot>/lib/rustlib/x86_64-unknown-linux-gnu/lib" "-o" "/opt/rustwide/target/debug/build/esp32-1efb3ada1cb821c0/build_script_build-1efb3ada1cb821c0" "-Wl,--gc-sections" "-pie" "-Wl,-z,relro,-z,now" "-nodefaultlibs"
[INFO] [stdout]   = note: some arguments are omitted. use `--verbose` to show all linker arguments
[INFO] [stdout]   = note: /usr/bin/ld: final link failed: No space left on device
[INFO] [stdout]           collect2: error: ld returned 1 exit status
[INFO] [stdout]           
[INFO] [stdout] 
[INFO] [stdout] 
[INFO] [stderr] error: could not compile `esp32` (build script) due to 1 previous error
[INFO] [stderr] warning: build failed, waiting for other jobs to finish...
[INFO] [stdout] error[E0554]: `#![feature]` may not be used on the beta release channel
[INFO] [stdout]  --> /opt/rustwide/cargo-home/registry/src/index.crates.io-1949cf8c6b5b557f/xtensa-lx-0.9.0/src/lib.rs:3:1
[INFO] [stdout]   |
[INFO] [stdout] 3 | #![feature(asm_experimental_arch)]
[INFO] [stdout]   | ^^^^^^^^^^^^^^^^^^^^^^^^^^^^^^^^^^
[INFO] [stdout] 
[INFO] [stdout] 
[INFO] [stdout] For more information about this error, try `rustc --explain E0554`.
[INFO] [stdout] 
[INFO] [stderr] error: could not compile `xtensa-lx` (lib) due to 1 previous error
[INFO] [stdout] error: linking with `cc` failed: exit status: 1
[INFO] [stdout]   |
[INFO] [stdout]   = note:  "cc" "-m64" "/tmp/rustcohOYgu/symbols.o" "<3 object files omitted>" "-Wl,--as-needed" "-Wl,-Bstatic" "<sysroot>/lib/rustlib/x86_64-unknown-linux-gnu/lib/{libstd-*,libpanic_unwind-*,libobject-*,libmemchr-*,libaddr2line-*,libgimli-*,librustc_demangle-*,libstd_detect-*,libhashbrown-*,librustc_std_workspace_alloc-*,libminiz_oxide-*,libadler2-*,libunwind-*,libcfg_if-*,liblibc-*,liballoc-*,librustc_std_workspace_core-*,libcore-*,libcompiler_builtins-*}.rlib" "-Wl,-Bdynamic" "-lgcc_s" "-lutil" "-lrt" "-lpthread" "-lm" "-ldl" "-lc" "-Wl,--eh-frame-hdr" "-Wl,-z,noexecstack" "-L" "<sysroot>/lib/rustlib/x86_64-unknown-linux-gnu/lib" "-o" "/opt/rustwide/target/debug/build/embassy-sync-f8403c2a60efb88e/build_script_build-f8403c2a60efb88e" "-Wl,--gc-sections" "-pie" "-Wl,-z,relro,-z,now" "-nodefaultlibs"
[INFO] [stdout]   = note: some arguments are omitted. use `--verbose` to show all linker arguments
[INFO] [stdout]   = note: /usr/bin/ld: final link failed: No space left on device
[INFO] [stdout]           collect2: error: ld returned 1 exit status
[INFO] [stdout]           
[INFO] [stdout] 
[INFO] [stdout] 
[INFO] [stderr] error: could not compile `embassy-sync` (build script) due to 1 previous error
[INFO] [stdout] error: linking with `cc` failed: exit status: 1
[INFO] [stdout]   |
[INFO] [stdout]   = note:  "cc" "-m64" "/tmp/rustcAPSZOl/symbols.o" "<5 object files omitted>" "-Wl,--as-needed" "-Wl,-Bstatic" "<sysroot>/lib/rustlib/x86_64-unknown-linux-gnu/lib/{libstd-*,libpanic_unwind-*,libobject-*,libmemchr-*,libaddr2line-*,libgimli-*,librustc_demangle-*,libstd_detect-*,libhashbrown-*,librustc_std_workspace_alloc-*,libminiz_oxide-*,libadler2-*,libunwind-*,libcfg_if-*,liblibc-*,liballoc-*,librustc_std_workspace_core-*,libcore-*,libcompiler_builtins-*}.rlib" "-Wl,-Bdynamic" "-lgcc_s" "-lutil" "-lrt" "-lpthread" "-lm" "-ldl" "-lc" "-Wl,--eh-frame-hdr" "-Wl,-z,noexecstack" "-L" "<sysroot>/lib/rustlib/x86_64-unknown-linux-gnu/lib" "-o" "/opt/rustwide/target/debug/build/embassy-executor-16a560a8fd843806/build_script_build-16a560a8fd843806" "-Wl,--gc-sections" "-pie" "-Wl,-z,relro,-z,now" "-nodefaultlibs"
[INFO] [stdout]   = note: some arguments are omitted. use `--verbose` to show all linker arguments
[INFO] [stdout]   = note: /usr/bin/ld: final link failed: No space left on device
[INFO] [stdout]           collect2: error: ld returned 1 exit status
[INFO] [stdout]           
[INFO] [stdout] 
[INFO] [stdout] 
[INFO] [stderr] error: could not compile `embassy-executor` (build script) due to 1 previous error
[INFO] [stderr] rustc-LLVM ERROR: IO failure on output stream: No space left on device
[INFO] [stdout] error: failed to write to `/opt/rustwide/target/debug/deps/rmetauopArX/lib.rmeta`: No space left on device (os error 28)
[INFO] [stdout] 
[INFO] [stdout] 
[INFO] [stderr] error: could not compile `proc-macro2` (lib)
[INFO] [stderr] 
[INFO] [stderr] Caused by:
[INFO] [stderr]   No space left on device (os error 28)
[INFO] [stderr] 
[INFO] [stderr] Caused by:
[INFO] [stderr]   failed to parse process output: `/opt/rustwide/rustup-home/toolchains/beta-2025-02-18-x86_64-unknown-linux-gnu/bin/rustc --crate-name proc_macro2 --edition=2021 /opt/rustwide/cargo-home/registry/src/index.crates.io-1949cf8c6b5b557f/proc-macro2-1.0.81/src/lib.rs --error-format=json --json=diagnostic-rendered-ansi,artifacts,future-incompat --crate-type lib --emit=dep-info,metadata,link -C embed-bitcode=no --cfg 'feature="default"' --cfg 'feature="proc-macro"' --check-cfg 'cfg(docsrs,test)' --check-cfg 'cfg(feature, values("default", "nightly", "proc-macro", "span-locations"))' -C metadata=380346abd6dbe614 -C extra-filename=-5e8fef5021fd9feb --out-dir /opt/rustwide/target/debug/deps -L dependency=/opt/rustwide/target/debug/deps --extern unicode_ident=/opt/rustwide/target/debug/deps/libunicode_ident-772f13ecc3fc189a.rmeta --cap-lints allow --cap-lints=warn --cfg wrap_proc_macro` (exit status: 101)
[INFO] [stderr] error: could not compile `futures-util` (lib) due to 1 previous error
[INFO] [stdout] error: linking with `cc` failed: exit status: 1
[INFO] [stdout]   |
[INFO] [stdout]   = note:  "cc" "-Wl,--version-script=/tmp/rustcH6HMRY/list" "-Wl,--no-undefined-version" "-m64" "/tmp/rustcH6HMRY/symbols.o" "<9 object files omitted>" "/opt/rustwide/target/debug/deps/rustversion-e799d955b5c23ba7.7k6ewh5cqvh8aldm2sncr4sfg.rcgu.rmeta" "<1 object files omitted>" "-Wl,--as-needed" "-Wl,-Bstatic" "<sysroot>/lib/rustlib/x86_64-unknown-linux-gnu/lib/{libproc_macro-*,libstd-*,libpanic_unwind-*,libobject-*,libmemchr-*,libaddr2line-*,libgimli-*,librustc_demangle-*,libstd_detect-*,libhashbrown-*,librustc_std_workspace_alloc-*,libminiz_oxide-*,libadler2-*,libunwind-*,libcfg_if-*,liblibc-*,liballoc-*,librustc_std_workspace_core-*,libcore-*,libcompiler_builtins-*}.rlib" "-Wl,-Bdynamic" "-lgcc_s" "-lutil" "-lrt" "-lpthread" "-lm" "-ldl" "-lc" "-Wl,--eh-frame-hdr" "-Wl,-z,noexecstack" "-L" "<sysroot>/lib/rustlib/x86_64-unknown-linux-gnu/lib" "-o" "/opt/rustwide/target/debug/deps/librustversion-e799d955b5c23ba7.so" "-Wl,--gc-sections" "-shared" "-Wl,-z,relro,-z,now" "-nodefaultlibs"
[INFO] [stdout]   = note: some arguments are omitted. use `--verbose` to show all linker arguments
[INFO] [stdout]   = note: /usr/bin/ld: final link failed: No space left on device
[INFO] [stdout]           collect2: error: ld returned 1 exit status
[INFO] [stdout]           
[INFO] [stdout] 
[INFO] [stdout] 
[INFO] [stderr] error: could not compile `rustversion` (lib) due to 1 previous error
[INFO] [stdout] error: couldn't create a temp dir: No space left on device (os error 28) at path "/opt/rustwide/target/debug/deps/rmeta7vPMDl"
[INFO] [stdout] 
[INFO] [stdout] 
[INFO] [stderr] error: could not compile `az` (lib) due to 1 previous error
[INFO] [stdout] error: couldn't create a temp dir: No space left on device (os error 28) at path "/opt/rustwide/target/debug/deps/rmetajaEQZt"
[INFO] [stdout] 
[INFO] [stdout] 
[INFO] [stderr] error: could not compile `indexmap` (lib) due to 1 previous error
[INFO] running `Command { std: "docker" "inspect" "d3ff9662ea747ad4bcdae674cd9df6594c8d664b0096f2494a09c43a5da43d3f", kill_on_drop: false }`
[INFO] running `Command { std: "docker" "rm" "-f" "d3ff9662ea747ad4bcdae674cd9df6594c8d664b0096f2494a09c43a5da43d3f", kill_on_drop: false }`
[INFO] [stdout] d3ff9662ea747ad4bcdae674cd9df6594c8d664b0096f2494a09c43a5da43d3f
