[INFO] cloning repository https://github.com/hasanen/smartstore-box-organizer-generator
[INFO] running `Command { std: "git" "-c" "credential.helper=" "-c" "credential.helper=/workspace/cargo-home/bin/git-credential-null" "clone" "--bare" "https://github.com/hasanen/smartstore-box-organizer-generator" "/workspace/cache/git-repos/https%3A%2F%2Fgithub.com%2Fhasanen%2Fsmartstore-box-organizer-generator", kill_on_drop: false }`
[INFO] [stderr] Cloning into bare repository '/workspace/cache/git-repos/https%3A%2F%2Fgithub.com%2Fhasanen%2Fsmartstore-box-organizer-generator'...
[INFO] running `Command { std: "git" "rev-parse" "HEAD", kill_on_drop: false }`
[INFO] [stdout] aa44a73ae734c4ab5f108bc6f7a9020974f06d26
[INFO] documenting hasanen/smartstore-box-organizer-generator against 1.85.0 for beta-1.86-rustdoc-1
[INFO] running `Command { std: "git" "clone" "/workspace/cache/git-repos/https%3A%2F%2Fgithub.com%2Fhasanen%2Fsmartstore-box-organizer-generator" "/workspace/builds/worker-2-tc1/source", kill_on_drop: false }`
[INFO] [stderr] Cloning into '/workspace/builds/worker-2-tc1/source'...
[INFO] [stderr] done.
[INFO] validating manifest of git repo https://github.com/hasanen/smartstore-box-organizer-generator on toolchain 1.85.0
[INFO] running `Command { std: CARGO_HOME="/workspace/cargo-home" RUSTUP_HOME="/workspace/rustup-home" "/workspace/cargo-home/bin/cargo" "+1.85.0" "metadata" "--manifest-path" "Cargo.toml" "--no-deps", kill_on_drop: false }`
[INFO] started tweaking git repo https://github.com/hasanen/smartstore-box-organizer-generator
[INFO] finished tweaking git repo https://github.com/hasanen/smartstore-box-organizer-generator
[INFO] tweaked toml for git repo https://github.com/hasanen/smartstore-box-organizer-generator written to /workspace/builds/worker-2-tc1/source/Cargo.toml
[INFO] crate git repo https://github.com/hasanen/smartstore-box-organizer-generator already has a lockfile, it will not be regenerated
[INFO] running `Command { std: CARGO_HOME="/workspace/cargo-home" RUSTUP_HOME="/workspace/rustup-home" "/workspace/cargo-home/bin/cargo" "+1.85.0" "fetch" "--manifest-path" "Cargo.toml", kill_on_drop: false }`
[INFO] running `Command { std: "docker" "create" "-v" "/var/lib/crater-agent-workspace/builds/worker-2-tc1/target:/opt/rustwide/target:rw,Z" "-v" "/var/lib/crater-agent-workspace/builds/worker-2-tc1/source:/opt/rustwide/workdir:ro,Z" "-v" "/var/lib/crater-agent-workspace/cargo-home:/opt/rustwide/cargo-home:ro,Z" "-v" "/var/lib/crater-agent-workspace/rustup-home:/opt/rustwide/rustup-home:ro,Z" "-e" "SOURCE_DIR=/opt/rustwide/workdir" "-e" "CARGO_TARGET_DIR=/opt/rustwide/target" "-e" "CARGO_HOME=/opt/rustwide/cargo-home" "-e" "RUSTUP_HOME=/opt/rustwide/rustup-home" "-w" "/opt/rustwide/workdir" "-m" "1610612736" "--user" "0:0" "--network" "none" "ghcr.io/rust-lang/crates-build-env/linux@sha256:3959728d45483eb673ba100a951a6b9f5012970368db2a9e08e0ac9b67c8a5ad" "/opt/rustwide/cargo-home/bin/cargo" "+1.85.0" "metadata" "--no-deps" "--format-version=1", kill_on_drop: false }`
[INFO] [stdout] 681ccf22a37f3d94758fe495f92551036a0c3414f51d528d7edc0550008b079b
[INFO] running `Command { std: "docker" "start" "-a" "681ccf22a37f3d94758fe495f92551036a0c3414f51d528d7edc0550008b079b", kill_on_drop: false }`
[INFO] running `Command { std: "docker" "inspect" "681ccf22a37f3d94758fe495f92551036a0c3414f51d528d7edc0550008b079b", kill_on_drop: false }`
[INFO] running `Command { std: "docker" "rm" "-f" "681ccf22a37f3d94758fe495f92551036a0c3414f51d528d7edc0550008b079b", kill_on_drop: false }`
[INFO] [stdout] 681ccf22a37f3d94758fe495f92551036a0c3414f51d528d7edc0550008b079b
[INFO] running `Command { std: "docker" "create" "-v" "/var/lib/crater-agent-workspace/builds/worker-2-tc1/target:/opt/rustwide/target:rw,Z" "-v" "/var/lib/crater-agent-workspace/builds/worker-2-tc1/source:/opt/rustwide/workdir:ro,Z" "-v" "/var/lib/crater-agent-workspace/cargo-home:/opt/rustwide/cargo-home:ro,Z" "-v" "/var/lib/crater-agent-workspace/rustup-home:/opt/rustwide/rustup-home:ro,Z" "-e" "SOURCE_DIR=/opt/rustwide/workdir" "-e" "CARGO_TARGET_DIR=/opt/rustwide/target" "-e" "CARGO_INCREMENTAL=0" "-e" "RUST_BACKTRACE=full" "-e" "RUSTFLAGS=--cap-lints=warn" "-e" "RUSTDOCFLAGS=--cap-lints=warn" "-e" "CARGO_HOME=/opt/rustwide/cargo-home" "-e" "RUSTUP_HOME=/opt/rustwide/rustup-home" "-w" "/opt/rustwide/workdir" "-m" "1610612736" "--user" "0:0" "--network" "none" "ghcr.io/rust-lang/crates-build-env/linux@sha256:3959728d45483eb673ba100a951a6b9f5012970368db2a9e08e0ac9b67c8a5ad" "/opt/rustwide/cargo-home/bin/cargo" "+1.85.0" "doc" "--frozen" "--no-deps" "--document-private-items" "--message-format=json", kill_on_drop: false }`
[INFO] [stdout] d4677187aa027da4e8440e35ee699d8844ecd75a9ab1ef8bcb90ea10b19c2a3b
[INFO] running `Command { std: "docker" "start" "-a" "d4677187aa027da4e8440e35ee699d8844ecd75a9ab1ef8bcb90ea10b19c2a3b", kill_on_drop: false }`
[INFO] [stderr]    Compiling proc-macro2 v1.0.87
[INFO] [stderr]    Compiling unicode-ident v1.0.13
[INFO] [stderr]     Checking stable_deref_trait v1.2.0
[INFO] [stderr]     Checking litemap v0.7.3
[INFO] [stderr]     Checking smallvec v1.13.2
[INFO] [stderr]     Checking writeable v0.5.5
[INFO] [stderr]    Compiling libc v0.2.164
[INFO] [stderr]     Checking icu_locid_transform_data v1.5.0
[INFO] [stderr]    Compiling autocfg v1.4.0
[INFO] [stderr]    Compiling parking_lot_core v0.9.10
[INFO] [stderr]     Checking icu_properties_data v1.5.0
[INFO] [stderr]     Checking scopeguard v1.2.0
[INFO] [stderr]     Checking write16 v1.0.0
[INFO] [stderr]     Checking icu_normalizer_data v1.5.0
[INFO] [stderr]     Checking utf8parse v0.2.2
[INFO] [stderr]    Compiling rustix v0.38.40
[INFO] [stderr]     Checking cfg-if v1.0.0
[INFO] [stderr]     Checking utf8_iter v1.0.4
[INFO] [stderr]     Checking utf16_iter v1.0.5
[INFO] [stderr]     Checking anstyle-query v1.1.1
[INFO] [stderr]     Checking anstyle-parse v0.2.5
[INFO] [stderr]     Checking colorchoice v1.0.2
[INFO] [stderr]     Checking anstyle v1.0.8
[INFO] [stderr]     Checking bitflags v2.6.0
[INFO] [stderr]     Checking linux-raw-sys v0.4.14
[INFO] [stderr]     Checking is_terminal_polyfill v1.70.1
[INFO] [stderr]     Checking clap_lex v0.7.4
[INFO] [stderr]    Compiling heck v0.5.0
[INFO] [stderr]     Checking percent-encoding v2.3.1
[INFO] [stderr]     Checking strsim v0.11.1
[INFO] [stderr]     Checking unicode-segmentation v1.12.0
[INFO] [stderr]     Checking unicode-width v0.2.0
[INFO] [stderr]     Checking svg v0.18.0
[INFO] [stderr]     Checking anstream v0.6.15
[INFO] [stderr]     Checking form_urlencoded v1.2.1
[INFO] [stderr]    Compiling lock_api v0.4.12
[INFO] [stderr]     Checking clap_builder v4.5.29
[INFO] [stderr]    Compiling quote v1.0.37
[INFO] [stderr]    Compiling syn v2.0.79
[INFO] [stderr]     Checking parking_lot v0.12.3
[INFO] [stderr]     Checking crossterm v0.28.1
[INFO] [stderr]     Checking comfy-table v7.1.4
[INFO] [stderr]    Compiling synstructure v0.13.1
[INFO] [stderr]    Compiling zerofrom-derive v0.1.4
[INFO] [stderr]    Compiling yoke-derive v0.7.4
[INFO] [stderr]    Compiling zerovec-derive v0.10.3
[INFO] [stderr]    Compiling displaydoc v0.2.5
[INFO] [stderr]    Compiling icu_provider_macros v1.5.0
[INFO] [stderr]    Compiling clap_derive v4.5.28
[INFO] [stderr]     Checking zerofrom v0.1.4
[INFO] [stderr]     Checking yoke v0.7.4
[INFO] [stderr]     Checking zerovec v0.10.4
[INFO] [stderr]     Checking clap v4.5.29
[INFO] [stderr]     Checking tinystr v0.7.6
[INFO] [stderr]     Checking icu_collections v1.5.0
[INFO] [stderr]     Checking icu_locid v1.5.0
[INFO] [stderr]     Checking icu_provider v1.5.0
[INFO] [stderr]     Checking icu_locid_transform v1.5.0
[INFO] [stderr]     Checking icu_properties v1.5.1
[INFO] [stderr]     Checking icu_normalizer v1.5.0
[INFO] [stderr]     Checking idna_adapter v1.2.0
[INFO] [stderr]     Checking idna v1.0.3
[INFO] [stderr]     Checking url v2.5.4
[INFO] [stderr]  Documenting container-rack-lib v0.3.2 (/opt/rustwide/workdir)
[INFO] [stderr]     Finished `dev` profile [unoptimized + debuginfo] target(s) in 17.14s
[INFO] [stderr]    Generated /opt/rustwide/target/doc/container_rack_lib/index.html
[INFO] running `Command { std: "docker" "inspect" "d4677187aa027da4e8440e35ee699d8844ecd75a9ab1ef8bcb90ea10b19c2a3b", kill_on_drop: false }`
[INFO] running `Command { std: "docker" "rm" "-f" "d4677187aa027da4e8440e35ee699d8844ecd75a9ab1ef8bcb90ea10b19c2a3b", kill_on_drop: false }`
[INFO] [stdout] d4677187aa027da4e8440e35ee699d8844ecd75a9ab1ef8bcb90ea10b19c2a3b
[INFO] running `Command { std: "docker" "create" "-v" "/var/lib/crater-agent-workspace/builds/worker-2-tc1/target:/opt/rustwide/target:rw,Z" "-v" "/var/lib/crater-agent-workspace/builds/worker-2-tc1/source:/opt/rustwide/workdir:ro,Z" "-v" "/var/lib/crater-agent-workspace/cargo-home:/opt/rustwide/cargo-home:ro,Z" "-v" "/var/lib/crater-agent-workspace/rustup-home:/opt/rustwide/rustup-home:ro,Z" "-e" "SOURCE_DIR=/opt/rustwide/workdir" "-e" "CARGO_TARGET_DIR=/opt/rustwide/target" "-e" "CARGO_INCREMENTAL=0" "-e" "RUST_BACKTRACE=full" "-e" "RUSTFLAGS=--cap-lints=warn" "-e" "RUSTDOCFLAGS=--cap-lints=warn" "-e" "DOCS_RS=1" "-e" "RUSTC_BOOTSTRAP=1" "-e" "CARGO_HOME=/opt/rustwide/cargo-home" "-e" "RUSTUP_HOME=/opt/rustwide/rustup-home" "-w" "/opt/rustwide/workdir" "-m" "1610612736" "--user" "0:0" "--network" "none" "ghcr.io/rust-lang/crates-build-env/linux@sha256:3959728d45483eb673ba100a951a6b9f5012970368db2a9e08e0ac9b67c8a5ad" "/opt/rustwide/cargo-home/bin/cargo" "+1.85.0" "rustdoc" "--lib" "-Zrustdoc-map" "--config" "build.rustdocflags=[\"--cfg\", \"docsrs\", \"-Z\", \"unstable-options\", \"--document-private-items\"]" "--frozen" "--message-format=json", kill_on_drop: false }`
[INFO] [stdout] 268e9572481d49db0f93990df0068819bdc222475510379652a35c7b1dafd144
[INFO] running `Command { std: "docker" "start" "-a" "268e9572481d49db0f93990df0068819bdc222475510379652a35c7b1dafd144", kill_on_drop: false }`
[INFO] [stderr]    Compiling proc-macro2 v1.0.87
[INFO] [stderr]    Compiling quote v1.0.37
[INFO] [stderr]    Compiling syn v2.0.79
[INFO] [stderr]    Compiling synstructure v0.13.1
[INFO] [stderr]    Compiling zerofrom-derive v0.1.4
[INFO] [stderr]    Compiling yoke-derive v0.7.4
[INFO] [stderr]    Compiling zerovec-derive v0.10.3
[INFO] [stderr]    Compiling displaydoc v0.2.5
[INFO] [stderr]    Compiling icu_provider_macros v1.5.0
[INFO] [stderr]    Compiling clap_derive v4.5.28
[INFO] [stdout] error: error writing metadata object file: No space left on device (os error 28)
[INFO] [stdout] 
[INFO] [stdout] 
[INFO] [stdout] error: error writing metadata object file: No space left on device (os error 28)
[INFO] [stdout] 
[INFO] [stdout] 
[INFO] [stderr] error: could not compile `zerovec-derive` (lib) due to 1 previous error
[INFO] [stderr] warning: build failed, waiting for other jobs to finish...
[INFO] [stderr] error: could not compile `zerofrom-derive` (lib) due to 1 previous error
[INFO] [stdout] error: linking with `cc` failed: exit status: 1
[INFO] [stdout]   |
[INFO] [stdout]   = note: LC_ALL="C" PATH="/opt/rustwide/rustup-home/toolchains/1.85.0-x86_64-unknown-linux-gnu/lib/rustlib/x86_64-unknown-linux-gnu/bin:/opt/rustwide/cargo-home/bin:/usr/local/sbin:/usr/local/bin:/usr/sbin:/usr/bin:/sbin:/bin" VSLANG="1033" "cc" "-Wl,--version-script=/tmp/rustcoM4CCJ/list" "-Wl,--no-undefined-version" "-m64" "/tmp/rustcoM4CCJ/symbols.o" "<3 object files omitted>" "/opt/rustwide/target/debug/deps/icu_provider_macros-4b018a229fea28e7.e79molq4bhpd21t705usv5at0.rcgu.rmeta" "<1 object files omitted>" "-Wl,--as-needed" "-Wl,-Bstatic" "/opt/rustwide/target/debug/deps/{libsyn-e66f98c543028131.rlib,libquote-25424fd1e9548991.rlib,libproc_macro2-0142adbbbf00d920.rlib,libunicode_ident-4779219cbf6819ed.rlib}" "/opt/rustwide/rustup-home/toolchains/1.85.0-x86_64-unknown-linux-gnu/lib/rustlib/x86_64-unknown-linux-gnu/lib/{libproc_macro-57e423f2e16d22f0.rlib,libstd-6273572f18644c87.rlib,libpanic_unwind-267e668abf74a283.rlib,libobject-ec6154ccae37a33e.rlib,libmemchr-500edd5521c440d4.rlib,libaddr2line-86d8d9428792e8ef.rlib,libgimli-10f06487503767c2.rlib,librustc_demangle-6a38424de1e5bca5.rlib,libstd_detect-de9763ea1c19dca3.rlib,libhashbrown-a7f5bb2f736d3c49.rlib,librustc_std_workspace_alloc-7e368919bdc4a44c.rlib,libminiz_oxide-376454d49910c786.rlib,libadler-fa99f5692b5dce85.rlib,libunwind-91cafdaf16f7fe40.rlib,libcfg_if-f7ee3f1ea78d9dae.rlib,liblibc-d3a35665f881365a.rlib,liballoc-715bc629a88bca60.rlib,librustc_std_workspace_core-ae70165d1278cff7.rlib,libcore-406129d0e3fbc101.rlib,libcompiler_builtins-1af05515ab19524a.rlib}" "-Wl,-Bdynamic" "-lgcc_s" "-lutil" "-lrt" "-lpthread" "-lm" "-ldl" "-lc" "-Wl,--eh-frame-hdr" "-Wl,-z,noexecstack" "-L" "/opt/rustwide/rustup-home/toolchains/1.85.0-x86_64-unknown-linux-gnu/lib/rustlib/x86_64-unknown-linux-gnu/lib" "-o" "/opt/rustwide/target/debug/deps/libicu_provider_macros-4b018a229fea28e7.so" "-Wl,--gc-sections" "-shared" "-Wl,-z,relro,-z,now" "-nodefaultlibs"
[INFO] [stdout]   = note: some arguments are omitted. use `--verbose` to show all linker arguments
[INFO] [stdout]   = note: /usr/bin/ld: final link failed: No space left on device
[INFO] [stdout]           collect2: error: ld returned 1 exit status
[INFO] [stdout]           
[INFO] [stdout] 
[INFO] [stdout] 
[INFO] [stderr] error: could not compile `icu_provider_macros` (lib) due to 1 previous error
[INFO] [stdout] error: linking with `cc` failed: exit status: 1
[INFO] [stdout]   |
[INFO] [stdout]   = note: LC_ALL="C" PATH="/opt/rustwide/rustup-home/toolchains/1.85.0-x86_64-unknown-linux-gnu/lib/rustlib/x86_64-unknown-linux-gnu/bin:/opt/rustwide/cargo-home/bin:/usr/local/sbin:/usr/local/bin:/usr/sbin:/usr/bin:/sbin:/bin" VSLANG="1033" "cc" "-Wl,--version-script=/tmp/rustcFQPi0y/list" "-Wl,--no-undefined-version" "-m64" "/tmp/rustcFQPi0y/symbols.o" "<8 object files omitted>" "/opt/rustwide/target/debug/deps/displaydoc-0ce29b4eef4bc674.8qvlvz7n6rs22zia23yux820g.rcgu.rmeta" "<1 object files omitted>" "-Wl,--as-needed" "-Wl,-Bstatic" "/opt/rustwide/target/debug/deps/{libsyn-e66f98c543028131.rlib,libquote-25424fd1e9548991.rlib,libproc_macro2-0142adbbbf00d920.rlib,libunicode_ident-4779219cbf6819ed.rlib}" "/opt/rustwide/rustup-home/toolchains/1.85.0-x86_64-unknown-linux-gnu/lib/rustlib/x86_64-unknown-linux-gnu/lib/{libproc_macro-57e423f2e16d22f0.rlib,libstd-6273572f18644c87.rlib,libpanic_unwind-267e668abf74a283.rlib,libobject-ec6154ccae37a33e.rlib,libmemchr-500edd5521c440d4.rlib,libaddr2line-86d8d9428792e8ef.rlib,libgimli-10f06487503767c2.rlib,librustc_demangle-6a38424de1e5bca5.rlib,libstd_detect-de9763ea1c19dca3.rlib,libhashbrown-a7f5bb2f736d3c49.rlib,librustc_std_workspace_alloc-7e368919bdc4a44c.rlib,libminiz_oxide-376454d49910c786.rlib,libadler-fa99f5692b5dce85.rlib,libunwind-91cafdaf16f7fe40.rlib,libcfg_if-f7ee3f1ea78d9dae.rlib,liblibc-d3a35665f881365a.rlib,liballoc-715bc629a88bca60.rlib,librustc_std_workspace_core-ae70165d1278cff7.rlib,libcore-406129d0e3fbc101.rlib,libcompiler_builtins-1af05515ab19524a.rlib}" "-Wl,-Bdynamic" "-lgcc_s" "-lutil" "-lrt" "-lpthread" "-lm" "-ldl" "-lc" "-Wl,--eh-frame-hdr" "-Wl,-z,noexecstack" "-L" "/opt/rustwide/rustup-home/toolchains/1.85.0-x86_64-unknown-linux-gnu/lib/rustlib/x86_64-unknown-linux-gnu/lib" "-o" "/opt/rustwide/target/debug/deps/libdisplaydoc-0ce29b4eef4bc674.so" "-Wl,--gc-sections" "-shared" "-Wl,-z,relro,-z,now" "-nodefaultlibs"
[INFO] [stdout]   = note: some arguments are omitted. use `--verbose` to show all linker arguments
[INFO] [stdout]   = note: /usr/bin/ld: final link failed: No space left on device
[INFO] [stdout]           collect2: error: ld returned 1 exit status
[INFO] [stdout]           
[INFO] [stdout] 
[INFO] [stdout] 
[INFO] [stderr] error: could not compile `displaydoc` (lib) due to 1 previous error
[INFO] [stderr] rustc-LLVM ERROR: IO failure on output stream: No space left on device
[INFO] [stderr] error: could not compile `yoke-derive` (lib)
[INFO] [stderr] 
[INFO] [stderr] Caused by:
[INFO] [stderr]   No space left on device (os error 28)
[INFO] [stderr] 
[INFO] [stderr] Caused by:
[INFO] [stderr]   failed to parse process output: `/opt/rustwide/rustup-home/toolchains/1.85.0-x86_64-unknown-linux-gnu/bin/rustc --crate-name yoke_derive --edition=2021 /opt/rustwide/cargo-home/registry/src/index.crates.io-1949cf8c6b5b557f/yoke-derive-0.7.4/src/lib.rs --error-format=json --json=diagnostic-rendered-ansi,artifacts,future-incompat --crate-type proc-macro --emit=dep-info,link -C prefer-dynamic -C embed-bitcode=no --check-cfg 'cfg(docsrs,test)' --check-cfg 'cfg(feature, values())' -C metadata=e6788249a9e036f4 -C extra-filename=-bb83cd08e70274d3 --out-dir /opt/rustwide/target/debug/deps -L dependency=/opt/rustwide/target/debug/deps --extern proc_macro2=/opt/rustwide/target/debug/deps/libproc_macro2-0142adbbbf00d920.rlib --extern quote=/opt/rustwide/target/debug/deps/libquote-25424fd1e9548991.rlib --extern syn=/opt/rustwide/target/debug/deps/libsyn-e66f98c543028131.rlib --extern synstructure=/opt/rustwide/target/debug/deps/libsynstructure-e50c2dcd59ae7a20.rlib --extern proc_macro --cap-lints allow --cap-lints=warn` (exit status: 101)
[INFO] [stdout] error: couldn't create a temp dir: No space left on device (os error 28) at path "/opt/rustwide/target/debug/deps/rmetaSKTlVW"
[INFO] [stdout] 
[INFO] [stdout] 
[INFO] [stderr] error: could not compile `clap_derive` (lib) due to 1 previous error
[INFO] running `Command { std: "docker" "inspect" "268e9572481d49db0f93990df0068819bdc222475510379652a35c7b1dafd144", kill_on_drop: false }`
[INFO] running `Command { std: "docker" "rm" "-f" "268e9572481d49db0f93990df0068819bdc222475510379652a35c7b1dafd144", kill_on_drop: false }`
[INFO] [stdout] 268e9572481d49db0f93990df0068819bdc222475510379652a35c7b1dafd144
