[INFO] cloning repository https://github.com/hacsoc/auth
[INFO] running `Command { std: "git" "-c" "credential.helper=" "-c" "credential.helper=/workspace/cargo-home/bin/git-credential-null" "clone" "--bare" "https://github.com/hacsoc/auth" "/workspace/cache/git-repos/https%3A%2F%2Fgithub.com%2Fhacsoc%2Fauth", kill_on_drop: false }`
[INFO] [stderr] Cloning into bare repository '/workspace/cache/git-repos/https%3A%2F%2Fgithub.com%2Fhacsoc%2Fauth'...
[INFO] running `Command { std: "git" "rev-parse" "HEAD", kill_on_drop: false }`
[INFO] [stdout] 1762fe42d91c0aee0b87e263c24a94516dfe2bd3
[INFO] documenting hacsoc/auth against 1.85.0 for beta-1.86-rustdoc-1
[INFO] running `Command { std: "git" "clone" "/workspace/cache/git-repos/https%3A%2F%2Fgithub.com%2Fhacsoc%2Fauth" "/workspace/builds/worker-3-tc1/source", kill_on_drop: false }`
[INFO] [stderr] Cloning into '/workspace/builds/worker-3-tc1/source'...
[INFO] [stderr] done.
[INFO] validating manifest of git repo https://github.com/hacsoc/auth on toolchain 1.85.0
[INFO] running `Command { std: CARGO_HOME="/workspace/cargo-home" RUSTUP_HOME="/workspace/rustup-home" "/workspace/cargo-home/bin/cargo" "+1.85.0" "metadata" "--manifest-path" "Cargo.toml" "--no-deps", kill_on_drop: false }`
[INFO] started tweaking git repo https://github.com/hacsoc/auth
[INFO] finished tweaking git repo https://github.com/hacsoc/auth
[INFO] tweaked toml for git repo https://github.com/hacsoc/auth written to /workspace/builds/worker-3-tc1/source/Cargo.toml
[INFO] crate git repo https://github.com/hacsoc/auth already has a lockfile, it will not be regenerated
[INFO] running `Command { std: CARGO_HOME="/workspace/cargo-home" RUSTUP_HOME="/workspace/rustup-home" "/workspace/cargo-home/bin/cargo" "+1.85.0" "fetch" "--manifest-path" "Cargo.toml", kill_on_drop: false }`
[INFO] [stderr] warning: no edition set: defaulting to the 2015 edition while the latest is 2024
[INFO] [stderr]     Blocking waiting for file lock on package cache
[INFO] [stderr]     Updating git repository `https://github.com/matthewbentley/authtoken.git`
[INFO] [stderr]     Updating git repository `https://github.com/hacsoc/rust-cas.git`
[INFO] [stderr]     Updating crates.io index
[INFO] [stderr]     Blocking waiting for file lock on package cache
[INFO] [stderr]     Blocking waiting for file lock on package cache
[INFO] [stderr]  Downloading crates ...
[INFO] [stderr]   Downloaded serde_json v0.6.1
[INFO] [stderr]   Downloaded url v0.2.38
[INFO] [stderr]   Downloaded serde v0.6.15
[INFO] [stderr]   Downloaded phf v0.7.13
[INFO] [stderr]   Downloaded unicase v1.3.0
[INFO] [stderr]   Downloaded memchr v0.1.10
[INFO] [stderr]   Downloaded bufstream v0.1.1
[INFO] [stderr]   Downloaded language-tags v0.0.7
[INFO] [stderr]   Downloaded openssl-sys v0.6.7
[INFO] [stderr]   Downloaded openssl v0.6.7
[INFO] [stderr]   Downloaded mustache v0.6.3
[INFO] [stderr]   Downloaded regex-syntax v0.2.5
[INFO] [stderr]   Downloaded hyper v0.6.16
[INFO] [stderr]   Downloaded nickel v0.7.3
[INFO] [stderr]   Downloaded rust-crypto v0.2.34
[INFO] [stderr]   Downloaded pkg-config v0.3.7
[INFO] [stderr]   Downloaded regex v0.1.55
[INFO] [stderr]   Downloaded net2 v0.2.22
[INFO] [stderr]   Downloaded num v0.1.31
[INFO] [stderr]   Downloaded hex v0.1.0
[INFO] [stderr]   Downloaded phf_generator v0.7.13
[INFO] [stderr]   Downloaded phf_shared v0.7.13
[INFO] [stderr]   Downloaded phf_codegen v0.7.13
[INFO] [stderr]   Downloaded r2d2_postgres v0.10.0
[INFO] [stderr]   Downloaded postgres v0.11.3
[INFO] [stderr]   Downloaded nickel_postgres v0.1.0
[INFO] [stderr]   Downloaded r2d2 v0.6.3
[INFO] running `Command { std: "docker" "create" "-v" "/var/lib/crater-agent-workspace/builds/worker-3-tc1/target:/opt/rustwide/target:rw,Z" "-v" "/var/lib/crater-agent-workspace/builds/worker-3-tc1/source:/opt/rustwide/workdir:ro,Z" "-v" "/var/lib/crater-agent-workspace/cargo-home:/opt/rustwide/cargo-home:ro,Z" "-v" "/var/lib/crater-agent-workspace/rustup-home:/opt/rustwide/rustup-home:ro,Z" "-e" "SOURCE_DIR=/opt/rustwide/workdir" "-e" "CARGO_TARGET_DIR=/opt/rustwide/target" "-e" "CARGO_HOME=/opt/rustwide/cargo-home" "-e" "RUSTUP_HOME=/opt/rustwide/rustup-home" "-w" "/opt/rustwide/workdir" "-m" "1610612736" "--user" "0:0" "--network" "none" "ghcr.io/rust-lang/crates-build-env/linux@sha256:3959728d45483eb673ba100a951a6b9f5012970368db2a9e08e0ac9b67c8a5ad" "/opt/rustwide/cargo-home/bin/cargo" "+1.85.0" "metadata" "--no-deps" "--format-version=1", kill_on_drop: false }`
[INFO] [stdout] 95eb29e8e7420cd2a9829d86202a768b936b8686698dd623f8fe9a148b0f5208
[INFO] running `Command { std: "docker" "start" "-a" "95eb29e8e7420cd2a9829d86202a768b936b8686698dd623f8fe9a148b0f5208", kill_on_drop: false }`
[INFO] running `Command { std: "docker" "inspect" "95eb29e8e7420cd2a9829d86202a768b936b8686698dd623f8fe9a148b0f5208", kill_on_drop: false }`
[INFO] running `Command { std: "docker" "rm" "-f" "95eb29e8e7420cd2a9829d86202a768b936b8686698dd623f8fe9a148b0f5208", kill_on_drop: false }`
[INFO] [stdout] 95eb29e8e7420cd2a9829d86202a768b936b8686698dd623f8fe9a148b0f5208
[INFO] running `Command { std: "docker" "create" "-v" "/var/lib/crater-agent-workspace/builds/worker-3-tc1/target:/opt/rustwide/target:rw,Z" "-v" "/var/lib/crater-agent-workspace/builds/worker-3-tc1/source:/opt/rustwide/workdir:ro,Z" "-v" "/var/lib/crater-agent-workspace/cargo-home:/opt/rustwide/cargo-home:ro,Z" "-v" "/var/lib/crater-agent-workspace/rustup-home:/opt/rustwide/rustup-home:ro,Z" "-e" "SOURCE_DIR=/opt/rustwide/workdir" "-e" "CARGO_TARGET_DIR=/opt/rustwide/target" "-e" "CARGO_INCREMENTAL=0" "-e" "RUST_BACKTRACE=full" "-e" "RUSTFLAGS=--cap-lints=warn" "-e" "RUSTDOCFLAGS=--cap-lints=warn" "-e" "CARGO_HOME=/opt/rustwide/cargo-home" "-e" "RUSTUP_HOME=/opt/rustwide/rustup-home" "-w" "/opt/rustwide/workdir" "-m" "1610612736" "--user" "0:0" "--network" "none" "ghcr.io/rust-lang/crates-build-env/linux@sha256:3959728d45483eb673ba100a951a6b9f5012970368db2a9e08e0ac9b67c8a5ad" "/opt/rustwide/cargo-home/bin/cargo" "+1.85.0" "doc" "--frozen" "--no-deps" "--document-private-items" "--message-format=json", kill_on_drop: false }`
[INFO] [stdout] a38e356d5777ad1930acf2b7b12b61a2fd822dd305c77808f5e6524b6bcfeff5
[INFO] running `Command { std: "docker" "start" "-a" "a38e356d5777ad1930acf2b7b12b61a2fd822dd305c77808f5e6524b6bcfeff5", kill_on_drop: false }`
[INFO] [stderr] warning: no edition set: defaulting to the 2015 edition while the latest is 2024
[INFO] [stderr]     Checking libc v0.2.7
[INFO] [stderr]    Compiling winapi-build v0.1.1
[INFO] [stderr]     Checking rustc-serialize v0.3.18
[INFO] [stderr]     Checking winapi v0.2.5
[INFO] [stderr]    Compiling gcc v0.3.25
[INFO] [stderr]    Compiling pkg-config v0.3.7
[INFO] [stderr]    Compiling semver v0.1.20
[INFO] [stderr]     Checking libc v0.1.12
[INFO] [stderr]     Checking bitflags v0.3.3
[INFO] [stderr]    Compiling phf_shared v0.7.13
[INFO] [stderr]     Checking lazy_static v0.1.15
[INFO] [stderr]     Checking matches v0.1.2
[INFO] [stderr]     Checking typeable v0.1.2
[INFO] [stderr]     Checking language-tags v0.0.7
[INFO] [stderr]     Checking traitobject v0.0.3
[INFO] [stderr]     Checking httparse v1.1.1
[INFO] [stderr]     Checking traitobject v0.0.1
[INFO] [stderr]     Checking cfg-if v0.1.0
[INFO] [stderr]    Compiling kernel32-sys v0.2.1
[INFO] [stderr]    Compiling ws2_32-sys v0.2.1
[INFO] [stderr]     Checking bufstream v0.1.1
[INFO] [stderr]     Checking byteorder v0.4.2
[INFO] [stderr]     Checking utf8-ranges v0.1.3
[INFO] [stderr]     Checking unsafe-any v0.4.1
[INFO] [stderr]     Checking hex v0.1.0
[INFO] [stderr]    Compiling rand v0.3.14
[INFO] [stderr]     Checking regex-syntax v0.2.5
[INFO] [stderr]     Checking phf v0.7.13
[INFO] [stderr]    Compiling rustc_version v0.1.7
[INFO] [stderr]     Checking modifier v0.1.0
[INFO] [stderr]     Checking typemap v0.3.3
[INFO] [stdout] error[E0642]: patterns aren't allowed in functions without bodies
[INFO] [stdout]    --> /opt/rustwide/cargo-home/registry/src/index.crates.io-1949cf8c6b5b557f/rustc-serialize-0.3.18/src/serialize.rs:145:45
[INFO] [stdout]     |
[INFO] [stdout] 145 | ...                   &f_name: &str,
[INFO] [stdout]     |                       ^^^^^^^ pattern not allowed in function without body
[INFO] [stdout] 
[INFO] [stdout] 
[INFO] [stderr]     Checking groupable v0.2.0
[INFO] [stderr]     Checking xml-rs v0.3.0
[INFO] [stdout] error[E0310]: the parameter type `T` may not live long enough
[INFO] [stdout]    --> /opt/rustwide/cargo-home/registry/src/index.crates.io-1949cf8c6b5b557f/rustc-serialize-0.3.18/src/serialize.rs:452:5
[INFO] [stdout]     |
[INFO] [stdout] 452 |     fn decode<D: Decoder>(d: &mut D) -> Result<Cow<'static, T>, D::Error> {
[INFO] [stdout]     |     ^^^^^^^^^^^^^^^^^^^^^^^^^^^^^^^^^^^^^^^^^^^^^^^^^^^^^^^^^^^^^^^^^^^^^
[INFO] [stdout]     |     |
[INFO] [stdout]     |     the parameter type `T` must be valid for the static lifetime...
[INFO] [stdout]     |     ...so that the type `T` will meet its required lifetime bounds...
[INFO] [stdout]     |
[INFO] [stdout] note: ...that is required by this bound
[INFO] [stdout]    --> /rustc/4d91de4e48198da2e33413efdcd9cd2cc0c46688/library/alloc/src/borrow.rs:179:30
[INFO] [stdout] help: consider adding an explicit lifetime bound
[INFO] [stdout]     |
[INFO] [stdout] 448 | impl<'a, T: ?Sized + 'static> Decodable for Cow<'a, T>
[INFO] [stdout]     |                    +++++++++
[INFO] [stdout] 
[INFO] [stdout] 
[INFO] [stderr]     Checking log v0.3.5
[INFO] [stderr]     Checking num_cpus v0.2.11
[INFO] [stderr]     Checking memchr v0.1.10
[INFO] [stderr]     Checking plugin v0.2.6
[INFO] [stderr]     Checking aho-corasick v0.5.1
[INFO] [stderr]    Compiling rust-crypto v0.2.34
[INFO] [stderr]    Compiling openssl-sys v0.6.7
[INFO] [stderr]     Checking hpack v0.2.0
[INFO] [stderr]     Checking time v0.1.34
[INFO] [stderr]     Checking net2 v0.2.22
[INFO] [stderr]    Compiling unicase v1.3.0
[INFO] [stderr]     Checking solicit v0.4.4
[INFO] [stderr]     Checking r2d2 v0.6.3
[INFO] [stderr]     Checking regex v0.1.55
[INFO] [stderr]    Compiling phf_generator v0.7.13
[INFO] [stderr]    Compiling phf_codegen v0.7.13
[INFO] [stderr] error: failed to run custom build command for `openssl-sys v0.6.7`
[INFO] [stderr] note: To improve backtraces for build dependencies, set the CARGO_PROFILE_DEV_BUILD_OVERRIDE_DEBUG=true environment variable to enable debug information generation.
[INFO] [stderr] 
[INFO] [stderr] Caused by:
[INFO] [stderr]   process didn't exit successfully: `/opt/rustwide/target/debug/build/openssl-sys-1b8a16e4c3527f02/build-script-build` (exit status: 101)
[INFO] [stderr]   --- stdout
[INFO] [stderr]   cargo:rustc-link-search=native=/usr/lib/x86_64-linux-gnu
[INFO] [stderr]   cargo:rustc-link-lib=ssl
[INFO] [stderr]   cargo:rustc-link-lib=crypto
[INFO] [stderr] 
[INFO] [stderr]   TARGET = Some("x86_64-unknown-linux-gnu")
[INFO] [stderr]   OPT_LEVEL = Some("0")
[INFO] [stderr]   PROFILE = Some("debug")
[INFO] [stderr]   TARGET = Some("x86_64-unknown-linux-gnu")
[INFO] [stderr]   debug=true opt-level=0
[INFO] [stderr]   HOST = Some("x86_64-unknown-linux-gnu")
[INFO] [stderr]   TARGET = Some("x86_64-unknown-linux-gnu")
[INFO] [stderr]   TARGET = Some("x86_64-unknown-linux-gnu")
[INFO] [stderr]   HOST = Some("x86_64-unknown-linux-gnu")
[INFO] [stderr]   CC_x86_64-unknown-linux-gnu = None
[INFO] [stderr]   CC_x86_64_unknown_linux_gnu = None
[INFO] [stderr]   HOST_CC = None
[INFO] [stderr]   CC = None
[INFO] [stderr]   HOST = Some("x86_64-unknown-linux-gnu")
[INFO] [stderr]   TARGET = Some("x86_64-unknown-linux-gnu")
[INFO] [stderr]   HOST = Some("x86_64-unknown-linux-gnu")
[INFO] [stderr]   CFLAGS_x86_64-unknown-linux-gnu = None
[INFO] [stderr]   CFLAGS_x86_64_unknown_linux_gnu = None
[INFO] [stderr]   HOST_CFLAGS = None
[INFO] [stderr]   CFLAGS = None
[INFO] [stderr]   running: "cc" "-O0" "-ffunction-sections" "-fdata-sections" "-g" "-m64" "-fPIC" "-o" "/opt/rustwide/target/debug/build/openssl-sys-4b18b1182e94ca61/out/src/openssl_shim.o" "-c" "src/openssl_shim.c"
[INFO] [stderr]   ExitStatus(unix_wait_status(256))
[INFO] [stderr] 
[INFO] [stderr] 
[INFO] [stderr]   command did not execute successfully, got: exit status: 1
[INFO] [stderr] 
[INFO] [stderr] 
[INFO] [stderr] 
[INFO] [stderr]   --- stderr
[INFO] [stderr]   src/openssl_shim.c: In function 'HMAC_Init_ex_shim':
[INFO] [stderr]   src/openssl_shim.c:68:5: warning: 'HMAC_Init_ex' is deprecated: Since OpenSSL 3.0 [-Wdeprecated-declarations]
[INFO] [stderr]      68 |     return HMAC_Init_ex(ctx, key, key_len, md, impl);
[INFO] [stderr]         |     ^~~~~~
[INFO] [stderr]   In file included from src/openssl_shim.c:1:
[INFO] [stderr]   /usr/include/openssl/hmac.h:43:27: note: declared here
[INFO] [stderr]      43 | OSSL_DEPRECATEDIN_3_0 int HMAC_Init_ex(HMAC_CTX *ctx, const void *key, int len,
[INFO] [stderr]         |                           ^~~~~~~~~~~~
[INFO] [stderr]   src/openssl_shim.c: In function 'HMAC_Update_shim':
[INFO] [stderr]   src/openssl_shim.c:72:5: warning: 'HMAC_Update' is deprecated: Since OpenSSL 3.0 [-Wdeprecated-declarations]
[INFO] [stderr]      72 |     return HMAC_Update(ctx, data, len);
[INFO] [stderr]         |     ^~~~~~
[INFO] [stderr]   In file included from src/openssl_shim.c:1:
[INFO] [stderr]   /usr/include/openssl/hmac.h:45:27: note: declared here
[INFO] [stderr]      45 | OSSL_DEPRECATEDIN_3_0 int HMAC_Update(HMAC_CTX *ctx, const unsigned char *data,
[INFO] [stderr]         |                           ^~~~~~~~~~~
[INFO] [stderr]   src/openssl_shim.c: In function 'HMAC_Final_shim':
[INFO] [stderr]   src/openssl_shim.c:76:5: warning: 'HMAC_Final' is deprecated: Since OpenSSL 3.0 [-Wdeprecated-declarations]
[INFO] [stderr]      76 |     return HMAC_Final(ctx, md, len);
[INFO] [stderr]         |     ^~~~~~
[INFO] [stderr]   In file included from src/openssl_shim.c:1:
[INFO] [stderr]   /usr/include/openssl/hmac.h:47:27: note: declared here
[INFO] [stderr]      47 | OSSL_DEPRECATEDIN_3_0 int HMAC_Final(HMAC_CTX *ctx, unsigned char *md,
[INFO] [stderr]         |                           ^~~~~~~~~~
[INFO] [stderr]   src/openssl_shim.c: In function 'DH_new_from_params':
[INFO] [stderr]   src/openssl_shim.c:123:5: warning: 'DH_new' is deprecated: Since OpenSSL 3.0 [-Wdeprecated-declarations]
[INFO] [stderr]     123 |     if ((dh = DH_new()) == NULL) {
[INFO] [stderr]         |     ^~
[INFO] [stderr]   In file included from /usr/include/openssl/dsa.h:51,
[INFO] [stderr]                    from /usr/include/openssl/x509.h:37,
[INFO] [stderr]                    from /usr/include/openssl/ssl.h:31,
[INFO] [stderr]                    from src/openssl_shim.c:2:
[INFO] [stderr]   /usr/include/openssl/dh.h:203:27: note: declared here
[INFO] [stderr]     203 | OSSL_DEPRECATEDIN_3_0 DH *DH_new(void);
[INFO] [stderr]         |                           ^~~~~~
[INFO] [stderr]   src/openssl_shim.c:126:7: error: invalid use of incomplete typedef 'DH' {aka 'struct dh_st'}
[INFO] [stderr]     126 |     dh->p = p;
[INFO] [stderr]         |       ^~
[INFO] [stderr]   src/openssl_shim.c:127:7: error: invalid use of incomplete typedef 'DH' {aka 'struct dh_st'}
[INFO] [stderr]     127 |     dh->g = g;
[INFO] [stderr]         |       ^~
[INFO] [stderr]   src/openssl_shim.c:128:7: error: invalid use of incomplete typedef 'DH' {aka 'struct dh_st'}
[INFO] [stderr]     128 |     dh->q = q;
[INFO] [stderr]         |       ^~
[INFO] [stderr]   src/openssl_shim.c: In function 'X509_get_extensions_shim':
[INFO] [stderr]   src/openssl_shim.c:137:13: error: invalid use of incomplete typedef 'X509' {aka 'struct x509_st'}
[INFO] [stderr]     137 |     return x->cert_info ? x->cert_info->extensions : NULL;
[INFO] [stderr]         |             ^~
[INFO] [stderr]   src/openssl_shim.c:137:28: error: invalid use of incomplete typedef 'X509' {aka 'struct x509_st'}
[INFO] [stderr]     137 |     return x->cert_info ? x->cert_info->extensions : NULL;
[INFO] [stderr]         |                            ^~
[INFO] [stderr] 
[INFO] [stderr]   thread 'main' panicked at /opt/rustwide/cargo-home/registry/src/index.crates.io-1949cf8c6b5b557f/gcc-0.3.25/src/lib.rs:818:5:
[INFO] [stderr]   explicit panic
[INFO] [stderr]   stack backtrace:
[INFO] [stderr]      0:     0x5e6ab41cd79a - std::backtrace_rs::backtrace::libunwind::trace::h88deb10bd0145eb8
[INFO] [stderr]                                  at /rustc/4d91de4e48198da2e33413efdcd9cd2cc0c46688/library/std/src/../../backtrace/src/backtrace/libunwind.rs:116:5
[INFO] [stderr]      1:     0x5e6ab41cd79a - std::backtrace_rs::backtrace::trace_unsynchronized::he1036f5481c14dff
[INFO] [stderr]                                  at /rustc/4d91de4e48198da2e33413efdcd9cd2cc0c46688/library/std/src/../../backtrace/src/backtrace/mod.rs:66:5
[INFO] [stderr]      2:     0x5e6ab41cd79a - std::sys::backtrace::_print_fmt::hecc345b6e70c4b20
[INFO] [stderr]                                  at /rustc/4d91de4e48198da2e33413efdcd9cd2cc0c46688/library/std/src/sys/backtrace.rs:66:9
[INFO] [stderr]      3:     0x5e6ab41cd79a - <std::sys::backtrace::BacktraceLock::print::DisplayBacktrace as core::fmt::Display>::fmt::he089f96442833f67
[INFO] [stderr]                                  at /rustc/4d91de4e48198da2e33413efdcd9cd2cc0c46688/library/std/src/sys/backtrace.rs:39:26
[INFO] [stderr]      4:     0x5e6ab41ef453 - core::fmt::rt::Argument::fmt::h1f77cded99c71a14
[INFO] [stderr]                                  at /rustc/4d91de4e48198da2e33413efdcd9cd2cc0c46688/library/core/src/fmt/rt.rs:177:76
[INFO] [stderr]      5:     0x5e6ab41ef453 - core::fmt::write::h2f210ed4c94745cb
[INFO] [stderr]                                  at /rustc/4d91de4e48198da2e33413efdcd9cd2cc0c46688/library/core/src/fmt/mod.rs:1440:21
[INFO] [stderr]      6:     0x5e6ab41ca293 - std::io::Write::write_fmt::h7de08171ab770fb2
[INFO] [stderr]                                  at /rustc/4d91de4e48198da2e33413efdcd9cd2cc0c46688/library/std/src/io/mod.rs:1887:15
[INFO] [stderr]      7:     0x5e6ab41cd5e2 - std::sys::backtrace::BacktraceLock::print::h810fbd31421329e6
[INFO] [stderr]                                  at /rustc/4d91de4e48198da2e33413efdcd9cd2cc0c46688/library/std/src/sys/backtrace.rs:42:9
[INFO] [stderr]      8:     0x5e6ab41ce880 - std::panicking::default_hook::{{closure}}::hbaad47ed9dc6356d
[INFO] [stderr]                                  at /rustc/4d91de4e48198da2e33413efdcd9cd2cc0c46688/library/std/src/panicking.rs:295:22
[INFO] [stderr]      9:     0x5e6ab41ce660 - std::panicking::default_hook::h24e207139139d40a
[INFO] [stderr]                                  at /rustc/4d91de4e48198da2e33413efdcd9cd2cc0c46688/library/std/src/panicking.rs:322:9
[INFO] [stderr]     10:     0x5e6ab41cefe2 - std::panicking::rust_panic_with_hook::ha9131beeb2ddc506
[INFO] [stderr]                                  at /rustc/4d91de4e48198da2e33413efdcd9cd2cc0c46688/library/std/src/panicking.rs:828:13
[INFO] [stderr]     11:     0x5e6ab41ceebc - std::panicking::begin_panic::{{closure}}::ha9082e1930280418
[INFO] [stderr]                                  at /rustc/4d91de4e48198da2e33413efdcd9cd2cc0c46688/library/std/src/panicking.rs:765:9
[INFO] [stderr]     12:     0x5e6ab41cdca9 - std::sys::backtrace::__rust_end_short_backtrace::h6f7030f97d3faa89
[INFO] [stderr]                                  at /rustc/4d91de4e48198da2e33413efdcd9cd2cc0c46688/library/std/src/sys/backtrace.rs:168:18
[INFO] [stderr]     13:     0x5e6ab4176b1d - std::panicking::begin_panic::h2d0d20b8df2bfe77
[INFO] [stderr]                                  at /rustc/4d91de4e48198da2e33413efdcd9cd2cc0c46688/library/std/src/panicking.rs:764:5
[INFO] [stderr]     14:     0x5e6ab4193664 - gcc::fail::h43771df8131840d2
[INFO] [stderr]     15:     0x5e6ab41932bf - gcc::run::hacf7a4811bcd1520
[INFO] [stderr]     16:     0x5e6ab418cf66 - gcc::Config::compile_object::haa809aef6c7cc3e7
[INFO] [stderr]     17:     0x5e6ab418c5e7 - gcc::Config::compile::hf06a25abfc426cec
[INFO] [stderr]     18:     0x5e6ab417e32d - build_script_build::build_openssl_shim::ha8fa254230de25b7
[INFO] [stderr]     19:     0x5e6ab417b4d6 - build_script_build::main::he6f3225d16daef35
[INFO] [stderr]     20:     0x5e6ab4178bb3 - core::ops::function::FnOnce::call_once::ha6f3f9a4ebeafaa1
[INFO] [stderr]     21:     0x5e6ab4178996 - std::sys::backtrace::__rust_begin_short_backtrace::hbe56dad76237a89a
[INFO] [stderr]     22:     0x5e6ab4178879 - std::rt::lang_start::{{closure}}::hbed0d3e90596e766
[INFO] [stderr]     23:     0x5e6ab41c6f87 - core::ops::function::impls::<impl core::ops::function::FnOnce<A> for &F>::call_once::ha29694188d478cce
[INFO] [stderr]                                  at /rustc/4d91de4e48198da2e33413efdcd9cd2cc0c46688/library/core/src/ops/function.rs:284:13
[INFO] [stderr]     24:     0x5e6ab41c6f87 - std::panicking::try::do_call::h146aeebcd3824393
[INFO] [stderr]                                  at /rustc/4d91de4e48198da2e33413efdcd9cd2cc0c46688/library/std/src/panicking.rs:584:40
[INFO] [stderr]     25:     0x5e6ab41c6f87 - std::panicking::try::hf3596e381ccb2229
[INFO] [stderr]                                  at /rustc/4d91de4e48198da2e33413efdcd9cd2cc0c46688/library/std/src/panicking.rs:547:19
[INFO] [stderr]     26:     0x5e6ab41c6f87 - std::panic::catch_unwind::h7b076e21cb40b9bf
[INFO] [stderr]                                  at /rustc/4d91de4e48198da2e33413efdcd9cd2cc0c46688/library/std/src/panic.rs:358:14
[INFO] [stderr]     27:     0x5e6ab41c6f87 - std::rt::lang_start_internal::{{closure}}::h481008de4850e7c0
[INFO] [stderr]                                  at /rustc/4d91de4e48198da2e33413efdcd9cd2cc0c46688/library/std/src/rt.rs:174:48
[INFO] [stderr]     28:     0x5e6ab41c6f87 - std::panicking::try::do_call::h865e627c98d1c4cc
[INFO] [stderr]                                  at /rustc/4d91de4e48198da2e33413efdcd9cd2cc0c46688/library/std/src/panicking.rs:584:40
[INFO] [stderr]     29:     0x5e6ab41c6f87 - std::panicking::try::hf53b8617a1069bb3
[INFO] [stderr]                                  at /rustc/4d91de4e48198da2e33413efdcd9cd2cc0c46688/library/std/src/panicking.rs:547:19
[INFO] [stderr]     30:     0x5e6ab41c6f87 - std::panic::catch_unwind::h9d30caa3add162e9
[INFO] [stderr]                                  at /rustc/4d91de4e48198da2e33413efdcd9cd2cc0c46688/library/std/src/panic.rs:358:14
[INFO] [stderr]     31:     0x5e6ab41c6f87 - std::rt::lang_start_internal::hbb268f70c879621d
[INFO] [stderr]                                  at /rustc/4d91de4e48198da2e33413efdcd9cd2cc0c46688/library/std/src/rt.rs:174:20
[INFO] [stderr]     32:     0x5e6ab4178857 - std::rt::lang_start::h13d4f00f1137ae8d
[INFO] [stderr]     33:     0x5e6ab417e785 - main
[INFO] [stderr]     34:     0x7ba9f2f06d90 - <unknown>
[INFO] [stderr]     35:     0x7ba9f2f06e40 - __libc_start_main
[INFO] [stderr]     36:     0x5e6ab4177b05 - _start
[INFO] [stderr]     37:                0x0 - <unknown>
[INFO] [stderr] warning: build failed, waiting for other jobs to finish...
[INFO] [stdout] Some errors have detailed explanations: E0310, E0642.
[INFO] [stdout] 
[INFO] [stdout] For more information about an error, try `rustc --explain E0310`.
[INFO] [stdout] 
[INFO] [stderr] error: could not compile `rustc-serialize` (lib) due to 2 previous errors
[INFO] running `Command { std: "docker" "inspect" "a38e356d5777ad1930acf2b7b12b61a2fd822dd305c77808f5e6524b6bcfeff5", kill_on_drop: false }`
[INFO] running `Command { std: "docker" "rm" "-f" "a38e356d5777ad1930acf2b7b12b61a2fd822dd305c77808f5e6524b6bcfeff5", kill_on_drop: false }`
[INFO] [stdout] a38e356d5777ad1930acf2b7b12b61a2fd822dd305c77808f5e6524b6bcfeff5
