[INFO] cloning repository https://github.com/godcodehunter/wtmlib
[INFO] running `Command { std: "git" "-c" "credential.helper=" "-c" "credential.helper=/workspace/cargo-home/bin/git-credential-null" "clone" "--bare" "https://github.com/godcodehunter/wtmlib" "/workspace/cache/git-repos/https%3A%2F%2Fgithub.com%2Fgodcodehunter%2Fwtmlib", kill_on_drop: false }`
[INFO] [stderr] Cloning into bare repository '/workspace/cache/git-repos/https%3A%2F%2Fgithub.com%2Fgodcodehunter%2Fwtmlib'...
[INFO] running `Command { std: "git" "rev-parse" "HEAD", kill_on_drop: false }`
[INFO] [stdout] 80bbc05c284725d008889cb14156cd7627a65a8f
[INFO] documenting godcodehunter/wtmlib against beta-2025-02-18 for beta-1.86-rustdoc-1
[INFO] running `Command { std: "git" "clone" "/workspace/cache/git-repos/https%3A%2F%2Fgithub.com%2Fgodcodehunter%2Fwtmlib" "/workspace/builds/worker-4-tc2/source", kill_on_drop: false }`
[INFO] [stderr] Cloning into '/workspace/builds/worker-4-tc2/source'...
[INFO] [stderr] done.
[INFO] validating manifest of git repo https://github.com/godcodehunter/wtmlib on toolchain beta-2025-02-18
[INFO] running `Command { std: CARGO_HOME="/workspace/cargo-home" RUSTUP_HOME="/workspace/rustup-home" "/workspace/cargo-home/bin/cargo" "+beta-2025-02-18" "metadata" "--manifest-path" "Cargo.toml" "--no-deps", kill_on_drop: false }`
[INFO] started tweaking git repo https://github.com/godcodehunter/wtmlib
[INFO] finished tweaking git repo https://github.com/godcodehunter/wtmlib
[INFO] tweaked toml for git repo https://github.com/godcodehunter/wtmlib written to /workspace/builds/worker-4-tc2/source/Cargo.toml
[INFO] crate git repo https://github.com/godcodehunter/wtmlib already has a lockfile, it will not be regenerated
[INFO] running `Command { std: CARGO_HOME="/workspace/cargo-home" RUSTUP_HOME="/workspace/rustup-home" "/workspace/cargo-home/bin/cargo" "+beta-2025-02-18" "fetch" "--manifest-path" "Cargo.toml", kill_on_drop: false }`
[INFO] [stderr]     Blocking waiting for file lock on package cache
[INFO] [stderr]     Updating crates.io index
[INFO] [stderr]     Blocking waiting for file lock on package cache
[ERROR] error running command: no output for 300 seconds
[INFO] documenting godcodehunter/wtmlib against beta-2025-02-18 for beta-1.86-rustdoc-1
[INFO] running `Command { std: "git" "clone" "/workspace/cache/git-repos/https%3A%2F%2Fgithub.com%2Fgodcodehunter%2Fwtmlib" "/workspace/builds/worker-4-tc2/source", kill_on_drop: false }`
[INFO] [stderr] Cloning into '/workspace/builds/worker-4-tc2/source'...
[INFO] [stderr] done.
[INFO] validating manifest of git repo https://github.com/godcodehunter/wtmlib on toolchain beta-2025-02-18
[INFO] running `Command { std: CARGO_HOME="/workspace/cargo-home" RUSTUP_HOME="/workspace/rustup-home" "/workspace/cargo-home/bin/cargo" "+beta-2025-02-18" "metadata" "--manifest-path" "Cargo.toml" "--no-deps", kill_on_drop: false }`
[INFO] started tweaking git repo https://github.com/godcodehunter/wtmlib
[INFO] finished tweaking git repo https://github.com/godcodehunter/wtmlib
[INFO] tweaked toml for git repo https://github.com/godcodehunter/wtmlib written to /workspace/builds/worker-4-tc2/source/Cargo.toml
[INFO] crate git repo https://github.com/godcodehunter/wtmlib already has a lockfile, it will not be regenerated
[INFO] running `Command { std: CARGO_HOME="/workspace/cargo-home" RUSTUP_HOME="/workspace/rustup-home" "/workspace/cargo-home/bin/cargo" "+beta-2025-02-18" "fetch" "--manifest-path" "Cargo.toml", kill_on_drop: false }`
[INFO] [stderr]     Blocking waiting for file lock on package cache
[INFO] [stderr]     Blocking waiting for file lock on package cache
[ERROR] error running command: no output for 300 seconds
[INFO] documenting godcodehunter/wtmlib against beta-2025-02-18 for beta-1.86-rustdoc-1
[INFO] running `Command { std: "git" "clone" "/workspace/cache/git-repos/https%3A%2F%2Fgithub.com%2Fgodcodehunter%2Fwtmlib" "/workspace/builds/worker-4-tc2/source", kill_on_drop: false }`
[INFO] [stderr] Cloning into '/workspace/builds/worker-4-tc2/source'...
[INFO] [stderr] done.
[INFO] validating manifest of git repo https://github.com/godcodehunter/wtmlib on toolchain beta-2025-02-18
[INFO] running `Command { std: CARGO_HOME="/workspace/cargo-home" RUSTUP_HOME="/workspace/rustup-home" "/workspace/cargo-home/bin/cargo" "+beta-2025-02-18" "metadata" "--manifest-path" "Cargo.toml" "--no-deps", kill_on_drop: false }`
[INFO] started tweaking git repo https://github.com/godcodehunter/wtmlib
[INFO] finished tweaking git repo https://github.com/godcodehunter/wtmlib
[INFO] tweaked toml for git repo https://github.com/godcodehunter/wtmlib written to /workspace/builds/worker-4-tc2/source/Cargo.toml
[INFO] crate git repo https://github.com/godcodehunter/wtmlib already has a lockfile, it will not be regenerated
[INFO] running `Command { std: CARGO_HOME="/workspace/cargo-home" RUSTUP_HOME="/workspace/rustup-home" "/workspace/cargo-home/bin/cargo" "+beta-2025-02-18" "fetch" "--manifest-path" "Cargo.toml", kill_on_drop: false }`
[INFO] [stderr]     Blocking waiting for file lock on package cache
[INFO] [stderr]     Blocking waiting for file lock on package cache
[ERROR] error running command: no output for 300 seconds
[INFO] documenting godcodehunter/wtmlib against beta-2025-02-18 for beta-1.86-rustdoc-1
[INFO] running `Command { std: "git" "clone" "/workspace/cache/git-repos/https%3A%2F%2Fgithub.com%2Fgodcodehunter%2Fwtmlib" "/workspace/builds/worker-4-tc2/source", kill_on_drop: false }`
[INFO] [stderr] Cloning into '/workspace/builds/worker-4-tc2/source'...
[INFO] [stderr] done.
[INFO] validating manifest of git repo https://github.com/godcodehunter/wtmlib on toolchain beta-2025-02-18
[INFO] running `Command { std: CARGO_HOME="/workspace/cargo-home" RUSTUP_HOME="/workspace/rustup-home" "/workspace/cargo-home/bin/cargo" "+beta-2025-02-18" "metadata" "--manifest-path" "Cargo.toml" "--no-deps", kill_on_drop: false }`
[INFO] started tweaking git repo https://github.com/godcodehunter/wtmlib
[INFO] finished tweaking git repo https://github.com/godcodehunter/wtmlib
[INFO] tweaked toml for git repo https://github.com/godcodehunter/wtmlib written to /workspace/builds/worker-4-tc2/source/Cargo.toml
[INFO] crate git repo https://github.com/godcodehunter/wtmlib already has a lockfile, it will not be regenerated
[INFO] running `Command { std: CARGO_HOME="/workspace/cargo-home" RUSTUP_HOME="/workspace/rustup-home" "/workspace/cargo-home/bin/cargo" "+beta-2025-02-18" "fetch" "--manifest-path" "Cargo.toml", kill_on_drop: false }`
[INFO] [stderr]     Blocking waiting for file lock on package cache
[INFO] [stderr]     Blocking waiting for file lock on package cache
[ERROR] error running command: no output for 300 seconds
[INFO] documenting godcodehunter/wtmlib against beta-2025-02-18 for beta-1.86-rustdoc-1
[INFO] running `Command { std: "git" "clone" "/workspace/cache/git-repos/https%3A%2F%2Fgithub.com%2Fgodcodehunter%2Fwtmlib" "/workspace/builds/worker-4-tc2/source", kill_on_drop: false }`
[INFO] [stderr] Cloning into '/workspace/builds/worker-4-tc2/source'...
[INFO] [stderr] done.
[INFO] validating manifest of git repo https://github.com/godcodehunter/wtmlib on toolchain beta-2025-02-18
[INFO] running `Command { std: CARGO_HOME="/workspace/cargo-home" RUSTUP_HOME="/workspace/rustup-home" "/workspace/cargo-home/bin/cargo" "+beta-2025-02-18" "metadata" "--manifest-path" "Cargo.toml" "--no-deps", kill_on_drop: false }`
[INFO] started tweaking git repo https://github.com/godcodehunter/wtmlib
[INFO] finished tweaking git repo https://github.com/godcodehunter/wtmlib
[INFO] tweaked toml for git repo https://github.com/godcodehunter/wtmlib written to /workspace/builds/worker-4-tc2/source/Cargo.toml
[INFO] crate git repo https://github.com/godcodehunter/wtmlib already has a lockfile, it will not be regenerated
[INFO] running `Command { std: CARGO_HOME="/workspace/cargo-home" RUSTUP_HOME="/workspace/rustup-home" "/workspace/cargo-home/bin/cargo" "+beta-2025-02-18" "fetch" "--manifest-path" "Cargo.toml", kill_on_drop: false }`
[INFO] [stderr]     Blocking waiting for file lock on package cache
[INFO] [stderr]     Blocking waiting for file lock on package cache
[INFO] [stderr]  Downloading crates ...
[INFO] [stderr]   Downloaded bindgen v0.60.1
[INFO] [stderr]   Downloaded casclib v0.0.0-dev
[INFO] running `Command { std: "docker" "create" "-v" "/var/lib/crater-agent-workspace/builds/worker-4-tc2/target:/opt/rustwide/target:rw,Z" "-v" "/var/lib/crater-agent-workspace/builds/worker-4-tc2/source:/opt/rustwide/workdir:ro,Z" "-v" "/var/lib/crater-agent-workspace/cargo-home:/opt/rustwide/cargo-home:ro,Z" "-v" "/var/lib/crater-agent-workspace/rustup-home:/opt/rustwide/rustup-home:ro,Z" "-e" "SOURCE_DIR=/opt/rustwide/workdir" "-e" "CARGO_TARGET_DIR=/opt/rustwide/target" "-e" "CARGO_HOME=/opt/rustwide/cargo-home" "-e" "RUSTUP_HOME=/opt/rustwide/rustup-home" "-w" "/opt/rustwide/workdir" "-m" "1610612736" "--user" "0:0" "--network" "none" "ghcr.io/rust-lang/crates-build-env/linux@sha256:3959728d45483eb673ba100a951a6b9f5012970368db2a9e08e0ac9b67c8a5ad" "/opt/rustwide/cargo-home/bin/cargo" "+beta-2025-02-18" "metadata" "--no-deps" "--format-version=1", kill_on_drop: false }`
[INFO] [stdout] b29646186ed8fbd5678000b0a2abceb77c2cdd83ec917bf4c4baae805a139329
[INFO] running `Command { std: "docker" "start" "-a" "b29646186ed8fbd5678000b0a2abceb77c2cdd83ec917bf4c4baae805a139329", kill_on_drop: false }`
[INFO] running `Command { std: "docker" "inspect" "b29646186ed8fbd5678000b0a2abceb77c2cdd83ec917bf4c4baae805a139329", kill_on_drop: false }`
[INFO] running `Command { std: "docker" "rm" "-f" "b29646186ed8fbd5678000b0a2abceb77c2cdd83ec917bf4c4baae805a139329", kill_on_drop: false }`
[INFO] [stdout] b29646186ed8fbd5678000b0a2abceb77c2cdd83ec917bf4c4baae805a139329
[INFO] running `Command { std: "docker" "create" "-v" "/var/lib/crater-agent-workspace/builds/worker-4-tc2/target:/opt/rustwide/target:rw,Z" "-v" "/var/lib/crater-agent-workspace/builds/worker-4-tc2/source:/opt/rustwide/workdir:ro,Z" "-v" "/var/lib/crater-agent-workspace/cargo-home:/opt/rustwide/cargo-home:ro,Z" "-v" "/var/lib/crater-agent-workspace/rustup-home:/opt/rustwide/rustup-home:ro,Z" "-e" "SOURCE_DIR=/opt/rustwide/workdir" "-e" "CARGO_TARGET_DIR=/opt/rustwide/target" "-e" "CARGO_INCREMENTAL=0" "-e" "RUST_BACKTRACE=full" "-e" "RUSTFLAGS=--cap-lints=warn" "-e" "RUSTDOCFLAGS=--cap-lints=warn" "-e" "CARGO_HOME=/opt/rustwide/cargo-home" "-e" "RUSTUP_HOME=/opt/rustwide/rustup-home" "-w" "/opt/rustwide/workdir" "-m" "1610612736" "--user" "0:0" "--network" "none" "ghcr.io/rust-lang/crates-build-env/linux@sha256:3959728d45483eb673ba100a951a6b9f5012970368db2a9e08e0ac9b67c8a5ad" "/opt/rustwide/cargo-home/bin/cargo" "+beta-2025-02-18" "doc" "--frozen" "--no-deps" "--document-private-items" "--message-format=json", kill_on_drop: false }`
[INFO] [stdout] f5707aed98fd995b092e8ed32033ba99092db12a53cbd3a577204368ac2453cf
[INFO] running `Command { std: "docker" "start" "-a" "f5707aed98fd995b092e8ed32033ba99092db12a53cbd3a577204368ac2453cf", kill_on_drop: false }`
[INFO] [stderr]    Compiling libc v0.2.169
[INFO] [stderr]    Compiling glob v0.3.2
[INFO] [stderr]    Compiling autocfg v1.4.0
[INFO] [stderr]    Compiling proc-macro2 v1.0.93
[INFO] [stderr]    Compiling regex-syntax v0.8.5
[INFO] [stderr]    Compiling rustix v0.38.21
[INFO] [stderr]    Compiling os_str_bytes v6.6.1
[INFO] [stderr]    Compiling linux-raw-sys v0.4.15
[INFO] [stderr]    Compiling termcolor v1.4.1
[INFO] [stderr]    Compiling bitflags v2.8.0
[INFO] [stderr]    Compiling aho-corasick v1.1.3
[INFO] [stderr]    Compiling libloading v0.8.6
[INFO] [stderr]    Compiling nom v7.1.3
[INFO] [stderr]    Compiling either v1.13.0
[INFO] [stderr]    Compiling strsim v0.10.0
[INFO] [stderr]    Compiling bindgen v0.60.1
[INFO] [stderr]    Compiling textwrap v0.16.1
[INFO] [stderr]    Compiling clap_lex v0.2.4
[INFO] [stderr]    Compiling home v0.5.11
[INFO] [stderr]    Compiling humantime v2.1.0
[INFO] [stderr]    Compiling log v0.4.25
[INFO] [stderr]    Compiling lazycell v1.3.0
[INFO] [stderr]    Compiling peeking_take_while v0.1.2
[INFO] [stderr]    Compiling rustc-hash v1.1.0
[INFO] [stderr]    Compiling clang-sys v1.8.1
[INFO] [stderr]    Compiling anyhow v1.0.75
[INFO] [stderr]    Compiling indexmap v1.9.3
[INFO] [stderr]    Compiling atty v0.2.14
[INFO] [stderr]    Compiling quote v1.0.38
[INFO] [stderr]    Compiling clap v3.2.25
[INFO] [stderr]    Compiling cexpr v0.6.0
[INFO] [stderr]    Compiling regex-automata v0.4.9
[INFO] [stderr]    Compiling which v4.4.2
[INFO] [stderr]    Compiling regex v1.11.1
[INFO] [stderr]    Compiling env_logger v0.9.3
[INFO] [stderr]    Compiling casclib v0.0.0-dev
[INFO] [stderr]  Documenting wtmlib v0.1.0 (/opt/rustwide/workdir)
[INFO] [stdout] error: expected one of `)`, `,`, `.`, `?`, or an operator, found `PTHREAD_CANCELED`
[INFO] [stdout]    --> src/lib.rs:166:32
[INFO] [stdout]     |
[INFO] [stdout] 166 | const WTMLIB_RET_SIGN = ((long)PTHREAD_CANCELED < 0 ? 1 : -1);
[INFO] [stdout]     |                                -^^^^^^^^^^^^^^^
[INFO] [stdout]     |                                |
[INFO] [stdout]     |                                expected one of `)`, `,`, `.`, `?`, or an operator
[INFO] [stdout]     |                                help: missing `,`
[INFO] [stdout] 
[INFO] [stdout] 
[INFO] [stdout] error: expected one of `)`, `,`, `.`, `?`, or an operator, found `1`
[INFO] [stdout]    --> src/lib.rs:166:55
[INFO] [stdout]     |
[INFO] [stdout] 166 | const WTMLIB_RET_SIGN = ((long)PTHREAD_CANCELED < 0 ? 1 : -1);
[INFO] [stdout]     |                                                      -^ expected one of `)`, `,`, `.`, `?`, or an operator
[INFO] [stdout]     |                                                      |
[INFO] [stdout]     |                                                      help: missing `,`
[INFO] [stdout] 
[INFO] [stdout] 
[INFO] [stdout] error: expected one of `)`, `,`, `.`, `?`, or an operator, found `:`
[INFO] [stdout]    --> src/lib.rs:166:57
[INFO] [stdout]     |
[INFO] [stdout] 166 | const WTMLIB_RET_SIGN = ((long)PTHREAD_CANCELED < 0 ? 1 : -1);
[INFO] [stdout]     |                                                         ^ expected one of `)`, `,`, `.`, `?`, or an operator
[INFO] [stdout] 
[INFO] [stdout] 
[INFO] [stdout] error: Compilation failed, aborting rustdoc
[INFO] [stdout] 
[INFO] [stdout] 
[INFO] [stdout] error: missing type for `const` item
[INFO] [stdout]    --> src/lib.rs:166:22
[INFO] [stdout]     |
[INFO] [stdout] 166 | const WTMLIB_RET_SIGN = ((long)PTHREAD_CANCELED < 0 ? 1 : -1);
[INFO] [stdout]     |                      ^
[INFO] [stdout]     |
[INFO] [stdout] help: provide a type for the item
[INFO] [stdout]     |
[INFO] [stdout] 166 | const WTMLIB_RET_SIGN: <type> = ((long)PTHREAD_CANCELED < 0 ? 1 : -1);
[INFO] [stdout]     |                      ++++++++
[INFO] [stdout] 
[INFO] [stdout] 
[INFO] [stdout] error: missing type for `const` item
[INFO] [stdout]    --> src/lib.rs:169:29
[INFO] [stdout]     |
[INFO] [stdout] 169 | const WTMLIB_RET_GENERIC_ERR = (WTMLIB_RET_SIGN * 1);
[INFO] [stdout]     |                             ^
[INFO] [stdout]     |
[INFO] [stdout] help: provide a type for the item
[INFO] [stdout]     |
[INFO] [stdout] 169 | const WTMLIB_RET_GENERIC_ERR: <type> = (WTMLIB_RET_SIGN * 1);
[INFO] [stdout]     |                             ++++++++
[INFO] [stdout] 
[INFO] [stdout] 
[INFO] [stdout] error: missing type for `const` item
[INFO] [stdout]    --> src/lib.rs:178:35
[INFO] [stdout]     |
[INFO] [stdout] 178 | const WTMLIB_RET_TSC_INCONSISTENCY = (WTMLIB_RET_SIGN * 2);
[INFO] [stdout]     |                                   ^
[INFO] [stdout]     |
[INFO] [stdout] help: provide a type for the item
[INFO] [stdout]     |
[INFO] [stdout] 178 | const WTMLIB_RET_TSC_INCONSISTENCY: <type> = (WTMLIB_RET_SIGN * 2);
[INFO] [stdout]     |                                   ++++++++
[INFO] [stdout] 
[INFO] [stdout] 
[INFO] [stdout] error: missing type for `const` item
[INFO] [stdout]    --> src/lib.rs:182:27
[INFO] [stdout]     |
[INFO] [stdout] 182 | const WTMLIB_RET_POOR_STAT = (WTMLIB_RET_SIGN * 3);
[INFO] [stdout]     |                           ^
[INFO] [stdout]     |
[INFO] [stdout] help: provide a type for the item
[INFO] [stdout]     |
[INFO] [stdout] 182 | const WTMLIB_RET_POOR_STAT: <type> = (WTMLIB_RET_SIGN * 3);
[INFO] [stdout]     |                           ++++++++
[INFO] [stdout] 
[INFO] [stdout] 
[INFO] [stderr] error: could not document `wtmlib`
[INFO] running `Command { std: "docker" "inspect" "f5707aed98fd995b092e8ed32033ba99092db12a53cbd3a577204368ac2453cf", kill_on_drop: false }`
[INFO] running `Command { std: "docker" "rm" "-f" "f5707aed98fd995b092e8ed32033ba99092db12a53cbd3a577204368ac2453cf", kill_on_drop: false }`
[INFO] [stdout] f5707aed98fd995b092e8ed32033ba99092db12a53cbd3a577204368ac2453cf
