[INFO] cloning repository https://github.com/github1710518770/aptos
[INFO] running `Command { std: "git" "-c" "credential.helper=" "-c" "credential.helper=/workspace/cargo-home/bin/git-credential-null" "clone" "--bare" "https://github.com/github1710518770/aptos" "/workspace/cache/git-repos/https%3A%2F%2Fgithub.com%2Fgithub1710518770%2Faptos", kill_on_drop: false }`
[INFO] [stderr] Cloning into bare repository '/workspace/cache/git-repos/https%3A%2F%2Fgithub.com%2Fgithub1710518770%2Faptos'...
[INFO] running `Command { std: "git" "rev-parse" "HEAD", kill_on_drop: false }`
[INFO] [stdout] 9e09cfb0b1d0582b18a5bd9a6fd7ee6b85a6855a
[INFO] documenting github1710518770/aptos against beta-2025-02-18 for beta-1.86-rustdoc-1
[INFO] running `Command { std: "git" "clone" "/workspace/cache/git-repos/https%3A%2F%2Fgithub.com%2Fgithub1710518770%2Faptos" "/workspace/builds/worker-7-tc2/source", kill_on_drop: false }`
[INFO] [stderr] Cloning into '/workspace/builds/worker-7-tc2/source'...
[INFO] [stderr] done.
[INFO] [stderr] Updating files:  79% (2506/3147)
Updating files:  80% (2518/3147)
Updating files:  81% (2550/3147)
Updating files:  82% (2581/3147)
Updating files:  83% (2613/3147)
Updating files:  84% (2644/3147)
Updating files:  85% (2675/3147)
Updating files:  86% (2707/3147)
Updating files:  87% (2738/3147)
Updating files:  88% (2770/3147)
Updating files:  89% (2801/3147)
Updating files:  90% (2833/3147)
Updating files:  91% (2864/3147)
Updating files:  92% (2896/3147)
Updating files:  93% (2927/3147)
Updating files:  94% (2959/3147)
Updating files:  95% (2990/3147)
Updating files:  96% (3022/3147)
Updating files:  97% (3053/3147)
Updating files:  98% (3085/3147)
Updating files:  99% (3116/3147)
Updating files: 100% (3147/3147)
Updating files: 100% (3147/3147), done.
[INFO] validating manifest of git repo https://github.com/github1710518770/aptos on toolchain beta-2025-02-18
[INFO] running `Command { std: CARGO_HOME="/workspace/cargo-home" RUSTUP_HOME="/workspace/rustup-home" "/workspace/cargo-home/bin/cargo" "+beta-2025-02-18" "metadata" "--manifest-path" "Cargo.toml" "--no-deps", kill_on_drop: false }`
[INFO] removed /workspace/builds/worker-7-tc2/source/.cargo/config
[INFO] removed /workspace/builds/worker-7-tc2/source/rust-toolchain
[INFO] started tweaking git repo https://github.com/github1710518770/aptos
[INFO] finished tweaking git repo https://github.com/github1710518770/aptos
[INFO] tweaked toml for git repo https://github.com/github1710518770/aptos written to /workspace/builds/worker-7-tc2/source/Cargo.toml
[INFO] crate git repo https://github.com/github1710518770/aptos already has a lockfile, it will not be regenerated
[INFO] running `Command { std: CARGO_HOME="/workspace/cargo-home" RUSTUP_HOME="/workspace/rustup-home" "/workspace/cargo-home/bin/cargo" "+beta-2025-02-18" "fetch" "--manifest-path" "Cargo.toml", kill_on_drop: false }`
[INFO] [stderr] warning: /workspace/builds/worker-7-tc2/source/api/Cargo.toml: `default_features` is deprecated in favor of `default-features` and will not work in the 2024 edition
[INFO] [stderr] (in the `reqwest` dependency)
[INFO] [stderr] warning: /workspace/builds/worker-7-tc2/source/crates/debug-interface/Cargo.toml: `default_features` is deprecated in favor of `default-features` and will not work in the 2024 edition
[INFO] [stderr] (in the `reqwest` dependency)
[INFO] [stderr] warning: /workspace/builds/worker-7-tc2/source/storage/backup/backup-service/Cargo.toml: `default_features` is deprecated in favor of `default-features` and will not work in the 2024 edition
[INFO] [stderr] (in the `reqwest` dependency)
[INFO] running `Command { std: "docker" "create" "-v" "/var/lib/crater-agent-workspace/builds/worker-7-tc2/target:/opt/rustwide/target:rw,Z" "-v" "/var/lib/crater-agent-workspace/builds/worker-7-tc2/source:/opt/rustwide/workdir:ro,Z" "-v" "/var/lib/crater-agent-workspace/cargo-home:/opt/rustwide/cargo-home:ro,Z" "-v" "/var/lib/crater-agent-workspace/rustup-home:/opt/rustwide/rustup-home:ro,Z" "-e" "SOURCE_DIR=/opt/rustwide/workdir" "-e" "CARGO_TARGET_DIR=/opt/rustwide/target" "-e" "CARGO_HOME=/opt/rustwide/cargo-home" "-e" "RUSTUP_HOME=/opt/rustwide/rustup-home" "-w" "/opt/rustwide/workdir" "-m" "1610612736" "--user" "0:0" "--network" "none" "ghcr.io/rust-lang/crates-build-env/linux@sha256:3959728d45483eb673ba100a951a6b9f5012970368db2a9e08e0ac9b67c8a5ad" "/opt/rustwide/cargo-home/bin/cargo" "+beta-2025-02-18" "metadata" "--no-deps" "--format-version=1", kill_on_drop: false }`
[INFO] [stdout] 50a91c813b4dcd2e2f252a2ab31261d6742d5267619b87ac95d7197cb872cf1e
[INFO] running `Command { std: "docker" "start" "-a" "50a91c813b4dcd2e2f252a2ab31261d6742d5267619b87ac95d7197cb872cf1e", kill_on_drop: false }`
[INFO] running `Command { std: "docker" "inspect" "50a91c813b4dcd2e2f252a2ab31261d6742d5267619b87ac95d7197cb872cf1e", kill_on_drop: false }`
[INFO] running `Command { std: "docker" "rm" "-f" "50a91c813b4dcd2e2f252a2ab31261d6742d5267619b87ac95d7197cb872cf1e", kill_on_drop: false }`
[INFO] [stdout] 50a91c813b4dcd2e2f252a2ab31261d6742d5267619b87ac95d7197cb872cf1e
[INFO] running `Command { std: "docker" "create" "-v" "/var/lib/crater-agent-workspace/builds/worker-7-tc2/target:/opt/rustwide/target:rw,Z" "-v" "/var/lib/crater-agent-workspace/builds/worker-7-tc2/source:/opt/rustwide/workdir:ro,Z" "-v" "/var/lib/crater-agent-workspace/cargo-home:/opt/rustwide/cargo-home:ro,Z" "-v" "/var/lib/crater-agent-workspace/rustup-home:/opt/rustwide/rustup-home:ro,Z" "-e" "SOURCE_DIR=/opt/rustwide/workdir" "-e" "CARGO_TARGET_DIR=/opt/rustwide/target" "-e" "CARGO_INCREMENTAL=0" "-e" "RUST_BACKTRACE=full" "-e" "RUSTFLAGS=--cap-lints=warn" "-e" "RUSTDOCFLAGS=--cap-lints=warn" "-e" "CARGO_HOME=/opt/rustwide/cargo-home" "-e" "RUSTUP_HOME=/opt/rustwide/rustup-home" "-w" "/opt/rustwide/workdir" "-m" "1610612736" "--user" "0:0" "--network" "none" "ghcr.io/rust-lang/crates-build-env/linux@sha256:3959728d45483eb673ba100a951a6b9f5012970368db2a9e08e0ac9b67c8a5ad" "/opt/rustwide/cargo-home/bin/cargo" "+beta-2025-02-18" "doc" "--frozen" "--no-deps" "--document-private-items" "--message-format=json", kill_on_drop: false }`
[INFO] [stdout] 3d05fb1f23a1ce84bef80a3212be0e9fedc96cc9c13570adc5eefacef802d91d
[INFO] running `Command { std: "docker" "start" "-a" "3d05fb1f23a1ce84bef80a3212be0e9fedc96cc9c13570adc5eefacef802d91d", kill_on_drop: false }`
[INFO] [stderr] warning: /opt/rustwide/workdir/storage/backup/backup-service/Cargo.toml: `default_features` is deprecated in favor of `default-features` and will not work in the 2024 edition
[INFO] [stderr] (in the `reqwest` dependency)
[INFO] [stderr] warning: /opt/rustwide/workdir/crates/debug-interface/Cargo.toml: `default_features` is deprecated in favor of `default-features` and will not work in the 2024 edition
[INFO] [stderr] (in the `reqwest` dependency)
[INFO] [stderr] warning: /opt/rustwide/workdir/api/Cargo.toml: `default_features` is deprecated in favor of `default-features` and will not work in the 2024 edition
[INFO] [stderr] (in the `reqwest` dependency)
[INFO] [stderr]    Compiling libc v0.2.125
[INFO] [stderr]    Compiling proc-macro2 v1.0.38
[INFO] [stderr]    Compiling unicode-xid v0.2.3
[INFO] [stderr]    Compiling syn v1.0.92
[INFO] [stderr]    Compiling version_check v0.9.4
[INFO] [stderr]    Compiling serde_derive v1.0.137
[INFO] [stderr]    Compiling serde v1.0.137
[INFO] [stderr]    Compiling autocfg v1.0.1
[INFO] [stderr]    Compiling log v0.4.17
[INFO] [stderr]    Compiling typenum v1.15.0
[INFO] [stderr]    Compiling memchr v2.5.0
[INFO] [stderr]    Compiling num-traits v0.2.15
[INFO] [stderr]    Compiling generic-array v0.14.5
[INFO] [stderr]    Compiling ahash v0.7.6
[INFO] [stderr]    Compiling indexmap v1.8.1
[INFO] [stderr]    Compiling once_cell v1.10.0
[INFO] [stderr]    Compiling num-integer v0.1.45
[INFO] [stderr]    Compiling getrandom v0.2.6
[INFO] [stderr]    Compiling quote v1.0.18
[INFO] [stderr]    Compiling regex-syntax v0.6.25
[INFO] [stderr]    Compiling rand_core v0.6.3
[INFO] [stderr]    Compiling aho-corasick v0.7.18
[INFO] [stderr]    Compiling parking_lot_core v0.9.3
[INFO] [stderr]    Compiling ppv-lite86 v0.2.16
[INFO] [stderr]    Compiling jobserver v0.1.24
[INFO] [stderr]    Compiling anyhow v1.0.57
[INFO] [stderr]    Compiling rand_chacha v0.3.1
[INFO] [stderr]    Compiling cc v1.0.73
[INFO] [stderr]    Compiling lazy_static v1.4.0
[INFO] [stderr]    Compiling bitflags v1.3.2
[INFO] [stderr]    Compiling scopeguard v1.1.0
[INFO] [stderr]    Compiling rand v0.8.4
[INFO] [stderr]    Compiling smallvec v1.8.0
[INFO] [stderr]    Compiling proc-macro-hack v0.5.19
[INFO] [stderr]    Compiling lock_api v0.4.6
[INFO] [stderr]    Compiling futures-core v0.3.21
[INFO] [stderr]    Compiling digest v0.9.0
[INFO] [stderr]    Compiling hashbrown v0.11.2
[INFO] [stderr]    Compiling ref-cast v1.0.7
[INFO] [stderr]    Compiling opaque-debug v0.3.0
[INFO] [stderr]    Compiling cpufeatures v0.2.2
[INFO] [stderr]    Compiling serde_json v1.0.81
[INFO] [stderr]    Compiling parking_lot_core v0.8.5
[INFO] [stderr]    Compiling regex v1.5.5
[INFO] [stderr]    Compiling block-padding v0.2.1
[INFO] [stderr]    Compiling crossbeam-utils v0.8.8
[INFO] [stderr]    Compiling block-buffer v0.9.0
[INFO] [stderr]    Compiling futures-task v0.3.21
[INFO] [stderr]    Compiling futures-channel v0.3.21
[INFO] [stderr]    Compiling proc-macro-nested v0.1.7
[INFO] [stderr]    Compiling futures-macro v0.3.17
[INFO] [stderr]    Compiling futures-util v0.3.17
[INFO] [stderr]    Compiling pkg-config v0.3.25
[INFO] [stderr]    Compiling num_cpus v1.13.1
[INFO] [stderr]    Compiling unicode-width v0.1.9
[INFO] [stderr]    Compiling itoa v1.0.1
[INFO] [stderr]    Compiling atty v0.2.14
[INFO] [stderr]    Compiling pin-project-lite v0.2.9
[INFO] [stderr]    Compiling signal-hook-registry v1.4.0
[INFO] [stderr]    Compiling parking_lot v0.12.0
[INFO] [stderr]    Compiling ryu v1.0.9
[INFO] [stderr]    Compiling proc-macro-error-attr v1.0.4
[INFO] [stderr]    Compiling fastrand v1.7.0
[INFO] [stderr]    Compiling remove_dir_all v0.5.3
[INFO] [stderr]    Compiling proc-macro-error v1.0.4
[INFO] [stderr]    Compiling percent-encoding v2.1.0
[INFO] [stderr]    Compiling tempfile v3.3.0
[INFO] [stderr]    Compiling byteorder v1.4.3
[INFO] [stderr]    Compiling memoffset v0.6.5
[INFO] [stderr]    Compiling socket2 v0.4.4
[INFO] [stderr]    Compiling instant v0.1.12
[INFO] [stderr]    Compiling futures-sink v0.3.21
[INFO] [stderr]    Compiling time v0.1.44
[INFO] [stderr]    Compiling crossbeam-epoch v0.9.8
[INFO] [stderr]    Compiling httparse v1.7.1
[INFO] [stderr]    Compiling parking_lot v0.11.2
[INFO] [stderr]    Compiling openssl-sys v0.9.73
[INFO] [stderr]    Compiling either v1.6.1
[INFO] [stderr]    Compiling futures-io v0.3.21
[INFO] [stderr]    Compiling pin-utils v0.1.0
[INFO] [stderr]    Compiling slab v0.4.6
[INFO] [stderr]    Compiling itertools v0.10.3
[INFO] [stderr]    Compiling standback v0.2.17
[INFO] [stderr]    Compiling matches v0.1.9
[INFO] [stderr]    Compiling tinyvec_macros v0.1.0
[INFO] [stderr]    Compiling tinyvec v1.6.0
[INFO] [stderr]    Compiling ring v0.16.20
[INFO] [stderr]    Compiling tracing-core v0.1.26
[INFO] [stderr]    Compiling unicode-linebreak v0.1.2
[INFO] [stderr]    Compiling glob v0.3.0
[INFO] [stderr]    Compiling unicode-normalization v0.1.19
[INFO] [stderr]    Compiling unicode-bidi v0.3.8
[INFO] [stderr]    Compiling openssl v0.10.40
[INFO] [stderr]    Compiling form_urlencoded v1.0.1
[INFO] [stderr]    Compiling unicase v2.6.0
[INFO] [stderr]    Compiling num-bigint v0.2.6
[INFO] [stderr]    Compiling native-tls v0.2.10
[INFO] [stderr]    Compiling const_fn v0.4.9
[INFO] [stderr]    Compiling time v0.2.27
[INFO] [stderr]    Compiling idna v0.2.3
[INFO] [stderr]    Compiling pq-sys v0.4.6
[INFO] [stderr]    Compiling num-bigint v0.4.3
[INFO] [stderr]    Compiling Inflector v0.11.4
[INFO] [stderr]    Compiling thiserror-impl v1.0.31
[INFO] [stderr]    Compiling ref-cast-impl v1.0.7
[INFO] [stderr]    Compiling tokio-macros v1.7.0
[INFO] [stderr]    Compiling variant_count v1.1.0
[INFO] [stderr]    Compiling tracing-attributes v0.1.21
[INFO] [stderr]    Compiling openssl-macros v0.1.0
[INFO] [stderr]    Compiling time-macros-impl v0.1.2
[INFO] [stderr]    Compiling url v2.2.2
[INFO] [stderr]    Compiling heck v0.4.0
[INFO] [stderr]    Compiling clap_derive v3.1.7
[INFO] [stderr]    Compiling ouroboros_macro v0.9.5
[INFO] [stderr]    Compiling mime_guess v2.0.4
[INFO] [stderr]    Compiling thiserror v1.0.31
[INFO] [stderr]    Compiling pin-project-internal v1.0.10
[INFO] [stderr]    Compiling cookie v0.15.1
[INFO] [stderr]    Compiling base64 v0.13.0
[INFO] [stderr]    Compiling ansi_term v0.12.1
[INFO] [stderr]    Compiling diesel_derives v1.4.1
[INFO] [stderr]    Compiling untrusted v0.7.1
[INFO] [stderr]    Compiling spin v0.5.2
[INFO] [stderr]    Compiling foreign-types-shared v0.1.1
[INFO] [stderr]    Compiling foreign-types v0.3.2
[INFO] [stderr]    Compiling crossbeam-deque v0.8.1
[INFO] [stderr]    Compiling crossbeam-channel v0.5.4
[INFO] [stderr]    Compiling scheduled-thread-pool v0.2.5
[INFO] [stderr]    Compiling mime v0.3.16
[INFO] [stderr]    Compiling httpdate v1.0.2
[INFO] [stderr]    Compiling encoding_rs v0.8.31
[INFO] [stderr]    Compiling try-lock v0.2.3
[INFO] [stderr]    Compiling time-macros v0.1.1
[INFO] [stderr]    Compiling block-buffer v0.10.2
[INFO] [stderr]    Compiling crypto-common v0.1.3
[INFO] [stderr]    Compiling crossbeam-queue v0.3.5
[INFO] [stderr]    Compiling openssl-probe v0.1.5
[INFO] [stderr]    Compiling tower-service v0.3.1
[INFO] [stderr]    Compiling bigdecimal v0.1.2
[INFO] [stderr]    Compiling digest v0.10.3
[INFO] [stderr]    Compiling textwrap v0.11.0
[INFO] [stderr]    Compiling sha-1 v0.9.8
[INFO] [stderr]    Compiling safemem v0.3.3
[INFO] [stderr]    Compiling strsim v0.8.0
[INFO] [stderr]    Compiling psl-types v2.0.10
[INFO] [stderr]    Compiling quick-error v1.2.3
[INFO] [stderr]    Compiling utf-8 v0.7.6
[INFO] [stderr]    Compiling vec_map v0.8.2
[INFO] [stderr]    Compiling clap v2.34.0
[INFO] [stderr]    Compiling publicsuffix v2.1.1
[INFO] [stderr]    Compiling buf_redux v0.8.4
[INFO] [stderr]    Compiling sha-1 v0.10.0
[INFO] [stderr]    Compiling pin-project v1.0.10
[INFO] [stderr]    Compiling include_dir_macros v0.7.2
[INFO] [stderr]    Compiling twoway v0.1.8
[INFO] [stderr]    Compiling wait-timeout v0.2.0
[INFO] [stderr]    Compiling ipnet v2.5.0
[INFO] [stderr]    Compiling scoped-tls v1.0.0
[INFO] [stderr]    Compiling getrandom v0.1.16
[INFO] [stderr]    Compiling rusty-fork v0.3.0
[INFO] [stderr]    Compiling include_dir v0.7.2
[INFO] [stderr]     Checking bytes v1.1.0
[INFO] [stderr]     Checking mio v0.8.2
[INFO] [stderr]     Checking serde_bytes v0.11.6
[INFO] [stderr]     Checking tracing v0.1.34
[INFO] [stderr]     Checking chrono v0.4.19
[INFO] [stderr]     Checking bcs v0.1.3
[INFO] [stderr]     Checking tokio v1.18.1
[INFO] [stderr]    Compiling num-iter v0.1.43
[INFO] [stderr]    Compiling http v0.2.7
[INFO] [stderr]    Compiling toml v0.5.9
[INFO] [stderr]    Compiling want v0.3.0
[INFO] [stderr]    Compiling r2d2 v0.8.9
[INFO] [stderr]    Compiling serde_urlencoded v0.7.1
[INFO] [stderr]    Compiling multipart v0.18.0
[INFO] [stderr]    Compiling num-rational v0.4.0
[INFO] [stderr]    Compiling diesel v1.4.8
[INFO] [stderr]    Compiling cookie_store v0.15.1
[INFO] [stderr]    Compiling http-body v0.4.4
[INFO] [stderr]    Compiling headers-core v0.2.0
[INFO] [stderr]    Compiling tungstenite v0.14.0
[INFO] [stderr]    Compiling headers v0.3.7
[INFO] [stderr]     Checking move-core-types v0.0.4 (https://github.com/move-language/move?rev=f2e7585b1ed5bd2810163d6bdebafe5a388881d3#f2e7585b)
[INFO] [stderr]    Compiling uncased v0.9.6
[INFO] [stderr]    Compiling synstructure v0.12.6
[INFO] [stderr]     Checking tokio-util v0.7.1
[INFO] [stderr]    Compiling zeroize_derive v1.3.2
[INFO] [stderr]     Checking sha2 v0.9.9
[INFO] [stderr]     Checking h2 v0.3.13
[INFO] [stderr]    Compiling tokio-native-tls v0.3.0
[INFO] [stderr]    Compiling tokio-util v0.6.9
[INFO] [stderr]    Compiling tokio-tungstenite v0.15.0
[INFO] [stderr]    Compiling tokio-stream v0.1.8
[INFO] [stderr]     Checking move-binary-format v0.0.3 (https://github.com/move-language/move?rev=f2e7585b1ed5bd2810163d6bdebafe5a388881d3#f2e7585b)
[INFO] [stderr]     Checking same-file v1.0.6
[INFO] [stderr]    Compiling siphasher v0.3.10
[INFO] [stderr]     Checking walkdir v2.3.2
[INFO] [stderr]    Compiling phf_shared v0.10.0
[INFO] [stderr]     Checking fixedbitset v0.2.0
[INFO] [stderr]     Checking petgraph v0.5.1
[INFO] [stderr]     Checking hyper v0.14.18
[INFO] [stderr]    Compiling im v15.1.0
[INFO] [stderr]    Compiling phf_generator v0.10.0
[INFO] [stderr]    Compiling rayon-core v1.9.2
[INFO] [stderr]    Compiling phf_codegen v0.10.0
[INFO] [stderr]    Compiling phf v0.10.1
[INFO] [stderr]    Compiling parse-zoneinfo v0.3.0
[INFO] [stderr]     Checking difference v2.0.0
[INFO] [stderr]     Checking termcolor v1.1.3
[INFO] [stderr]     Checking move-command-line-common v0.1.0 (https://github.com/move-language/move?rev=f2e7585b1ed5bd2810163d6bdebafe5a388881d3#f2e7585b)
[INFO] [stderr]     Checking move-symbol-pool v0.1.0 (https://github.com/move-language/move?rev=f2e7585b1ed5bd2810163d6bdebafe5a388881d3#f2e7585b)
[INFO] [stderr]    Compiling ucd-trie v0.1.3
[INFO] [stderr]    Compiling maplit v1.0.2
[INFO] [stderr]    Compiling chrono-tz-build v0.0.2
[INFO] [stderr]     Checking smawk v0.3.1
[INFO] [stderr]    Compiling paste v1.0.7
[INFO] [stderr]    Compiling pest v2.1.3
[INFO] [stderr]     Checking move-ir-types v0.1.0 (https://github.com/move-language/move?rev=f2e7585b1ed5bd2810163d6bdebafe5a388881d3#f2e7585b)
[INFO] [stderr]    Compiling chrono-tz v0.6.1
[INFO] [stderr]    Compiling rayon v1.5.2
[INFO] [stderr]    Compiling signal-hook v0.3.13
[INFO] [stderr]     Checking move-borrow-graph v0.0.1 (https://github.com/move-language/move?rev=f2e7585b1ed5bd2810163d6bdebafe5a388881d3#f2e7585b)
[INFO] [stderr]     Checking keccak v0.1.0
[INFO] [stderr]     Checking move-bytecode-verifier v0.1.0 (https://github.com/move-language/move?rev=f2e7585b1ed5bd2810163d6bdebafe5a388881d3#f2e7585b)
[INFO] [stderr]     Checking sha3 v0.9.1
[INFO] [stderr]    Compiling pest_meta v2.1.3
[INFO] [stderr]     Checking codespan-reporting v0.11.1
[INFO] [stderr]     Checking os_str_bytes v6.0.0
[INFO] [stderr]    Compiling pest_generator v2.1.3
[INFO] [stderr]     Checking clap_lex v0.2.0
[INFO] [stderr]     Checking move-bytecode-source-map v0.1.0 (https://github.com/move-language/move?rev=f2e7585b1ed5bd2810163d6bdebafe5a388881d3#f2e7585b)
[INFO] [stderr]    Compiling better_typeid_derive v0.1.1
[INFO] [stderr]     Checking textwrap v0.15.0
[INFO] [stderr]     Checking thread_local v1.1.4
[INFO] [stderr]     Checking stable_deref_trait v1.2.0
[INFO] [stderr]     Checking strsim v0.10.0
[INFO] [stderr]     Checking subtle v2.4.1
[INFO] [stderr]    Compiling lexical-core v0.7.6
[INFO] [stderr]     Checking clap v3.1.17
[INFO] [stderr]    Compiling pest_derive v2.1.0
[INFO] [stderr]     Checking ouroboros v0.9.5
[INFO] [stderr]     Checking move-ir-to-bytecode-syntax v0.1.0 (https://github.com/move-language/move?rev=f2e7585b1ed5bd2810163d6bdebafe5a388881d3#f2e7585b)
[INFO] [stderr]     Checking hyper-tls v0.5.0
[INFO] [stderr]    Compiling async-trait v0.1.53
[INFO] [stderr]     Checking reqwest v0.11.10
[INFO] [stderr]     Checking move-ir-to-bytecode v0.1.0 (https://github.com/move-language/move?rev=f2e7585b1ed5bd2810163d6bdebafe5a388881d3#f2e7585b)
[INFO] [stderr]    Compiling nom v5.1.2
[INFO] [stderr]     Checking codespan v0.11.1
[INFO] [stderr]     Checking colored v2.0.0
[INFO] [stderr]     Checking dashmap v5.2.0
[INFO] [stderr]     Checking move-compiler v0.0.1 (https://github.com/move-language/move?rev=f2e7585b1ed5bd2810163d6bdebafe5a388881d3#f2e7585b)
[INFO] [stderr]     Checking move-coverage v0.1.0 (https://github.com/move-language/move?rev=f2e7585b1ed5bd2810163d6bdebafe5a388881d3#f2e7585b)
[INFO] [stderr]     Checking rand_core v0.5.1
[INFO] [stderr]     Checking futures-executor v0.3.17
[INFO] [stderr]     Checking num-complex v0.4.1
[INFO] [stderr]     Checking hashbrown v0.12.1
[INFO] [stderr]     Checking futures v0.3.17
[INFO] [stderr]    Compiling crunchy v0.2.2
[INFO] [stderr]     Checking zeroize v1.5.5
[INFO] [stderr]     Checking arrayvec v0.5.2
[INFO] [stderr]     Checking num v0.4.0
[INFO] [stderr]    Compiling tiny-keccak v2.0.2
[INFO] [stderr]     Checking internment v0.5.6
[INFO] [stderr]     Checking bitmaps v2.1.0
[INFO] [stderr]     Checking signature v1.5.0
[INFO] [stderr]     Checking unicode-segmentation v1.9.0
[INFO] [stderr]     Checking static_assertions v1.1.0
[INFO] [stderr]     Checking ed25519 v1.4.1
[INFO] [stderr]     Checking move-read-write-set-types v0.0.3 (https://github.com/move-language/move?rev=f2e7585b1ed5bd2810163d6bdebafe5a388881d3#f2e7585b)
[INFO] [stderr]     Checking bstr v0.2.17
[INFO] [stderr]     Checking rand_xoshiro v0.6.0
[INFO] [stderr]     Checking unic-common v0.9.0
[INFO] [stderr]     Checking unic-char-range v0.9.0
[INFO] [stderr]     Checking unic-char-property v0.9.0
[INFO] [stderr]     Checking unic-ucd-version v0.9.0
[INFO] [stderr]     Checking rand_chacha v0.2.2
[INFO] [stderr]     Checking sized-chunks v0.6.5
[INFO] [stderr]     Checking ethnum v1.1.1
[INFO] [stderr]     Checking globset v0.4.8
[INFO] [stderr]     Checking ignore v0.4.18
[INFO] [stderr]     Checking rand v0.7.3
[INFO] [stderr]     Checking unic-ucd-segment v0.9.0
[INFO] [stderr]     Checking heck v0.3.3
[INFO] [stderr]     Checking serde-reflection v0.3.5
[INFO] [stderr]     Checking linked-hash-map v0.5.4
[INFO] [stderr]     Checking deunicode v0.4.3
[INFO] [stderr]     Checking unic-segment v0.9.0
[INFO] [stderr]     Checking fail v0.4.0
[INFO] [stderr]     Checking slug v0.1.4
[INFO] [stderr]     Checking yaml-rust v0.4.5
[INFO] [stderr]     Checking move-bytecode-utils v0.1.0 (https://github.com/move-language/move?rev=f2e7585b1ed5bd2810163d6bdebafe5a388881d3#f2e7585b)
[INFO] [stderr]     Checking globwalk v0.8.1
[INFO] [stderr]     Checking better_any v0.1.1
[INFO] [stderr]     Checking move-vm-types v0.1.0 (https://github.com/move-language/move?rev=f2e7585b1ed5bd2810163d6bdebafe5a388881d3#f2e7585b)
[INFO] [stderr]     Checking mio v0.7.14
[INFO] [stderr]     Checking fiat-crypto v0.1.13
[INFO] [stderr]     Checking typed-arena v2.0.1
[INFO] [stderr]     Checking humansize v1.1.1
[INFO] [stderr]     Checking pretty v0.10.0
[INFO] [stderr]     Checking move-vm-runtime v0.1.0 (https://github.com/move-language/move?rev=f2e7585b1ed5bd2810163d6bdebafe5a388881d3#f2e7585b)
[INFO] [stderr]     Checking signal-hook-mio v0.2.3
[INFO] [stderr]     Checking universal-hash v0.4.1
[INFO] [stderr]     Checking num-traits v0.1.43
[INFO] [stderr]     Checking cipher v0.3.0
[INFO] [stderr]     Checking cfg-if v0.1.10
[INFO] [stderr]     Checking serde v0.8.23
[INFO] [stderr]     Checking parking_lot_core v0.7.2
[INFO] [stderr]     Checking polyval v0.5.3
[INFO] [stderr]     Checking curve25519-dalek v3.2.0
[INFO] [stderr]     Checking crypto-mac v0.10.1
[INFO] [stderr]     Checking simplelog v0.9.0
[INFO] [stderr]    Compiling num-derive v0.3.3
[INFO] [stderr]     Checking ordered-float v2.10.0
[INFO] [stderr]     Checking move-disassembler v0.1.0 (https://github.com/move-language/move?rev=f2e7585b1ed5bd2810163d6bdebafe5a388881d3#f2e7585b)
[INFO] [stderr]     Checking lock_api v0.3.4
[INFO] [stderr]     Checking move-model v0.1.0 (https://github.com/move-language/move?rev=f2e7585b1ed5bd2810163d6bdebafe5a388881d3#f2e7585b)
[INFO] [stderr]     Checking dirs-sys v0.3.7
[INFO] [stderr]     Checking fixedbitset v0.4.1
[INFO] [stderr]     Checking serde-hjson v0.9.1
[INFO] [stderr]     Checking rust-ini v0.13.0
[INFO] [stderr]     Checking lazy_static v0.2.11
[INFO] [stderr]     Checking mirai-annotations v1.12.0
[INFO] [stderr]     Checking tint v1.0.1
[INFO] [stderr]     Checking petgraph v0.6.0
[INFO] [stderr]     Checking directories v4.0.1
[INFO] [stderr]     Checking parking_lot v0.10.2
[INFO] [stderr]     Checking serde-value v0.7.0
[INFO] [stderr]     Checking hmac v0.10.1
[INFO] [stderr]     Checking config v0.11.0
[INFO] [stderr]     Checking ghash v0.4.4
[INFO] [stderr]     Checking move-table-extension v0.1.0 (https://github.com/move-language/move?rev=f2e7585b1ed5bd2810163d6bdebafe5a388881d3#f2e7585b)
[INFO] [stderr]     Checking aes v0.7.5
[INFO] [stderr]     Checking ctr v0.8.0
[INFO] [stderr]     Checking curve25519-dalek-fiat v0.1.0
[INFO] [stderr]     Checking crossterm v0.22.1
[INFO] [stderr]     Checking serde_yaml v0.8.24
[INFO] [stderr]     Checking aead v0.4.3
[INFO] [stderr]     Checking cassowary v0.3.0
[INFO] [stderr]     Checking aes-gcm v0.9.4
[INFO] [stderr]     Checking ptree v0.4.0
[INFO] [stderr]     Checking move-vm-test-utils v0.1.0 (https://github.com/move-language/move?rev=f2e7585b1ed5bd2810163d6bdebafe5a388881d3#f2e7585b)
[INFO] [stderr]     Checking tui v0.17.0
[INFO] [stderr]     Checking hkdf v0.10.0
[INFO] [stderr]     Checking named-lock v0.1.1
[INFO] [stderr]     Checking ed25519-dalek-fiat v0.1.0
[INFO] [stderr]     Checking tera v1.15.0
[INFO] [stderr]     Checking x25519-dalek v2.0.0-pre.1
[INFO] [stderr]     Checking ed25519-dalek v1.0.1 (https://github.com/dalek-cryptography/ed25519-dalek?rev=44488e43b8d61fa8263b146f9a1beba5549f8b0e#44488e43)
[INFO] [stderr]     Checking crossterm v0.21.0
[INFO] [stderr]     Checking read-write-set-dynamic v0.1.0 (https://github.com/move-language/move?rev=f2e7585b1ed5bd2810163d6bdebafe5a388881d3#f2e7585b)
[INFO] [stderr]     Checking move-resource-viewer v0.1.0 (https://github.com/move-language/move?rev=f2e7585b1ed5bd2810163d6bdebafe5a388881d3#f2e7585b)
[INFO] [stderr]     Checking serde-name v0.1.2
[INFO] [stderr]     Checking move-ir-compiler v0.1.0 (https://github.com/move-language/move?rev=f2e7585b1ed5bd2810163d6bdebafe5a388881d3#f2e7585b)
[INFO] [stderr]     Checking bytecode-interpreter-crypto v0.1.0 (https://github.com/move-language/move?rev=f2e7585b1ed5bd2810163d6bdebafe5a388881d3#f2e7585b)
[INFO] [stderr]    Compiling miniz_oxide v0.4.4
[INFO] [stderr]    Compiling prometheus v0.13.0
[INFO] [stderr]    Compiling backtrace v0.3.58
[INFO] [stderr]     Checking move-stackless-bytecode v0.1.0 (https://github.com/move-language/move?rev=f2e7585b1ed5bd2810163d6bdebafe5a388881d3#f2e7585b)
[INFO] [stderr]     Checking move-abigen v0.1.0 (https://github.com/move-language/move?rev=f2e7585b1ed5bd2810163d6bdebafe5a388881d3#f2e7585b)
[INFO] [stderr]     Checking move-docgen v0.1.0 (https://github.com/move-language/move?rev=f2e7585b1ed5bd2810163d6bdebafe5a388881d3#f2e7585b)
[INFO] [stderr]     Checking move-errmapgen v0.1.0 (https://github.com/move-language/move?rev=f2e7585b1ed5bd2810163d6bdebafe5a388881d3#f2e7585b)
[INFO] [stderr]    Compiling erased-serde v0.3.20
[INFO] [stderr]     Checking adler v1.0.2
[INFO] [stderr]     Checking gimli v0.23.0
[INFO] [stderr]     Checking move-bytecode-viewer v0.1.0 (https://github.com/move-language/move?rev=f2e7585b1ed5bd2810163d6bdebafe5a388881d3#f2e7585b)
[INFO] [stderr]     Checking move-package v0.1.0 (https://github.com/move-language/move?rev=f2e7585b1ed5bd2810163d6bdebafe5a388881d3#f2e7585b)
[INFO] [stderr]     Checking tracing-log v0.1.3
[INFO] [stderr]     Checking sharded-slab v0.1.4
[INFO] [stderr]     Checking rustc-demangle v0.1.21
[INFO] [stderr]     Checking object v0.23.0
[INFO] [stderr]     Checking hostname v0.3.1
[INFO] [stderr]    Compiling sysinfo v0.23.11
[INFO] [stderr]     Checking tracing-subscriber v0.3.11
[INFO] [stderr]    Compiling hex v0.4.3
[INFO] [stderr]    Compiling aptos-metrics v0.1.0 (/opt/rustwide/workdir/crates/aptos-metrics)
[INFO] [stderr]     Checking qstring v0.7.2
[INFO] [stderr]     Checking chunked_transfer v1.4.0
[INFO] [stderr]     Checking ureq v1.5.5
[INFO] [stderr]     Checking arc-swap v1.5.0
[INFO] [stderr]     Checking move-prover-boogie-backend v0.1.0 (https://github.com/move-language/move?rev=f2e7585b1ed5bd2810163d6bdebafe5a388881d3#f2e7585b)
[INFO] [stderr]     Checking move-stackless-bytecode-interpreter v0.1.0 (https://github.com/move-language/move?rev=f2e7585b1ed5bd2810163d6bdebafe5a388881d3#f2e7585b)
[INFO] [stderr]     Checking read-write-set v0.1.0 (https://github.com/move-language/move?rev=f2e7585b1ed5bd2810163d6bdebafe5a388881d3#f2e7585b)
[INFO] [stderr]     Checking addr2line v0.14.1
[INFO] [stderr]     Checking move-core-types v0.0.4 (https://github.com/move-language/move?rev=1b6b7513dcc1a5c866f178ca5c1e74beb2ce181e#1b6b7513)
[INFO] [stderr]    Compiling structopt-derive v0.4.18
[INFO] [stderr]    Compiling include_dir_impl v0.6.2
[INFO] [stderr]     Checking move-prover v0.1.0 (https://github.com/move-language/move?rev=f2e7585b1ed5bd2810163d6bdebafe5a388881d3#f2e7585b)
[INFO] [stderr]     Checking move-stdlib v0.1.0 (https://github.com/move-language/move?rev=f2e7585b1ed5bd2810163d6bdebafe5a388881d3#f2e7585b)
[INFO] [stderr]     Checking move-unit-test v0.1.0 (https://github.com/move-language/move?rev=f2e7585b1ed5bd2810163d6bdebafe5a388881d3#f2e7585b)
[INFO] [stderr]     Checking move-cli v0.1.0 (https://github.com/move-language/move?rev=f2e7585b1ed5bd2810163d6bdebafe5a388881d3#f2e7585b)
[INFO] [stderr]    Compiling enum_dispatch v0.3.8
[INFO] [stderr]    Compiling radium v0.5.3
[INFO] [stderr]     Checking c_linked_list v1.1.1
[INFO] [stderr]     Checking get_if_addrs v0.5.3
[INFO] [stderr]     Checking aptos-global-constants v0.1.0 (/opt/rustwide/workdir/config/global-constants)
[INFO] [stderr]     Checking move-deps v0.0.1 (/opt/rustwide/workdir/aptos-move/move-deps)
[INFO] [stderr]     Checking funty v1.1.0
[INFO] [stderr]     Checking wyz v0.2.0
[INFO] [stderr]     Checking bitvec v0.19.6
[INFO] [stderr]     Checking structopt v0.3.26
[INFO] [stderr]     Checking include_dir v0.6.2
[INFO] [stderr]     Checking textwrap v0.13.4
[INFO] [stderr]     Checking bincode v1.3.3
[INFO] [stderr]     Checking serde-reflection v0.3.5 (https://github.com/aptos-labs/serde-reflection#262fe054)
[INFO] [stderr]     Checking serde-generate v0.20.6 (https://github.com/aptos-labs/serde-reflection#262fe054)
[INFO] [stderr]     Checking crossbeam v0.8.1
[INFO] [stderr]     Checking fail v0.5.0
[INFO] [stderr]    Compiling clang-sys v1.3.1
[INFO] [stderr]    Compiling minimal-lexical v0.2.1
[INFO] [stderr]    Compiling nom v7.1.1
[INFO] [stderr]    Compiling libloading v0.7.3
[INFO] [stderr]    Compiling bindgen v0.59.2
[INFO] [stderr]    Compiling peeking_take_while v0.1.2
[INFO] [stderr]    Compiling shlex v1.1.0
[INFO] [stderr]    Compiling lazycell v1.3.0
[INFO] [stderr]    Compiling rustc-hash v1.1.0
[INFO] [stderr]     Checking uuid v1.0.0
[INFO] [stderr]     Checking tokio-retry v0.3.0
[INFO] [stderr]    Compiling libz-sys v1.1.6
[INFO] [stderr]    Compiling libgit2-sys v0.13.2+1.4.2
[INFO] [stderr]    Compiling const_format_proc_macros v0.2.22
[INFO] [stderr]    Compiling cexpr v0.6.0
[INFO] [stderr]    Compiling const_format v0.2.23
[INFO] [stderr]    Compiling webpki v0.21.4
[INFO] [stderr]    Compiling sct v0.6.1
[INFO] [stderr]    Compiling rustls v0.19.1
[INFO] [stderr]     Checking lru v0.7.5
[INFO] [stderr]    Compiling is_debug v1.0.1
[INFO] [stderr]    Compiling fs_extra v1.2.0
[INFO] [stderr]     Checking tokio-rustls v0.22.0
[INFO] [stderr]     Checking warp v0.3.2
[INFO] [stderr]    Compiling librocksdb-sys v6.20.3
[INFO] [stderr]    Compiling jemalloc-sys v0.3.2
[INFO] [stderr]    Compiling migrations_internals v1.4.1
[INFO] [stderr]     Checking numtoa v0.1.0
[INFO] [stderr]    Compiling aptos-workspace-hack v0.1.0 (/opt/rustwide/workdir/crates/aptos-workspace-hack)
[INFO] [stderr]     Checking termion v1.5.6
[INFO] [stderr]    Compiling aptos-crypto-derive v0.0.3 (/opt/rustwide/workdir/crates/aptos-crypto-derive)
[INFO] [stderr]     Checking aptos-infallible v0.1.0 (/opt/rustwide/workdir/crates/aptos-infallible)
[INFO] [stderr]    Compiling aptos-log-derive v0.1.0 (/opt/rustwide/workdir/crates/aptos-log-derive)
[INFO] [stderr]     Checking aptos-metrics-core v0.1.0 (/opt/rustwide/workdir/crates/aptos-metrics-core)
[INFO] [stderr]     Checking proxy v0.1.0 (/opt/rustwide/workdir/crates/proxy)
[INFO] [stderr]     Checking short-hex-str v0.1.0 (/opt/rustwide/workdir/crates/short-hex-str)
[INFO] [stdout] warning: unexpected `cfg` condition name: `mirai`
[INFO] [stdout]   --> crates/short-hex-str/src/lib.rs:95:5
[INFO] [stdout]    |
[INFO] [stdout] 95 |     debug_checked_precondition!(dst.len() == 2 * src.len());
[INFO] [stdout]    |     ^^^^^^^^^^^^^^^^^^^^^^^^^^^^^^^^^^^^^^^^^^^^^^^^^^^^^^^
[INFO] [stdout]    |
[INFO] [stdout]    = note: using a cfg inside a macro will use the cfgs from the destination crate and not the ones from the defining crate
[INFO] [stdout]    = help: try referring to `debug_checked_precondition` crate for guidance on how handle this unexpected cfg
[INFO] [stdout]    = help: the macro `debug_checked_precondition` may come from an old version of the `mirai_annotations` crate, try updating your dependency with `cargo update -p mirai_annotations`
[INFO] [stdout]    = note: see <https://doc.rust-lang.org/nightly/rustc/check-cfg/cargo-specifics.html> for more information about checking conditional configuration
[INFO] [stdout]    = note: `#[warn(unexpected_cfgs)]` on by default
[INFO] [stdout]    = note: this warning originates in the macro `debug_checked_precondition` (in Nightly builds, run with -Z macro-backtrace for more info)
[INFO] [stdout] 
[INFO] [stdout] 
[INFO] [stderr]     Checking aptos-crypto v0.0.3 (/opt/rustwide/workdir/crates/aptos-crypto)
[INFO] [stderr]     Checking aptos-logger v0.1.0 (/opt/rustwide/workdir/crates/aptos-logger)
[INFO] [stdout] warning: unexpected `cfg` condition name: `mirai`
[INFO] [stdout]   --> crates/aptos-crypto/src/ed25519.rs:79:7
[INFO] [stdout]    |
[INFO] [stdout] 79 | #[cfg(mirai)]
[INFO] [stdout]    |       ^^^^^ help: there is a config with a similar name: `miri`
[INFO] [stdout]    |
[INFO] [stdout]    = help: consider using a Cargo feature instead
[INFO] [stdout]    = help: or consider adding in `Cargo.toml` the `check-cfg` lint config for the lint:
[INFO] [stdout]             [lints.rust]
[INFO] [stdout]             unexpected_cfgs = { level = "warn", check-cfg = ['cfg(mirai)'] }
[INFO] [stdout]    = help: or consider adding `println!("cargo::rustc-check-cfg=cfg(mirai)");` to the top of the `build.rs`
[INFO] [stdout]    = note: see <https://doc.rust-lang.org/nightly/rustc/check-cfg/cargo-specifics.html> for more information about checking conditional configuration
[INFO] [stdout]    = note: `#[warn(unexpected_cfgs)]` on by default
[INFO] [stdout] 
[INFO] [stdout] 
[INFO] [stdout] warning: unexpected `cfg` condition name: `mirai`
[INFO] [stdout]   --> crates/aptos-crypto/src/ed25519.rs:81:11
[INFO] [stdout]    |
[INFO] [stdout] 81 | #[cfg(not(mirai))]
[INFO] [stdout]    |           ^^^^^ help: there is a config with a similar name: `miri`
[INFO] [stdout]    |
[INFO] [stdout]    = help: consider using a Cargo feature instead
[INFO] [stdout]    = help: or consider adding in `Cargo.toml` the `check-cfg` lint config for the lint:
[INFO] [stdout]             [lints.rust]
[INFO] [stdout]             unexpected_cfgs = { level = "warn", check-cfg = ['cfg(mirai)'] }
[INFO] [stdout]    = help: or consider adding `println!("cargo::rustc-check-cfg=cfg(mirai)");` to the top of the `build.rs`
[INFO] [stdout]    = note: see <https://doc.rust-lang.org/nightly/rustc/check-cfg/cargo-specifics.html> for more information about checking conditional configuration
[INFO] [stdout] 
[INFO] [stdout] 
[INFO] [stdout] warning: unexpected `cfg` condition value: `batch`
[INFO] [stdout]    --> crates/aptos-crypto/src/ed25519.rs:421:11
[INFO] [stdout]     |
[INFO] [stdout] 421 |     #[cfg(feature = "batch")]
[INFO] [stdout]     |           ^^^^^^^^^^^^^^^^^
[INFO] [stdout]     |
[INFO] [stdout]     = note: expected values for `feature` are: `assert-private-keys-not-cloneable`, `cloneable-private-keys`, `default`, `fuzzing`, `proptest`, and `proptest-derive`
[INFO] [stdout]     = help: consider adding `batch` as a feature in `Cargo.toml`
[INFO] [stdout]     = note: see <https://doc.rust-lang.org/nightly/rustc/check-cfg/cargo-specifics.html> for more information about checking conditional configuration
[INFO] [stdout] 
[INFO] [stdout] 
[INFO] [stdout] warning: unexpected `cfg` condition name: `mirai`
[INFO] [stdout]    --> crates/aptos-crypto/src/ed25519.rs:392:9
[INFO] [stdout]     |
[INFO] [stdout] 392 |         precondition!(has_tag!(public_key, ValidatedPublicKeyTag));
[INFO] [stdout]     |         ^^^^^^^^^^^^^^^^^^^^^^^^^^^^^^^^^^^^^^^^^^^^^^^^^^^^^^^^^^
[INFO] [stdout]     |
[INFO] [stdout]     = note: using a cfg inside a macro will use the cfgs from the destination crate and not the ones from the defining crate
[INFO] [stdout]     = help: try referring to `precondition` crate for guidance on how handle this unexpected cfg
[INFO] [stdout]     = help: the macro `precondition` may come from an old version of the `mirai_annotations` crate, try updating your dependency with `cargo update -p mirai_annotations`
[INFO] [stdout]     = note: see <https://doc.rust-lang.org/nightly/rustc/check-cfg/cargo-specifics.html> for more information about checking conditional configuration
[INFO] [stdout]     = note: this warning originates in the macro `precondition` (in Nightly builds, run with -Z macro-backtrace for more info)
[INFO] [stdout] 
[INFO] [stdout] 
[INFO] [stdout] warning: unexpected `cfg` condition name: `mirai`
[INFO] [stdout]    --> crates/aptos-crypto/src/ed25519.rs:392:23
[INFO] [stdout]     |
[INFO] [stdout] 392 |         precondition!(has_tag!(public_key, ValidatedPublicKeyTag));
[INFO] [stdout]     |                       ^^^^^^^^^^^^^^^^^^^^^^^^^^^^^^^^^^^^^^^^^^^
[INFO] [stdout]     |
[INFO] [stdout]     = note: using a cfg inside a macro will use the cfgs from the destination crate and not the ones from the defining crate
[INFO] [stdout]     = help: try referring to `has_tag` crate for guidance on how handle this unexpected cfg
[INFO] [stdout]     = help: the macro `has_tag` may come from an old version of the `mirai_annotations` crate, try updating your dependency with `cargo update -p mirai_annotations`
[INFO] [stdout]     = note: see <https://doc.rust-lang.org/nightly/rustc/check-cfg/cargo-specifics.html> for more information about checking conditional configuration
[INFO] [stdout]     = note: this warning originates in the macro `has_tag` (in Nightly builds, run with -Z macro-backtrace for more info)
[INFO] [stdout] 
[INFO] [stdout] 
[INFO] [stdout] warning: unexpected `cfg` condition name: `mirai`
[INFO] [stdout]    --> crates/aptos-crypto/src/ed25519.rs:404:9
[INFO] [stdout]     |
[INFO] [stdout] 404 |         precondition!(has_tag!(public_key, ValidatedPublicKeyTag));
[INFO] [stdout]     |         ^^^^^^^^^^^^^^^^^^^^^^^^^^^^^^^^^^^^^^^^^^^^^^^^^^^^^^^^^^
[INFO] [stdout]     |
[INFO] [stdout]     = note: using a cfg inside a macro will use the cfgs from the destination crate and not the ones from the defining crate
[INFO] [stdout]     = help: try referring to `precondition` crate for guidance on how handle this unexpected cfg
[INFO] [stdout]     = help: the macro `precondition` may come from an old version of the `mirai_annotations` crate, try updating your dependency with `cargo update -p mirai_annotations`
[INFO] [stdout]     = note: see <https://doc.rust-lang.org/nightly/rustc/check-cfg/cargo-specifics.html> for more information about checking conditional configuration
[INFO] [stdout]     = note: this warning originates in the macro `precondition` (in Nightly builds, run with -Z macro-backtrace for more info)
[INFO] [stdout] 
[INFO] [stdout] 
[INFO] [stdout] warning: unexpected `cfg` condition name: `mirai`
[INFO] [stdout]    --> crates/aptos-crypto/src/ed25519.rs:404:23
[INFO] [stdout]     |
[INFO] [stdout] 404 |         precondition!(has_tag!(public_key, ValidatedPublicKeyTag));
[INFO] [stdout]     |                       ^^^^^^^^^^^^^^^^^^^^^^^^^^^^^^^^^^^^^^^^^^^
[INFO] [stdout]     |
[INFO] [stdout]     = note: using a cfg inside a macro will use the cfgs from the destination crate and not the ones from the defining crate
[INFO] [stdout]     = help: try referring to `has_tag` crate for guidance on how handle this unexpected cfg
[INFO] [stdout]     = help: the macro `has_tag` may come from an old version of the `mirai_annotations` crate, try updating your dependency with `cargo update -p mirai_annotations`
[INFO] [stdout]     = note: see <https://doc.rust-lang.org/nightly/rustc/check-cfg/cargo-specifics.html> for more information about checking conditional configuration
[INFO] [stdout]     = note: this warning originates in the macro `has_tag` (in Nightly builds, run with -Z macro-backtrace for more info)
[INFO] [stdout] 
[INFO] [stdout] 
[INFO] [stdout] warning: unexpected `cfg` condition name: `mirai`
[INFO] [stdout]    --> crates/aptos-crypto/src/hash.rs:208:9
[INFO] [stdout]     |
[INFO] [stdout] 208 |         assume!(index < Self::LENGTH_IN_BITS); // assumed precondition
[INFO] [stdout]     |         ^^^^^^^^^^^^^^^^^^^^^^^^^^^^^^^^^^^^^
[INFO] [stdout]     |
[INFO] [stdout]     = note: using a cfg inside a macro will use the cfgs from the destination crate and not the ones from the defining crate
[INFO] [stdout]     = help: try referring to `assume` crate for guidance on how handle this unexpected cfg
[INFO] [stdout]     = help: the macro `assume` may come from an old version of the `mirai_annotations` crate, try updating your dependency with `cargo update -p mirai_annotations`
[INFO] [stdout]     = note: see <https://doc.rust-lang.org/nightly/rustc/check-cfg/cargo-specifics.html> for more information about checking conditional configuration
[INFO] [stdout]     = note: this warning originates in the macro `assume` (in Nightly builds, run with -Z macro-backtrace for more info)
[INFO] [stdout] 
[INFO] [stdout] 
[INFO] [stdout] warning: unexpected `cfg` condition name: `mirai`
[INFO] [stdout]    --> crates/aptos-crypto/src/hash.rs:216:9
[INFO] [stdout]     |
[INFO] [stdout] 216 |         assume!(index < Self::LENGTH * 2); // assumed precondition
[INFO] [stdout]     |         ^^^^^^^^^^^^^^^^^^^^^^^^^^^^^^^^^
[INFO] [stdout]     |
[INFO] [stdout]     = note: using a cfg inside a macro will use the cfgs from the destination crate and not the ones from the defining crate
[INFO] [stdout]     = help: try referring to `assume` crate for guidance on how handle this unexpected cfg
[INFO] [stdout]     = help: the macro `assume` may come from an old version of the `mirai_annotations` crate, try updating your dependency with `cargo update -p mirai_annotations`
[INFO] [stdout]     = note: see <https://doc.rust-lang.org/nightly/rustc/check-cfg/cargo-specifics.html> for more information about checking conditional configuration
[INFO] [stdout]     = note: this warning originates in the macro `assume` (in Nightly builds, run with -Z macro-backtrace for more info)
[INFO] [stdout] 
[INFO] [stdout] 
[INFO] [stdout] warning: unexpected `cfg` condition name: `mirai`
[INFO] [stdout]    --> crates/aptos-crypto/src/hash.rs:434:9
[INFO] [stdout]     |
[INFO] [stdout] 434 |         assume!(index < self.pos.end); // assumed precondition
[INFO] [stdout]     |         ^^^^^^^^^^^^^^^^^^^^^^^^^^^^^
[INFO] [stdout]     |
[INFO] [stdout]     = note: using a cfg inside a macro will use the cfgs from the destination crate and not the ones from the defining crate
[INFO] [stdout]     = help: try referring to `assume` crate for guidance on how handle this unexpected cfg
[INFO] [stdout]     = help: the macro `assume` may come from an old version of the `mirai_annotations` crate, try updating your dependency with `cargo update -p mirai_annotations`
[INFO] [stdout]     = note: see <https://doc.rust-lang.org/nightly/rustc/check-cfg/cargo-specifics.html> for more information about checking conditional configuration
[INFO] [stdout]     = note: this warning originates in the macro `assume` (in Nightly builds, run with -Z macro-backtrace for more info)
[INFO] [stdout] 
[INFO] [stdout] 
[INFO] [stdout] warning: unexpected `cfg` condition name: `mirai`
[INFO] [stdout]    --> crates/aptos-crypto/src/hash.rs:435:9
[INFO] [stdout]     |
[INFO] [stdout] 435 |         assume!(self.hash_bytes.len() == HashValue::LENGTH); // invariant
[INFO] [stdout]     |         ^^^^^^^^^^^^^^^^^^^^^^^^^^^^^^^^^^^^^^^^^^^^^^^^^^^
[INFO] [stdout]     |
[INFO] [stdout]     = note: using a cfg inside a macro will use the cfgs from the destination crate and not the ones from the defining crate
[INFO] [stdout]     = help: try referring to `assume` crate for guidance on how handle this unexpected cfg
[INFO] [stdout]     = help: the macro `assume` may come from an old version of the `mirai_annotations` crate, try updating your dependency with `cargo update -p mirai_annotations`
[INFO] [stdout]     = note: see <https://doc.rust-lang.org/nightly/rustc/check-cfg/cargo-specifics.html> for more information about checking conditional configuration
[INFO] [stdout]     = note: this warning originates in the macro `assume` (in Nightly builds, run with -Z macro-backtrace for more info)
[INFO] [stdout] 
[INFO] [stdout] 
[INFO] [stdout] warning: unexpected `cfg` condition name: `mirai`
[INFO] [stdout]    --> crates/aptos-crypto/src/hash.rs:436:9
[INFO] [stdout]     |
[INFO] [stdout] 436 |         assume!(self.pos.end == self.hash_bytes.len() * 8); // invariant
[INFO] [stdout]     |         ^^^^^^^^^^^^^^^^^^^^^^^^^^^^^^^^^^^^^^^^^^^^^^^^^^
[INFO] [stdout]     |
[INFO] [stdout]     = note: using a cfg inside a macro will use the cfgs from the destination crate and not the ones from the defining crate
[INFO] [stdout]     = help: try referring to `assume` crate for guidance on how handle this unexpected cfg
[INFO] [stdout]     = help: the macro `assume` may come from an old version of the `mirai_annotations` crate, try updating your dependency with `cargo update -p mirai_annotations`
[INFO] [stdout]     = note: see <https://doc.rust-lang.org/nightly/rustc/check-cfg/cargo-specifics.html> for more information about checking conditional configuration
[INFO] [stdout]     = note: this warning originates in the macro `assume` (in Nightly builds, run with -Z macro-backtrace for more info)
[INFO] [stdout] 
[INFO] [stdout] 
[INFO] [stdout] warning: unexpected `cfg` condition name: `mirai`
[INFO] [stdout]   --> crates/aptos-crypto/src/multi_ed25519.rs:45:7
[INFO] [stdout]    |
[INFO] [stdout] 45 | #[cfg(mirai)]
[INFO] [stdout]    |       ^^^^^ help: there is a config with a similar name: `miri`
[INFO] [stdout]    |
[INFO] [stdout]    = help: consider using a Cargo feature instead
[INFO] [stdout]    = help: or consider adding in `Cargo.toml` the `check-cfg` lint config for the lint:
[INFO] [stdout]             [lints.rust]
[INFO] [stdout]             unexpected_cfgs = { level = "warn", check-cfg = ['cfg(mirai)'] }
[INFO] [stdout]    = help: or consider adding `println!("cargo::rustc-check-cfg=cfg(mirai)");` to the top of the `build.rs`
[INFO] [stdout]    = note: see <https://doc.rust-lang.org/nightly/rustc/check-cfg/cargo-specifics.html> for more information about checking conditional configuration
[INFO] [stdout] 
[INFO] [stdout] 
[INFO] [stdout] warning: unexpected `cfg` condition name: `mirai`
[INFO] [stdout]   --> crates/aptos-crypto/src/multi_ed25519.rs:47:11
[INFO] [stdout]    |
[INFO] [stdout] 47 | #[cfg(not(mirai))]
[INFO] [stdout]    |           ^^^^^ help: there is a config with a similar name: `miri`
[INFO] [stdout]    |
[INFO] [stdout]    = help: consider using a Cargo feature instead
[INFO] [stdout]    = help: or consider adding in `Cargo.toml` the `check-cfg` lint config for the lint:
[INFO] [stdout]             [lints.rust]
[INFO] [stdout]             unexpected_cfgs = { level = "warn", check-cfg = ['cfg(mirai)'] }
[INFO] [stdout]    = help: or consider adding `println!("cargo::rustc-check-cfg=cfg(mirai)");` to the top of the `build.rs`
[INFO] [stdout]    = note: see <https://doc.rust-lang.org/nightly/rustc/check-cfg/cargo-specifics.html> for more information about checking conditional configuration
[INFO] [stdout] 
[INFO] [stdout] 
[INFO] [stdout] warning: unexpected `cfg` condition name: `mirai`
[INFO] [stdout]    --> crates/aptos-crypto/src/multi_ed25519.rs:311:13
[INFO] [stdout]     |
[INFO] [stdout] 311 |             add_tag!(&public_key, ValidatedPublicKeyTag);
[INFO] [stdout]     |             ^^^^^^^^^^^^^^^^^^^^^^^^^^^^^^^^^^^^^^^^^^^^
[INFO] [stdout]     |
[INFO] [stdout]     = note: using a cfg inside a macro will use the cfgs from the destination crate and not the ones from the defining crate
[INFO] [stdout]     = help: try referring to `add_tag` crate for guidance on how handle this unexpected cfg
[INFO] [stdout]     = help: the macro `add_tag` may come from an old version of the `mirai_annotations` crate, try updating your dependency with `cargo update -p mirai_annotations`
[INFO] [stdout]     = note: see <https://doc.rust-lang.org/nightly/rustc/check-cfg/cargo-specifics.html> for more information about checking conditional configuration
[INFO] [stdout]     = note: this warning originates in the macro `add_tag` (in Nightly builds, run with -Z macro-backtrace for more info)
[INFO] [stdout] 
[INFO] [stdout] 
[INFO] [stdout] warning: unexpected `cfg` condition name: `mirai`
[INFO] [stdout]    --> crates/aptos-crypto/src/multi_ed25519.rs:497:9
[INFO] [stdout]     |
[INFO] [stdout] 497 |         precondition!(has_tag!(public_key, ValidatedPublicKeyTag));
[INFO] [stdout]     |         ^^^^^^^^^^^^^^^^^^^^^^^^^^^^^^^^^^^^^^^^^^^^^^^^^^^^^^^^^^
[INFO] [stdout]     |
[INFO] [stdout]     = note: using a cfg inside a macro will use the cfgs from the destination crate and not the ones from the defining crate
[INFO] [stdout]     = help: try referring to `precondition` crate for guidance on how handle this unexpected cfg
[INFO] [stdout]     = help: the macro `precondition` may come from an old version of the `mirai_annotations` crate, try updating your dependency with `cargo update -p mirai_annotations`
[INFO] [stdout]     = note: see <https://doc.rust-lang.org/nightly/rustc/check-cfg/cargo-specifics.html> for more information about checking conditional configuration
[INFO] [stdout]     = note: this warning originates in the macro `precondition` (in Nightly builds, run with -Z macro-backtrace for more info)
[INFO] [stdout] 
[INFO] [stdout] 
[INFO] [stdout] warning: unexpected `cfg` condition name: `mirai`
[INFO] [stdout]    --> crates/aptos-crypto/src/multi_ed25519.rs:497:23
[INFO] [stdout]     |
[INFO] [stdout] 497 |         precondition!(has_tag!(public_key, ValidatedPublicKeyTag));
[INFO] [stdout]     |                       ^^^^^^^^^^^^^^^^^^^^^^^^^^^^^^^^^^^^^^^^^^^
[INFO] [stdout]     |
[INFO] [stdout]     = note: using a cfg inside a macro will use the cfgs from the destination crate and not the ones from the defining crate
[INFO] [stdout]     = help: try referring to `has_tag` crate for guidance on how handle this unexpected cfg
[INFO] [stdout]     = help: the macro `has_tag` may come from an old version of the `mirai_annotations` crate, try updating your dependency with `cargo update -p mirai_annotations`
[INFO] [stdout]     = note: see <https://doc.rust-lang.org/nightly/rustc/check-cfg/cargo-specifics.html> for more information about checking conditional configuration
[INFO] [stdout]     = note: this warning originates in the macro `has_tag` (in Nightly builds, run with -Z macro-backtrace for more info)
[INFO] [stdout] 
[INFO] [stdout] 
[INFO] [stderr]     Checking aptos-github-client v0.1.0 (/opt/rustwide/workdir/secure/storage/github)
[INFO] [stdout] warning: unexpected `cfg` condition name: `mirai`
[INFO] [stdout]    --> crates/aptos-crypto/src/multi_ed25519.rs:513:9
[INFO] [stdout]     |
[INFO] [stdout] 513 |         precondition!(has_tag!(public_key, ValidatedPublicKeyTag));
[INFO] [stdout]     |         ^^^^^^^^^^^^^^^^^^^^^^^^^^^^^^^^^^^^^^^^^^^^^^^^^^^^^^^^^^
[INFO] [stdout]     |
[INFO] [stdout]     = note: using a cfg inside a macro will use the cfgs from the destination crate and not the ones from the defining crate
[INFO] [stdout]     = help: try referring to `precondition` crate for guidance on how handle this unexpected cfg
[INFO] [stdout]     = help: the macro `precondition` may come from an old version of the `mirai_annotations` crate, try updating your dependency with `cargo update -p mirai_annotations`
[INFO] [stdout]     = note: see <https://doc.rust-lang.org/nightly/rustc/check-cfg/cargo-specifics.html> for more information about checking conditional configuration
[INFO] [stdout]     = note: this warning originates in the macro `precondition` (in Nightly builds, run with -Z macro-backtrace for more info)
[INFO] [stdout] 
[INFO] [stdout] 
[INFO] [stdout] warning: unexpected `cfg` condition name: `mirai`
[INFO] [stdout]    --> crates/aptos-crypto/src/multi_ed25519.rs:513:23
[INFO] [stdout]     |
[INFO] [stdout] 513 |         precondition!(has_tag!(public_key, ValidatedPublicKeyTag));
[INFO] [stdout]     |                       ^^^^^^^^^^^^^^^^^^^^^^^^^^^^^^^^^^^^^^^^^^^
[INFO] [stdout]     |
[INFO] [stdout]     = note: using a cfg inside a macro will use the cfgs from the destination crate and not the ones from the defining crate
[INFO] [stdout]     = help: try referring to `has_tag` crate for guidance on how handle this unexpected cfg
[INFO] [stdout]     = help: the macro `has_tag` may come from an old version of the `mirai_annotations` crate, try updating your dependency with `cargo update -p mirai_annotations`
[INFO] [stdout]     = note: see <https://doc.rust-lang.org/nightly/rustc/check-cfg/cargo-specifics.html> for more information about checking conditional configuration
[INFO] [stdout]     = note: this warning originates in the macro `has_tag` (in Nightly builds, run with -Z macro-backtrace for more info)
[INFO] [stdout] 
[INFO] [stdout] 
[INFO] [stderr]     Checking aptos-time-service v0.1.0 (/opt/rustwide/workdir/crates/aptos-time-service)
[INFO] [stderr]     Checking aptos-temppath v0.1.0 (/opt/rustwide/workdir/crates/aptos-temppath)
[INFO] [stdout] warning: unexpected `cfg` condition value: `fuzzing`
[INFO] [stdout]    --> crates/aptos-time-service/src/lib.rs:269:17
[INFO] [stdout]     |
[INFO] [stdout] 269 | #[cfg(any(test, feature = "fuzzing", feature = "testing"))]
[INFO] [stdout]     |                 ^^^^^^^^^^^^^^^^^^^
[INFO] [stdout]     |
[INFO] [stdout]     = note: expected values for `feature` are: `async`, `default`, `futures`, `pin-project`, `testing`, and `tokio`
[INFO] [stdout]     = help: consider adding `fuzzing` as a feature in `Cargo.toml`
[INFO] [stdout]     = note: see <https://doc.rust-lang.org/nightly/rustc/check-cfg/cargo-specifics.html> for more information about checking conditional configuration
[INFO] [stdout]     = note: `#[warn(unexpected_cfgs)]` on by default
[INFO] [stdout] 
[INFO] [stdout] 
[INFO] [stdout] warning: unexpected `cfg` condition value: `fuzzing`
[INFO] [stdout]    --> crates/aptos-time-service/src/lib.rs:306:29
[INFO] [stdout]     |
[INFO] [stdout] 306 |             #[cfg(any(test, feature = "fuzzing", feature = "testing"))]
[INFO] [stdout]     |                             ^^^^^^^^^^^^^^^^^^^
[INFO] [stdout]     |
[INFO] [stdout]     = note: expected values for `feature` are: `async`, `default`, `futures`, `pin-project`, `testing`, and `tokio`
[INFO] [stdout]     = help: consider adding `fuzzing` as a feature in `Cargo.toml`
[INFO] [stdout]     = note: see <https://doc.rust-lang.org/nightly/rustc/check-cfg/cargo-specifics.html> for more information about checking conditional configuration
[INFO] [stdout] 
[INFO] [stdout] 
[INFO] [stdout] warning: unexpected `cfg` condition value: `fuzzing`
[INFO] [stdout]    --> crates/aptos-time-service/src/lib.rs:314:29
[INFO] [stdout]     |
[INFO] [stdout] 314 |             #[cfg(any(test, feature = "fuzzing", feature = "testing"))]
[INFO] [stdout]     |                             ^^^^^^^^^^^^^^^^^^^
[INFO] [stdout]     |
[INFO] [stdout]     = note: expected values for `feature` are: `async`, `default`, `futures`, `pin-project`, `testing`, and `tokio`
[INFO] [stdout]     = help: consider adding `fuzzing` as a feature in `Cargo.toml`
[INFO] [stdout]     = note: see <https://doc.rust-lang.org/nightly/rustc/check-cfg/cargo-specifics.html> for more information about checking conditional configuration
[INFO] [stdout] 
[INFO] [stdout] 
[INFO] [stdout] warning: unexpected `cfg` condition value: `fuzzing`
[INFO] [stdout]    --> crates/aptos-time-service/src/lib.rs:322:29
[INFO] [stdout]     |
[INFO] [stdout] 322 |             #[cfg(any(test, feature = "fuzzing", feature = "testing"))]
[INFO] [stdout]     |                             ^^^^^^^^^^^^^^^^^^^
[INFO] [stdout]     |
[INFO] [stdout]     = note: expected values for `feature` are: `async`, `default`, `futures`, `pin-project`, `testing`, and `tokio`
[INFO] [stdout]     = help: consider adding `fuzzing` as a feature in `Cargo.toml`
[INFO] [stdout]     = note: see <https://doc.rust-lang.org/nightly/rustc/check-cfg/cargo-specifics.html> for more information about checking conditional configuration
[INFO] [stdout] 
[INFO] [stdout] 
[INFO] [stderr]     Checking mvhashmap v0.1.0 (/opt/rustwide/workdir/aptos-move/mvhashmap)
[INFO] [stderr]    Compiling num-variants v0.1.0 (/opt/rustwide/workdir/crates/num-variants)
[INFO] [stderr]     Checking aptos-types v0.0.3 (/opt/rustwide/workdir/types)
[INFO] [stdout] warning: call to `.borrow()` on a reference in this situation does nothing
[INFO] [stdout]   --> crates/aptos-logger/src/kv.rs:34:13
[INFO] [stdout]    |
[INFO] [stdout] 34 |         self.borrow()
[INFO] [stdout]    |             ^^^^^^^^^
[INFO] [stdout]    |
[INFO] [stdout]    = note: the type `Key` does not implement `Borrow`, so calling `borrow` on `&Key` copies the reference, which does not do anything and can be removed
[INFO] [stdout]    = note: `#[warn(noop_method_call)]` on by default
[INFO] [stdout] help: remove this redundant call
[INFO] [stdout]    |
[INFO] [stdout] 34 -         self.borrow()
[INFO] [stdout] 34 +         self
[INFO] [stdout]    |
[INFO] [stdout] help: if you meant to clone `Key`, implement `Clone` for it
[INFO] [stdout]    |
[INFO] [stdout] 22 + #[derive(Clone)]
[INFO] [stdout] 23 | pub struct Key(Cow<'static, str>);
[INFO] [stdout]    |
[INFO] [stdout] 
[INFO] [stdout] 
[INFO] [stderr]     Checking aptos-vault-client v0.1.0 (/opt/rustwide/workdir/secure/storage/vault)
[INFO] [stderr]     Checking aptos-secure-push-metrics v0.1.0 (/opt/rustwide/workdir/secure/push-metrics)
[INFO] [stderr]     Checking aptos-parallel-executor v0.1.0 (/opt/rustwide/workdir/aptos-move/parallel-executor)
[INFO] [stderr]     Checking aptos-secure-net v0.1.0 (/opt/rustwide/workdir/secure/net)
[INFO] [stderr]     Checking aptos-telemetry v0.1.0 (/opt/rustwide/workdir/crates/aptos-telemetry)
[INFO] [stdout] warning: unexpected `cfg` condition name: `mirai`
[INFO] [stdout]   --> crates/aptos-crypto/src/ed25519.rs:79:7
[INFO] [stdout]    |
[INFO] [stdout] 79 | #[cfg(mirai)]
[INFO] [stdout]    |       ^^^^^ help: there is a config with a similar name: `miri`
[INFO] [stdout]    |
[INFO] [stdout]    = help: consider using a Cargo feature instead
[INFO] [stdout]    = help: or consider adding in `Cargo.toml` the `check-cfg` lint config for the lint:
[INFO] [stdout]             [lints.rust]
[INFO] [stdout]             unexpected_cfgs = { level = "warn", check-cfg = ['cfg(mirai)'] }
[INFO] [stdout]    = help: or consider adding `println!("cargo::rustc-check-cfg=cfg(mirai)");` to the top of the `build.rs`
[INFO] [stdout]    = note: see <https://doc.rust-lang.org/nightly/rustc/check-cfg/cargo-specifics.html> for more information about checking conditional configuration
[INFO] [stdout]    = note: `#[warn(unexpected_cfgs)]` on by default
[INFO] [stdout] 
[INFO] [stdout] 
[INFO] [stdout] warning: unexpected `cfg` condition name: `mirai`
[INFO] [stdout]   --> crates/aptos-crypto/src/ed25519.rs:81:11
[INFO] [stdout]    |
[INFO] [stdout] 81 | #[cfg(not(mirai))]
[INFO] [stdout]    |           ^^^^^ help: there is a config with a similar name: `miri`
[INFO] [stdout]    |
[INFO] [stdout]    = help: consider using a Cargo feature instead
[INFO] [stdout]    = help: or consider adding in `Cargo.toml` the `check-cfg` lint config for the lint:
[INFO] [stdout]             [lints.rust]
[INFO] [stdout]             unexpected_cfgs = { level = "warn", check-cfg = ['cfg(mirai)'] }
[INFO] [stdout]    = help: or consider adding `println!("cargo::rustc-check-cfg=cfg(mirai)");` to the top of the `build.rs`
[INFO] [stdout]    = note: see <https://doc.rust-lang.org/nightly/rustc/check-cfg/cargo-specifics.html> for more information about checking conditional configuration
[INFO] [stdout] 
[INFO] [stdout] 
[INFO] [stdout] warning: unexpected `cfg` condition value: `batch`
[INFO] [stdout]    --> crates/aptos-crypto/src/ed25519.rs:421:11
[INFO] [stdout]     |
[INFO] [stdout] 421 |     #[cfg(feature = "batch")]
[INFO] [stdout]     |           ^^^^^^^^^^^^^^^^^
[INFO] [stdout]     |
[INFO] [stdout]     = note: expected values for `feature` are: `assert-private-keys-not-cloneable`, `cloneable-private-keys`, `default`, `fuzzing`, `proptest`, and `proptest-derive`
[INFO] [stdout]     = help: consider adding `batch` as a feature in `Cargo.toml`
[INFO] [stdout]     = note: see <https://doc.rust-lang.org/nightly/rustc/check-cfg/cargo-specifics.html> for more information about checking conditional configuration
[INFO] [stdout] 
[INFO] [stdout] 
[INFO] [stdout] warning: unexpected `cfg` condition name: `mirai`
[INFO] [stdout]    --> crates/aptos-crypto/src/ed25519.rs:392:9
[INFO] [stdout]     |
[INFO] [stdout] 392 |         precondition!(has_tag!(public_key, ValidatedPublicKeyTag));
[INFO] [stdout]     |         ^^^^^^^^^^^^^^^^^^^^^^^^^^^^^^^^^^^^^^^^^^^^^^^^^^^^^^^^^^
[INFO] [stdout]     |
[INFO] [stdout]     = note: using a cfg inside a macro will use the cfgs from the destination crate and not the ones from the defining crate
[INFO] [stdout]     = help: try referring to `precondition` crate for guidance on how handle this unexpected cfg
[INFO] [stdout]     = help: the macro `precondition` may come from an old version of the `mirai_annotations` crate, try updating your dependency with `cargo update -p mirai_annotations`
[INFO] [stdout]     = note: see <https://doc.rust-lang.org/nightly/rustc/check-cfg/cargo-specifics.html> for more information about checking conditional configuration
[INFO] [stdout]     = note: this warning originates in the macro `precondition` (in Nightly builds, run with -Z macro-backtrace for more info)
[INFO] [stdout] 
[INFO] [stdout] 
[INFO] [stdout] warning: unexpected `cfg` condition name: `mirai`
[INFO] [stdout]    --> crates/aptos-crypto/src/ed25519.rs:392:23
[INFO] [stdout]     |
[INFO] [stdout] 392 |         precondition!(has_tag!(public_key, ValidatedPublicKeyTag));
[INFO] [stdout]     |                       ^^^^^^^^^^^^^^^^^^^^^^^^^^^^^^^^^^^^^^^^^^^
[INFO] [stdout]     |
[INFO] [stdout]     = note: using a cfg inside a macro will use the cfgs from the destination crate and not the ones from the defining crate
[INFO] [stdout]     = help: try referring to `has_tag` crate for guidance on how handle this unexpected cfg
[INFO] [stdout]     = help: the macro `has_tag` may come from an old version of the `mirai_annotations` crate, try updating your dependency with `cargo update -p mirai_annotations`
[INFO] [stdout]     = note: see <https://doc.rust-lang.org/nightly/rustc/check-cfg/cargo-specifics.html> for more information about checking conditional configuration
[INFO] [stdout]     = note: this warning originates in the macro `has_tag` (in Nightly builds, run with -Z macro-backtrace for more info)
[INFO] [stdout] 
[INFO] [stdout] 
[INFO] [stdout] warning: unexpected `cfg` condition name: `mirai`
[INFO] [stdout]    --> crates/aptos-crypto/src/ed25519.rs:404:9
[INFO] [stdout]     |
[INFO] [stdout] 404 |         precondition!(has_tag!(public_key, ValidatedPublicKeyTag));
[INFO] [stdout]     |         ^^^^^^^^^^^^^^^^^^^^^^^^^^^^^^^^^^^^^^^^^^^^^^^^^^^^^^^^^^
[INFO] [stdout]     |
[INFO] [stdout]     = note: using a cfg inside a macro will use the cfgs from the destination crate and not the ones from the defining crate
[INFO] [stdout]     = help: try referring to `precondition` crate for guidance on how handle this unexpected cfg
[INFO] [stdout]     = help: the macro `precondition` may come from an old version of the `mirai_annotations` crate, try updating your dependency with `cargo update -p mirai_annotations`
[INFO] [stdout]     = note: see <https://doc.rust-lang.org/nightly/rustc/check-cfg/cargo-specifics.html> for more information about checking conditional configuration
[INFO] [stdout]     = note: this warning originates in the macro `precondition` (in Nightly builds, run with -Z macro-backtrace for more info)
[INFO] [stdout] 
[INFO] [stdout] 
[INFO] [stdout] warning: unexpected `cfg` condition name: `mirai`
[INFO] [stdout]    --> crates/aptos-crypto/src/ed25519.rs:404:23
[INFO] [stdout]     |
[INFO] [stdout] 404 |         precondition!(has_tag!(public_key, ValidatedPublicKeyTag));
[INFO] [stdout]     |                       ^^^^^^^^^^^^^^^^^^^^^^^^^^^^^^^^^^^^^^^^^^^
[INFO] [stdout]     |
[INFO] [stdout]     = note: using a cfg inside a macro will use the cfgs from the destination crate and not the ones from the defining crate
[INFO] [stdout]     = help: try referring to `has_tag` crate for guidance on how handle this unexpected cfg
[INFO] [stdout]     = help: the macro `has_tag` may come from an old version of the `mirai_annotations` crate, try updating your dependency with `cargo update -p mirai_annotations`
[INFO] [stdout]     = note: see <https://doc.rust-lang.org/nightly/rustc/check-cfg/cargo-specifics.html> for more information about checking conditional configuration
[INFO] [stdout]     = note: this warning originates in the macro `has_tag` (in Nightly builds, run with -Z macro-backtrace for more info)
[INFO] [stdout] 
[INFO] [stdout] 
[INFO] [stdout] warning: unexpected `cfg` condition name: `mirai`
[INFO] [stdout]    --> crates/aptos-crypto/src/hash.rs:208:9
[INFO] [stdout]     |
[INFO] [stdout] 208 |         assume!(index < Self::LENGTH_IN_BITS); // assumed precondition
[INFO] [stdout]     |         ^^^^^^^^^^^^^^^^^^^^^^^^^^^^^^^^^^^^^
[INFO] [stdout]     |
[INFO] [stdout]     = note: using a cfg inside a macro will use the cfgs from the destination crate and not the ones from the defining crate
[INFO] [stdout]     = help: try referring to `assume` crate for guidance on how handle this unexpected cfg
[INFO] [stdout]     = help: the macro `assume` may come from an old version of the `mirai_annotations` crate, try updating your dependency with `cargo update -p mirai_annotations`
[INFO] [stdout]     = note: see <https://doc.rust-lang.org/nightly/rustc/check-cfg/cargo-specifics.html> for more information about checking conditional configuration
[INFO] [stdout]     = note: this warning originates in the macro `assume` (in Nightly builds, run with -Z macro-backtrace for more info)
[INFO] [stdout] 
[INFO] [stdout] 
[INFO] [stdout] warning: unexpected `cfg` condition name: `mirai`
[INFO] [stdout]    --> crates/aptos-crypto/src/hash.rs:216:9
[INFO] [stdout]     |
[INFO] [stdout] 216 |         assume!(index < Self::LENGTH * 2); // assumed precondition
[INFO] [stdout]     |         ^^^^^^^^^^^^^^^^^^^^^^^^^^^^^^^^^
[INFO] [stdout]     |
[INFO] [stdout]     = note: using a cfg inside a macro will use the cfgs from the destination crate and not the ones from the defining crate
[INFO] [stdout]     = help: try referring to `assume` crate for guidance on how handle this unexpected cfg
[INFO] [stdout]     = help: the macro `assume` may come from an old version of the `mirai_annotations` crate, try updating your dependency with `cargo update -p mirai_annotations`
[INFO] [stdout]     = note: see <https://doc.rust-lang.org/nightly/rustc/check-cfg/cargo-specifics.html> for more information about checking conditional configuration
[INFO] [stdout]     = note: this warning originates in the macro `assume` (in Nightly builds, run with -Z macro-backtrace for more info)
[INFO] [stdout] 
[INFO] [stdout] 
[INFO] [stdout] warning: unexpected `cfg` condition name: `mirai`
[INFO] [stdout]    --> crates/aptos-crypto/src/hash.rs:434:9
[INFO] [stdout]     |
[INFO] [stdout] 434 |         assume!(index < self.pos.end); // assumed precondition
[INFO] [stdout]     |         ^^^^^^^^^^^^^^^^^^^^^^^^^^^^^
[INFO] [stdout]     |
[INFO] [stdout]     = note: using a cfg inside a macro will use the cfgs from the destination crate and not the ones from the defining crate
[INFO] [stdout]     = help: try referring to `assume` crate for guidance on how handle this unexpected cfg
[INFO] [stdout]     = help: the macro `assume` may come from an old version of the `mirai_annotations` crate, try updating your dependency with `cargo update -p mirai_annotations`
[INFO] [stdout]     = note: see <https://doc.rust-lang.org/nightly/rustc/check-cfg/cargo-specifics.html> for more information about checking conditional configuration
[INFO] [stdout]     = note: this warning originates in the macro `assume` (in Nightly builds, run with -Z macro-backtrace for more info)
[INFO] [stdout] 
[INFO] [stdout] 
[INFO] [stdout] warning: unexpected `cfg` condition name: `mirai`
[INFO] [stdout]    --> crates/aptos-crypto/src/hash.rs:435:9
[INFO] [stdout]     |
[INFO] [stdout] 435 |         assume!(self.hash_bytes.len() == HashValue::LENGTH); // invariant
[INFO] [stdout]     |         ^^^^^^^^^^^^^^^^^^^^^^^^^^^^^^^^^^^^^^^^^^^^^^^^^^^
[INFO] [stdout]     |
[INFO] [stdout]     = note: using a cfg inside a macro will use the cfgs from the destination crate and not the ones from the defining crate
[INFO] [stdout]     = help: try referring to `assume` crate for guidance on how handle this unexpected cfg
[INFO] [stdout]     = help: the macro `assume` may come from an old version of the `mirai_annotations` crate, try updating your dependency with `cargo update -p mirai_annotations`
[INFO] [stdout]     = note: see <https://doc.rust-lang.org/nightly/rustc/check-cfg/cargo-specifics.html> for more information about checking conditional configuration
[INFO] [stdout]     = note: this warning originates in the macro `assume` (in Nightly builds, run with -Z macro-backtrace for more info)
[INFO] [stdout] 
[INFO] [stdout] 
[INFO] [stdout] warning: unexpected `cfg` condition name: `mirai`
[INFO] [stdout]    --> crates/aptos-crypto/src/hash.rs:436:9
[INFO] [stdout]     |
[INFO] [stdout] 436 |         assume!(self.pos.end == self.hash_bytes.len() * 8); // invariant
[INFO] [stdout]     |         ^^^^^^^^^^^^^^^^^^^^^^^^^^^^^^^^^^^^^^^^^^^^^^^^^^
[INFO] [stdout]     |
[INFO] [stdout]     = note: using a cfg inside a macro will use the cfgs from the destination crate and not the ones from the defining crate
[INFO] [stdout]     = help: try referring to `assume` crate for guidance on how handle this unexpected cfg
[INFO] [stdout]     = help: the macro `assume` may come from an old version of the `mirai_annotations` crate, try updating your dependency with `cargo update -p mirai_annotations`
[INFO] [stdout]     = note: see <https://doc.rust-lang.org/nightly/rustc/check-cfg/cargo-specifics.html> for more information about checking conditional configuration
[INFO] [stdout]     = note: this warning originates in the macro `assume` (in Nightly builds, run with -Z macro-backtrace for more info)
[INFO] [stdout] 
[INFO] [stdout] 
[INFO] [stdout] warning: unexpected `cfg` condition name: `mirai`
[INFO] [stdout]   --> crates/aptos-crypto/src/multi_ed25519.rs:45:7
[INFO] [stdout]    |
[INFO] [stdout] 45 | #[cfg(mirai)]
[INFO] [stdout]    |       ^^^^^ help: there is a config with a similar name: `miri`
[INFO] [stdout]    |
[INFO] [stdout]    = help: consider using a Cargo feature instead
[INFO] [stdout]    = help: or consider adding in `Cargo.toml` the `check-cfg` lint config for the lint:
[INFO] [stdout]             [lints.rust]
[INFO] [stdout]             unexpected_cfgs = { level = "warn", check-cfg = ['cfg(mirai)'] }
[INFO] [stdout]    = help: or consider adding `println!("cargo::rustc-check-cfg=cfg(mirai)");` to the top of the `build.rs`
[INFO] [stdout]    = note: see <https://doc.rust-lang.org/nightly/rustc/check-cfg/cargo-specifics.html> for more information about checking conditional configuration
[INFO] [stdout] 
[INFO] [stdout] 
[INFO] [stdout] warning: unexpected `cfg` condition name: `mirai`
[INFO] [stdout]   --> crates/aptos-crypto/src/multi_ed25519.rs:47:11
[INFO] [stdout]    |
[INFO] [stdout] 47 | #[cfg(not(mirai))]
[INFO] [stdout]    |           ^^^^^ help: there is a config with a similar name: `miri`
[INFO] [stdout]    |
[INFO] [stdout]    = help: consider using a Cargo feature instead
[INFO] [stdout]    = help: or consider adding in `Cargo.toml` the `check-cfg` lint config for the lint:
[INFO] [stdout]             [lints.rust]
[INFO] [stdout]             unexpected_cfgs = { level = "warn", check-cfg = ['cfg(mirai)'] }
[INFO] [stdout]    = help: or consider adding `println!("cargo::rustc-check-cfg=cfg(mirai)");` to the top of the `build.rs`
[INFO] [stdout]    = note: see <https://doc.rust-lang.org/nightly/rustc/check-cfg/cargo-specifics.html> for more information about checking conditional configuration
[INFO] [stdout] 
[INFO] [stdout] 
[INFO] [stdout] warning: unexpected `cfg` condition name: `mirai`
[INFO] [stdout]    --> crates/aptos-crypto/src/multi_ed25519.rs:311:13
[INFO] [stdout]     |
[INFO] [stdout] 311 |             add_tag!(&public_key, ValidatedPublicKeyTag);
[INFO] [stdout]     |             ^^^^^^^^^^^^^^^^^^^^^^^^^^^^^^^^^^^^^^^^^^^^
[INFO] [stdout]     |
[INFO] [stdout]     = note: using a cfg inside a macro will use the cfgs from the destination crate and not the ones from the defining crate
[INFO] [stdout]     = help: try referring to `add_tag` crate for guidance on how handle this unexpected cfg
[INFO] [stdout]     = help: the macro `add_tag` may come from an old version of the `mirai_annotations` crate, try updating your dependency with `cargo update -p mirai_annotations`
[INFO] [stdout]     = note: see <https://doc.rust-lang.org/nightly/rustc/check-cfg/cargo-specifics.html> for more information about checking conditional configuration
[INFO] [stdout]     = note: this warning originates in the macro `add_tag` (in Nightly builds, run with -Z macro-backtrace for more info)
[INFO] [stdout] 
[INFO] [stdout] 
[INFO] [stdout] warning: unexpected `cfg` condition name: `mirai`
[INFO] [stdout]    --> crates/aptos-crypto/src/multi_ed25519.rs:497:9
[INFO] [stdout]     |
[INFO] [stdout] 497 |         precondition!(has_tag!(public_key, ValidatedPublicKeyTag));
[INFO] [stdout]     |         ^^^^^^^^^^^^^^^^^^^^^^^^^^^^^^^^^^^^^^^^^^^^^^^^^^^^^^^^^^
[INFO] [stdout]     |
[INFO] [stdout]     = note: using a cfg inside a macro will use the cfgs from the destination crate and not the ones from the defining crate
[INFO] [stdout]     = help: try referring to `precondition` crate for guidance on how handle this unexpected cfg
[INFO] [stdout]     = help: the macro `precondition` may come from an old version of the `mirai_annotations` crate, try updating your dependency with `cargo update -p mirai_annotations`
[INFO] [stdout]     = note: see <https://doc.rust-lang.org/nightly/rustc/check-cfg/cargo-specifics.html> for more information about checking conditional configuration
[INFO] [stdout]     = note: this warning originates in the macro `precondition` (in Nightly builds, run with -Z macro-backtrace for more info)
[INFO] [stdout] 
[INFO] [stdout] 
[INFO] [stdout] warning: unexpected `cfg` condition name: `mirai`
[INFO] [stdout]    --> crates/aptos-crypto/src/multi_ed25519.rs:497:23
[INFO] [stdout]     |
[INFO] [stdout] 497 |         precondition!(has_tag!(public_key, ValidatedPublicKeyTag));
[INFO] [stdout]     |                       ^^^^^^^^^^^^^^^^^^^^^^^^^^^^^^^^^^^^^^^^^^^
[INFO] [stdout]     |
[INFO] [stdout]     = note: using a cfg inside a macro will use the cfgs from the destination crate and not the ones from the defining crate
[INFO] [stdout]     = help: try referring to `has_tag` crate for guidance on how handle this unexpected cfg
[INFO] [stdout]     = help: the macro `has_tag` may come from an old version of the `mirai_annotations` crate, try updating your dependency with `cargo update -p mirai_annotations`
[INFO] [stdout]     = note: see <https://doc.rust-lang.org/nightly/rustc/check-cfg/cargo-specifics.html> for more information about checking conditional configuration
[INFO] [stdout]     = note: this warning originates in the macro `has_tag` (in Nightly builds, run with -Z macro-backtrace for more info)
[INFO] [stdout] 
[INFO] [stdout] 
[INFO] [stdout] warning: unexpected `cfg` condition name: `mirai`
[INFO] [stdout]    --> crates/aptos-crypto/src/multi_ed25519.rs:513:9
[INFO] [stdout]     |
[INFO] [stdout] 513 |         precondition!(has_tag!(public_key, ValidatedPublicKeyTag));
[INFO] [stdout]     |         ^^^^^^^^^^^^^^^^^^^^^^^^^^^^^^^^^^^^^^^^^^^^^^^^^^^^^^^^^^
[INFO] [stdout]     |
[INFO] [stdout]     = note: using a cfg inside a macro will use the cfgs from the destination crate and not the ones from the defining crate
[INFO] [stdout]     = help: try referring to `precondition` crate for guidance on how handle this unexpected cfg
[INFO] [stdout]     = help: the macro `precondition` may come from an old version of the `mirai_annotations` crate, try updating your dependency with `cargo update -p mirai_annotations`
[INFO] [stdout]     = note: see <https://doc.rust-lang.org/nightly/rustc/check-cfg/cargo-specifics.html> for more information about checking conditional configuration
[INFO] [stdout]     = note: this warning originates in the macro `precondition` (in Nightly builds, run with -Z macro-backtrace for more info)
[INFO] [stdout] 
[INFO] [stdout] 
[INFO] [stdout] warning: unexpected `cfg` condition name: `mirai`
[INFO] [stdout]    --> crates/aptos-crypto/src/multi_ed25519.rs:513:23
[INFO] [stdout]     |
[INFO] [stdout] 513 |         precondition!(has_tag!(public_key, ValidatedPublicKeyTag));
[INFO] [stdout]     |                       ^^^^^^^^^^^^^^^^^^^^^^^^^^^^^^^^^^^^^^^^^^^
[INFO] [stdout]     |
[INFO] [stdout]     = note: using a cfg inside a macro will use the cfgs from the destination crate and not the ones from the defining crate
[INFO] [stdout]     = help: try referring to `has_tag` crate for guidance on how handle this unexpected cfg
[INFO] [stdout]     = help: the macro `has_tag` may come from an old version of the `mirai_annotations` crate, try updating your dependency with `cargo update -p mirai_annotations`
[INFO] [stdout]     = note: see <https://doc.rust-lang.org/nightly/rustc/check-cfg/cargo-specifics.html> for more information about checking conditional configuration
[INFO] [stdout]     = note: this warning originates in the macro `has_tag` (in Nightly builds, run with -Z macro-backtrace for more info)
[INFO] [stdout] 
[INFO] [stdout] 
[INFO] [stderr]     Checking channel v0.1.0 (/opt/rustwide/workdir/crates/channel)
[INFO] [stderr]     Checking aptos-id-generator v0.1.0 (/opt/rustwide/workdir/crates/aptos-id-generator)
[INFO] [stderr]     Checking aptos-rate-limiter v0.1.0 (/opt/rustwide/workdir/crates/aptos-rate-limiter)
[INFO] [stderr]     Checking aptos-bitvec v0.1.0 (/opt/rustwide/workdir/crates/aptos-bitvec)
[INFO] [stdout] warning: unexpected `cfg` condition name: `mirai`
[INFO] [stdout]   --> types/src/nibble/nibble_path/mod.rs:94:9
[INFO] [stdout]    |
[INFO] [stdout] 94 |         checked_precondition!(bytes.len() <= ROOT_NIBBLE_HEIGHT / 2);
[INFO] [stdout]    |         ^^^^^^^^^^^^^^^^^^^^^^^^^^^^^^^^^^^^^^^^^^^^^^^^^^^^^^^^^^^^
[INFO] [stdout]    |
[INFO] [stdout]    = note: using a cfg inside a macro will use the cfgs from the destination crate and not the ones from the defining crate
[INFO] [stdout]    = help: try referring to `checked_precondition` crate for guidance on how handle this unexpected cfg
[INFO] [stdout]    = help: the macro `checked_precondition` may come from an old version of the `mirai_annotations` crate, try updating your dependency with `cargo update -p mirai_annotations`
[INFO] [stdout]    = note: see <https://doc.rust-lang.org/nightly/rustc/check-cfg/cargo-specifics.html> for more information about checking conditional configuration
[INFO] [stdout]    = note: `#[warn(unexpected_cfgs)]` on by default
[INFO] [stdout]    = note: this warning originates in the macro `checked_precondition` (in Nightly builds, run with -Z macro-backtrace for more info)
[INFO] [stdout] 
[INFO] [stdout] 
[INFO] [stdout] warning: unexpected `cfg` condition name: `mirai`
[INFO] [stdout]    --> types/src/nibble/nibble_path/mod.rs:101:9
[INFO] [stdout]     |
[INFO] [stdout] 101 |         checked_precondition!(bytes.len() <= ROOT_NIBBLE_HEIGHT / 2);
[INFO] [stdout]     |         ^^^^^^^^^^^^^^^^^^^^^^^^^^^^^^^^^^^^^^^^^^^^^^^^^^^^^^^^^^^^
[INFO] [stdout]     |
[INFO] [stdout]     = note: using a cfg inside a macro will use the cfgs from the destination crate and not the ones from the defining crate
[INFO] [stdout]     = help: try referring to `checked_precondition` crate for guidance on how handle this unexpected cfg
[INFO] [stdout]     = help: the macro `checked_precondition` may come from an old version of the `mirai_annotations` crate, try updating your dependency with `cargo update -p mirai_annotations`
[INFO] [stdout]     = note: see <https://doc.rust-lang.org/nightly/rustc/check-cfg/cargo-specifics.html> for more information about checking conditional configuration
[INFO] [stdout]     = note: this warning originates in the macro `checked_precondition` (in Nightly builds, run with -Z macro-backtrace for more info)
[INFO] [stdout] 
[INFO] [stdout] 
[INFO] [stdout] warning: unexpected `cfg` condition name: `mirai`
[INFO] [stdout]    --> types/src/nibble/nibble_path/mod.rs:116:9
[INFO] [stdout]     |
[INFO] [stdout] 116 |         checked_precondition!(num_nibbles <= ROOT_NIBBLE_HEIGHT);
[INFO] [stdout]     |         ^^^^^^^^^^^^^^^^^^^^^^^^^^^^^^^^^^^^^^^^^^^^^^^^^^^^^^^^
[INFO] [stdout]     |
[INFO] [stdout]     = note: using a cfg inside a macro will use the cfgs from the destination crate and not the ones from the defining crate
[INFO] [stdout]     = help: try referring to `checked_precondition` crate for guidance on how handle this unexpected cfg
[INFO] [stdout]     = help: the macro `checked_precondition` may come from an old version of the `mirai_annotations` crate, try updating your dependency with `cargo update -p mirai_annotations`
[INFO] [stdout]     = note: see <https://doc.rust-lang.org/nightly/rustc/check-cfg/cargo-specifics.html> for more information about checking conditional configuration
[INFO] [stdout]     = note: this warning originates in the macro `checked_precondition` (in Nightly builds, run with -Z macro-backtrace for more info)
[INFO] [stdout] 
[INFO] [stdout] 
[INFO] [stdout] warning: unexpected `cfg` condition name: `mirai`
[INFO] [stdout]    --> types/src/nibble/nibble_path/mod.rs:120:13
[INFO] [stdout]     |
[INFO] [stdout] 120 |             checked_precondition!(bytes.len() >= num_bytes);
[INFO] [stdout]     |             ^^^^^^^^^^^^^^^^^^^^^^^^^^^^^^^^^^^^^^^^^^^^^^^
[INFO] [stdout]     |
[INFO] [stdout]     = note: using a cfg inside a macro will use the cfgs from the destination crate and not the ones from the defining crate
[INFO] [stdout]     = help: try referring to `checked_precondition` crate for guidance on how handle this unexpected cfg
[INFO] [stdout]     = help: the macro `checked_precondition` may come from an old version of the `mirai_annotations` crate, try updating your dependency with `cargo update -p mirai_annotations`
[INFO] [stdout]     = note: see <https://doc.rust-lang.org/nightly/rustc/check-cfg/cargo-specifics.html> for more information about checking conditional configuration
[INFO] [stdout]     = note: this warning originates in the macro `checked_precondition` (in Nightly builds, run with -Z macro-backtrace for more info)
[INFO] [stdout] 
[INFO] [stdout] 
[INFO] [stdout] warning: unexpected `cfg` condition name: `mirai`
[INFO] [stdout]    --> types/src/nibble/nibble_path/mod.rs:127:13
[INFO] [stdout]     |
[INFO] [stdout] 127 |             checked_precondition!(bytes.len() >= num_nibbles / 2);
[INFO] [stdout]     |             ^^^^^^^^^^^^^^^^^^^^^^^^^^^^^^^^^^^^^^^^^^^^^^^^^^^^^
[INFO] [stdout]     |
[INFO] [stdout]     = note: using a cfg inside a macro will use the cfgs from the destination crate and not the ones from the defining crate
[INFO] [stdout]     = help: try referring to `checked_precondition` crate for guidance on how handle this unexpected cfg
[INFO] [stdout]     = help: the macro `checked_precondition` may come from an old version of the `mirai_annotations` crate, try updating your dependency with `cargo update -p mirai_annotations`
[INFO] [stdout]     = note: see <https://doc.rust-lang.org/nightly/rustc/check-cfg/cargo-specifics.html> for more information about checking conditional configuration
[INFO] [stdout]     = note: this warning originates in the macro `checked_precondition` (in Nightly builds, run with -Z macro-backtrace for more info)
[INFO] [stdout] 
[INFO] [stdout] 
[INFO] [stdout] warning: unexpected `cfg` condition name: `mirai`
[INFO] [stdout]    --> types/src/nibble/nibble_path/mod.rs:187:9
[INFO] [stdout]     |
[INFO] [stdout] 187 |         assume!(self.num_nibbles <= ROOT_NIBBLE_HEIGHT); // invariant
[INFO] [stdout]     |         ^^^^^^^^^^^^^^^^^^^^^^^^^^^^^^^^^^^^^^^^^^^^^^^
[INFO] [stdout]     |
[INFO] [stdout]     = note: using a cfg inside a macro will use the cfgs from the destination crate and not the ones from the defining crate
[INFO] [stdout]     = help: try referring to `assume` crate for guidance on how handle this unexpected cfg
[INFO] [stdout]     = help: the macro `assume` may come from an old version of the `mirai_annotations` crate, try updating your dependency with `cargo update -p mirai_annotations`
[INFO] [stdout]     = note: see <https://doc.rust-lang.org/nightly/rustc/check-cfg/cargo-specifics.html> for more information about checking conditional configuration
[INFO] [stdout]     = note: this warning originates in the macro `assume` (in Nightly builds, run with -Z macro-backtrace for more info)
[INFO] [stdout] 
[INFO] [stdout] 
[INFO] [stdout] warning: unexpected `cfg` condition name: `mirai`
[INFO] [stdout]    --> types/src/nibble/nibble_path/mod.rs:196:9
[INFO] [stdout]     |
[INFO] [stdout] 196 |         assume!(self.num_nibbles <= ROOT_NIBBLE_HEIGHT); // invariant
[INFO] [stdout]     |         ^^^^^^^^^^^^^^^^^^^^^^^^^^^^^^^^^^^^^^^^^^^^^^^
[INFO] [stdout]     |
[INFO] [stdout]     = note: using a cfg inside a macro will use the cfgs from the destination crate and not the ones from the defining crate
[INFO] [stdout]     = help: try referring to `assume` crate for guidance on how handle this unexpected cfg
[INFO] [stdout]     = help: the macro `assume` may come from an old version of the `mirai_annotations` crate, try updating your dependency with `cargo update -p mirai_annotations`
[INFO] [stdout]     = note: see <https://doc.rust-lang.org/nightly/rustc/check-cfg/cargo-specifics.html> for more information about checking conditional configuration
[INFO] [stdout]     = note: this warning originates in the macro `assume` (in Nightly builds, run with -Z macro-backtrace for more info)
[INFO] [stdout] 
[INFO] [stdout] 
[INFO] [stdout] warning: unexpected `cfg` condition name: `mirai`
[INFO] [stdout]    --> types/src/nibble/nibble_path/mod.rs:302:9
[INFO] [stdout]     |
[INFO] [stdout] 302 |         precondition!(start <= end);
[INFO] [stdout]     |         ^^^^^^^^^^^^^^^^^^^^^^^^^^^
[INFO] [stdout]     |
[INFO] [stdout]     = note: using a cfg inside a macro will use the cfgs from the destination crate and not the ones from the defining crate
[INFO] [stdout]     = help: try referring to `precondition` crate for guidance on how handle this unexpected cfg
[INFO] [stdout]     = help: the macro `precondition` may come from an old version of the `mirai_annotations` crate, try updating your dependency with `cargo update -p mirai_annotations`
[INFO] [stdout]     = note: see <https://doc.rust-lang.org/nightly/rustc/check-cfg/cargo-specifics.html> for more information about checking conditional configuration
[INFO] [stdout]     = note: this warning originates in the macro `precondition` (in Nightly builds, run with -Z macro-backtrace for more info)
[INFO] [stdout] 
[INFO] [stdout] 
[INFO] [stdout] warning: unexpected `cfg` condition name: `mirai`
[INFO] [stdout]    --> types/src/nibble/nibble_path/mod.rs:303:9
[INFO] [stdout]     |
[INFO] [stdout] 303 |         precondition!(start <= ROOT_NIBBLE_HEIGHT);
[INFO] [stdout]     |         ^^^^^^^^^^^^^^^^^^^^^^^^^^^^^^^^^^^^^^^^^^
[INFO] [stdout]     |
[INFO] [stdout]     = note: using a cfg inside a macro will use the cfgs from the destination crate and not the ones from the defining crate
[INFO] [stdout]     = help: try referring to `precondition` crate for guidance on how handle this unexpected cfg
[INFO] [stdout]     = help: the macro `precondition` may come from an old version of the `mirai_annotations` crate, try updating your dependency with `cargo update -p mirai_annotations`
[INFO] [stdout]     = note: see <https://doc.rust-lang.org/nightly/rustc/check-cfg/cargo-specifics.html> for more information about checking conditional configuration
[INFO] [stdout]     = note: this warning originates in the macro `precondition` (in Nightly builds, run with -Z macro-backtrace for more info)
[INFO] [stdout] 
[INFO] [stdout] 
[INFO] [stdout] warning: unexpected `cfg` condition name: `mirai`
[INFO] [stdout]    --> types/src/nibble/nibble_path/mod.rs:304:9
[INFO] [stdout]     |
[INFO] [stdout] 304 |         precondition!(end <= ROOT_NIBBLE_HEIGHT);
[INFO] [stdout]     |         ^^^^^^^^^^^^^^^^^^^^^^^^^^^^^^^^^^^^^^^^
[INFO] [stdout]     |
[INFO] [stdout]     = note: using a cfg inside a macro will use the cfgs from the destination crate and not the ones from the defining crate
[INFO] [stdout]     = help: try referring to `precondition` crate for guidance on how handle this unexpected cfg
[INFO] [stdout]     = help: the macro `precondition` may come from an old version of the `mirai_annotations` crate, try updating your dependency with `cargo update -p mirai_annotations`
[INFO] [stdout]     = note: see <https://doc.rust-lang.org/nightly/rustc/check-cfg/cargo-specifics.html> for more information about checking conditional configuration
[INFO] [stdout]     = note: this warning originates in the macro `precondition` (in Nightly builds, run with -Z macro-backtrace for more info)
[INFO] [stdout] 
[INFO] [stdout] 
[INFO] [stdout] warning: unexpected `cfg` condition name: `mirai`
[INFO] [stdout]    --> types/src/nibble/nibble_path/mod.rs:314:9
[INFO] [stdout]     |
[INFO] [stdout] 314 |         assume!(self.start <= self.pos.start); // invariant
[INFO] [stdout]     |         ^^^^^^^^^^^^^^^^^^^^^^^^^^^^^^^^^^^^^
[INFO] [stdout]     |
[INFO] [stdout]     = note: using a cfg inside a macro will use the cfgs from the destination crate and not the ones from the defining crate
[INFO] [stdout]     = help: try referring to `assume` crate for guidance on how handle this unexpected cfg
[INFO] [stdout]     = help: the macro `assume` may come from an old version of the `mirai_annotations` crate, try updating your dependency with `cargo update -p mirai_annotations`
[INFO] [stdout]     = note: see <https://doc.rust-lang.org/nightly/rustc/check-cfg/cargo-specifics.html> for more information about checking conditional configuration
[INFO] [stdout]     = note: this warning originates in the macro `assume` (in Nightly builds, run with -Z macro-backtrace for more info)
[INFO] [stdout] 
[INFO] [stdout] 
[INFO] [stdout] warning: unexpected `cfg` condition name: `mirai`
[INFO] [stdout]    --> types/src/nibble/nibble_path/mod.rs:315:9
[INFO] [stdout]     |
[INFO] [stdout] 315 |         assume!(self.pos.start <= ROOT_NIBBLE_HEIGHT); // invariant
[INFO] [stdout]     |         ^^^^^^^^^^^^^^^^^^^^^^^^^^^^^^^^^^^^^^^^^^^^^
[INFO] [stdout]     |
[INFO] [stdout]     = note: using a cfg inside a macro will use the cfgs from the destination crate and not the ones from the defining crate
[INFO] [stdout]     = help: try referring to `assume` crate for guidance on how handle this unexpected cfg
[INFO] [stdout]     = help: the macro `assume` may come from an old version of the `mirai_annotations` crate, try updating your dependency with `cargo update -p mirai_annotations`
[INFO] [stdout]     = note: see <https://doc.rust-lang.org/nightly/rustc/check-cfg/cargo-specifics.html> for more information about checking conditional configuration
[INFO] [stdout]     = note: this warning originates in the macro `assume` (in Nightly builds, run with -Z macro-backtrace for more info)
[INFO] [stdout] 
[INFO] [stdout] 
[INFO] [stdout] warning: unexpected `cfg` condition name: `mirai`
[INFO] [stdout]    --> types/src/nibble/nibble_path/mod.rs:321:9
[INFO] [stdout]     |
[INFO] [stdout] 321 |         assume!(self.pos.start <= self.pos.end); // invariant
[INFO] [stdout]     |         ^^^^^^^^^^^^^^^^^^^^^^^^^^^^^^^^^^^^^^^
[INFO] [stdout]     |
[INFO] [stdout]     = note: using a cfg inside a macro will use the cfgs from the destination crate and not the ones from the defining crate
[INFO] [stdout]     = help: try referring to `assume` crate for guidance on how handle this unexpected cfg
[INFO] [stdout]     = help: the macro `assume` may come from an old version of the `mirai_annotations` crate, try updating your dependency with `cargo update -p mirai_annotations`
[INFO] [stdout]     = note: see <https://doc.rust-lang.org/nightly/rustc/check-cfg/cargo-specifics.html> for more information about checking conditional configuration
[INFO] [stdout]     = note: this warning originates in the macro `assume` (in Nightly builds, run with -Z macro-backtrace for more info)
[INFO] [stdout] 
[INFO] [stdout] 
[INFO] [stdout] warning: unexpected `cfg` condition name: `mirai`
[INFO] [stdout]    --> types/src/nibble/nibble_path/mod.rs:322:9
[INFO] [stdout]     |
[INFO] [stdout] 322 |         assume!(self.pos.end <= ROOT_NIBBLE_HEIGHT); // invariant
[INFO] [stdout]     |         ^^^^^^^^^^^^^^^^^^^^^^^^^^^^^^^^^^^^^^^^^^^
[INFO] [stdout]     |
[INFO] [stdout]     = note: using a cfg inside a macro will use the cfgs from the destination crate and not the ones from the defining crate
[INFO] [stdout]     = help: try referring to `assume` crate for guidance on how handle this unexpected cfg
[INFO] [stdout]     = help: the macro `assume` may come from an old version of the `mirai_annotations` crate, try updating your dependency with `cargo update -p mirai_annotations`
[INFO] [stdout]     = note: see <https://doc.rust-lang.org/nightly/rustc/check-cfg/cargo-specifics.html> for more information about checking conditional configuration
[INFO] [stdout]     = note: this warning originates in the macro `assume` (in Nightly builds, run with -Z macro-backtrace for more info)
[INFO] [stdout] 
[INFO] [stdout] 
[INFO] [stdout] warning: unexpected `cfg` condition name: `mirai`
[INFO] [stdout]    --> types/src/nibble/nibble_path/mod.rs:328:9
[INFO] [stdout]     |
[INFO] [stdout] 328 |         assume!(self.pos.start <= self.pos.end); // invariant
[INFO] [stdout]     |         ^^^^^^^^^^^^^^^^^^^^^^^^^^^^^^^^^^^^^^^
[INFO] [stdout]     |
[INFO] [stdout]     = note: using a cfg inside a macro will use the cfgs from the destination crate and not the ones from the defining crate
[INFO] [stdout]     = help: try referring to `assume` crate for guidance on how handle this unexpected cfg
[INFO] [stdout]     = help: the macro `assume` may come from an old version of the `mirai_annotations` crate, try updating your dependency with `cargo update -p mirai_annotations`
[INFO] [stdout]     = note: see <https://doc.rust-lang.org/nightly/rustc/check-cfg/cargo-specifics.html> for more information about checking conditional configuration
[INFO] [stdout]     = note: this warning originates in the macro `assume` (in Nightly builds, run with -Z macro-backtrace for more info)
[INFO] [stdout] 
[INFO] [stdout] 
[INFO] [stdout] warning: unexpected `cfg` condition name: `mirai`
[INFO] [stdout]    --> types/src/nibble/nibble_path/mod.rs:329:9
[INFO] [stdout]     |
[INFO] [stdout] 329 |         assume!(self.pos.end <= ROOT_NIBBLE_HEIGHT); // invariant
[INFO] [stdout]     |         ^^^^^^^^^^^^^^^^^^^^^^^^^^^^^^^^^^^^^^^^^^^
[INFO] [stdout]     |
[INFO] [stdout]     = note: using a cfg inside a macro will use the cfgs from the destination crate and not the ones from the defining crate
[INFO] [stdout]     = help: try referring to `assume` crate for guidance on how handle this unexpected cfg
[INFO] [stdout]     = help: the macro `assume` may come from an old version of the `mirai_annotations` crate, try updating your dependency with `cargo update -p mirai_annotations`
[INFO] [stdout]     = note: see <https://doc.rust-lang.org/nightly/rustc/check-cfg/cargo-specifics.html> for more information about checking conditional configuration
[INFO] [stdout]     = note: this warning originates in the macro `assume` (in Nightly builds, run with -Z macro-backtrace for more info)
[INFO] [stdout] 
[INFO] [stdout] 
[INFO] [stdout] warning: unexpected `cfg` condition name: `mirai`
[INFO] [stdout]    --> types/src/nibble/nibble_path/mod.rs:346:9
[INFO] [stdout]     |
[INFO] [stdout] 346 |         assume!(self.start <= self.pos.end); // invariant
[INFO] [stdout]     |         ^^^^^^^^^^^^^^^^^^^^^^^^^^^^^^^^^^^
[INFO] [stdout]     |
[INFO] [stdout]     = note: using a cfg inside a macro will use the cfgs from the destination crate and not the ones from the defining crate
[INFO] [stdout]     = help: try referring to `assume` crate for guidance on how handle this unexpected cfg
[INFO] [stdout]     = help: the macro `assume` may come from an old version of the `mirai_annotations` crate, try updating your dependency with `cargo update -p mirai_annotations`
[INFO] [stdout]     = note: see <https://doc.rust-lang.org/nightly/rustc/check-cfg/cargo-specifics.html> for more information about checking conditional configuration
[INFO] [stdout]     = note: this warning originates in the macro `assume` (in Nightly builds, run with -Z macro-backtrace for more info)
[INFO] [stdout] 
[INFO] [stdout] 
[INFO] [stdout] warning: unexpected `cfg` condition name: `mirai`
[INFO] [stdout]   --> types/src/proof/position/mod.rs:64:9
[INFO] [stdout]    |
[INFO] [stdout] 64 |         precondition!(level < 64);
[INFO] [stdout]    |         ^^^^^^^^^^^^^^^^^^^^^^^^^
[INFO] [stdout]    |
[INFO] [stdout]    = note: using a cfg inside a macro will use the cfgs from the destination crate and not the ones from the defining crate
[INFO] [stdout]    = help: try referring to `precondition` crate for guidance on how handle this unexpected cfg
[INFO] [stdout]    = help: the macro `precondition` may come from an old version of the `mirai_annotations` crate, try updating your dependency with `cargo update -p mirai_annotations`
[INFO] [stdout]    = note: see <https://doc.rust-lang.org/nightly/rustc/check-cfg/cargo-specifics.html> for more information about checking conditional configuration
[INFO] [stdout]    = note: this warning originates in the macro `precondition` (in Nightly builds, run with -Z macro-backtrace for more info)
[INFO] [stdout] 
[INFO] [stdout] 
[INFO] [stdout] warning: unexpected `cfg` condition name: `mirai`
[INFO] [stdout]   --> types/src/proof/position/mod.rs:65:9
[INFO] [stdout]    |
[INFO] [stdout] 65 |         assume!(1u64 << level > 0); // bitwise and integer operations don't mix.
[INFO] [stdout]    |         ^^^^^^^^^^^^^^^^^^^^^^^^^^
[INFO] [stdout]    |
[INFO] [stdout]    = note: using a cfg inside a macro will use the cfgs from the destination crate and not the ones from the defining crate
[INFO] [stdout]    = help: try referring to `assume` crate for guidance on how handle this unexpected cfg
[INFO] [stdout]    = help: the macro `assume` may come from an old version of the `mirai_annotations` crate, try updating your dependency with `cargo update -p mirai_annotations`
[INFO] [stdout]    = note: see <https://doc.rust-lang.org/nightly/rustc/check-cfg/cargo-specifics.html> for more information about checking conditional configuration
[INFO] [stdout]    = note: this warning originates in the macro `assume` (in Nightly builds, run with -Z macro-backtrace for more info)
[INFO] [stdout] 
[INFO] [stdout] 
[INFO] [stdout] warning: unexpected `cfg` condition name: `mirai`
[INFO] [stdout]   --> types/src/proof/position/mod.rs:94:9
[INFO] [stdout]    |
[INFO] [stdout] 94 |         assume!(self.0 < u64::max_value() - 1); // invariant
[INFO] [stdout]    |         ^^^^^^^^^^^^^^^^^^^^^^^^^^^^^^^^^^^^^^
[INFO] [stdout]    |
[INFO] [stdout]    = note: using a cfg inside a macro will use the cfgs from the destination crate and not the ones from the defining crate
[INFO] [stdout]    = help: try referring to `assume` crate for guidance on how handle this unexpected cfg
[INFO] [stdout]    = help: the macro `assume` may come from an old version of the `mirai_annotations` crate, try updating your dependency with `cargo update -p mirai_annotations`
[INFO] [stdout]    = note: see <https://doc.rust-lang.org/nightly/rustc/check-cfg/cargo-specifics.html> for more information about checking conditional configuration
[INFO] [stdout]    = note: this warning originates in the macro `assume` (in Nightly builds, run with -Z macro-backtrace for more info)
[INFO] [stdout] 
[INFO] [stdout] 
[INFO] [stdout] warning: unexpected `cfg` condition name: `mirai`
[INFO] [stdout]    --> types/src/proof/position/mod.rs:103:9
[INFO] [stdout]     |
[INFO] [stdout] 103 |         checked_precondition!(!self.is_leaf());
[INFO] [stdout]     |         ^^^^^^^^^^^^^^^^^^^^^^^^^^^^^^^^^^^^^^
[INFO] [stdout]     |
[INFO] [stdout]     = note: using a cfg inside a macro will use the cfgs from the destination crate and not the ones from the defining crate
[INFO] [stdout]     = help: try referring to `checked_precondition` crate for guidance on how handle this unexpected cfg
[INFO] [stdout]     = help: the macro `checked_precondition` may come from an old version of the `mirai_annotations` crate, try updating your dependency with `cargo update -p mirai_annotations`
[INFO] [stdout]     = note: see <https://doc.rust-lang.org/nightly/rustc/check-cfg/cargo-specifics.html> for more information about checking conditional configuration
[INFO] [stdout]     = note: this warning originates in the macro `checked_precondition` (in Nightly builds, run with -Z macro-backtrace for more info)
[INFO] [stdout] 
[INFO] [stdout] 
[INFO] [stdout] warning: unexpected `cfg` condition name: `mirai`
[INFO] [stdout]    --> types/src/proof/position/mod.rs:109:9
[INFO] [stdout]     |
[INFO] [stdout] 109 |         checked_precondition!(!self.is_leaf());
[INFO] [stdout]     |         ^^^^^^^^^^^^^^^^^^^^^^^^^^^^^^^^^^^^^^
[INFO] [stdout]     |
[INFO] [stdout]     = note: using a cfg inside a macro will use the cfgs from the destination crate and not the ones from the defining crate
[INFO] [stdout]     = help: try referring to `checked_precondition` crate for guidance on how handle this unexpected cfg
[INFO] [stdout]     = help: the macro `checked_precondition` may come from an old version of the `mirai_annotations` crate, try updating your dependency with `cargo update -p mirai_annotations`
[INFO] [stdout]     = note: see <https://doc.rust-lang.org/nightly/rustc/check-cfg/cargo-specifics.html> for more information about checking conditional configuration
[INFO] [stdout]     = note: this warning originates in the macro `checked_precondition` (in Nightly builds, run with -Z macro-backtrace for more info)
[INFO] [stdout] 
[INFO] [stdout] 
[INFO] [stdout] warning: unexpected `cfg` condition name: `mirai`
[INFO] [stdout]    --> types/src/proof/position/mod.rs:114:9
[INFO] [stdout]     |
[INFO] [stdout] 114 |         checked_precondition!(!self.is_leaf());
[INFO] [stdout]     |         ^^^^^^^^^^^^^^^^^^^^^^^^^^^^^^^^^^^^^^
[INFO] [stdout]     |
[INFO] [stdout]     = note: using a cfg inside a macro will use the cfgs from the destination crate and not the ones from the defining crate
[INFO] [stdout]     = help: try referring to `checked_precondition` crate for guidance on how handle this unexpected cfg
[INFO] [stdout]     = help: the macro `checked_precondition` may come from an old version of the `mirai_annotations` crate, try updating your dependency with `cargo update -p mirai_annotations`
[INFO] [stdout]     = note: see <https://doc.rust-lang.org/nightly/rustc/check-cfg/cargo-specifics.html> for more information about checking conditional configuration
[INFO] [stdout]     = note: this warning originates in the macro `checked_precondition` (in Nightly builds, run with -Z macro-backtrace for more info)
[INFO] [stdout] 
[INFO] [stdout] 
[INFO] [stdout] warning: unexpected `cfg` condition name: `mirai`
[INFO] [stdout]    --> types/src/proof/position/mod.rs:115:9
[INFO] [stdout]     |
[INFO] [stdout] 115 |         assume!(self.0 < u64::max_value() - 1); // invariant
[INFO] [stdout]     |         ^^^^^^^^^^^^^^^^^^^^^^^^^^^^^^^^^^^^^^
[INFO] [stdout]     |
[INFO] [stdout]     = note: using a cfg inside a macro will use the cfgs from the destination crate and not the ones from the defining crate
[INFO] [stdout]     = help: try referring to `assume` crate for guidance on how handle this unexpected cfg
[INFO] [stdout]     = help: the macro `assume` may come from an old version of the `mirai_annotations` crate, try updating your dependency with `cargo update -p mirai_annotations`
[INFO] [stdout]     = note: see <https://doc.rust-lang.org/nightly/rustc/check-cfg/cargo-specifics.html> for more information about checking conditional configuration
[INFO] [stdout]     = note: this warning originates in the macro `assume` (in Nightly builds, run with -Z macro-backtrace for more info)
[INFO] [stdout] 
[INFO] [stdout] 
[INFO] [stdout] warning: unexpected `cfg` condition name: `mirai`
[INFO] [stdout]    --> types/src/proof/position/mod.rs:128:9
[INFO] [stdout]     |
[INFO] [stdout] 128 |         assume!(self.0 < u64::max_value() - 1); // invariant
[INFO] [stdout]     |         ^^^^^^^^^^^^^^^^^^^^^^^^^^^^^^^^^^^^^^
[INFO] [stdout]     |
[INFO] [stdout]     = note: using a cfg inside a macro will use the cfgs from the destination crate and not the ones from the defining crate
[INFO] [stdout]     = help: try referring to `assume` crate for guidance on how handle this unexpected cfg
[INFO] [stdout]     = help: the macro `assume` may come from an old version of the `mirai_annotations` crate, try updating your dependency with `cargo update -p mirai_annotations`
[INFO] [stdout]     = note: see <https://doc.rust-lang.org/nightly/rustc/check-cfg/cargo-specifics.html> for more information about checking conditional configuration
[INFO] [stdout]     = note: this warning originates in the macro `assume` (in Nightly builds, run with -Z macro-backtrace for more info)
[INFO] [stdout] 
[INFO] [stdout] 
[INFO] [stdout] warning: unexpected `cfg` condition name: `mirai`
[INFO] [stdout]    --> types/src/proof/position/mod.rs:148:9
[INFO] [stdout]     |
[INFO] [stdout] 148 |         assume!(self.0 < u64::max_value() - 1); // invariant
[INFO] [stdout]     |         ^^^^^^^^^^^^^^^^^^^^^^^^^^^^^^^^^^^^^^
[INFO] [stdout]     |
[INFO] [stdout]     = note: using a cfg inside a macro will use the cfgs from the destination crate and not the ones from the defining crate
[INFO] [stdout]     = help: try referring to `assume` crate for guidance on how handle this unexpected cfg
[INFO] [stdout]     = help: the macro `assume` may come from an old version of the `mirai_annotations` crate, try updating your dependency with `cargo update -p mirai_annotations`
[INFO] [stdout]     = note: see <https://doc.rust-lang.org/nightly/rustc/check-cfg/cargo-specifics.html> for more information about checking conditional configuration
[INFO] [stdout]     = note: this warning originates in the macro `assume` (in Nightly builds, run with -Z macro-backtrace for more info)
[INFO] [stdout] 
[INFO] [stdout] 
[INFO] [stdout] warning: unexpected `cfg` condition name: `mirai`
[INFO] [stdout]    --> types/src/proof/position/mod.rs:219:5
[INFO] [stdout]     |
[INFO] [stdout] 219 |     debug_checked_precondition!(n < 64);
[INFO] [stdout]     |     ^^^^^^^^^^^^^^^^^^^^^^^^^^^^^^^^^^^
[INFO] [stdout]     |
[INFO] [stdout]     = note: using a cfg inside a macro will use the cfgs from the destination crate and not the ones from the defining crate
[INFO] [stdout]     = help: try referring to `debug_checked_precondition` crate for guidance on how handle this unexpected cfg
[INFO] [stdout]     = help: the macro `debug_checked_precondition` may come from an old version of the `mirai_annotations` crate, try updating your dependency with `cargo update -p mirai_annotations`
[INFO] [stdout]     = note: see <https://doc.rust-lang.org/nightly/rustc/check-cfg/cargo-specifics.html> for more information about checking conditional configuration
[INFO] [stdout]     = note: this warning originates in the macro `debug_checked_precondition` (in Nightly builds, run with -Z macro-backtrace for more info)
[INFO] [stdout] 
[INFO] [stdout] 
[INFO] [stdout] warning: unexpected `cfg` condition name: `mirai`
[INFO] [stdout]    --> types/src/proof/position/mod.rs:360:9
[INFO] [stdout]     |
[INFO] [stdout] 360 |         assume!(self.seen_leaves < u64::max_value() - self.bitmap); // invariant
[INFO] [stdout]     |         ^^^^^^^^^^^^^^^^^^^^^^^^^^^^^^^^^^^^^^^^^^^^^^^^^^^^^^^^^^
[INFO] [stdout]     |
[INFO] [stdout]     = note: using a cfg inside a macro will use the cfgs from the destination crate and not the ones from the defining crate
[INFO] [stdout]     = help: try referring to `assume` crate for guidance on how handle this unexpected cfg
[INFO] [stdout]     = help: the macro `assume` may come from an old version of the `mirai_annotations` crate, try updating your dependency with `cargo update -p mirai_annotations`
[INFO] [stdout]     = note: see <https://doc.rust-lang.org/nightly/rustc/check-cfg/cargo-specifics.html> for more information about checking conditional configuration
[INFO] [stdout]     = note: this warning originates in the macro `assume` (in Nightly builds, run with -Z macro-backtrace for more info)
[INFO] [stdout] 
[INFO] [stdout] 
[INFO] [stdout] warning: unexpected `cfg` condition name: `mirai`
[INFO] [stdout]    --> types/src/proof/position/mod.rs:374:9
[INFO] [stdout]     |
[INFO] [stdout] 374 |         assume!(root_offset < self.bitmap); // relate bit logic to integer logic
[INFO] [stdout]     |         ^^^^^^^^^^^^^^^^^^^^^^^^^^^^^^^^^^
[INFO] [stdout]     |
[INFO] [stdout]     = note: using a cfg inside a macro will use the cfgs from the destination crate and not the ones from the defining crate
[INFO] [stdout]     = help: try referring to `assume` crate for guidance on how handle this unexpected cfg
[INFO] [stdout]     = help: the macro `assume` may come from an old version of the `mirai_annotations` crate, try updating your dependency with `cargo update -p mirai_annotations`
[INFO] [stdout]     = note: see <https://doc.rust-lang.org/nightly/rustc/check-cfg/cargo-specifics.html> for more information about checking conditional configuration
[INFO] [stdout]     = note: this warning originates in the macro `assume` (in Nightly builds, run with -Z macro-backtrace for more info)
[INFO] [stdout] 
[INFO] [stdout] 
[INFO] [stderr]     Checking aptos-secure-storage v0.1.0 (/opt/rustwide/workdir/secure/storage)
[INFO] [stderr]     Checking bounded-executor v0.1.0 (/opt/rustwide/workdir/crates/bounded-executor)
[INFO] [stderr]     Checking crash-handler v0.1.0 (/opt/rustwide/workdir/crates/crash-handler)
[INFO] [stdout] warning: named argument `crash_info` is not used by name
[INFO] [stdout]   --> crates/crash-handler/src/lib.rs:38:18
[INFO] [stdout]    |
[INFO] [stdout] 38 |     error!("{}", crash_info = toml::to_string_pretty(&info).unwrap());
[INFO] [stdout]    |             --   ^^^^^^^^^^ this named argument is referred to by position in formatting string
[INFO] [stdout]    |             |
[INFO] [stdout]    |             this formatting argument uses named argument `crash_info` by position
[INFO] [stdout]    |
[INFO] [stdout]    = note: `#[warn(named_arguments_used_positionally)]` on by default
[INFO] [stdout] help: use the named argument by name to avoid ambiguity
[INFO] [stdout]    |
[INFO] [stdout] 38 |     error!("{crash_info}", crash_info = toml::to_string_pretty(&info).unwrap());
[INFO] [stdout]    |              ++++++++++
[INFO] [stdout] 
[INFO] [stdout] 
[INFO] [stdout] warning: use of deprecated type alias `std::panic::PanicInfo`: use `PanicHookInfo` instead
[INFO] [stdout]   --> crates/crash-handler/src/lib.rs:10:19
[INFO] [stdout]    |
[INFO] [stdout] 10 |     panic::{self, PanicInfo},
[INFO] [stdout]    |                   ^^^^^^^^^
[INFO] [stdout]    |
[INFO] [stdout]    = note: `#[warn(deprecated)]` on by default
[INFO] [stdout] 
[INFO] [stdout] 
[INFO] [stdout] warning: use of deprecated type alias `std::panic::PanicInfo`: use `PanicHookInfo` instead
[INFO] [stdout]   --> crates/crash-handler/src/lib.rs:26:41
[INFO] [stdout]    |
[INFO] [stdout] 26 |     panic::set_hook(Box::new(move |pi: &PanicInfo<'_>| {
[INFO] [stdout]    |                                         ^^^^^^^^^
[INFO] [stdout] 
[INFO] [stdout] 
[INFO] [stdout] warning: use of deprecated type alias `std::panic::PanicInfo`: use `PanicHookInfo` instead
[INFO] [stdout]   --> crates/crash-handler/src/lib.rs:32:30
[INFO] [stdout]    |
[INFO] [stdout] 32 | fn handle_panic(panic_info: &PanicInfo<'_>) {
[INFO] [stdout]    |                              ^^^^^^^^^
[INFO] [stdout] 
[INFO] [stdout] 
[INFO] [stderr]     Checking fallible v0.1.0 (/opt/rustwide/workdir/crates/fallible)
[INFO] [stderr]    Compiling migrations_macros v1.4.2
[INFO] [stderr]  Documenting aptos-rate-limiter v0.1.0 (/opt/rustwide/workdir/crates/aptos-rate-limiter)
[INFO] [stderr]     Checking diesel_migrations v1.4.0
[INFO] [stdout] warning: non-local `impl` definition, `impl` blocks should be written at the same level as their item
[INFO] [stdout]   --> types/src/state_store/state_key.rs:33:24
[INFO] [stdout]    |
[INFO] [stdout] 33 | #[derive(Clone, Debug, FromPrimitive, ToPrimitive)]
[INFO] [stdout]    |                        ^------------
[INFO] [stdout]    |                        |
[INFO] [stdout]    |                        `FromPrimitive` is not local
[INFO] [stdout]    |                        move the `impl` block outside of this constant `_IMPL_NUM_FromPrimitive_FOR_StateKeyTag`
[INFO] [stdout] 34 | pub enum StateKeyTag {
[INFO] [stdout]    |          ----------- `StateKeyTag` is not local
[INFO] [stdout]    |
[INFO] [stdout]    = note: the derive macro `FromPrimitive` defines the non-local `impl`, and may need to be changed
[INFO] [stdout]    = note: the derive macro `FromPrimitive` may come from an old version of the `num_derive` crate, try updating your dependency with `cargo update -p num_derive`
[INFO] [stdout]    = note: an `impl` is never scoped, even when it is nested inside an item, as it may impact type checking outside of that item, which can be the case if neither the trait or the self type are at the same nesting level as the `impl`
[INFO] [stdout]    = note: items in an anonymous const item (`const _: () = { ... }`) are treated as in the same scope as the anonymous const's declaration for the purpose of this lint
[INFO] [stdout]    = note: `#[warn(non_local_definitions)]` on by default
[INFO] [stdout]    = note: this warning originates in the derive macro `FromPrimitive` (in Nightly builds, run with -Z macro-backtrace for more info)
[INFO] [stdout] 
[INFO] [stdout] 
[INFO] [stdout] warning: non-local `impl` definition, `impl` blocks should be written at the same level as their item
[INFO] [stdout]   --> types/src/state_store/state_key.rs:33:39
[INFO] [stdout]    |
[INFO] [stdout] 33 | #[derive(Clone, Debug, FromPrimitive, ToPrimitive)]
[INFO] [stdout]    |                                       ^----------
[INFO] [stdout]    |                                       |
[INFO] [stdout]    |                                       `ToPrimitive` is not local
[INFO] [stdout]    |                                       move the `impl` block outside of this constant `_IMPL_NUM_ToPrimitive_FOR_StateKeyTag`
[INFO] [stdout] 34 | pub enum StateKeyTag {
[INFO] [stdout]    |          ----------- `StateKeyTag` is not local
[INFO] [stdout]    |
[INFO] [stdout]    = note: the derive macro `ToPrimitive` defines the non-local `impl`, and may need to be changed
[INFO] [stdout]    = note: the derive macro `ToPrimitive` may come from an old version of the `num_derive` crate, try updating your dependency with `cargo update -p num_derive`
[INFO] [stdout]    = note: an `impl` is never scoped, even when it is nested inside an item, as it may impact type checking outside of that item, which can be the case if neither the trait or the self type are at the same nesting level as the `impl`
[INFO] [stdout]    = note: items in an anonymous const item (`const _: () = { ... }`) are treated as in the same scope as the anonymous const's declaration for the purpose of this lint
[INFO] [stdout]    = note: this warning originates in the derive macro `ToPrimitive` (in Nightly builds, run with -Z macro-backtrace for more info)
[INFO] [stdout] 
[INFO] [stdout] 
[INFO] [stderr]     Checking aptos-state-view v0.1.0 (/opt/rustwide/workdir/storage/state-view)
[INFO] [stdout] warning: elided lifetime has a name
[INFO] [stdout]   --> storage/state-view/src/account_with_state_cache.rs:44:10
[INFO] [stdout]    |
[INFO] [stdout] 40 | pub trait AsAccountWithStateCache<'a> {
[INFO] [stdout]    |                                   -- lifetime `'a` declared here
[INFO] [stdout] ...
[INFO] [stdout] 44 |     ) -> AccountWithStateCache;
[INFO] [stdout]    |          ^^^^^^^^^^^^^^^^^^^^^ this elided lifetime gets resolved as `'a`
[INFO] [stdout]    |
[INFO] [stdout]    = note: `#[warn(elided_named_lifetimes)]` on by default
[INFO] [stdout] 
[INFO] [stdout] 
[INFO] [stdout] warning: elided lifetime has a name
[INFO] [stdout]   --> storage/state-view/src/account_with_state_cache.rs:51:10
[INFO] [stdout]    |
[INFO] [stdout] 47 | impl<'a> AsAccountWithStateCache<'a> for HashMap<StateKey, StateValue> {
[INFO] [stdout]    |      -- lifetime `'a` declared here
[INFO] [stdout] ...
[INFO] [stdout] 51 |     ) -> AccountWithStateCache {
[INFO] [stdout]    |          ^^^^^^^^^^^^^^^^^^^^^ this elided lifetime gets resolved as `'a`
[INFO] [stdout] 
[INFO] [stdout] 
[INFO] [stdout] warning: elided lifetime has a name
[INFO] [stdout]   --> storage/state-view/src/account_with_state_view.rs:36:10
[INFO] [stdout]    |
[INFO] [stdout] 32 | pub trait AsAccountWithStateView<'a> {
[INFO] [stdout]    |                                  -- lifetime `'a` declared here
[INFO] [stdout] ...
[INFO] [stdout] 36 |     ) -> AccountWithStateView;
[INFO] [stdout]    |          ^^^^^^^^^^^^^^^^^^^^ this elided lifetime gets resolved as `'a`
[INFO] [stdout] 
[INFO] [stdout] 
[INFO] [stdout] warning: elided lifetime has a name
[INFO] [stdout]   --> storage/state-view/src/lib.rs:70:10
[INFO] [stdout]    |
[INFO] [stdout] 66 | impl<'a, S: 'a + StateView> AsAccountWithStateView<'a> for S {
[INFO] [stdout]    |      -- lifetime `'a` declared here
[INFO] [stdout] ...
[INFO] [stdout] 70 |     ) -> AccountWithStateView {
[INFO] [stdout]    |          ^^^^^^^^^^^^^^^^^^^^ this elided lifetime gets resolved as `'a`
[INFO] [stdout] 
[INFO] [stdout] 
[INFO] [stdout] warning: unexpected `cfg` condition name: `mirai`
[INFO] [stdout]   --> types/src/nibble/nibble_path/mod.rs:94:9
[INFO] [stdout]    |
[INFO] [stdout] 94 |         checked_precondition!(bytes.len() <= ROOT_NIBBLE_HEIGHT / 2);
[INFO] [stdout]    |         ^^^^^^^^^^^^^^^^^^^^^^^^^^^^^^^^^^^^^^^^^^^^^^^^^^^^^^^^^^^^
[INFO] [stdout]    |
[INFO] [stdout]    = note: using a cfg inside a macro will use the cfgs from the destination crate and not the ones from the defining crate
[INFO] [stdout]    = help: try referring to `checked_precondition` crate for guidance on how handle this unexpected cfg
[INFO] [stdout]    = help: the macro `checked_precondition` may come from an old version of the `mirai_annotations` crate, try updating your dependency with `cargo update -p mirai_annotations`
[INFO] [stdout]    = note: see <https://doc.rust-lang.org/nightly/rustc/check-cfg/cargo-specifics.html> for more information about checking conditional configuration
[INFO] [stdout]    = note: `#[warn(unexpected_cfgs)]` on by default
[INFO] [stdout]    = note: this warning originates in the macro `checked_precondition` (in Nightly builds, run with -Z macro-backtrace for more info)
[INFO] [stdout] 
[INFO] [stdout] 
[INFO] [stdout] warning: unexpected `cfg` condition name: `mirai`
[INFO] [stdout]    --> types/src/nibble/nibble_path/mod.rs:101:9
[INFO] [stdout]     |
[INFO] [stdout] 101 |         checked_precondition!(bytes.len() <= ROOT_NIBBLE_HEIGHT / 2);
[INFO] [stdout]     |         ^^^^^^^^^^^^^^^^^^^^^^^^^^^^^^^^^^^^^^^^^^^^^^^^^^^^^^^^^^^^
[INFO] [stdout]     |
[INFO] [stdout]     = note: using a cfg inside a macro will use the cfgs from the destination crate and not the ones from the defining crate
[INFO] [stdout]     = help: try referring to `checked_precondition` crate for guidance on how handle this unexpected cfg
[INFO] [stdout]     = help: the macro `checked_precondition` may come from an old version of the `mirai_annotations` crate, try updating your dependency with `cargo update -p mirai_annotations`
[INFO] [stdout]     = note: see <https://doc.rust-lang.org/nightly/rustc/check-cfg/cargo-specifics.html> for more information about checking conditional configuration
[INFO] [stdout]     = note: this warning originates in the macro `checked_precondition` (in Nightly builds, run with -Z macro-backtrace for more info)
[INFO] [stdout] 
[INFO] [stdout] 
[INFO] [stdout] warning: unexpected `cfg` condition name: `mirai`
[INFO] [stdout]    --> types/src/nibble/nibble_path/mod.rs:116:9
[INFO] [stdout]     |
[INFO] [stdout] 116 |         checked_precondition!(num_nibbles <= ROOT_NIBBLE_HEIGHT);
[INFO] [stdout]     |         ^^^^^^^^^^^^^^^^^^^^^^^^^^^^^^^^^^^^^^^^^^^^^^^^^^^^^^^^
[INFO] [stdout]     |
[INFO] [stdout]     = note: using a cfg inside a macro will use the cfgs from the destination crate and not the ones from the defining crate
[INFO] [stdout]     = help: try referring to `checked_precondition` crate for guidance on how handle this unexpected cfg
[INFO] [stdout]     = help: the macro `checked_precondition` may come from an old version of the `mirai_annotations` crate, try updating your dependency with `cargo update -p mirai_annotations`
[INFO] [stdout]     = note: see <https://doc.rust-lang.org/nightly/rustc/check-cfg/cargo-specifics.html> for more information about checking conditional configuration
[INFO] [stdout]     = note: this warning originates in the macro `checked_precondition` (in Nightly builds, run with -Z macro-backtrace for more info)
[INFO] [stdout] 
[INFO] [stdout] 
[INFO] [stdout] warning: unexpected `cfg` condition name: `mirai`
[INFO] [stdout]    --> types/src/nibble/nibble_path/mod.rs:120:13
[INFO] [stdout]     |
[INFO] [stdout] 120 |             checked_precondition!(bytes.len() >= num_bytes);
[INFO] [stdout]     |             ^^^^^^^^^^^^^^^^^^^^^^^^^^^^^^^^^^^^^^^^^^^^^^^
[INFO] [stdout]     |
[INFO] [stdout]     = note: using a cfg inside a macro will use the cfgs from the destination crate and not the ones from the defining crate
[INFO] [stdout]     = help: try referring to `checked_precondition` crate for guidance on how handle this unexpected cfg
[INFO] [stdout]     = help: the macro `checked_precondition` may come from an old version of the `mirai_annotations` crate, try updating your dependency with `cargo update -p mirai_annotations`
[INFO] [stdout]     = note: see <https://doc.rust-lang.org/nightly/rustc/check-cfg/cargo-specifics.html> for more information about checking conditional configuration
[INFO] [stdout]     = note: this warning originates in the macro `checked_precondition` (in Nightly builds, run with -Z macro-backtrace for more info)
[INFO] [stdout] 
[INFO] [stdout] 
[INFO] [stdout] warning: unexpected `cfg` condition name: `mirai`
[INFO] [stdout]    --> types/src/nibble/nibble_path/mod.rs:127:13
[INFO] [stdout]     |
[INFO] [stdout] 127 |             checked_precondition!(bytes.len() >= num_nibbles / 2);
[INFO] [stdout]     |             ^^^^^^^^^^^^^^^^^^^^^^^^^^^^^^^^^^^^^^^^^^^^^^^^^^^^^
[INFO] [stdout]     |
[INFO] [stdout]     = note: using a cfg inside a macro will use the cfgs from the destination crate and not the ones from the defining crate
[INFO] [stdout]     = help: try referring to `checked_precondition` crate for guidance on how handle this unexpected cfg
[INFO] [stdout]     = help: the macro `checked_precondition` may come from an old version of the `mirai_annotations` crate, try updating your dependency with `cargo update -p mirai_annotations`
[INFO] [stdout]     = note: see <https://doc.rust-lang.org/nightly/rustc/check-cfg/cargo-specifics.html> for more information about checking conditional configuration
[INFO] [stdout]     = note: this warning originates in the macro `checked_precondition` (in Nightly builds, run with -Z macro-backtrace for more info)
[INFO] [stdout] 
[INFO] [stdout] 
[INFO] [stdout] warning: unexpected `cfg` condition name: `mirai`
[INFO] [stdout]    --> types/src/nibble/nibble_path/mod.rs:187:9
[INFO] [stdout]     |
[INFO] [stdout] 187 |         assume!(self.num_nibbles <= ROOT_NIBBLE_HEIGHT); // invariant
[INFO] [stdout]     |         ^^^^^^^^^^^^^^^^^^^^^^^^^^^^^^^^^^^^^^^^^^^^^^^
[INFO] [stdout]     |
[INFO] [stdout]     = note: using a cfg inside a macro will use the cfgs from the destination crate and not the ones from the defining crate
[INFO] [stdout]     = help: try referring to `assume` crate for guidance on how handle this unexpected cfg
[INFO] [stdout]     = help: the macro `assume` may come from an old version of the `mirai_annotations` crate, try updating your dependency with `cargo update -p mirai_annotations`
[INFO] [stdout]     = note: see <https://doc.rust-lang.org/nightly/rustc/check-cfg/cargo-specifics.html> for more information about checking conditional configuration
[INFO] [stdout]     = note: this warning originates in the macro `assume` (in Nightly builds, run with -Z macro-backtrace for more info)
[INFO] [stdout] 
[INFO] [stdout] 
[INFO] [stdout] warning: unexpected `cfg` condition name: `mirai`
[INFO] [stdout]    --> types/src/nibble/nibble_path/mod.rs:196:9
[INFO] [stdout]     |
[INFO] [stdout] 196 |         assume!(self.num_nibbles <= ROOT_NIBBLE_HEIGHT); // invariant
[INFO] [stdout]     |         ^^^^^^^^^^^^^^^^^^^^^^^^^^^^^^^^^^^^^^^^^^^^^^^
[INFO] [stdout]     |
[INFO] [stdout]     = note: using a cfg inside a macro will use the cfgs from the destination crate and not the ones from the defining crate
[INFO] [stdout]     = help: try referring to `assume` crate for guidance on how handle this unexpected cfg
[INFO] [stdout]     = help: the macro `assume` may come from an old version of the `mirai_annotations` crate, try updating your dependency with `cargo update -p mirai_annotations`
[INFO] [stdout]     = note: see <https://doc.rust-lang.org/nightly/rustc/check-cfg/cargo-specifics.html> for more information about checking conditional configuration
[INFO] [stdout]     = note: this warning originates in the macro `assume` (in Nightly builds, run with -Z macro-backtrace for more info)
[INFO] [stdout] 
[INFO] [stdout] 
[INFO] [stdout] warning: unexpected `cfg` condition name: `mirai`
[INFO] [stdout]    --> types/src/nibble/nibble_path/mod.rs:302:9
[INFO] [stdout]     |
[INFO] [stdout] 302 |         precondition!(start <= end);
[INFO] [stdout]     |         ^^^^^^^^^^^^^^^^^^^^^^^^^^^
[INFO] [stdout]     |
[INFO] [stdout]     = note: using a cfg inside a macro will use the cfgs from the destination crate and not the ones from the defining crate
[INFO] [stdout]     = help: try referring to `precondition` crate for guidance on how handle this unexpected cfg
[INFO] [stdout]     = help: the macro `precondition` may come from an old version of the `mirai_annotations` crate, try updating your dependency with `cargo update -p mirai_annotations`
[INFO] [stdout]     = note: see <https://doc.rust-lang.org/nightly/rustc/check-cfg/cargo-specifics.html> for more information about checking conditional configuration
[INFO] [stdout]     = note: this warning originates in the macro `precondition` (in Nightly builds, run with -Z macro-backtrace for more info)
[INFO] [stdout] 
[INFO] [stdout] 
[INFO] [stdout] warning: unexpected `cfg` condition name: `mirai`
[INFO] [stdout]    --> types/src/nibble/nibble_path/mod.rs:303:9
[INFO] [stdout]     |
[INFO] [stdout] 303 |         precondition!(start <= ROOT_NIBBLE_HEIGHT);
[INFO] [stdout]     |         ^^^^^^^^^^^^^^^^^^^^^^^^^^^^^^^^^^^^^^^^^^
[INFO] [stdout]     |
[INFO] [stdout]     = note: using a cfg inside a macro will use the cfgs from the destination crate and not the ones from the defining crate
[INFO] [stdout]     = help: try referring to `precondition` crate for guidance on how handle this unexpected cfg
[INFO] [stdout]     = help: the macro `precondition` may come from an old version of the `mirai_annotations` crate, try updating your dependency with `cargo update -p mirai_annotations`
[INFO] [stdout]     = note: see <https://doc.rust-lang.org/nightly/rustc/check-cfg/cargo-specifics.html> for more information about checking conditional configuration
[INFO] [stdout]     = note: this warning originates in the macro `precondition` (in Nightly builds, run with -Z macro-backtrace for more info)
[INFO] [stdout] 
[INFO] [stdout] 
[INFO] [stdout] warning: unexpected `cfg` condition name: `mirai`
[INFO] [stdout]    --> types/src/nibble/nibble_path/mod.rs:304:9
[INFO] [stdout]     |
[INFO] [stdout] 304 |         precondition!(end <= ROOT_NIBBLE_HEIGHT);
[INFO] [stdout]     |         ^^^^^^^^^^^^^^^^^^^^^^^^^^^^^^^^^^^^^^^^
[INFO] [stdout]     |
[INFO] [stdout]     = note: using a cfg inside a macro will use the cfgs from the destination crate and not the ones from the defining crate
[INFO] [stdout]     = help: try referring to `precondition` crate for guidance on how handle this unexpected cfg
[INFO] [stdout]     = help: the macro `precondition` may come from an old version of the `mirai_annotations` crate, try updating your dependency with `cargo update -p mirai_annotations`
[INFO] [stdout]     = note: see <https://doc.rust-lang.org/nightly/rustc/check-cfg/cargo-specifics.html> for more information about checking conditional configuration
[INFO] [stdout]     = note: this warning originates in the macro `precondition` (in Nightly builds, run with -Z macro-backtrace for more info)
[INFO] [stdout] 
[INFO] [stdout] 
[INFO] [stdout] warning: unexpected `cfg` condition name: `mirai`
[INFO] [stdout]    --> types/src/nibble/nibble_path/mod.rs:314:9
[INFO] [stdout]     |
[INFO] [stdout] 314 |         assume!(self.start <= self.pos.start); // invariant
[INFO] [stdout]     |         ^^^^^^^^^^^^^^^^^^^^^^^^^^^^^^^^^^^^^
[INFO] [stdout]     |
[INFO] [stdout]     = note: using a cfg inside a macro will use the cfgs from the destination crate and not the ones from the defining crate
[INFO] [stdout]     = help: try referring to `assume` crate for guidance on how handle this unexpected cfg
[INFO] [stdout]     = help: the macro `assume` may come from an old version of the `mirai_annotations` crate, try updating your dependency with `cargo update -p mirai_annotations`
[INFO] [stdout]     = note: see <https://doc.rust-lang.org/nightly/rustc/check-cfg/cargo-specifics.html> for more information about checking conditional configuration
[INFO] [stdout]     = note: this warning originates in the macro `assume` (in Nightly builds, run with -Z macro-backtrace for more info)
[INFO] [stdout] 
[INFO] [stdout] 
[INFO] [stdout] warning: unexpected `cfg` condition name: `mirai`
[INFO] [stdout]    --> types/src/nibble/nibble_path/mod.rs:315:9
[INFO] [stdout]     |
[INFO] [stdout] 315 |         assume!(self.pos.start <= ROOT_NIBBLE_HEIGHT); // invariant
[INFO] [stdout]     |         ^^^^^^^^^^^^^^^^^^^^^^^^^^^^^^^^^^^^^^^^^^^^^
[INFO] [stdout]     |
[INFO] [stdout]     = note: using a cfg inside a macro will use the cfgs from the destination crate and not the ones from the defining crate
[INFO] [stdout]     = help: try referring to `assume` crate for guidance on how handle this unexpected cfg
[INFO] [stdout]     = help: the macro `assume` may come from an old version of the `mirai_annotations` crate, try updating your dependency with `cargo update -p mirai_annotations`
[INFO] [stdout]     = note: see <https://doc.rust-lang.org/nightly/rustc/check-cfg/cargo-specifics.html> for more information about checking conditional configuration
[INFO] [stdout]     = note: this warning originates in the macro `assume` (in Nightly builds, run with -Z macro-backtrace for more info)
[INFO] [stdout] 
[INFO] [stdout] 
[INFO] [stdout] warning: unexpected `cfg` condition name: `mirai`
[INFO] [stdout]    --> types/src/nibble/nibble_path/mod.rs:321:9
[INFO] [stdout]     |
[INFO] [stdout] 321 |         assume!(self.pos.start <= self.pos.end); // invariant
[INFO] [stdout]     |         ^^^^^^^^^^^^^^^^^^^^^^^^^^^^^^^^^^^^^^^
[INFO] [stdout]     |
[INFO] [stdout]     = note: using a cfg inside a macro will use the cfgs from the destination crate and not the ones from the defining crate
[INFO] [stdout]     = help: try referring to `assume` crate for guidance on how handle this unexpected cfg
[INFO] [stdout]     = help: the macro `assume` may come from an old version of the `mirai_annotations` crate, try updating your dependency with `cargo update -p mirai_annotations`
[INFO] [stdout]     = note: see <https://doc.rust-lang.org/nightly/rustc/check-cfg/cargo-specifics.html> for more information about checking conditional configuration
[INFO] [stdout]     = note: this warning originates in the macro `assume` (in Nightly builds, run with -Z macro-backtrace for more info)
[INFO] [stdout] 
[INFO] [stdout] 
[INFO] [stdout] warning: unexpected `cfg` condition name: `mirai`
[INFO] [stdout]    --> types/src/nibble/nibble_path/mod.rs:322:9
[INFO] [stdout]     |
[INFO] [stdout] 322 |         assume!(self.pos.end <= ROOT_NIBBLE_HEIGHT); // invariant
[INFO] [stdout]     |         ^^^^^^^^^^^^^^^^^^^^^^^^^^^^^^^^^^^^^^^^^^^
[INFO] [stdout]     |
[INFO] [stdout]     = note: using a cfg inside a macro will use the cfgs from the destination crate and not the ones from the defining crate
[INFO] [stdout]     = help: try referring to `assume` crate for guidance on how handle this unexpected cfg
[INFO] [stdout]     = help: the macro `assume` may come from an old version of the `mirai_annotations` crate, try updating your dependency with `cargo update -p mirai_annotations`
[INFO] [stdout]     = note: see <https://doc.rust-lang.org/nightly/rustc/check-cfg/cargo-specifics.html> for more information about checking conditional configuration
[INFO] [stdout]     = note: this warning originates in the macro `assume` (in Nightly builds, run with -Z macro-backtrace for more info)
[INFO] [stdout] 
[INFO] [stdout] 
[INFO] [stdout] warning: unexpected `cfg` condition name: `mirai`
[INFO] [stdout]    --> types/src/nibble/nibble_path/mod.rs:328:9
[INFO] [stdout]     |
[INFO] [stdout] 328 |         assume!(self.pos.start <= self.pos.end); // invariant
[INFO] [stdout]     |         ^^^^^^^^^^^^^^^^^^^^^^^^^^^^^^^^^^^^^^^
[INFO] [stdout]     |
[INFO] [stdout]     = note: using a cfg inside a macro will use the cfgs from the destination crate and not the ones from the defining crate
[INFO] [stdout]     = help: try referring to `assume` crate for guidance on how handle this unexpected cfg
[INFO] [stdout]     = help: the macro `assume` may come from an old version of the `mirai_annotations` crate, try updating your dependency with `cargo update -p mirai_annotations`
[INFO] [stdout]     = note: see <https://doc.rust-lang.org/nightly/rustc/check-cfg/cargo-specifics.html> for more information about checking conditional configuration
[INFO] [stdout]     = note: this warning originates in the macro `assume` (in Nightly builds, run with -Z macro-backtrace for more info)
[INFO] [stdout] 
[INFO] [stdout] 
[INFO] [stdout] warning: unexpected `cfg` condition name: `mirai`
[INFO] [stdout]    --> types/src/nibble/nibble_path/mod.rs:329:9
[INFO] [stdout]     |
[INFO] [stdout] 329 |         assume!(self.pos.end <= ROOT_NIBBLE_HEIGHT); // invariant
[INFO] [stdout]     |         ^^^^^^^^^^^^^^^^^^^^^^^^^^^^^^^^^^^^^^^^^^^
[INFO] [stdout]     |
[INFO] [stdout]     = note: using a cfg inside a macro will use the cfgs from the destination crate and not the ones from the defining crate
[INFO] [stdout]     = help: try referring to `assume` crate for guidance on how handle this unexpected cfg
[INFO] [stdout]     = help: the macro `assume` may come from an old version of the `mirai_annotations` crate, try updating your dependency with `cargo update -p mirai_annotations`
[INFO] [stdout]     = note: see <https://doc.rust-lang.org/nightly/rustc/check-cfg/cargo-specifics.html> for more information about checking conditional configuration
[INFO] [stdout]     = note: this warning originates in the macro `assume` (in Nightly builds, run with -Z macro-backtrace for more info)
[INFO] [stdout] 
[INFO] [stdout] 
[INFO] [stdout] warning: unexpected `cfg` condition name: `mirai`
[INFO] [stdout]    --> types/src/nibble/nibble_path/mod.rs:346:9
[INFO] [stdout]     |
[INFO] [stdout] 346 |         assume!(self.start <= self.pos.end); // invariant
[INFO] [stdout]     |         ^^^^^^^^^^^^^^^^^^^^^^^^^^^^^^^^^^^
[INFO] [stdout]     |
[INFO] [stdout]     = note: using a cfg inside a macro will use the cfgs from the destination crate and not the ones from the defining crate
[INFO] [stdout]     = help: try referring to `assume` crate for guidance on how handle this unexpected cfg
[INFO] [stdout]     = help: the macro `assume` may come from an old version of the `mirai_annotations` crate, try updating your dependency with `cargo update -p mirai_annotations`
[INFO] [stdout]     = note: see <https://doc.rust-lang.org/nightly/rustc/check-cfg/cargo-specifics.html> for more information about checking conditional configuration
[INFO] [stdout]     = note: this warning originates in the macro `assume` (in Nightly builds, run with -Z macro-backtrace for more info)
[INFO] [stdout] 
[INFO] [stdout] 
[INFO] [stdout] warning: unexpected `cfg` condition name: `mirai`
[INFO] [stdout]   --> types/src/proof/position/mod.rs:64:9
[INFO] [stdout]    |
[INFO] [stdout] 64 |         precondition!(level < 64);
[INFO] [stdout]    |         ^^^^^^^^^^^^^^^^^^^^^^^^^
[INFO] [stdout]    |
[INFO] [stdout]    = note: using a cfg inside a macro will use the cfgs from the destination crate and not the ones from the defining crate
[INFO] [stdout]    = help: try referring to `precondition` crate for guidance on how handle this unexpected cfg
[INFO] [stdout]    = help: the macro `precondition` may come from an old version of the `mirai_annotations` crate, try updating your dependency with `cargo update -p mirai_annotations`
[INFO] [stdout]    = note: see <https://doc.rust-lang.org/nightly/rustc/check-cfg/cargo-specifics.html> for more information about checking conditional configuration
[INFO] [stdout]    = note: this warning originates in the macro `precondition` (in Nightly builds, run with -Z macro-backtrace for more info)
[INFO] [stdout] 
[INFO] [stdout] 
[INFO] [stdout] warning: unexpected `cfg` condition name: `mirai`
[INFO] [stdout]   --> types/src/proof/position/mod.rs:65:9
[INFO] [stdout]    |
[INFO] [stdout] 65 |         assume!(1u64 << level > 0); // bitwise and integer operations don't mix.
[INFO] [stdout]    |         ^^^^^^^^^^^^^^^^^^^^^^^^^^
[INFO] [stdout]    |
[INFO] [stdout]    = note: using a cfg inside a macro will use the cfgs from the destination crate and not the ones from the defining crate
[INFO] [stdout]    = help: try referring to `assume` crate for guidance on how handle this unexpected cfg
[INFO] [stdout]    = help: the macro `assume` may come from an old version of the `mirai_annotations` crate, try updating your dependency with `cargo update -p mirai_annotations`
[INFO] [stdout]    = note: see <https://doc.rust-lang.org/nightly/rustc/check-cfg/cargo-specifics.html> for more information about checking conditional configuration
[INFO] [stdout]    = note: this warning originates in the macro `assume` (in Nightly builds, run with -Z macro-backtrace for more info)
[INFO] [stdout] 
[INFO] [stdout] 
[INFO] [stdout] warning: unexpected `cfg` condition name: `mirai`
[INFO] [stdout]   --> types/src/proof/position/mod.rs:94:9
[INFO] [stdout]    |
[INFO] [stdout] 94 |         assume!(self.0 < u64::max_value() - 1); // invariant
[INFO] [stdout]    |         ^^^^^^^^^^^^^^^^^^^^^^^^^^^^^^^^^^^^^^
[INFO] [stdout]    |
[INFO] [stdout]    = note: using a cfg inside a macro will use the cfgs from the destination crate and not the ones from the defining crate
[INFO] [stdout]    = help: try referring to `assume` crate for guidance on how handle this unexpected cfg
[INFO] [stdout]    = help: the macro `assume` may come from an old version of the `mirai_annotations` crate, try updating your dependency with `cargo update -p mirai_annotations`
[INFO] [stdout]    = note: see <https://doc.rust-lang.org/nightly/rustc/check-cfg/cargo-specifics.html> for more information about checking conditional configuration
[INFO] [stdout]    = note: this warning originates in the macro `assume` (in Nightly builds, run with -Z macro-backtrace for more info)
[INFO] [stdout] 
[INFO] [stdout] 
[INFO] [stdout] warning: unexpected `cfg` condition name: `mirai`
[INFO] [stdout]    --> types/src/proof/position/mod.rs:103:9
[INFO] [stdout]     |
[INFO] [stdout] 103 |         checked_precondition!(!self.is_leaf());
[INFO] [stdout]     |         ^^^^^^^^^^^^^^^^^^^^^^^^^^^^^^^^^^^^^^
[INFO] [stdout]     |
[INFO] [stdout]     = note: using a cfg inside a macro will use the cfgs from the destination crate and not the ones from the defining crate
[INFO] [stdout]     = help: try referring to `checked_precondition` crate for guidance on how handle this unexpected cfg
[INFO] [stdout]     = help: the macro `checked_precondition` may come from an old version of the `mirai_annotations` crate, try updating your dependency with `cargo update -p mirai_annotations`
[INFO] [stdout]     = note: see <https://doc.rust-lang.org/nightly/rustc/check-cfg/cargo-specifics.html> for more information about checking conditional configuration
[INFO] [stdout]     = note: this warning originates in the macro `checked_precondition` (in Nightly builds, run with -Z macro-backtrace for more info)
[INFO] [stdout] 
[INFO] [stdout] 
[INFO] [stdout] warning: unexpected `cfg` condition name: `mirai`
[INFO] [stdout]    --> types/src/proof/position/mod.rs:109:9
[INFO] [stdout]     |
[INFO] [stdout] 109 |         checked_precondition!(!self.is_leaf());
[INFO] [stdout]     |         ^^^^^^^^^^^^^^^^^^^^^^^^^^^^^^^^^^^^^^
[INFO] [stdout]     |
[INFO] [stdout]     = note: using a cfg inside a macro will use the cfgs from the destination crate and not the ones from the defining crate
[INFO] [stdout]     = help: try referring to `checked_precondition` crate for guidance on how handle this unexpected cfg
[INFO] [stdout]     = help: the macro `checked_precondition` may come from an old version of the `mirai_annotations` crate, try updating your dependency with `cargo update -p mirai_annotations`
[INFO] [stdout]     = note: see <https://doc.rust-lang.org/nightly/rustc/check-cfg/cargo-specifics.html> for more information about checking conditional configuration
[INFO] [stdout]     = note: this warning originates in the macro `checked_precondition` (in Nightly builds, run with -Z macro-backtrace for more info)
[INFO] [stdout] 
[INFO] [stdout] 
[INFO] [stdout] warning: unexpected `cfg` condition name: `mirai`
[INFO] [stdout]    --> types/src/proof/position/mod.rs:114:9
[INFO] [stdout]     |
[INFO] [stdout] 114 |         checked_precondition!(!self.is_leaf());
[INFO] [stdout]     |         ^^^^^^^^^^^^^^^^^^^^^^^^^^^^^^^^^^^^^^
[INFO] [stdout]     |
[INFO] [stdout]     = note: using a cfg inside a macro will use the cfgs from the destination crate and not the ones from the defining crate
[INFO] [stdout]     = help: try referring to `checked_precondition` crate for guidance on how handle this unexpected cfg
[INFO] [stdout]     = help: the macro `checked_precondition` may come from an old version of the `mirai_annotations` crate, try updating your dependency with `cargo update -p mirai_annotations`
[INFO] [stdout]     = note: see <https://doc.rust-lang.org/nightly/rustc/check-cfg/cargo-specifics.html> for more information about checking conditional configuration
[INFO] [stdout]     = note: this warning originates in the macro `checked_precondition` (in Nightly builds, run with -Z macro-backtrace for more info)
[INFO] [stdout] 
[INFO] [stdout] 
[INFO] [stdout] warning: unexpected `cfg` condition name: `mirai`
[INFO] [stdout]    --> types/src/proof/position/mod.rs:115:9
[INFO] [stdout]     |
[INFO] [stdout] 115 |         assume!(self.0 < u64::max_value() - 1); // invariant
[INFO] [stdout]     |         ^^^^^^^^^^^^^^^^^^^^^^^^^^^^^^^^^^^^^^
[INFO] [stdout]     |
[INFO] [stdout]     = note: using a cfg inside a macro will use the cfgs from the destination crate and not the ones from the defining crate
[INFO] [stdout]     = help: try referring to `assume` crate for guidance on how handle this unexpected cfg
[INFO] [stdout]     = help: the macro `assume` may come from an old version of the `mirai_annotations` crate, try updating your dependency with `cargo update -p mirai_annotations`
[INFO] [stdout]     = note: see <https://doc.rust-lang.org/nightly/rustc/check-cfg/cargo-specifics.html> for more information about checking conditional configuration
[INFO] [stdout]     = note: this warning originates in the macro `assume` (in Nightly builds, run with -Z macro-backtrace for more info)
[INFO] [stdout] 
[INFO] [stdout] 
[INFO] [stdout] warning: unexpected `cfg` condition name: `mirai`
[INFO] [stdout]    --> types/src/proof/position/mod.rs:128:9
[INFO] [stdout]     |
[INFO] [stdout] 128 |         assume!(self.0 < u64::max_value() - 1); // invariant
[INFO] [stdout]     |         ^^^^^^^^^^^^^^^^^^^^^^^^^^^^^^^^^^^^^^
[INFO] [stdout]     |
[INFO] [stdout]     = note: using a cfg inside a macro will use the cfgs from the destination crate and not the ones from the defining crate
[INFO] [stdout]     = help: try referring to `assume` crate for guidance on how handle this unexpected cfg
[INFO] [stdout]     = help: the macro `assume` may come from an old version of the `mirai_annotations` crate, try updating your dependency with `cargo update -p mirai_annotations`
[INFO] [stdout]     = note: see <https://doc.rust-lang.org/nightly/rustc/check-cfg/cargo-specifics.html> for more information about checking conditional configuration
[INFO] [stdout]     = note: this warning originates in the macro `assume` (in Nightly builds, run with -Z macro-backtrace for more info)
[INFO] [stdout] 
[INFO] [stdout] 
[INFO] [stdout] warning: unexpected `cfg` condition name: `mirai`
[INFO] [stdout]    --> types/src/proof/position/mod.rs:148:9
[INFO] [stdout]     |
[INFO] [stdout] 148 |         assume!(self.0 < u64::max_value() - 1); // invariant
[INFO] [stdout]     |         ^^^^^^^^^^^^^^^^^^^^^^^^^^^^^^^^^^^^^^
[INFO] [stdout]     |
[INFO] [stdout]     = note: using a cfg inside a macro will use the cfgs from the destination crate and not the ones from the defining crate
[INFO] [stdout]     = help: try referring to `assume` crate for guidance on how handle this unexpected cfg
[INFO] [stdout]     = help: the macro `assume` may come from an old version of the `mirai_annotations` crate, try updating your dependency with `cargo update -p mirai_annotations`
[INFO] [stdout]     = note: see <https://doc.rust-lang.org/nightly/rustc/check-cfg/cargo-specifics.html> for more information about checking conditional configuration
[INFO] [stdout]     = note: this warning originates in the macro `assume` (in Nightly builds, run with -Z macro-backtrace for more info)
[INFO] [stdout] 
[INFO] [stdout] 
[INFO] [stdout] warning: unexpected `cfg` condition name: `mirai`
[INFO] [stdout]    --> types/src/proof/position/mod.rs:219:5
[INFO] [stdout]     |
[INFO] [stdout] 219 |     debug_checked_precondition!(n < 64);
[INFO] [stdout]     |     ^^^^^^^^^^^^^^^^^^^^^^^^^^^^^^^^^^^
[INFO] [stdout]     |
[INFO] [stdout]     = note: using a cfg inside a macro will use the cfgs from the destination crate and not the ones from the defining crate
[INFO] [stdout]     = help: try referring to `debug_checked_precondition` crate for guidance on how handle this unexpected cfg
[INFO] [stdout]     = help: the macro `debug_checked_precondition` may come from an old version of the `mirai_annotations` crate, try updating your dependency with `cargo update -p mirai_annotations`
[INFO] [stdout]     = note: see <https://doc.rust-lang.org/nightly/rustc/check-cfg/cargo-specifics.html> for more information about checking conditional configuration
[INFO] [stdout]     = note: this warning originates in the macro `debug_checked_precondition` (in Nightly builds, run with -Z macro-backtrace for more info)
[INFO] [stdout] 
[INFO] [stdout] 
[INFO] [stdout] warning: unexpected `cfg` condition name: `mirai`
[INFO] [stdout]    --> types/src/proof/position/mod.rs:360:9
[INFO] [stdout]     |
[INFO] [stdout] 360 |         assume!(self.seen_leaves < u64::max_value() - self.bitmap); // invariant
[INFO] [stdout]     |         ^^^^^^^^^^^^^^^^^^^^^^^^^^^^^^^^^^^^^^^^^^^^^^^^^^^^^^^^^^
[INFO] [stdout]     |
[INFO] [stdout]     = note: using a cfg inside a macro will use the cfgs from the destination crate and not the ones from the defining crate
[INFO] [stdout]     = help: try referring to `assume` crate for guidance on how handle this unexpected cfg
[INFO] [stdout]     = help: the macro `assume` may come from an old version of the `mirai_annotations` crate, try updating your dependency with `cargo update -p mirai_annotations`
[INFO] [stdout]     = note: see <https://doc.rust-lang.org/nightly/rustc/check-cfg/cargo-specifics.html> for more information about checking conditional configuration
[INFO] [stdout]     = note: this warning originates in the macro `assume` (in Nightly builds, run with -Z macro-backtrace for more info)
[INFO] [stdout] 
[INFO] [stdout] 
[INFO] [stdout] warning: unexpected `cfg` condition name: `mirai`
[INFO] [stdout]    --> types/src/proof/position/mod.rs:374:9
[INFO] [stdout]     |
[INFO] [stdout] 374 |         assume!(root_offset < self.bitmap); // relate bit logic to integer logic
[INFO] [stdout]     |         ^^^^^^^^^^^^^^^^^^^^^^^^^^^^^^^^^^
[INFO] [stdout]     |
[INFO] [stdout]     = note: using a cfg inside a macro will use the cfgs from the destination crate and not the ones from the defining crate
[INFO] [stdout]     = help: try referring to `assume` crate for guidance on how handle this unexpected cfg
[INFO] [stdout]     = help: the macro `assume` may come from an old version of the `mirai_annotations` crate, try updating your dependency with `cargo update -p mirai_annotations`
[INFO] [stdout]     = note: see <https://doc.rust-lang.org/nightly/rustc/check-cfg/cargo-specifics.html> for more information about checking conditional configuration
[INFO] [stdout]     = note: this warning originates in the macro `assume` (in Nightly builds, run with -Z macro-backtrace for more info)
[INFO] [stdout] 
[INFO] [stdout] 
[INFO] [stderr]     Checking aptos-config v0.1.0 (/opt/rustwide/workdir/config)
[INFO] [stderr]     Checking scratchpad v0.1.0 (/opt/rustwide/workdir/storage/scratchpad)
[INFO] [stdout] warning: call to `.borrow()` on a reference in this situation does nothing
[INFO] [stdout]    --> storage/scratchpad/src/sparse_merkle/mod.rs:504:31
[INFO] [stdout]     |
[INFO] [stdout] 504 |             match node.inner().borrow() {
[INFO] [stdout]     |                               ^^^^^^^^^
[INFO] [stdout]     |
[INFO] [stdout]     = note: the type `NodeInner<V>` does not implement `Borrow`, so calling `borrow` on `&NodeInner<V>` copies the reference, which does not do anything and can be removed
[INFO] [stdout]     = note: `#[warn(noop_method_call)]` on by default
[INFO] [stdout] help: remove this redundant call
[INFO] [stdout]     |
[INFO] [stdout] 504 -             match node.inner().borrow() {
[INFO] [stdout] 504 +             match node.inner() {
[INFO] [stdout]     |
[INFO] [stdout] help: if you meant to clone `NodeInner<V>`, implement `Clone` for it
[INFO] [stdout]    --> storage/scratchpad/src/sparse_merkle/node.rs:81:1
[INFO] [stdout]     |
[INFO] [stdout] 81  + #[derive(Clone)]
[INFO] [stdout] 82  | pub(crate) enum NodeInner<V> {
[INFO] [stdout]     |
[INFO] [stdout] 
[INFO] [stdout] 
[INFO] [stderr]     Checking storage-interface v0.1.0 (/opt/rustwide/workdir/storage/storage-interface)
[INFO] [stdout] warning: unexpected `cfg` condition value: `testing`
[INFO] [stdout]   --> storage/storage-interface/src/lib.rs:40:11
[INFO] [stdout]    |
[INFO] [stdout] 40 | #[cfg(any(feature = "testing", feature = "fuzzing"))]
[INFO] [stdout]    |           ^^^^^^^^^^^^^^^^^^^
[INFO] [stdout]    |
[INFO] [stdout]    = note: expected values for `feature` are: `default` and `fuzzing`
[INFO] [stdout]    = help: consider adding `testing` as a feature in `Cargo.toml`
[INFO] [stdout]    = note: see <https://doc.rust-lang.org/nightly/rustc/check-cfg/cargo-specifics.html> for more information about checking conditional configuration
[INFO] [stdout]    = note: `#[warn(unexpected_cfgs)]` on by default
[INFO] [stdout] 
[INFO] [stdout] 
[INFO] [stderr]     Checking transaction-builder-generator v0.1.0 (/opt/rustwide/workdir/aptos-move/transaction-builder-generator)
[INFO] [stderr]     Checking framework v0.1.0 (/opt/rustwide/workdir/aptos-move/framework)
[INFO] [stderr]     Checking executor-types v0.1.0 (/opt/rustwide/workdir/execution/executor-types)
[INFO] [stderr]     Checking aptos-vm v0.1.0 (/opt/rustwide/workdir/aptos-move/aptos-vm)
[INFO] [stdout] warning: field `0` is never read
[INFO] [stdout]    --> config/src/network_id.rs:117:21
[INFO] [stdout]     |
[INFO] [stdout] 117 |             Private(String),
[INFO] [stdout]     |             ------- ^^^^^^
[INFO] [stdout]     |             |
[INFO] [stdout]     |             field in this variant
[INFO] [stdout]     |
[INFO] [stdout]     = note: `#[warn(dead_code)]` on by default
[INFO] [stdout] help: consider changing the field to be of unit type to suppress this warning while preserving the field numbering, or remove the field
[INFO] [stdout]     |
[INFO] [stdout] 117 -             Private(String),
[INFO] [stdout] 117 +             Private(()),
[INFO] [stdout]     |
[INFO] [stdout] 
[INFO] [stdout] 
[INFO] [stdout] warning: unexpected `cfg` condition name: `mirai`
[INFO] [stdout]    --> aptos-move/aptos-vm/src/adapter_common.rs:231:9
[INFO] [stdout]     |
[INFO] [stdout] 231 |         assume!(result.len() < usize::max_value());
[INFO] [stdout]     |         ^^^^^^^^^^^^^^^^^^^^^^^^^^^^^^^^^^^^^^^^^^
[INFO] [stdout]     |
[INFO] [stdout]     = note: using a cfg inside a macro will use the cfgs from the destination crate and not the ones from the defining crate
[INFO] [stdout]     = help: try referring to `assume` crate for guidance on how handle this unexpected cfg
[INFO] [stdout]     = help: the macro `assume` may come from an old version of the `mirai_annotations` crate, try updating your dependency with `cargo update -p mirai_annotations`
[INFO] [stdout]     = note: see <https://doc.rust-lang.org/nightly/rustc/check-cfg/cargo-specifics.html> for more information about checking conditional configuration
[INFO] [stdout]     = note: `#[warn(unexpected_cfgs)]` on by default
[INFO] [stdout]     = note: this warning originates in the macro `assume` (in Nightly builds, run with -Z macro-backtrace for more info)
[INFO] [stdout] 
[INFO] [stdout] 
[INFO] [stdout] warning: unexpected `cfg` condition name: `mirai`
[INFO] [stdout]    --> aptos-move/aptos-vm/src/aptos_vm_impl.rs:173:9
[INFO] [stdout]     |
[INFO] [stdout] 173 |         assume!(raw_bytes_len.get() <= gas_constants.max_transaction_size_in_bytes);
[INFO] [stdout]     |         ^^^^^^^^^^^^^^^^^^^^^^^^^^^^^^^^^^^^^^^^^^^^^^^^^^^^^^^^^^^^^^^^^^^^^^^^^^^
[INFO] [stdout]     |
[INFO] [stdout]     = note: using a cfg inside a macro will use the cfgs from the destination crate and not the ones from the defining crate
[INFO] [stdout]     = help: try referring to `assume` crate for guidance on how handle this unexpected cfg
[INFO] [stdout]     = help: the macro `assume` may come from an old version of the `mirai_annotations` crate, try updating your dependency with `cargo update -p mirai_annotations`
[INFO] [stdout]     = note: see <https://doc.rust-lang.org/nightly/rustc/check-cfg/cargo-specifics.html> for more information about checking conditional configuration
[INFO] [stdout]     = note: this warning originates in the macro `assume` (in Nightly builds, run with -Z macro-backtrace for more info)
[INFO] [stdout] 
[INFO] [stdout] 
[INFO] [stderr]     Checking aptos-jellyfish-merkle v0.1.0 (/opt/rustwide/workdir/storage/jellyfish-merkle)
[INFO] [stderr]     Checking consensus-types v0.1.0 (/opt/rustwide/workdir/consensus/consensus-types)
[INFO] [stdout] warning: unexpected `cfg` condition name: `mirai`
[INFO] [stdout]   --> storage/jellyfish-merkle/src/restore/mod.rs:90:9
[INFO] [stdout]    |
[INFO] [stdout] 90 |         precondition!(index < 16);
[INFO] [stdout]    |         ^^^^^^^^^^^^^^^^^^^^^^^^^
[INFO] [stdout]    |
[INFO] [stdout]    = note: using a cfg inside a macro will use the cfgs from the destination crate and not the ones from the defining crate
[INFO] [stdout]    = help: try referring to `precondition` crate for guidance on how handle this unexpected cfg
[INFO] [stdout]    = help: the macro `precondition` may come from an old version of the `mirai_annotations` crate, try updating your dependency with `cargo update -p mirai_annotations`
[INFO] [stdout]    = note: see <https://doc.rust-lang.org/nightly/rustc/check-cfg/cargo-specifics.html> for more information about checking conditional configuration
[INFO] [stdout]    = note: `#[warn(unexpected_cfgs)]` on by default
[INFO] [stdout]    = note: this warning originates in the macro `precondition` (in Nightly builds, run with -Z macro-backtrace for more info)
[INFO] [stdout] 
[INFO] [stdout] 
[INFO] [stdout] warning: unexpected `cfg` condition name: `mirai`
[INFO] [stdout]    --> storage/jellyfish-merkle/src/lib.rs:738:9
[INFO] [stdout]     |
[INFO] [stdout] 738 |         mirai_annotations::precondition!(index < HashValue::LENGTH);
[INFO] [stdout]     |         ^^^^^^^^^^^^^^^^^^^^^^^^^^^^^^^^^^^^^^^^^^^^^^^^^^^^^^^^^^^
[INFO] [stdout]     |
[INFO] [stdout]     = note: using a cfg inside a macro will use the cfgs from the destination crate and not the ones from the defining crate
[INFO] [stdout]     = help: try referring to `mirai_annotations::precondition` crate for guidance on how handle this unexpected cfg
[INFO] [stdout]     = help: the macro `mirai_annotations::precondition` may come from an old version of the `mirai_annotations` crate, try updating your dependency with `cargo update -p mirai_annotations`
[INFO] [stdout]     = note: see <https://doc.rust-lang.org/nightly/rustc/check-cfg/cargo-specifics.html> for more information about checking conditional configuration
[INFO] [stdout]     = note: this warning originates in the macro `mirai_annotations::precondition` (in Nightly builds, run with -Z macro-backtrace for more info)
[INFO] [stdout] 
[INFO] [stdout] 
[INFO] [stdout] warning: non-local `impl` definition, `impl` blocks should be written at the same level as their item
[INFO] [stdout]   --> types/src/state_store/state_key.rs:33:24
[INFO] [stdout]    |
[INFO] [stdout] 33 | #[derive(Clone, Debug, FromPrimitive, ToPrimitive)]
[INFO] [stdout]    |                        ^------------
[INFO] [stdout]    |                        |
[INFO] [stdout]    |                        `FromPrimitive` is not local
[INFO] [stdout]    |                        move the `impl` block outside of this constant `_IMPL_NUM_FromPrimitive_FOR_StateKeyTag`
[INFO] [stdout] 34 | pub enum StateKeyTag {
[INFO] [stdout]    |          ----------- `StateKeyTag` is not local
[INFO] [stdout]    |
[INFO] [stdout]    = note: the derive macro `FromPrimitive` defines the non-local `impl`, and may need to be changed
[INFO] [stdout]    = note: the derive macro `FromPrimitive` may come from an old version of the `num_derive` crate, try updating your dependency with `cargo update -p num_derive`
[INFO] [stdout]    = note: an `impl` is never scoped, even when it is nested inside an item, as it may impact type checking outside of that item, which can be the case if neither the trait or the self type are at the same nesting level as the `impl`
[INFO] [stdout]    = note: items in an anonymous const item (`const _: () = { ... }`) are treated as in the same scope as the anonymous const's declaration for the purpose of this lint
[INFO] [stdout]    = note: `#[warn(non_local_definitions)]` on by default
[INFO] [stdout]    = note: this warning originates in the derive macro `FromPrimitive` (in Nightly builds, run with -Z macro-backtrace for more info)
[INFO] [stdout] 
[INFO] [stdout] 
[INFO] [stdout] warning: non-local `impl` definition, `impl` blocks should be written at the same level as their item
[INFO] [stdout]   --> types/src/state_store/state_key.rs:33:39
[INFO] [stdout]    |
[INFO] [stdout] 33 | #[derive(Clone, Debug, FromPrimitive, ToPrimitive)]
[INFO] [stdout]    |                                       ^----------
[INFO] [stdout]    |                                       |
[INFO] [stdout]    |                                       `ToPrimitive` is not local
[INFO] [stdout]    |                                       move the `impl` block outside of this constant `_IMPL_NUM_ToPrimitive_FOR_StateKeyTag`
[INFO] [stdout] 34 | pub enum StateKeyTag {
[INFO] [stdout]    |          ----------- `StateKeyTag` is not local
[INFO] [stdout]    |
[INFO] [stdout]    = note: the derive macro `ToPrimitive` defines the non-local `impl`, and may need to be changed
[INFO] [stdout]    = note: the derive macro `ToPrimitive` may come from an old version of the `num_derive` crate, try updating your dependency with `cargo update -p num_derive`
[INFO] [stdout]    = note: an `impl` is never scoped, even when it is nested inside an item, as it may impact type checking outside of that item, which can be the case if neither the trait or the self type are at the same nesting level as the `impl`
[INFO] [stdout]    = note: items in an anonymous const item (`const _: () = { ... }`) are treated as in the same scope as the anonymous const's declaration for the purpose of this lint
[INFO] [stdout]    = note: this warning originates in the derive macro `ToPrimitive` (in Nightly builds, run with -Z macro-backtrace for more info)
[INFO] [stdout] 
[INFO] [stdout] 
[INFO] [stdout] warning: unexpected `cfg` condition name: `mirai`
[INFO] [stdout]    --> consensus/consensus-types/src/block.rs:287:9
[INFO] [stdout]     |
[INFO] [stdout] 287 | /         debug_checked_verify_eq!(
[INFO] [stdout] 288 | |             self.id(),
[INFO] [stdout] 289 | |             self.block_data.hash(),
[INFO] [stdout] 290 | |             "Block id mismatch the hash"
[INFO] [stdout] 291 | |         );
[INFO] [stdout]     | |_________^
[INFO] [stdout]     |
[INFO] [stdout]     = note: using a cfg inside a macro will use the cfgs from the destination crate and not the ones from the defining crate
[INFO] [stdout]     = help: try referring to `debug_checked_verify_eq` crate for guidance on how handle this unexpected cfg
[INFO] [stdout]     = help: the macro `debug_checked_verify_eq` may come from an old version of the `mirai_annotations` crate, try updating your dependency with `cargo update -p mirai_annotations`
[INFO] [stdout]     = note: see <https://doc.rust-lang.org/nightly/rustc/check-cfg/cargo-specifics.html> for more information about checking conditional configuration
[INFO] [stdout]     = note: `#[warn(unexpected_cfgs)]` on by default
[INFO] [stdout]     = note: this warning originates in the macro `debug_checked_verify_eq` (in Nightly builds, run with -Z macro-backtrace for more info)
[INFO] [stdout] 
[INFO] [stdout] 
[INFO] [stdout] warning: unexpected `cfg` condition name: `mirai`
[INFO] [stdout]    --> consensus/consensus-types/src/block_data.rs:163:9
[INFO] [stdout]     |
[INFO] [stdout] 163 |         assume!(quorum_cert.certified_block().epoch() < u64::max_value()); // unlikely to be false in this universe
[INFO] [stdout]     |         ^^^^^^^^^^^^^^^^^^^^^^^^^^^^^^^^^^^^^^^^^^^^^^^^^^^^^^^^^^^^^^^^^
[INFO] [stdout]     |
[INFO] [stdout]     = note: using a cfg inside a macro will use the cfgs from the destination crate and not the ones from the defining crate
[INFO] [stdout]     = help: try referring to `assume` crate for guidance on how handle this unexpected cfg
[INFO] [stdout]     = help: the macro `assume` may come from an old version of the `mirai_annotations` crate, try updating your dependency with `cargo update -p mirai_annotations`
[INFO] [stdout]     = note: see <https://doc.rust-lang.org/nightly/rustc/check-cfg/cargo-specifics.html> for more information about checking conditional configuration
[INFO] [stdout]     = note: this warning originates in the macro `assume` (in Nightly builds, run with -Z macro-backtrace for more info)
[INFO] [stdout] 
[INFO] [stdout] 
[INFO] [stdout] warning: unexpected `cfg` condition name: `mirai`
[INFO] [stdout]    --> consensus/consensus-types/src/block_data.rs:176:9
[INFO] [stdout]     |
[INFO] [stdout] 176 |         assume!(quorum_cert.certified_block().timestamp_usecs() < u64::max_value()); // unlikely to be false in this universe
[INFO] [stdout]     |         ^^^^^^^^^^^^^^^^^^^^^^^^^^^^^^^^^^^^^^^^^^^^^^^^^^^^^^^^^^^^^^^^^^^^^^^^^^^
[INFO] [stdout]     |
[INFO] [stdout]     = note: using a cfg inside a macro will use the cfgs from the destination crate and not the ones from the defining crate
[INFO] [stdout]     = help: try referring to `assume` crate for guidance on how handle this unexpected cfg
[INFO] [stdout]     = help: the macro `assume` may come from an old version of the `mirai_annotations` crate, try updating your dependency with `cargo update -p mirai_annotations`
[INFO] [stdout]     = note: see <https://doc.rust-lang.org/nightly/rustc/check-cfg/cargo-specifics.html> for more information about checking conditional configuration
[INFO] [stdout]     = note: this warning originates in the macro `assume` (in Nightly builds, run with -Z macro-backtrace for more info)
[INFO] [stdout] 
[INFO] [stdout] 
[INFO] [stderr]     Checking accumulator v0.1.0 (/opt/rustwide/workdir/storage/accumulator)
[INFO] [stdout] warning: unexpected `cfg` condition name: `mirai`
[INFO] [stdout]    --> storage/accumulator/src/lib.rs:321:9
[INFO] [stdout]     |
[INFO] [stdout] 321 |         precondition!(root_level as usize <= MAX_ACCUMULATOR_PROOF_DEPTH);
[INFO] [stdout]     |         ^^^^^^^^^^^^^^^^^^^^^^^^^^^^^^^^^^^^^^^^^^^^^^^^^^^^^^^^^^^^^^^^^
[INFO] [stdout]     |
[INFO] [stdout]     = note: using a cfg inside a macro will use the cfgs from the destination crate and not the ones from the defining crate
[INFO] [stdout]     = help: try referring to `precondition` crate for guidance on how handle this unexpected cfg
[INFO] [stdout]     = help: the macro `precondition` may come from an old version of the `mirai_annotations` crate, try updating your dependency with `cargo update -p mirai_annotations`
[INFO] [stdout]     = note: see <https://doc.rust-lang.org/nightly/rustc/check-cfg/cargo-specifics.html> for more information about checking conditional configuration
[INFO] [stdout]     = note: `#[warn(unexpected_cfgs)]` on by default
[INFO] [stdout]     = note: this warning originates in the macro `precondition` (in Nightly builds, run with -Z macro-backtrace for more info)
[INFO] [stdout] 
[INFO] [stdout] 
[INFO] [stdout] warning: unexpected `cfg` condition name: `mirai`
[INFO] [stdout]    --> storage/accumulator/src/lib.rs:322:9
[INFO] [stdout]     |
[INFO] [stdout] 322 |         precondition!(num_new_leaves < (usize::max_value() / 2));
[INFO] [stdout]     |         ^^^^^^^^^^^^^^^^^^^^^^^^^^^^^^^^^^^^^^^^^^^^^^^^^^^^^^^^
[INFO] [stdout]     |
[INFO] [stdout]     = note: using a cfg inside a macro will use the cfgs from the destination crate and not the ones from the defining crate
[INFO] [stdout]     = help: try referring to `precondition` crate for guidance on how handle this unexpected cfg
[INFO] [stdout]     = help: the macro `precondition` may come from an old version of the `mirai_annotations` crate, try updating your dependency with `cargo update -p mirai_annotations`
[INFO] [stdout]     = note: see <https://doc.rust-lang.org/nightly/rustc/check-cfg/cargo-specifics.html> for more information about checking conditional configuration
[INFO] [stdout]     = note: this warning originates in the macro `precondition` (in Nightly builds, run with -Z macro-backtrace for more info)
[INFO] [stdout] 
[INFO] [stdout] 
[INFO] [stdout] warning: unexpected `cfg` condition name: `mirai`
[INFO] [stdout]    --> storage/accumulator/src/lib.rs:323:9
[INFO] [stdout]     |
[INFO] [stdout] 323 |         precondition!(num_new_leaves * 2 <= usize::max_value() - root_level as usize);
[INFO] [stdout]     |         ^^^^^^^^^^^^^^^^^^^^^^^^^^^^^^^^^^^^^^^^^^^^^^^^^^^^^^^^^^^^^^^^^^^^^^^^^^^^^
[INFO] [stdout]     |
[INFO] [stdout]     = note: using a cfg inside a macro will use the cfgs from the destination crate and not the ones from the defining crate
[INFO] [stdout]     = help: try referring to `precondition` crate for guidance on how handle this unexpected cfg
[INFO] [stdout]     = help: the macro `precondition` may come from an old version of the `mirai_annotations` crate, try updating your dependency with `cargo update -p mirai_annotations`
[INFO] [stdout]     = note: see <https://doc.rust-lang.org/nightly/rustc/check-cfg/cargo-specifics.html> for more information about checking conditional configuration
[INFO] [stdout]     = note: this warning originates in the macro `precondition` (in Nightly builds, run with -Z macro-backtrace for more info)
[INFO] [stdout] 
[INFO] [stdout] 
[INFO] [stdout] warning: non-local `impl` definition, `impl` blocks should be written at the same level as their item
[INFO] [stdout]    --> storage/jellyfish-merkle/src/node_type/mod.rs:627:10
[INFO] [stdout]     |
[INFO] [stdout] 627 | #[derive(FromPrimitive, ToPrimitive)]
[INFO] [stdout]     |          ^------------
[INFO] [stdout]     |          |
[INFO] [stdout]     |          `FromPrimitive` is not local
[INFO] [stdout]     |          move the `impl` block outside of this constant `_IMPL_NUM_FromPrimitive_FOR_NodeTag`
[INFO] [stdout] 628 | enum NodeTag {
[INFO] [stdout]     |      ------- `NodeTag` is not local
[INFO] [stdout]     |
[INFO] [stdout]     = note: the derive macro `FromPrimitive` defines the non-local `impl`, and may need to be changed
[INFO] [stdout]     = note: the derive macro `FromPrimitive` may come from an old version of the `num_derive` crate, try updating your dependency with `cargo update -p num_derive`
[INFO] [stdout]     = note: an `impl` is never scoped, even when it is nested inside an item, as it may impact type checking outside of that item, which can be the case if neither the trait or the self type are at the same nesting level as the `impl`
[INFO] [stdout]     = note: items in an anonymous const item (`const _: () = { ... }`) are treated as in the same scope as the anonymous const's declaration for the purpose of this lint
[INFO] [stdout]     = note: `#[warn(non_local_definitions)]` on by default
[INFO] [stdout]     = note: this warning originates in the derive macro `FromPrimitive` (in Nightly builds, run with -Z macro-backtrace for more info)
[INFO] [stdout] 
[INFO] [stdout] 
[INFO] [stdout] warning: non-local `impl` definition, `impl` blocks should be written at the same level as their item
[INFO] [stdout]    --> storage/jellyfish-merkle/src/node_type/mod.rs:627:25
[INFO] [stdout]     |
[INFO] [stdout] 627 | #[derive(FromPrimitive, ToPrimitive)]
[INFO] [stdout]     |                         ^----------
[INFO] [stdout]     |                         |
[INFO] [stdout]     |                         `ToPrimitive` is not local
[INFO] [stdout]     |                         move the `impl` block outside of this constant `_IMPL_NUM_ToPrimitive_FOR_NodeTag`
[INFO] [stdout] 628 | enum NodeTag {
[INFO] [stdout]     |      ------- `NodeTag` is not local
[INFO] [stdout]     |
[INFO] [stdout]     = note: the derive macro `ToPrimitive` defines the non-local `impl`, and may need to be changed
[INFO] [stdout]     = note: the derive macro `ToPrimitive` may come from an old version of the `num_derive` crate, try updating your dependency with `cargo update -p num_derive`
[INFO] [stdout]     = note: an `impl` is never scoped, even when it is nested inside an item, as it may impact type checking outside of that item, which can be the case if neither the trait or the self type are at the same nesting level as the `impl`
[INFO] [stdout]     = note: items in an anonymous const item (`const _: () = { ... }`) are treated as in the same scope as the anonymous const's declaration for the purpose of this lint
[INFO] [stdout]     = note: this warning originates in the derive macro `ToPrimitive` (in Nightly builds, run with -Z macro-backtrace for more info)
[INFO] [stdout] 
[INFO] [stdout] 
[INFO] [stderr]     Checking netcore v0.1.0 (/opt/rustwide/workdir/network/netcore)
[INFO] [stderr]     Checking event-notifications v0.1.0 (/opt/rustwide/workdir/state-sync/inter-component/event-notifications)
[INFO] [stderr]     Checking storage-service-types v0.1.0 (/opt/rustwide/workdir/state-sync/storage-service/types)
[INFO] [stderr]     Checking mempool-notifications v0.1.0 (/opt/rustwide/workdir/state-sync/inter-component/mempool-notifications)
[INFO] [stderr]     Checking consensus-notifications v0.1.0 (/opt/rustwide/workdir/state-sync/inter-component/consensus-notifications)
[INFO] [stderr]     Checking network v0.1.0 (/opt/rustwide/workdir/network)
[INFO] [stderr]     Checking executor v0.1.0 (/opt/rustwide/workdir/execution/executor)
[INFO] [stderr]     Checking safety-rules v0.1.0 (/opt/rustwide/workdir/consensus/safety-rules)
[INFO] [stderr]     Checking vm-validator v0.1.0 (/opt/rustwide/workdir/vm-validator)
[INFO] [stderr]     Checking aptos-resource-viewer v0.1.0 (/opt/rustwide/workdir/aptos-move/aptos-resource-viewer)
[INFO] [stderr]     Checking debug-interface v0.1.0 (/opt/rustwide/workdir/crates/debug-interface)
[INFO] [stderr]     Checking storage-client v0.1.0 (/opt/rustwide/workdir/storage/storage-client)
[INFO] [stderr]  Documenting transaction-builder-generator v0.1.0 (/opt/rustwide/workdir/aptos-move/transaction-builder-generator)
[INFO] [stderr]  Documenting safety-rules v0.1.0 (/opt/rustwide/workdir/consensus/safety-rules)
[INFO] [stderr]  Documenting framework v0.1.0 (/opt/rustwide/workdir/aptos-move/framework)
[INFO] [stderr]     Checking storage-service-client v0.1.0 (/opt/rustwide/workdir/state-sync/storage-service/client)
[INFO] [stderr]     Checking storage-service-server v0.1.0 (/opt/rustwide/workdir/state-sync/storage-service/server)
[INFO] [stderr]     Checking aptos-mempool v0.1.0 (/opt/rustwide/workdir/mempool)
[INFO] [stderr] error: could not document `safety-rules`
[INFO] [stderr] 
[INFO] [stderr] Caused by:
[INFO] [stderr]   process didn't exit successfully: `/opt/rustwide/rustup-home/toolchains/beta-2025-02-18-x86_64-unknown-linux-gnu/bin/rustdoc --edition=2018 --crate-type lib --crate-name safety_rules consensus/safety-rules/src/lib.rs -o /opt/rustwide/target/doc --cfg 'feature="default"' --check-cfg 'cfg(docsrs,test)' --check-cfg 'cfg(feature, values("aptos-proptest-helpers", "default", "fuzzing", "proptest", "testing"))' --error-format=json --json=diagnostic-rendered-ansi,artifacts,future-incompat -C metadata=153b0abd8b5dff92 -L dependency=/opt/rustwide/target/debug/deps --extern aptos_config=/opt/rustwide/target/debug/deps/libaptos_config-46652ddb1e719dec.rmeta --extern aptos_crypto=/opt/rustwide/target/debug/deps/libaptos_crypto-9d8ed132b2ba1ff7.rmeta --extern aptos_global_constants=/opt/rustwide/target/debug/deps/libaptos_global_constants-0263d40a78d2da75.rmeta --extern aptos_infallible=/opt/rustwide/target/debug/deps/libaptos_infallible-24158032c2ec5fdb.rmeta --extern aptos_logger=/opt/rustwide/target/debug/deps/libaptos_logger-38f0c3edc470f377.rmeta --extern aptos_secure_net=/opt/rustwide/target/debug/deps/libaptos_secure_net-0f66af37742b5f43.rmeta --extern aptos_secure_push_metrics=/opt/rustwide/target/debug/deps/libaptos_secure_push_metrics-50aa7a27b426dc61.rmeta --extern aptos_secure_storage=/opt/rustwide/target/debug/deps/libaptos_secure_storage-90a06adede46aea9.rmeta --extern aptos_temppath=/opt/rustwide/target/debug/deps/libaptos_temppath-17f94e26c63c8247.rmeta --extern aptos_types=/opt/rustwide/target/debug/deps/libaptos_types-0b3dd39d16f35aea.rmeta --extern aptos_vault_client=/opt/rustwide/target/debug/deps/libaptos_vault_client-80e9f07821b54979.rmeta --extern aptos_workspace_hack=/opt/rustwide/target/debug/deps/libaptos_workspace_hack-e46d82de2357fb9b.rmeta --extern consensus_types=/opt/rustwide/target/debug/deps/libconsensus_types-82fb08af0d3160c4.rmeta --extern crash_handler=/opt/rustwide/target/debug/deps/libcrash_handler-3e80910777f1d9f7.rmeta --extern once_cell=/opt/rustwide/target/debug/deps/libonce_cell-dfc0ef3d021c8ac4.rmeta --extern rand=/opt/rustwide/target/debug/deps/librand-d5da6201e19fab49.rmeta --extern serde=/opt/rustwide/target/debug/deps/libserde-dc3588a30531b702.rmeta --extern serde_json=/opt/rustwide/target/debug/deps/libserde_json-31181c13c00cb1ee.rmeta --extern thiserror=/opt/rustwide/target/debug/deps/libthiserror-143f87f583ddd1d4.rmeta --document-private-items --cap-lints=warn --crate-version 0.1.0` (signal: 9, SIGKILL: kill)
[INFO] [stderr] warning: build failed, waiting for other jobs to finish...
[INFO] [stderr] error: failed to run custom build command for `jemalloc-sys v0.3.2`
[INFO] [stderr] note: To improve backtraces for build dependencies, set the CARGO_PROFILE_DEV_BUILD_OVERRIDE_DEBUG=true environment variable to enable debug information generation.
[INFO] [stderr] 
[INFO] [stderr] Caused by:
[INFO] [stderr]   process didn't exit successfully: `/opt/rustwide/target/debug/build/jemalloc-sys-5b4184adb5590c1d/build-script-build` (exit status: 101)
[INFO] [stderr]   --- stdout
[INFO] [stderr]   TARGET=x86_64-unknown-linux-gnu
[INFO] [stderr]   HOST=x86_64-unknown-linux-gnu
[INFO] [stderr]   NUM_JOBS=8
[INFO] [stderr]   OUT_DIR="/opt/rustwide/target/debug/build/jemalloc-sys-edd102a7ca03c5c1/out"
[INFO] [stderr]   BUILD_DIR="/opt/rustwide/target/debug/build/jemalloc-sys-edd102a7ca03c5c1/out/build"
[INFO] [stderr]   SRC_DIR="/opt/rustwide/cargo-home/registry/src/index.crates.io-1949cf8c6b5b557f/jemalloc-sys-0.3.2"
[INFO] [stderr]   OPT_LEVEL = Some("0")
[INFO] [stderr]   TARGET = Some("x86_64-unknown-linux-gnu")
[INFO] [stderr]   HOST = Some("x86_64-unknown-linux-gnu")
[INFO] [stderr]   CC_x86_64-unknown-linux-gnu = None
[INFO] [stderr]   CC_x86_64_unknown_linux_gnu = None
[INFO] [stderr]   HOST_CC = None
[INFO] [stderr]   CC = None
[INFO] [stderr]   CFLAGS_x86_64-unknown-linux-gnu = None
[INFO] [stderr]   CFLAGS_x86_64_unknown_linux_gnu = None
[INFO] [stderr]   HOST_CFLAGS = None
[INFO] [stderr]   CFLAGS = None
[INFO] [stderr]   CRATE_CC_NO_DEFAULTS = None
[INFO] [stderr]   DEBUG = Some("true")
[INFO] [stderr]   CARGO_CFG_TARGET_FEATURE = Some("fxsr,sse,sse2")
[INFO] [stderr]   CC="cc"
[INFO] [stderr]   CFLAGS="-O0 -ffunction-sections -fdata-sections -fPIC -g -fno-omit-frame-pointer -m64 -Wall"
[INFO] [stderr]   JEMALLOC_REPO_DIR="jemalloc"
[INFO] [stderr]   JEMALLOC_SRC_DIR="/opt/rustwide/target/debug/build/jemalloc-sys-edd102a7ca03c5c1/out/jemalloc"
[INFO] [stderr]   CARGO_FEATURE_PROFILING set
[INFO] [stderr]   running: cd "/opt/rustwide/target/debug/build/jemalloc-sys-edd102a7ca03c5c1/out/build" && CC="cc" CFLAGS="-O0 -ffunction-sections -fdata-sections -fPIC -g -fno-omit-frame-pointer -m64 -Wall" CPPFLAGS="-O0 -ffunction-sections -fdata-sections -fPIC -g -fno-omit-frame-pointer -m64 -Wall" LDFLAGS="-O0 -ffunction-sections -fdata-sections -fPIC -g -fno-omit-frame-pointer -m64 -Wall" "sh" "/opt/rustwide/target/debug/build/jemalloc-sys-edd102a7ca03c5c1/out/jemalloc/configure" "--disable-cxx" "--with-private-namespace=_rjem_" "--enable-prof" "--host=x86_64-unknown-linux-gnu" "--build=x86_64-unknown-linux-gnu" "--prefix=/opt/rustwide/target/debug/build/jemalloc-sys-edd102a7ca03c5c1/out"
[INFO] [stderr]   checking for xsltproc... false
[INFO] [stderr]   checking for x86_64-unknown-linux-gnu-gcc... cc
[INFO] [stderr]   checking whether the C compiler works... yes
[INFO] [stderr]   checking for C compiler default output file name... a.out
[INFO] [stderr]   checking for suffix of executables... 
[INFO] [stderr]   checking whether we are cross compiling... no
[INFO] [stderr]   checking for suffix of object files... o
[INFO] [stderr]   checking whether we are using the GNU C compiler... yes
[INFO] [stderr]   checking whether cc accepts -g... yes
[INFO] [stderr]   checking for cc option to accept ISO C89... none needed
[INFO] [stderr]   checking whether compiler is cray... no
[INFO] [stderr]   checking whether compiler supports -std=gnu11... yes
[INFO] [stderr]   checking whether compiler supports -Wall... yes
[INFO] [stderr]   checking whether compiler supports -Wshorten-64-to-32... no
[INFO] [stderr]   checking whether compiler supports -Wsign-compare... yes
[INFO] [stderr]   checking whether compiler supports -Wundef... yes
[INFO] [stderr]   checking whether compiler supports -Wno-format-zero-length... yes
[INFO] [stderr]   checking whether compiler supports -pipe... yes
[INFO] [stderr]   checking whether compiler supports -g3... yes
[INFO] [stderr]   checking how to run the C preprocessor... cc -E
[INFO] [stderr]   checking for grep that handles long lines and -e... /usr/bin/grep
[INFO] [stderr]   checking for egrep... /usr/bin/grep -E
[INFO] [stderr]   checking for ANSI C header files... yes
[INFO] [stderr]   checking for sys/types.h... yes
[INFO] [stderr]   checking for sys/stat.h... yes
[INFO] [stderr]   checking for stdlib.h... yes
[INFO] [stderr]   checking for string.h... yes
[INFO] [stderr]   checking for memory.h... yes
[INFO] [stderr]   checking for strings.h... yes
[INFO] [stderr]   checking for inttypes.h... yes
[INFO] [stderr]   checking for stdint.h... yes
[INFO] [stderr]   checking for unistd.h... yes
[INFO] [stderr]   checking whether byte ordering is bigendian... no
[INFO] [stderr]   checking size of void *... 8
[INFO] [stderr]   checking size of int... 4
[INFO] [stderr]   checking size of long... 8
[INFO] [stderr]   checking size of long long... 8
[INFO] [stderr]   checking size of intmax_t... 8
[INFO] [stderr]   checking build system type... x86_64-unknown-linux-gnu
[INFO] [stderr]   checking host system type... x86_64-unknown-linux-gnu
[INFO] [stderr]   checking whether pause instruction is compilable... yes
[INFO] [stderr]   checking number of significant virtual address bits... 48
[INFO] [stderr]   checking for x86_64-unknown-linux-gnu-ar... no
[INFO] [stderr]   checking for ar... ar
[INFO] [stderr]   checking for x86_64-unknown-linux-gnu-nm... no
[INFO] [stderr]   checking for nm... nm
[INFO] [stderr]   checking for gawk... no
[INFO] [stderr]   checking for mawk... mawk
[INFO] [stderr]   checking malloc.h usability... yes
[INFO] [stderr]   checking malloc.h presence... yes
[INFO] [stderr]   checking for malloc.h... yes
[INFO] [stderr]   checking whether malloc_usable_size definition can use const argument... no
[INFO] [stderr]   checking for library containing log... -lm
[INFO] [stderr]   checking whether __attribute__ syntax is compilable... yes
[INFO] [stderr]   checking whether compiler supports -fvisibility=hidden... yes
[INFO] [stderr]   checking whether compiler supports -fvisibility=hidden... no
[INFO] [stderr]   checking whether compiler supports -Werror... yes
[INFO] [stderr]   checking whether compiler supports -herror_on_warning... yes
[INFO] [stderr]   checking whether tls_model attribute is compilable... yes
[INFO] [stderr]   checking whether compiler supports -Werror... yes
[INFO] [stderr]   checking whether compiler supports -herror_on_warning... yes
[INFO] [stderr]   checking whether alloc_size attribute is compilable... yes
[INFO] [stderr]   checking whether compiler supports -Werror... yes
[INFO] [stderr]   checking whether compiler supports -herror_on_warning... yes
[INFO] [stderr]   checking whether format(gnu_printf, ...) attribute is compilable... yes
[INFO] [stderr]   checking whether compiler supports -Werror... yes
[INFO] [stderr]   checking whether compiler supports -herror_on_warning... yes
[INFO] [stderr]   checking whether format(printf, ...) attribute is compilable... yes
[INFO] [stderr]   checking for a BSD-compatible install... /usr/bin/install -c
[INFO] [stderr]   checking for x86_64-unknown-linux-gnu-ranlib... no
[INFO] [stderr]   checking for ranlib... ranlib
[INFO] [stderr]   checking for ld... /usr/bin/ld
[INFO] [stderr]   checking for autoconf... /usr/bin/autoconf
[INFO] [stderr]   checking for memalign... yes
[INFO] [stderr]   checking for valloc... yes
[INFO] [stderr]   checking for __libc_calloc... yes
[INFO] [stderr]   checking for __libc_free... yes
[INFO] [stderr]   checking for __libc_malloc... yes
[INFO] [stderr]   checking for __libc_memalign... yes
[INFO] [stderr]   checking for __libc_realloc... yes
[INFO] [stderr]   checking for __libc_valloc... yes
[INFO] [stderr]   checking for __posix_memalign... no
[INFO] [stderr]   checking whether compiler supports -O3... yes
[INFO] [stderr]   checking whether compiler supports -O3... no
[INFO] [stderr]   checking whether compiler supports -funroll-loops... yes
[INFO] [stderr]   checking unwind.h usability... yes
[INFO] [stderr]   checking unwind.h presence... yes
[INFO] [stderr]   checking for unwind.h... yes
[INFO] [stderr]   checking for _Unwind_Backtrace in -lgcc... yes
[INFO] [stderr]   checking configured backtracing method... libgcc
[INFO] [stderr]   checking for sbrk... yes
[INFO] [stderr]   checking whether utrace(2) is compilable... no
[INFO] [stderr]   checking whether a program using __builtin_unreachable is compilable... yes
[INFO] [stderr]   checking whether a program using __builtin_ffsl is compilable... yes
[INFO] [stderr]   checking LG_PAGE... 12
[INFO] [stderr]   Missing VERSION file, and unable to generate it; creating bogus VERSION
[INFO] [stderr]   checking pthread.h usability... yes
[INFO] [stderr]   checking pthread.h presence... yes
[INFO] [stderr]   checking for pthread.h... yes
[INFO] [stderr]   checking for pthread_create in -lpthread... yes
[INFO] [stderr]   checking dlfcn.h usability... yes
[INFO] [stderr]   checking dlfcn.h presence... yes
[INFO] [stderr]   checking for dlfcn.h... yes
[INFO] [stderr]   checking for dlsym... yes
[INFO] [stderr]   checking whether pthread_atfork(3) is compilable... yes
[INFO] [stderr]   checking whether pthread_setname_np(3) is compilable... yes
[INFO] [stderr]   checking for library containing clock_gettime... none required
[INFO] [stderr]   checking whether clock_gettime(CLOCK_MONOTONIC_COARSE, ...) is compilable... yes
[INFO] [stderr]   checking whether clock_gettime(CLOCK_MONOTONIC, ...) is compilable... yes
[INFO] [stderr]   checking whether mach_absolute_time() is compilable... no
[INFO] [stderr]   checking whether compiler supports -Werror... yes
[INFO] [stderr]   checking whether syscall(2) is compilable... yes
[INFO] [stderr]   checking for secure_getenv... yes
[INFO] [stderr]   checking for sched_getcpu... yes
[INFO] [stderr]   checking for sched_setaffinity... yes
[INFO] [stderr]   checking for issetugid... no
[INFO] [stderr]   checking for _malloc_thread_cleanup... no
[INFO] [stderr]   checking for _pthread_mutex_init_calloc_cb... no
[INFO] [stderr]   checking for TLS... yes
[INFO] [stderr]   checking whether C11 atomics is compilable... yes
[INFO] [stderr]   checking whether GCC __atomic atomics is compilable... yes
[INFO] [stderr]   checking whether GCC __sync atomics is compilable... yes
[INFO] [stderr]   checking whether Darwin OSAtomic*() is compilable... no
[INFO] [stderr]   checking whether madvise(2) is compilable... yes
[INFO] [stderr]   checking whether madvise(..., MADV_FREE) is compilable... yes
[INFO] [stderr]   checking whether madvise(..., MADV_DONTNEED) is compilable... yes
[INFO] [stderr]   checking whether madvise(..., MADV_DO[NT]DUMP) is compilable... yes
[INFO] [stderr]   checking whether madvise(..., MADV_[NO]HUGEPAGE) is compilable... yes
[INFO] [stderr]   checking whether to force 32-bit __sync_{add,sub}_and_fetch()... no
[INFO] [stderr]   checking whether to force 64-bit __sync_{add,sub}_and_fetch()... no
[INFO] [stderr]   checking for __builtin_clz... yes
[INFO] [stderr]   checking whether Darwin os_unfair_lock_*() is compilable... no
[INFO] [stderr]   checking whether Darwin OSSpin*() is compilable... no
[INFO] [stderr]   checking whether glibc malloc hook is compilable... no
[INFO] [stderr]   checking whether glibc memalign hook is compilable... no
[INFO] [stderr]   checking whether pthreads adaptive mutexes is compilable... yes
[INFO] [stderr]   checking whether compiler supports -D_GNU_SOURCE... yes
[INFO] [stderr]   checking whether compiler supports -Werror... yes
[INFO] [stderr]   checking whether compiler supports -herror_on_warning... yes
[INFO] [stderr]   checking whether strerror_r returns char with gnu source is compilable... yes
[INFO] [stderr]   checking for stdbool.h that conforms to C99... yes
[INFO] [stderr]   checking for _Bool... yes
[INFO] [stderr]   configure: creating ./config.status
[INFO] [stderr]   config.status: creating Makefile
[INFO] [stderr]   config.status: creating jemalloc.pc
[INFO] [stderr]   config.status: creating doc/html.xsl
[INFO] [stderr]   config.status: creating doc/manpages.xsl
[INFO] [stderr]   config.status: creating doc/jemalloc.xml
[INFO] [stderr]   config.status: creating include/jemalloc/jemalloc_macros.h
[INFO] [stderr]   config.status: creating include/jemalloc/jemalloc_protos.h
[INFO] [stderr]   config.status: creating include/jemalloc/jemalloc_typedefs.h
[INFO] [stderr]   config.status: creating include/jemalloc/internal/jemalloc_preamble.h
[INFO] [stderr]   config.status: creating test/test.sh
[INFO] [stderr]   config.status: creating test/include/test/jemalloc_test.h
[INFO] [stderr]   config.status: creating config.stamp
[INFO] [stderr]   config.status: creating bin/jemalloc-config
[INFO] [stderr]   config.status: creating bin/jemalloc.sh
[INFO] [stderr]   config.status: creating bin/jeprof
[INFO] [stderr]   config.status: creating include/jemalloc/jemalloc_defs.h
[INFO] [stderr]   config.status: creating include/jemalloc/internal/jemalloc_internal_defs.h
[INFO] [stderr]   config.status: creating test/include/test/jemalloc_test_defs.h
[INFO] [stderr]   config.status: executing include/jemalloc/internal/public_symbols.txt commands
[INFO] [stderr]   config.status: executing include/jemalloc/internal/private_symbols.awk commands
[INFO] [stderr]   config.status: executing include/jemalloc/internal/private_symbols_jet.awk commands
[INFO] [stderr]   config.status: executing include/jemalloc/internal/public_namespace.h commands
[INFO] [stderr]   config.status: executing include/jemalloc/internal/public_unnamespace.h commands
[INFO] [stderr]   config.status: executing include/jemalloc/internal/size_classes.h commands
[INFO] [stderr]   config.status: executing include/jemalloc/jemalloc_protos_jet.h commands
[INFO] [stderr]   config.status: executing include/jemalloc/jemalloc_rename.h commands
[INFO] [stderr]   config.status: executing include/jemalloc/jemalloc_mangle.h commands
[INFO] [stderr]   config.status: executing include/jemalloc/jemalloc_mangle_jet.h commands
[INFO] [stderr]   config.status: executing include/jemalloc/jemalloc.h commands
[INFO] [stderr]   ===============================================================================
[INFO] [stderr]   jemalloc version   : 0.0.0-0-g0000000000000000000000000000000000000000
[INFO] [stderr]   library revision   : 2
[INFO] [stderr] 
[INFO] [stderr]   CONFIG             : --disable-cxx --with-private-namespace=_rjem_ --enable-prof --host=x86_64-unknown-linux-gnu --build=x86_64-unknown-linux-gnu --prefix=/opt/rustwide/target/debug/build/jemalloc-sys-edd102a7ca03c5c1/out build_alias=x86_64-unknown-linux-gnu host_alias=x86_64-unknown-linux-gnu CC=cc 'CFLAGS=-O0 -ffunction-sections -fdata-sections -fPIC -g -fno-omit-frame-pointer -m64 -Wall' 'LDFLAGS=-O0 -ffunction-sections -fdata-sections -fPIC -g -fno-omit-frame-pointer -m64 -Wall' 'CPPFLAGS=-O0 -ffunction-sections -fdata-sections -fPIC -g -fno-omit-frame-pointer -m64 -Wall'
[INFO] [stderr]   CC                 : cc
[INFO] [stderr]   CONFIGURE_CFLAGS   : -std=gnu11 -Wall -Wsign-compare -Wundef -Wno-format-zero-length -pipe -g3 -fvisibility=hidden -O3 -funroll-loops
[INFO] [stderr]   SPECIFIED_CFLAGS   : -O0 -ffunction-sections -fdata-sections -fPIC -g -fno-omit-frame-pointer -m64 -Wall
[INFO] [stderr]   EXTRA_CFLAGS       : 
[INFO] [stderr]   CPPFLAGS           : -O0 -ffunction-sections -fdata-sections -fPIC -g -fno-omit-frame-pointer -m64 -Wall -D_GNU_SOURCE -D_REENTRANT
[INFO] [stderr]   CXX                : 
[INFO] [stderr]   CONFIGURE_CXXFLAGS : 
[INFO] [stderr]   SPECIFIED_CXXFLAGS : 
[INFO] [stderr]   EXTRA_CXXFLAGS     : 
[INFO] [stderr]   LDFLAGS            : -O0 -ffunction-sections -fdata-sections -fPIC -g -fno-omit-frame-pointer -m64 -Wall
[INFO] [stderr]   EXTRA_LDFLAGS      : 
[INFO] [stderr]   DSO_LDFLAGS        : -shared -Wl,-soname,$(@F)
[INFO] [stderr]   LIBS               : -lm  -lgcc -lm -lpthread
[INFO] [stderr]   RPATH_EXTRA        : 
[INFO] [stderr] 
[INFO] [stderr]   XSLTPROC           : false
[INFO] [stderr]   XSLROOT            : 
[INFO] [stderr] 
[INFO] [stderr]   PREFIX             : /opt/rustwide/target/debug/build/jemalloc-sys-edd102a7ca03c5c1/out
[INFO] [stderr]   BINDIR             : /opt/rustwide/target/debug/build/jemalloc-sys-edd102a7ca03c5c1/out/bin
[INFO] [stderr]   DATADIR            : /opt/rustwide/target/debug/build/jemalloc-sys-edd102a7ca03c5c1/out/share
[INFO] [stderr]   INCLUDEDIR         : /opt/rustwide/target/debug/build/jemalloc-sys-edd102a7ca03c5c1/out/include
[INFO] [stderr]   LIBDIR             : /opt/rustwide/target/debug/build/jemalloc-sys-edd102a7ca03c5c1/out/lib
[INFO] [stderr]   MANDIR             : /opt/rustwide/target/debug/build/jemalloc-sys-edd102a7ca03c5c1/out/share/man
[INFO] [stderr] 
[INFO] [stderr]   srcroot            : /opt/rustwide/target/debug/build/jemalloc-sys-edd102a7ca03c5c1/out/jemalloc/
[INFO] [stderr]   abs_srcroot        : /opt/rustwide/target/debug/build/jemalloc-sys-edd102a7ca03c5c1/out/jemalloc/
[INFO] [stderr]   objroot            : 
[INFO] [stderr]   abs_objroot        : /opt/rustwide/target/debug/build/jemalloc-sys-edd102a7ca03c5c1/out/build/
[INFO] [stderr] 
[INFO] [stderr]   JEMALLOC_PREFIX    : 
[INFO] [stderr]   JEMALLOC_PRIVATE_NAMESPACE
[INFO] [stderr]                      : _rjem_je_
[INFO] [stderr]   install_suffix     : 
[INFO] [stderr]   malloc_conf        : 
[INFO] [stderr]   autogen            : 0
[INFO] [stderr]   debug              : 0
[INFO] [stderr]   stats              : 1
[INFO] [stderr]   prof               : 1
[INFO] [stderr]   prof-libunwind     : 0
[INFO] [stderr]   prof-libgcc        : 1
[INFO] [stderr]   prof-gcc           : 0
[INFO] [stderr]   fill               : 1
[INFO] [stderr]   utrace             : 0
[INFO] [stderr]   xmalloc            : 0
[INFO] [stderr]   log                : 0
[INFO] [stderr]   lazy_lock          : 0
[INFO] [stderr]   cache-oblivious    : 1
[INFO] [stderr]   cxx                : 0
[INFO] [stderr]   ===============================================================================
[INFO] [stderr]   running: cd "/opt/rustwide/target/debug/build/jemalloc-sys-edd102a7ca03c5c1/out/build" && "make" "srcroot=../jemalloc/" "-j" "8"
[INFO] [stderr]   cc -std=gnu11 -Wall -Wsign-compare -Wundef -Wno-format-zero-length -pipe -g3 -fvisibility=hidden -O3 -funroll-loops -O0 -ffunction-sections -fdata-sections -fPIC -g -fno-omit-frame-pointer -m64 -Wall -fPIC -DPIC -c -O0 -ffunction-sections -fdata-sections -fPIC -g -fno-omit-frame-pointer -m64 -Wall -D_GNU_SOURCE -D_REENTRANT -Iinclude -I../jemalloc/include -DJEMALLOC_NO_PRIVATE_NAMESPACE -o src/jemalloc.sym.o ../jemalloc/src/jemalloc.c
[INFO] [stderr]   cc -std=gnu11 -Wall -Wsign-compare -Wundef -Wno-format-zero-length -pipe -g3 -fvisibility=hidden -O3 -funroll-loops -O0 -ffunction-sections -fdata-sections -fPIC -g -fno-omit-frame-pointer -m64 -Wall -fPIC -DPIC -c -O0 -ffunction-sections -fdata-sections -fPIC -g -fno-omit-frame-pointer -m64 -Wall -D_GNU_SOURCE -D_REENTRANT -Iinclude -I../jemalloc/include -DJEMALLOC_NO_PRIVATE_NAMESPACE -o src/arena.sym.o ../jemalloc/src/arena.c
[INFO] [stderr]   cc -std=gnu11 -Wall -Wsign-compare -Wundef -Wno-format-zero-length -pipe -g3 -fvisibility=hidden -O3 -funroll-loops -O0 -ffunction-sections -fdata-sections -fPIC -g -fno-omit-frame-pointer -m64 -Wall -fPIC -DPIC -c -O0 -ffunction-sections -fdata-sections -fPIC -g -fno-omit-frame-pointer -m64 -Wall -D_GNU_SOURCE -D_REENTRANT -Iinclude -I../jemalloc/include -DJEMALLOC_NO_PRIVATE_NAMESPACE -o src/background_thread.sym.o ../jemalloc/src/background_thread.c
[INFO] [stderr]   cc -std=gnu11 -Wall -Wsign-compare -Wundef -Wno-format-zero-length -pipe -g3 -fvisibility=hidden -O3 -funroll-loops -O0 -ffunction-sections -fdata-sections -fPIC -g -fno-omit-frame-pointer -m64 -Wall -fPIC -DPIC -c -O0 -ffunction-sections -fdata-sections -fPIC -g -fno-omit-frame-pointer -m64 -Wall -D_GNU_SOURCE -D_REENTRANT -Iinclude -I../jemalloc/include -DJEMALLOC_NO_PRIVATE_NAMESPACE -o src/base.sym.o ../jemalloc/src/base.c
[INFO] [stderr]   cc -std=gnu11 -Wall -Wsign-compare -Wundef -Wno-format-zero-length -pipe -g3 -fvisibility=hidden -O3 -funroll-loops -O0 -ffunction-sections -fdata-sections -fPIC -g -fno-omit-frame-pointer -m64 -Wall -fPIC -DPIC -c -O0 -ffunction-sections -fdata-sections -fPIC -g -fno-omit-frame-pointer -m64 -Wall -D_GNU_SOURCE -D_REENTRANT -Iinclude -I../jemalloc/include -DJEMALLOC_NO_PRIVATE_NAMESPACE -o src/bin.sym.o ../jemalloc/src/bin.c
[INFO] [stderr]   cc -std=gnu11 -Wall -Wsign-compare -Wundef -Wno-format-zero-length -pipe -g3 -fvisibility=hidden -O3 -funroll-loops -O0 -ffunction-sections -fdata-sections -fPIC -g -fno-omit-frame-pointer -m64 -Wall -fPIC -DPIC -c -O0 -ffunction-sections -fdata-sections -fPIC -g -fno-omit-frame-pointer -m64 -Wall -D_GNU_SOURCE -D_REENTRANT -Iinclude -I../jemalloc/include -DJEMALLOC_NO_PRIVATE_NAMESPACE -o src/ckh.sym.o ../jemalloc/src/ckh.c
[INFO] [stderr]   cc -std=gnu11 -Wall -Wsign-compare -Wundef -Wno-format-zero-length -pipe -g3 -fvisibility=hidden -O3 -funroll-loops -O0 -ffunction-sections -fdata-sections -fPIC -g -fno-omit-frame-pointer -m64 -Wall -fPIC -DPIC -c -O0 -ffunction-sections -fdata-sections -fPIC -g -fno-omit-frame-pointer -m64 -Wall -D_GNU_SOURCE -D_REENTRANT -Iinclude -I../jemalloc/include -DJEMALLOC_NO_PRIVATE_NAMESPACE -o src/ctl.sym.o ../jemalloc/src/ctl.c
[INFO] [stderr]   cc -std=gnu11 -Wall -Wsign-compare -Wundef -Wno-format-zero-length -pipe -g3 -fvisibility=hidden -O3 -funroll-loops -O0 -ffunction-sections -fdata-sections -fPIC -g -fno-omit-frame-pointer -m64 -Wall -fPIC -DPIC -c -O0 -ffunction-sections -fdata-sections -fPIC -g -fno-omit-frame-pointer -m64 -Wall -D_GNU_SOURCE -D_REENTRANT -Iinclude -I../jemalloc/include -DJEMALLOC_NO_PRIVATE_NAMESPACE -o src/bitmap.sym.o ../jemalloc/src/bitmap.c
[INFO] [stderr]   cc -std=gnu11 -Wall -Wsign-compare -Wundef -Wno-format-zero-length -pipe -g3 -fvisibility=hidden -O3 -funroll-loops -O0 -ffunction-sections -fdata-sections -fPIC -g -fno-omit-frame-pointer -m64 -Wall -fPIC -DPIC -c -O0 -ffunction-sections -fdata-sections -fPIC -g -fno-omit-frame-pointer -m64 -Wall -D_GNU_SOURCE -D_REENTRANT -Iinclude -I../jemalloc/include -DJEMALLOC_NO_PRIVATE_NAMESPACE -o src/div.sym.o ../jemalloc/src/div.c
[INFO] [stderr]   cc -std=gnu11 -Wall -Wsign-compare -Wundef -Wno-format-zero-length -pipe -g3 -fvisibility=hidden -O3 -funroll-loops -O0 -ffunction-sections -fdata-sections -fPIC -g -fno-omit-frame-pointer -m64 -Wall -fPIC -DPIC -c -O0 -ffunction-sections -fdata-sections -fPIC -g -fno-omit-frame-pointer -m64 -Wall -D_GNU_SOURCE -D_REENTRANT -Iinclude -I../jemalloc/include -DJEMALLOC_NO_PRIVATE_NAMESPACE -o src/extent.sym.o ../jemalloc/src/extent.c
[INFO] [stderr]   cc -std=gnu11 -Wall -Wsign-compare -Wundef -Wno-format-zero-length -pipe -g3 -fvisibility=hidden -O3 -funroll-loops -O0 -ffunction-sections -fdata-sections -fPIC -g -fno-omit-frame-pointer -m64 -Wall -fPIC -DPIC -c -O0 -ffunction-sections -fdata-sections -fPIC -g -fno-omit-frame-pointer -m64 -Wall -D_GNU_SOURCE -D_REENTRANT -Iinclude -I../jemalloc/include -DJEMALLOC_NO_PRIVATE_NAMESPACE -o src/extent_dss.sym.o ../jemalloc/src/extent_dss.c
[INFO] [stderr]   cc -std=gnu11 -Wall -Wsign-compare -Wundef -Wno-format-zero-length -pipe -g3 -fvisibility=hidden -O3 -funroll-loops -O0 -ffunction-sections -fdata-sections -fPIC -g -fno-omit-frame-pointer -m64 -Wall -fPIC -DPIC -c -O0 -ffunction-sections -fdata-sections -fPIC -g -fno-omit-frame-pointer -m64 -Wall -D_GNU_SOURCE -D_REENTRANT -Iinclude -I../jemalloc/include -DJEMALLOC_NO_PRIVATE_NAMESPACE -o src/extent_mmap.sym.o ../jemalloc/src/extent_mmap.c
[INFO] [stderr]   cc -std=gnu11 -Wall -Wsign-compare -Wundef -Wno-format-zero-length -pipe -g3 -fvisibility=hidden -O3 -funroll-loops -O0 -ffunction-sections -fdata-sections -fPIC -g -fno-omit-frame-pointer -m64 -Wall -fPIC -DPIC -c -O0 -ffunction-sections -fdata-sections -fPIC -g -fno-omit-frame-pointer -m64 -Wall -D_GNU_SOURCE -D_REENTRANT -Iinclude -I../jemalloc/include -DJEMALLOC_NO_PRIVATE_NAMESPACE -o src/hash.sym.o ../jemalloc/src/hash.c
[INFO] [stderr]   cc -std=gnu11 -Wall -Wsign-compare -Wundef -Wno-format-zero-length -pipe -g3 -fvisibility=hidden -O3 -funroll-loops -O0 -ffunction-sections -fdata-sections -fPIC -g -fno-omit-frame-pointer -m64 -Wall -fPIC -DPIC -c -O0 -ffunction-sections -fdata-sections -fPIC -g -fno-omit-frame-pointer -m64 -Wall -D_GNU_SOURCE -D_REENTRANT -Iinclude -I../jemalloc/include -DJEMALLOC_NO_PRIVATE_NAMESPACE -o src/hooks.sym.o ../jemalloc/src/hooks.c
[INFO] [stderr]   cc -std=gnu11 -Wall -Wsign-compare -Wundef -Wno-format-zero-length -pipe -g3 -fvisibility=hidden -O3 -funroll-loops -O0 -ffunction-sections -fdata-sections -fPIC -g -fno-omit-frame-pointer -m64 -Wall -fPIC -DPIC -c -O0 -ffunction-sections -fdata-sections -fPIC -g -fno-omit-frame-pointer -m64 -Wall -D_GNU_SOURCE -D_REENTRANT -Iinclude -I../jemalloc/include -DJEMALLOC_NO_PRIVATE_NAMESPACE -o src/large.sym.o ../jemalloc/src/large.c
[INFO] [stderr]   cc -std=gnu11 -Wall -Wsign-compare -Wundef -Wno-format-zero-length -pipe -g3 -fvisibility=hidden -O3 -funroll-loops -O0 -ffunction-sections -fdata-sections -fPIC -g -fno-omit-frame-pointer -m64 -Wall -fPIC -DPIC -c -O0 -ffunction-sections -fdata-sections -fPIC -g -fno-omit-frame-pointer -m64 -Wall -D_GNU_SOURCE -D_REENTRANT -Iinclude -I../jemalloc/include -DJEMALLOC_NO_PRIVATE_NAMESPACE -o src/log.sym.o ../jemalloc/src/log.c
[INFO] [stderr]   cc -std=gnu11 -Wall -Wsign-compare -Wundef -Wno-format-zero-length -pipe -g3 -fvisibility=hidden -O3 -funroll-loops -O0 -ffunction-sections -fdata-sections -fPIC -g -fno-omit-frame-pointer -m64 -Wall -fPIC -DPIC -c -O0 -ffunction-sections -fdata-sections -fPIC -g -fno-omit-frame-pointer -m64 -Wall -D_GNU_SOURCE -D_REENTRANT -Iinclude -I../jemalloc/include -DJEMALLOC_NO_PRIVATE_NAMESPACE -o src/malloc_io.sym.o ../jemalloc/src/malloc_io.c
[INFO] [stderr]   cc -std=gnu11 -Wall -Wsign-compare -Wundef -Wno-format-zero-length -pipe -g3 -fvisibility=hidden -O3 -funroll-loops -O0 -ffunction-sections -fdata-sections -fPIC -g -fno-omit-frame-pointer -m64 -Wall -fPIC -DPIC -c -O0 -ffunction-sections -fdata-sections -fPIC -g -fno-omit-frame-pointer -m64 -Wall -D_GNU_SOURCE -D_REENTRANT -Iinclude -I../jemalloc/include -DJEMALLOC_NO_PRIVATE_NAMESPACE -o src/mutex.sym.o ../jemalloc/src/mutex.c
[INFO] [stderr]   cc -std=gnu11 -Wall -Wsign-compare -Wundef -Wno-format-zero-length -pipe -g3 -fvisibility=hidden -O3 -funroll-loops -O0 -ffunction-sections -fdata-sections -fPIC -g -fno-omit-frame-pointer -m64 -Wall -fPIC -DPIC -c -O0 -ffunction-sections -fdata-sections -fPIC -g -fno-omit-frame-pointer -m64 -Wall -D_GNU_SOURCE -D_REENTRANT -Iinclude -I../jemalloc/include -DJEMALLOC_NO_PRIVATE_NAMESPACE -o src/mutex_pool.sym.o ../jemalloc/src/mutex_pool.c
[INFO] [stderr]   cc -std=gnu11 -Wall -Wsign-compare -Wundef -Wno-format-zero-length -pipe -g3 -fvisibility=hidden -O3 -funroll-loops -O0 -ffunction-sections -fdata-sections -fPIC -g -fno-omit-frame-pointer -m64 -Wall -fPIC -DPIC -c -O0 -ffunction-sections -fdata-sections -fPIC -g -fno-omit-frame-pointer -m64 -Wall -D_GNU_SOURCE -D_REENTRANT -Iinclude -I../jemalloc/include -DJEMALLOC_NO_PRIVATE_NAMESPACE -o src/nstime.sym.o ../jemalloc/src/nstime.c
[INFO] [stderr]   cc -std=gnu11 -Wall -Wsign-compare -Wundef -Wno-format-zero-length -pipe -g3 -fvisibility=hidden -O3 -funroll-loops -O0 -ffunction-sections -fdata-sections -fPIC -g -fno-omit-frame-pointer -m64 -Wall -fPIC -DPIC -c -O0 -ffunction-sections -fdata-sections -fPIC -g -fno-omit-frame-pointer -m64 -Wall -D_GNU_SOURCE -D_REENTRANT -Iinclude -I../jemalloc/include -DJEMALLOC_NO_PRIVATE_NAMESPACE -o src/pages.sym.o ../jemalloc/src/pages.c
[INFO] [stderr]   cc -std=gnu11 -Wall -Wsign-compare -Wundef -Wno-format-zero-length -pipe -g3 -fvisibility=hidden -O3 -funroll-loops -O0 -ffunction-sections -fdata-sections -fPIC -g -fno-omit-frame-pointer -m64 -Wall -fPIC -DPIC -c -O0 -ffunction-sections -fdata-sections -fPIC -g -fno-omit-frame-pointer -m64 -Wall -D_GNU_SOURCE -D_REENTRANT -Iinclude -I../jemalloc/include -DJEMALLOC_NO_PRIVATE_NAMESPACE -o src/prng.sym.o ../jemalloc/src/prng.c
[INFO] [stderr]   cc -std=gnu11 -Wall -Wsign-compare -Wundef -Wno-format-zero-length -pipe -g3 -fvisibility=hidden -O3 -funroll-loops -O0 -ffunction-sections -fdata-sections -fPIC -g -fno-omit-frame-pointer -m64 -Wall -fPIC -DPIC -c -O0 -ffunction-sections -fdata-sections -fPIC -g -fno-omit-frame-pointer -m64 -Wall -D_GNU_SOURCE -D_REENTRANT -Iinclude -I../jemalloc/include -DJEMALLOC_NO_PRIVATE_NAMESPACE -o src/prof.sym.o ../jemalloc/src/prof.c
[INFO] [stderr]   cc -std=gnu11 -Wall -Wsign-compare -Wundef -Wno-format-zero-length -pipe -g3 -fvisibility=hidden -O3 -funroll-loops -O0 -ffunction-sections -fdata-sections -fPIC -g -fno-omit-frame-pointer -m64 -Wall -fPIC -DPIC -c -O0 -ffunction-sections -fdata-sections -fPIC -g -fno-omit-frame-pointer -m64 -Wall -D_GNU_SOURCE -D_REENTRANT -Iinclude -I../jemalloc/include -DJEMALLOC_NO_PRIVATE_NAMESPACE -o src/rtree.sym.o ../jemalloc/src/rtree.c
[INFO] [stderr]   cc -std=gnu11 -Wall -Wsign-compare -Wundef -Wno-format-zero-length -pipe -g3 -fvisibility=hidden -O3 -funroll-loops -O0 -ffunction-sections -fdata-sections -fPIC -g -fno-omit-frame-pointer -m64 -Wall -fPIC -DPIC -c -O0 -ffunction-sections -fdata-sections -fPIC -g -fno-omit-frame-pointer -m64 -Wall -D_GNU_SOURCE -D_REENTRANT -Iinclude -I../jemalloc/include -DJEMALLOC_NO_PRIVATE_NAMESPACE -o src/stats.sym.o ../jemalloc/src/stats.c
[INFO] [stderr]   cc -std=gnu11 -Wall -Wsign-compare -Wundef -Wno-format-zero-length -pipe -g3 -fvisibility=hidden -O3 -funroll-loops -O0 -ffunction-sections -fdata-sections -fPIC -g -fno-omit-frame-pointer -m64 -Wall -fPIC -DPIC -c -O0 -ffunction-sections -fdata-sections -fPIC -g -fno-omit-frame-pointer -m64 -Wall -D_GNU_SOURCE -D_REENTRANT -Iinclude -I../jemalloc/include -DJEMALLOC_NO_PRIVATE_NAMESPACE -o src/sz.sym.o ../jemalloc/src/sz.c
[INFO] [stderr]   cc -std=gnu11 -Wall -Wsign-compare -Wundef -Wno-format-zero-length -pipe -g3 -fvisibility=hidden -O3 -funroll-loops -O0 -ffunction-sections -fdata-sections -fPIC -g -fno-omit-frame-pointer -m64 -Wall -fPIC -DPIC -c -O0 -ffunction-sections -fdata-sections -fPIC -g -fno-omit-frame-pointer -m64 -Wall -D_GNU_SOURCE -D_REENTRANT -Iinclude -I../jemalloc/include -DJEMALLOC_NO_PRIVATE_NAMESPACE -o src/tcache.sym.o ../jemalloc/src/tcache.c
[INFO] [stderr]   cc -std=gnu11 -Wall -Wsign-compare -Wundef -Wno-format-zero-length -pipe -g3 -fvisibility=hidden -O3 -funroll-loops -O0 -ffunction-sections -fdata-sections -fPIC -g -fno-omit-frame-pointer -m64 -Wall -fPIC -DPIC -c -O0 -ffunction-sections -fdata-sections -fPIC -g -fno-omit-frame-pointer -m64 -Wall -D_GNU_SOURCE -D_REENTRANT -Iinclude -I../jemalloc/include -DJEMALLOC_NO_PRIVATE_NAMESPACE -o src/ticker.sym.o ../jemalloc/src/ticker.c
[INFO] [stderr]   cc -std=gnu11 -Wall -Wsign-compare -Wundef -Wno-format-zero-length -pipe -g3 -fvisibility=hidden -O3 -funroll-loops -O0 -ffunction-sections -fdata-sections -fPIC -g -fno-omit-frame-pointer -m64 -Wall -fPIC -DPIC -c -O0 -ffunction-sections -fdata-sections -fPIC -g -fno-omit-frame-pointer -m64 -Wall -D_GNU_SOURCE -D_REENTRANT -Iinclude -I../jemalloc/include -DJEMALLOC_NO_PRIVATE_NAMESPACE -o src/tsd.sym.o ../jemalloc/src/tsd.c
[INFO] [stderr]   cc -std=gnu11 -Wall -Wsign-compare -Wundef -Wno-format-zero-length -pipe -g3 -fvisibility=hidden -O3 -funroll-loops -O0 -ffunction-sections -fdata-sections -fPIC -g -fno-omit-frame-pointer -m64 -Wall -fPIC -DPIC -c -O0 -ffunction-sections -fdata-sections -fPIC -g -fno-omit-frame-pointer -m64 -Wall -D_GNU_SOURCE -D_REENTRANT -Iinclude -I../jemalloc/include -DJEMALLOC_NO_PRIVATE_NAMESPACE -o src/witness.sym.o ../jemalloc/src/witness.c
[INFO] [stderr]   nm -a src/arena.sym.o | mawk -f include/jemalloc/internal/private_symbols.awk > src/arena.sym
[INFO] [stderr]   nm -a src/background_thread.sym.o | mawk -f include/jemalloc/internal/private_symbols.awk > src/background_thread.sym
[INFO] [stderr]   nm -a src/base.sym.o | mawk -f include/jemalloc/internal/private_symbols.awk > src/base.sym
[INFO] [stderr]   nm -a src/bin.sym.o | mawk -f include/jemalloc/internal/private_symbols.awk > src/bin.sym
[INFO] [stderr]   nm -a src/bitmap.sym.o | mawk -f include/jemalloc/internal/private_symbols.awk > src/bitmap.sym
[INFO] [stderr]   nm -a src/ckh.sym.o | mawk -f include/jemalloc/internal/private_symbols.awk > src/ckh.sym
[INFO] [stderr]   nm -a src/ctl.sym.o | mawk -f include/jemalloc/internal/private_symbols.awk > src/ctl.sym
[INFO] [stderr]   nm -a src/div.sym.o | mawk -f include/jemalloc/internal/private_symbols.awk > src/div.sym
[INFO] [stderr]   nm -a src/extent.sym.o | mawk -f include/jemalloc/internal/private_symbols.awk > src/extent.sym
[INFO] [stderr]   nm -a src/extent_dss.sym.o | mawk -f include/jemalloc/internal/private_symbols.awk > src/extent_dss.sym
[INFO] [stderr]   nm -a src/extent_mmap.sym.o | mawk -f include/jemalloc/internal/private_symbols.awk > src/extent_mmap.sym
[INFO] [stderr]   nm -a src/hash.sym.o | mawk -f include/jemalloc/internal/private_symbols.awk > src/hash.sym
[INFO] [stderr]   nm -a src/hooks.sym.o | mawk -f include/jemalloc/internal/private_symbols.awk > src/hooks.sym
[INFO] [stderr]   nm -a src/large.sym.o | mawk -f include/jemalloc/internal/private_symbols.awk > src/large.sym
[INFO] [stderr]   nm -a src/log.sym.o | mawk -f include/jemalloc/internal/private_symbols.awk > src/log.sym
[INFO] [stderr]   nm -a src/malloc_io.sym.o | mawk -f include/jemalloc/internal/private_symbols.awk > src/malloc_io.sym
[INFO] [stderr]   nm -a src/mutex.sym.o | mawk -f include/jemalloc/internal/private_symbols.awk > src/mutex.sym
[INFO] [stderr]   nm -a src/mutex_pool.sym.o | mawk -f include/jemalloc/internal/private_symbols.awk > src/mutex_pool.sym
[INFO] [stderr]   nm -a src/nstime.sym.o | mawk -f include/jemalloc/internal/private_symbols.awk > src/nstime.sym
[INFO] [stderr]   nm -a src/pages.sym.o | mawk -f include/jemalloc/internal/private_symbols.awk > src/pages.sym
[INFO] [stderr]   nm -a src/prng.sym.o | mawk -f include/jemalloc/internal/private_symbols.awk > src/prng.sym
[INFO] [stderr]   nm -a src/rtree.sym.o | mawk -f include/jemalloc/internal/private_symbols.awk > src/rtree.sym
[INFO] [stderr]   nm -a src/stats.sym.o | mawk -f include/jemalloc/internal/private_symbols.awk > src/stats.sym
[INFO] [stderr]   nm -a src/sz.sym.o | mawk -f include/jemalloc/internal/private_symbols.awk > src/sz.sym
[INFO] [stderr]   nm -a src/ticker.sym.o | mawk -f include/jemalloc/internal/private_symbols.awk > src/ticker.sym
[INFO] [stderr]   nm -a src/tsd.sym.o | mawk -f include/jemalloc/internal/private_symbols.awk > src/tsd.sym
[INFO] [stderr]   nm -a src/witness.sym.o | mawk -f include/jemalloc/internal/private_symbols.awk > src/witness.sym
[INFO] [stderr]   nm -a src/tcache.sym.o | mawk -f include/jemalloc/internal/private_symbols.awk > src/tcache.sym
[INFO] [stderr]   nm -a src/prof.sym.o | mawk -f include/jemalloc/internal/private_symbols.awk > src/prof.sym
[INFO] [stderr] 
[INFO] [stderr]   --- stderr
[INFO] [stderr]   ../jemalloc/src/malloc_io.c: In function 'malloc_vsnprintf':
[INFO] [stderr]   ../jemalloc/src/malloc_io.c:369:9: warning: case label value exceeds maximum value for type [-Wswitch-outside-range]
[INFO] [stderr]     369 |         case '?' | 0x80:                                                \
[INFO] [stderr]         |         ^~~~
[INFO] [stderr]   ../jemalloc/src/malloc_io.c:581:33: note: in expansion of macro 'GET_ARG_NUMERIC'
[INFO] [stderr]     581 |                                 GET_ARG_NUMERIC(val, 'p');
[INFO] [stderr]         |                                 ^~~~~~~~~~~~~~~
[INFO] [stderr]   ../jemalloc/src/malloc_io.c:387:9: warning: case label value exceeds maximum value for type [-Wswitch-outside-range]
[INFO] [stderr]     387 |         case 'j' | 0x80:                                                \
[INFO] [stderr]         |         ^~~~
[INFO] [stderr]   ../jemalloc/src/malloc_io.c:581:33: note: in expansion of macro 'GET_ARG_NUMERIC'
[INFO] [stderr]     581 |                                 GET_ARG_NUMERIC(val, 'p');
[INFO] [stderr]         |                                 ^~~~~~~~~~~~~~~
[INFO] [stderr]   ../jemalloc/src/malloc_io.c:375:9: warning: case label value exceeds maximum value for type [-Wswitch-outside-range]
[INFO] [stderr]     375 |         case 'l' | 0x80:                                                \
[INFO] [stderr]         |         ^~~~
[INFO] [stderr]   ../jemalloc/src/malloc_io.c:581:33: note: in expansion of macro 'GET_ARG_NUMERIC'
[INFO] [stderr]     581 |                                 GET_ARG_NUMERIC(val, 'p');
[INFO] [stderr]         |                                 ^~~~~~~~~~~~~~~
[INFO] [stderr]   ../jemalloc/src/malloc_io.c:381:9: warning: case label value exceeds maximum value for type [-Wswitch-outside-range]
[INFO] [stderr]     381 |         case 'q' | 0x80:                                                \
[INFO] [stderr]         |         ^~~~
[INFO] [stderr]   ../jemalloc/src/malloc_io.c:581:33: note: in expansion of macro 'GET_ARG_NUMERIC'
[INFO] [stderr]     581 |                                 GET_ARG_NUMERIC(val, 'p');
[INFO] [stderr]         |                                 ^~~~~~~~~~~~~~~
[INFO] [stderr]   ../jemalloc/src/malloc_io.c:396:9: warning: case label value exceeds maximum value for type [-Wswitch-outside-range]
[INFO] [stderr]     396 |         case 'z' | 0x80:                                                \
[INFO] [stderr]         |         ^~~~
[INFO] [stderr]   ../jemalloc/src/malloc_io.c:581:33: note: in expansion of macro 'GET_ARG_NUMERIC'
[INFO] [stderr]     581 |                                 GET_ARG_NUMERIC(val, 'p');
[INFO] [stderr]         |                                 ^~~~~~~~~~~~~~~
[INFO] [stderr]   {standard input}: Assembler messages:
[INFO] [stderr]   {standard input}:120545: Warning: end of file not at end of a line; newline inserted
[INFO] [stderr]   {standard input}:122242: Error: unbalanced parenthesis in operand 1.
[INFO] [stderr]   {standard input}: Error: open CFI at the end of file; missing .cfi_endproc directive
[INFO] [stderr]   cc: fatal error: Killed signal terminated program cc1
[INFO] [stderr]   compilation terminated.
[INFO] [stderr]   make: *** [Makefile:349: src/jemalloc.sym.o] Error 1
[INFO] [stderr] 
[INFO] [stderr]   thread 'main' panicked at /opt/rustwide/cargo-home/registry/src/index.crates.io-1949cf8c6b5b557f/jemalloc-sys-0.3.2/build.rs:392:9:
[INFO] [stderr]   command did not execute successfully: cd "/opt/rustwide/target/debug/build/jemalloc-sys-edd102a7ca03c5c1/out/build" && "make" "srcroot=../jemalloc/" "-j" "8"
[INFO] [stderr]   expected success, got: exit status: 2
[INFO] [stderr]   stack backtrace:
[INFO] [stderr]      0:     0x5666b9119080 - std::backtrace_rs::backtrace::libunwind::trace::h8ddfbb338e69e199
[INFO] [stderr]                                  at /rustc/f0cb41030579cd1a6f72bd23f38e677052d5d485/library/std/src/../../backtrace/src/backtrace/libunwind.rs:117:9
[INFO] [stderr]      1:     0x5666b9119080 - std::backtrace_rs::backtrace::trace_unsynchronized::h4b42ed801e8ee862
[INFO] [stderr]                                  at /rustc/f0cb41030579cd1a6f72bd23f38e677052d5d485/library/std/src/../../backtrace/src/backtrace/mod.rs:66:14
[INFO] [stderr]      2:     0x5666b9119080 - std::sys::backtrace::_print_fmt::hb90198f2c10bf707
[INFO] [stderr]                                  at /rustc/f0cb41030579cd1a6f72bd23f38e677052d5d485/library/std/src/sys/backtrace.rs:66:9
[INFO] [stderr]      3:     0x5666b9119080 - <std::sys::backtrace::BacktraceLock::print::DisplayBacktrace as core::fmt::Display>::fmt::h0f123f0656f13ecf
[INFO] [stderr]                                  at /rustc/f0cb41030579cd1a6f72bd23f38e677052d5d485/library/std/src/sys/backtrace.rs:39:26
[INFO] [stderr]      4:     0x5666b913cfb3 - core::fmt::rt::Argument::fmt::h12e51c1529489cd8
[INFO] [stderr]                                  at /rustc/f0cb41030579cd1a6f72bd23f38e677052d5d485/library/core/src/fmt/rt.rs:177:76
[INFO] [stderr]      5:     0x5666b913cfb3 - core::fmt::write::h0abcdef7aa759353
[INFO] [stderr]                                  at /rustc/f0cb41030579cd1a6f72bd23f38e677052d5d485/library/core/src/fmt/mod.rs:1449:21
[INFO] [stderr]      6:     0x5666b9115cc3 - std::io::Write::write_fmt::h35f2880f7855f55a
[INFO] [stderr]                                  at /rustc/f0cb41030579cd1a6f72bd23f38e677052d5d485/library/std/src/io/mod.rs:1890:15
[INFO] [stderr]      7:     0x5666b9118ed2 - std::sys::backtrace::BacktraceLock::print::h759bdab738e31d9d
[INFO] [stderr]                                  at /rustc/f0cb41030579cd1a6f72bd23f38e677052d5d485/library/std/src/sys/backtrace.rs:42:9
[INFO] [stderr]      8:     0x5666b911a05f - std::panicking::default_hook::{{closure}}::h0616f7020c8b9e0d
[INFO] [stderr]                                  at /rustc/f0cb41030579cd1a6f72bd23f38e677052d5d485/library/std/src/panicking.rs:298:22
[INFO] [stderr]      9:     0x5666b9119eca - std::panicking::default_hook::hcb4bf3fe9044f7f6
[INFO] [stderr]                                  at /rustc/f0cb41030579cd1a6f72bd23f38e677052d5d485/library/std/src/panicking.rs:325:9
[INFO] [stderr]     10:     0x5666b911aa02 - std::panicking::rust_panic_with_hook::h2fd8d6252462d800
[INFO] [stderr]                                  at /rustc/f0cb41030579cd1a6f72bd23f38e677052d5d485/library/std/src/panicking.rs:831:13
[INFO] [stderr]     11:     0x5666b911a7aa - std::panicking::begin_panic_handler::{{closure}}::h746cf6ba43e1c73f
[INFO] [stderr]                                  at /rustc/f0cb41030579cd1a6f72bd23f38e677052d5d485/library/std/src/panicking.rs:704:13
[INFO] [stderr]     12:     0x5666b9119599 - std::sys::backtrace::__rust_end_short_backtrace::hba3f7b171935b491
[INFO] [stderr]                                  at /rustc/f0cb41030579cd1a6f72bd23f38e677052d5d485/library/std/src/sys/backtrace.rs:168:18
[INFO] [stderr]     13:     0x5666b911a43d - rust_begin_unwind
[INFO] [stderr]                                  at /rustc/f0cb41030579cd1a6f72bd23f38e677052d5d485/library/std/src/panicking.rs:695:5
[INFO] [stderr]     14:     0x5666b90a3580 - core::panicking::panic_fmt::h34cc4efb1683329b
[INFO] [stderr]                                  at /rustc/f0cb41030579cd1a6f72bd23f38e677052d5d485/library/core/src/panicking.rs:75:14
[INFO] [stderr]     15:     0x5666b90acef1 - build_script_build::run::he7bdf4ae1954936e
[INFO] [stderr]     16:     0x5666b90abee6 - build_script_build::main::he45ce24b8b252c34
[INFO] [stderr]     17:     0x5666b90b0863 - core::ops::function::FnOnce::call_once::h39017c754955c831
[INFO] [stderr]     18:     0x5666b90adc16 - std::sys::backtrace::__rust_begin_short_backtrace::h397a27904ad3beec
[INFO] [stderr]     19:     0x5666b90b0199 - std::rt::lang_start::{{closure}}::h8e362603fcec2582
[INFO] [stderr]     20:     0x5666b91113f0 - core::ops::function::impls::<impl core::ops::function::FnOnce<A> for &F>::call_once::h9601c86577723145
[INFO] [stderr]                                  at /rustc/f0cb41030579cd1a6f72bd23f38e677052d5d485/library/core/src/ops/function.rs:284:13
[INFO] [stderr]     21:     0x5666b91113f0 - std::panicking::try::do_call::h8817ae430c5825c1
[INFO] [stderr]                                  at /rustc/f0cb41030579cd1a6f72bd23f38e677052d5d485/library/std/src/panicking.rs:587:40
[INFO] [stderr]     22:     0x5666b91113f0 - std::panicking::try::ha6c516562438d26b
[INFO] [stderr]                                  at /rustc/f0cb41030579cd1a6f72bd23f38e677052d5d485/library/std/src/panicking.rs:550:19
[INFO] [stderr]     23:     0x5666b91113f0 - std::panic::catch_unwind::hd30edb0fa8e1aa42
[INFO] [stderr]                                  at /rustc/f0cb41030579cd1a6f72bd23f38e677052d5d485/library/std/src/panic.rs:358:14
[INFO] [stderr]     24:     0x5666b91113f0 - std::rt::lang_start_internal::{{closure}}::h4ce5c96c39e994a5
[INFO] [stderr]                                  at /rustc/f0cb41030579cd1a6f72bd23f38e677052d5d485/library/std/src/rt.rs:168:24
[INFO] [stderr]     25:     0x5666b91113f0 - std::panicking::try::do_call::h397fda5d1714972f
[INFO] [stderr]                                  at /rustc/f0cb41030579cd1a6f72bd23f38e677052d5d485/library/std/src/panicking.rs:587:40
[INFO] [stderr]     26:     0x5666b91113f0 - std::panicking::try::ha72ffffb1d107af4
[INFO] [stderr]                                  at /rustc/f0cb41030579cd1a6f72bd23f38e677052d5d485/library/std/src/panicking.rs:550:19
[INFO] [stderr]     27:     0x5666b91113f0 - std::panic::catch_unwind::ha60eb34d643aa591
[INFO] [stderr]                                  at /rustc/f0cb41030579cd1a6f72bd23f38e677052d5d485/library/std/src/panic.rs:358:14
[INFO] [stderr]     28:     0x5666b91113f0 - std::rt::lang_start_internal::h051d1c050856cca6
[INFO] [stderr]                                  at /rustc/f0cb41030579cd1a6f72bd23f38e677052d5d485/library/std/src/rt.rs:164:5
[INFO] [stderr]     29:     0x5666b90b0181 - std::rt::lang_start::h91111f246634c630
[INFO] [stderr]     30:     0x5666b90ad3a5 - main
[INFO] [stderr]     31:     0x7ce74870fd90 - <unknown>
[INFO] [stderr]     32:     0x7ce74870fe40 - __libc_start_main
[INFO] [stderr]     33:     0x5666b90a3b75 - _start
[INFO] [stderr]     34:                0x0 - <unknown>
[INFO] [stderr] warning: librocksdb-sys@6.20.3: c++: fatal error: Killed signal terminated program cc1plus
[INFO] [stderr] warning: librocksdb-sys@6.20.3: compilation terminated.
[INFO] [stderr] warning: librocksdb-sys@6.20.3: c++: fatal error: Killed signal terminated program cc1plus
[INFO] [stderr] warning: librocksdb-sys@6.20.3: compilation terminated.
[INFO] [stderr] warning: librocksdb-sys@6.20.3: c++: fatal error: Killed signal terminated program cc1plus
[INFO] [stderr] warning: librocksdb-sys@6.20.3: compilation terminated.
[INFO] [stderr] warning: librocksdb-sys@6.20.3: c++: fatal error: Killed signal terminated program cc1plus
[INFO] [stderr] warning: librocksdb-sys@6.20.3: compilation terminated.
[INFO] [stderr] warning: librocksdb-sys@6.20.3: c++: fatal error: Killed signal terminated program cc1plus
[INFO] [stderr] warning: librocksdb-sys@6.20.3: compilation terminated.
[INFO] [stderr] error: failed to run custom build command for `librocksdb-sys v6.20.3`
[INFO] [stderr] note: To improve backtraces for build dependencies, set the CARGO_PROFILE_DEV_BUILD_OVERRIDE_DEBUG=true environment variable to enable debug information generation.
[INFO] [stderr] 
[INFO] [stderr] Caused by:
[INFO] [stderr]   process didn't exit successfully: `/opt/rustwide/target/debug/build/librocksdb-sys-f7be0aeaa589fcae/build-script-build` (exit status: 1)
[INFO] [stderr]   --- stdout
[INFO] [stderr]   cargo:rerun-if-changed=rocksdb/
[INFO] [stderr]   TARGET = Some("x86_64-unknown-linux-gnu")
[INFO] [stderr]   OPT_LEVEL = Some("0")
[INFO] [stderr]   HOST = Some("x86_64-unknown-linux-gnu")
[INFO] [stderr]   CXX_x86_64-unknown-linux-gnu = None
[INFO] [stderr]   CXX_x86_64_unknown_linux_gnu = None
[INFO] [stderr]   HOST_CXX = None
[INFO] [stderr]   CXX = None
[INFO] [stderr]   CXXFLAGS_x86_64-unknown-linux-gnu = None
[INFO] [stderr]   CXXFLAGS_x86_64_unknown_linux_gnu = None
[INFO] [stderr]   HOST_CXXFLAGS = None
[INFO] [stderr]   CXXFLAGS = None
[INFO] [stderr]   CRATE_CC_NO_DEFAULTS = None
[INFO] [stderr]   DEBUG = Some("true")
[INFO] [stderr]   CARGO_CFG_TARGET_FEATURE = Some("fxsr,sse,sse2")
[INFO] [stderr]   CXX_x86_64-unknown-linux-gnu = None
[INFO] [stderr]   CXX_x86_64_unknown_linux_gnu = None
[INFO] [stderr]   HOST_CXX = None
[INFO] [stderr]   CXX = None
[INFO] [stderr]   CXXFLAGS_x86_64-unknown-linux-gnu = None
[INFO] [stderr]   CXXFLAGS_x86_64_unknown_linux_gnu = None
[INFO] [stderr]   HOST_CXXFLAGS = None
[INFO] [stderr]   CXXFLAGS = None
[INFO] [stderr]   CRATE_CC_NO_DEFAULTS = None
[INFO] [stderr]   CARGO_CFG_TARGET_FEATURE = Some("fxsr,sse,sse2")
[INFO] [stderr]   running: "c++" "-O0" "-ffunction-sections" "-fdata-sections" "-fPIC" "-g" "-fno-omit-frame-pointer" "-m64" "-I" "rocksdb/include/" "-I" "rocksdb/" "-I" "rocksdb/third-party/gtest-1.8.1/fused-src/" "-I" "lz4/lib/" "-I" "." "-Wall" "-Wextra" "-std=c++11" "-Wno-unused-parameter" "-msse2" "-DLZ4=1" "-DNDEBUG=1" "-DOS_LINUX" "-DROCKSDB_PLATFORM_POSIX" "-DROCKSDB_LIB_IO_POSIX" "-DROCKSDB_SUPPORT_THREAD_LOCAL" "-o" "/opt/rustwide/target/debug/build/librocksdb-sys-a1bf66046354c3fc/out/rocksdb/cache/cache.o" "-c" "rocksdb/cache/cache.cc"
[INFO] [stderr]   running: "c++" "-O0" "-ffunction-sections" "-fdata-sections" "-fPIC" "-g" "-fno-omit-frame-pointer" "-m64" "-I" "rocksdb/include/" "-I" "rocksdb/" "-I" "rocksdb/third-party/gtest-1.8.1/fused-src/" "-I" "lz4/lib/" "-I" "." "-Wall" "-Wextra" "-std=c++11" "-Wno-unused-parameter" "-msse2" "-DLZ4=1" "-DNDEBUG=1" "-DOS_LINUX" "-DROCKSDB_PLATFORM_POSIX" "-DROCKSDB_LIB_IO_POSIX" "-DROCKSDB_SUPPORT_THREAD_LOCAL" "-o" "/opt/rustwide/target/debug/build/librocksdb-sys-a1bf66046354c3fc/out/rocksdb/cache/clock_cache.o" "-c" "rocksdb/cache/clock_cache.cc"
[INFO] [stderr]   exit status: 0
[INFO] [stderr]   running: "c++" "-O0" "-ffunction-sections" "-fdata-sections" "-fPIC" "-g" "-fno-omit-frame-pointer" "-m64" "-I" "rocksdb/include/" "-I" "rocksdb/" "-I" "rocksdb/third-party/gtest-1.8.1/fused-src/" "-I" "lz4/lib/" "-I" "." "-Wall" "-Wextra" "-std=c++11" "-Wno-unused-parameter" "-msse2" "-DLZ4=1" "-DNDEBUG=1" "-DOS_LINUX" "-DROCKSDB_PLATFORM_POSIX" "-DROCKSDB_LIB_IO_POSIX" "-DROCKSDB_SUPPORT_THREAD_LOCAL" "-o" "/opt/rustwide/target/debug/build/librocksdb-sys-a1bf66046354c3fc/out/rocksdb/cache/lru_cache.o" "-c" "rocksdb/cache/lru_cache.cc"
[INFO] [stderr]   exit status: 0
[INFO] [stderr]   running: "c++" "-O0" "-ffunction-sections" "-fdata-sections" "-fPIC" "-g" "-fno-omit-frame-pointer" "-m64" "-I" "rocksdb/include/" "-I" "rocksdb/" "-I" "rocksdb/third-party/gtest-1.8.1/fused-src/" "-I" "lz4/lib/" "-I" "." "-Wall" "-Wextra" "-std=c++11" "-Wno-unused-parameter" "-msse2" "-DLZ4=1" "-DNDEBUG=1" "-DOS_LINUX" "-DROCKSDB_PLATFORM_POSIX" "-DROCKSDB_LIB_IO_POSIX" "-DROCKSDB_SUPPORT_THREAD_LOCAL" "-o" "/opt/rustwide/target/debug/build/librocksdb-sys-a1bf66046354c3fc/out/rocksdb/cache/sharded_cache.o" "-c" "rocksdb/cache/sharded_cache.cc"
[INFO] [stderr]   running: "c++" "-O0" "-ffunction-sections" "-fdata-sections" "-fPIC" "-g" "-fno-omit-frame-pointer" "-m64" "-I" "rocksdb/include/" "-I" "rocksdb/" "-I" "rocksdb/third-party/gtest-1.8.1/fused-src/" "-I" "lz4/lib/" "-I" "." "-Wall" "-Wextra" "-std=c++11" "-Wno-unused-parameter" "-msse2" "-DLZ4=1" "-DNDEBUG=1" "-DOS_LINUX" "-DROCKSDB_PLATFORM_POSIX" "-DROCKSDB_LIB_IO_POSIX" "-DROCKSDB_SUPPORT_THREAD_LOCAL" "-o" "/opt/rustwide/target/debug/build/librocksdb-sys-a1bf66046354c3fc/out/rocksdb/db/arena_wrapped_db_iter.o" "-c" "rocksdb/db/arena_wrapped_db_iter.cc"
[INFO] [stderr]   running: "c++" "-O0" "-ffunction-sections" "-fdata-sections" "-fPIC" "-g" "-fno-omit-frame-pointer" "-m64" "-I" "rocksdb/include/" "-I" "rocksdb/" "-I" "rocksdb/third-party/gtest-1.8.1/fused-src/" "-I" "lz4/lib/" "-I" "." "-Wall" "-Wextra" "-std=c++11" "-Wno-unused-parameter" "-msse2" "-DLZ4=1" "-DNDEBUG=1" "-DOS_LINUX" "-DROCKSDB_PLATFORM_POSIX" "-DROCKSDB_LIB_IO_POSIX" "-DROCKSDB_SUPPORT_THREAD_LOCAL" "-o" "/opt/rustwide/target/debug/build/librocksdb-sys-a1bf66046354c3fc/out/rocksdb/db/blob/blob_file_addition.o" "-c" "rocksdb/db/blob/blob_file_addition.cc"
[INFO] [stderr]   exit status: 0
[INFO] [stderr]   running: "c++" "-O0" "-ffunction-sections" "-fdata-sections" "-fPIC" "-g" "-fno-omit-frame-pointer" "-m64" "-I" "rocksdb/include/" "-I" "rocksdb/" "-I" "rocksdb/third-party/gtest-1.8.1/fused-src/" "-I" "lz4/lib/" "-I" "." "-Wall" "-Wextra" "-std=c++11" "-Wno-unused-parameter" "-msse2" "-DLZ4=1" "-DNDEBUG=1" "-DOS_LINUX" "-DROCKSDB_PLATFORM_POSIX" "-DROCKSDB_LIB_IO_POSIX" "-DROCKSDB_SUPPORT_THREAD_LOCAL" "-o" "/opt/rustwide/target/debug/build/librocksdb-sys-a1bf66046354c3fc/out/rocksdb/db/blob/blob_file_builder.o" "-c" "rocksdb/db/blob/blob_file_builder.cc"
[INFO] [stderr]   exit status: 0
[INFO] [stderr]   exit status: 0
[INFO] [stderr]   running: "c++" "-O0" "-ffunction-sections" "-fdata-sections" "-fPIC" "-g" "-fno-omit-frame-pointer" "-m64" "-I" "rocksdb/include/" "-I" "rocksdb/" "-I" "rocksdb/third-party/gtest-1.8.1/fused-src/" "-I" "lz4/lib/" "-I" "." "-Wall" "-Wextra" "-std=c++11" "-Wno-unused-parameter" "-msse2" "-DLZ4=1" "-DNDEBUG=1" "-DOS_LINUX" "-DROCKSDB_PLATFORM_POSIX" "-DROCKSDB_LIB_IO_POSIX" "-DROCKSDB_SUPPORT_THREAD_LOCAL" "-o" "/opt/rustwide/target/debug/build/librocksdb-sys-a1bf66046354c3fc/out/rocksdb/db/blob/blob_file_cache.o" "-c" "rocksdb/db/blob/blob_file_cache.cc"
[INFO] [stderr]   exit status: 0
[INFO] [stderr]   exit status: 0
[INFO] [stderr]   running: "c++" "-O0" "-ffunction-sections" "-fdata-sections" "-fPIC" "-g" "-fno-omit-frame-pointer" "-m64" "-I" "rocksdb/include/" "-I" "rocksdb/" "-I" "rocksdb/third-party/gtest-1.8.1/fused-src/" "-I" "lz4/lib/" "-I" "." "-Wall" "-Wextra" "-std=c++11" "-Wno-unused-parameter" "-msse2" "-DLZ4=1" "-DNDEBUG=1" "-DOS_LINUX" "-DROCKSDB_PLATFORM_POSIX" "-DROCKSDB_LIB_IO_POSIX" "-DROCKSDB_SUPPORT_THREAD_LOCAL" "-o" "/opt/rustwide/target/debug/build/librocksdb-sys-a1bf66046354c3fc/out/rocksdb/db/blob/blob_file_garbage.o" "-c" "rocksdb/db/blob/blob_file_garbage.cc"
[INFO] [stderr]   exit status: 0
[INFO] [stderr]   exit status: 0
[INFO] [stderr]   running: "c++" "-O0" "-ffunction-sections" "-fdata-sections" "-fPIC" "-g" "-fno-omit-frame-pointer" "-m64" "-I" "rocksdb/include/" "-I" "rocksdb/" "-I" "rocksdb/third-party/gtest-1.8.1/fused-src/" "-I" "lz4/lib/" "-I" "." "-Wall" "-Wextra" "-std=c++11" "-Wno-unused-parameter" "-msse2" "-DLZ4=1" "-DNDEBUG=1" "-DOS_LINUX" "-DROCKSDB_PLATFORM_POSIX" "-DROCKSDB_LIB_IO_POSIX" "-DROCKSDB_SUPPORT_THREAD_LOCAL" "-o" "/opt/rustwide/target/debug/build/librocksdb-sys-a1bf66046354c3fc/out/rocksdb/db/blob/blob_file_meta.o" "-c" "rocksdb/db/blob/blob_file_meta.cc"
[INFO] [stderr]   exit status: 0
[INFO] [stderr]   running: "c++" "-O0" "-ffunction-sections" "-fdata-sections" "-fPIC" "-g" "-fno-omit-frame-pointer" "-m64" "-I" "rocksdb/include/" "-I" "rocksdb/" "-I" "rocksdb/third-party/gtest-1.8.1/fused-src/" "-I" "lz4/lib/" "-I" "." "-Wall" "-Wextra" "-std=c++11" "-Wno-unused-parameter" "-msse2" "-DLZ4=1" "-DNDEBUG=1" "-DOS_LINUX" "-DROCKSDB_PLATFORM_POSIX" "-DROCKSDB_LIB_IO_POSIX" "-DROCKSDB_SUPPORT_THREAD_LOCAL" "-o" "/opt/rustwide/target/debug/build/librocksdb-sys-a1bf66046354c3fc/out/rocksdb/db/blob/blob_file_reader.o" "-c" "rocksdb/db/blob/blob_file_reader.cc"
[INFO] [stderr]   running: "c++" "-O0" "-ffunction-sections" "-fdata-sections" "-fPIC" "-g" "-fno-omit-frame-pointer" "-m64" "-I" "rocksdb/include/" "-I" "rocksdb/" "-I" "rocksdb/third-party/gtest-1.8.1/fused-src/" "-I" "lz4/lib/" "-I" "." "-Wall" "-Wextra" "-std=c++11" "-Wno-unused-parameter" "-msse2" "-DLZ4=1" "-DNDEBUG=1" "-DOS_LINUX" "-DROCKSDB_PLATFORM_POSIX" "-DROCKSDB_LIB_IO_POSIX" "-DROCKSDB_SUPPORT_THREAD_LOCAL" "-o" "/opt/rustwide/target/debug/build/librocksdb-sys-a1bf66046354c3fc/out/rocksdb/db/blob/blob_log_format.o" "-c" "rocksdb/db/blob/blob_log_format.cc"
[INFO] [stderr]   running: "c++" "-O0" "-ffunction-sections" "-fdata-sections" "-fPIC" "-g" "-fno-omit-frame-pointer" "-m64" "-I" "rocksdb/include/" "-I" "rocksdb/" "-I" "rocksdb/third-party/gtest-1.8.1/fused-src/" "-I" "lz4/lib/" "-I" "." "-Wall" "-Wextra" "-std=c++11" "-Wno-unused-parameter" "-msse2" "-DLZ4=1" "-DNDEBUG=1" "-DOS_LINUX" "-DROCKSDB_PLATFORM_POSIX" "-DROCKSDB_LIB_IO_POSIX" "-DROCKSDB_SUPPORT_THREAD_LOCAL" "-o" "/opt/rustwide/target/debug/build/librocksdb-sys-a1bf66046354c3fc/out/rocksdb/db/blob/blob_log_sequential_reader.o" "-c" "rocksdb/db/blob/blob_log_sequential_reader.cc"
[INFO] [stderr]   running: "c++" "-O0" "-ffunction-sections" "-fdata-sections" "-fPIC" "-g" "-fno-omit-frame-pointer" "-m64" "-I" "rocksdb/include/" "-I" "rocksdb/" "-I" "rocksdb/third-party/gtest-1.8.1/fused-src/" "-I" "lz4/lib/" "-I" "." "-Wall" "-Wextra" "-std=c++11" "-Wno-unused-parameter" "-msse2" "-DLZ4=1" "-DNDEBUG=1" "-DOS_LINUX" "-DROCKSDB_PLATFORM_POSIX" "-DROCKSDB_LIB_IO_POSIX" "-DROCKSDB_SUPPORT_THREAD_LOCAL" "-o" "/opt/rustwide/target/debug/build/librocksdb-sys-a1bf66046354c3fc/out/rocksdb/db/blob/blob_log_writer.o" "-c" "rocksdb/db/blob/blob_log_writer.cc"
[INFO] [stderr]   running: "c++" "-O0" "-ffunction-sections" "-fdata-sections" "-fPIC" "-g" "-fno-omit-frame-pointer" "-m64" "-I" "rocksdb/include/" "-I" "rocksdb/" "-I" "rocksdb/third-party/gtest-1.8.1/fused-src/" "-I" "lz4/lib/" "-I" "." "-Wall" "-Wextra" "-std=c++11" "-Wno-unused-parameter" "-msse2" "-DLZ4=1" "-DNDEBUG=1" "-DOS_LINUX" "-DROCKSDB_PLATFORM_POSIX" "-DROCKSDB_LIB_IO_POSIX" "-DROCKSDB_SUPPORT_THREAD_LOCAL" "-o" "/opt/rustwide/target/debug/build/librocksdb-sys-a1bf66046354c3fc/out/rocksdb/db/builder.o" "-c" "rocksdb/db/builder.cc"
[INFO] [stderr]   running: "c++" "-O0" "-ffunction-sections" "-fdata-sections" "-fPIC" "-g" "-fno-omit-frame-pointer" "-m64" "-I" "rocksdb/include/" "-I" "rocksdb/" "-I" "rocksdb/third-party/gtest-1.8.1/fused-src/" "-I" "lz4/lib/" "-I" "." "-Wall" "-Wextra" "-std=c++11" "-Wno-unused-parameter" "-msse2" "-DLZ4=1" "-DNDEBUG=1" "-DOS_LINUX" "-DROCKSDB_PLATFORM_POSIX" "-DROCKSDB_LIB_IO_POSIX" "-DROCKSDB_SUPPORT_THREAD_LOCAL" "-o" "/opt/rustwide/target/debug/build/librocksdb-sys-a1bf66046354c3fc/out/rocksdb/db/c.o" "-c" "rocksdb/db/c.cc"
[INFO] [stderr]   running: "c++" "-O0" "-ffunction-sections" "-fdata-sections" "-fPIC" "-g" "-fno-omit-frame-pointer" "-m64" "-I" "rocksdb/include/" "-I" "rocksdb/" "-I" "rocksdb/third-party/gtest-1.8.1/fused-src/" "-I" "lz4/lib/" "-I" "." "-Wall" "-Wextra" "-std=c++11" "-Wno-unused-parameter" "-msse2" "-DLZ4=1" "-DNDEBUG=1" "-DOS_LINUX" "-DROCKSDB_PLATFORM_POSIX" "-DROCKSDB_LIB_IO_POSIX" "-DROCKSDB_SUPPORT_THREAD_LOCAL" "-o" "/opt/rustwide/target/debug/build/librocksdb-sys-a1bf66046354c3fc/out/rocksdb/db/column_family.o" "-c" "rocksdb/db/column_family.cc"
[INFO] [stderr]   exit status: 0
[INFO] [stderr]   running: "c++" "-O0" "-ffunction-sections" "-fdata-sections" "-fPIC" "-g" "-fno-omit-frame-pointer" "-m64" "-I" "rocksdb/include/" "-I" "rocksdb/" "-I" "rocksdb/third-party/gtest-1.8.1/fused-src/" "-I" "lz4/lib/" "-I" "." "-Wall" "-Wextra" "-std=c++11" "-Wno-unused-parameter" "-msse2" "-DLZ4=1" "-DNDEBUG=1" "-DOS_LINUX" "-DROCKSDB_PLATFORM_POSIX" "-DROCKSDB_LIB_IO_POSIX" "-DROCKSDB_SUPPORT_THREAD_LOCAL" "-o" "/opt/rustwide/target/debug/build/librocksdb-sys-a1bf66046354c3fc/out/rocksdb/db/compaction/compaction.o" "-c" "rocksdb/db/compaction/compaction.cc"
[INFO] [stderr]   exit status: 0
[INFO] [stderr]   running: "c++" "-O0" "-ffunction-sections" "-fdata-sections" "-fPIC" "-g" "-fno-omit-frame-pointer" "-m64" "-I" "rocksdb/include/" "-I" "rocksdb/" "-I" "rocksdb/third-party/gtest-1.8.1/fused-src/" "-I" "lz4/lib/" "-I" "." "-Wall" "-Wextra" "-std=c++11" "-Wno-unused-parameter" "-msse2" "-DLZ4=1" "-DNDEBUG=1" "-DOS_LINUX" "-DROCKSDB_PLATFORM_POSIX" "-DROCKSDB_LIB_IO_POSIX" "-DROCKSDB_SUPPORT_THREAD_LOCAL" "-o" "/opt/rustwide/target/debug/build/librocksdb-sys-a1bf66046354c3fc/out/rocksdb/db/compaction/compaction_iterator.o" "-c" "rocksdb/db/compaction/compaction_iterator.cc"
[INFO] [stderr]   exit status: 0
[INFO] [stderr]   running: "c++" "-O0" "-ffunction-sections" "-fdata-sections" "-fPIC" "-g" "-fno-omit-frame-pointer" "-m64" "-I" "rocksdb/include/" "-I" "rocksdb/" "-I" "rocksdb/third-party/gtest-1.8.1/fused-src/" "-I" "lz4/lib/" "-I" "." "-Wall" "-Wextra" "-std=c++11" "-Wno-unused-parameter" "-msse2" "-DLZ4=1" "-DNDEBUG=1" "-DOS_LINUX" "-DROCKSDB_PLATFORM_POSIX" "-DROCKSDB_LIB_IO_POSIX" "-DROCKSDB_SUPPORT_THREAD_LOCAL" "-o" "/opt/rustwide/target/debug/build/librocksdb-sys-a1bf66046354c3fc/out/rocksdb/db/compaction/compaction_job.o" "-c" "rocksdb/db/compaction/compaction_job.cc"
[INFO] [stderr]   running: "c++" "-O0" "-ffunction-sections" "-fdata-sections" "-fPIC" "-g" "-fno-omit-frame-pointer" "-m64" "-I" "rocksdb/include/" "-I" "rocksdb/" "-I" "rocksdb/third-party/gtest-1.8.1/fused-src/" "-I" "lz4/lib/" "-I" "." "-Wall" "-Wextra" "-std=c++11" "-Wno-unused-parameter" "-msse2" "-DLZ4=1" "-DNDEBUG=1" "-DOS_LINUX" "-DROCKSDB_PLATFORM_POSIX" "-DROCKSDB_LIB_IO_POSIX" "-DROCKSDB_SUPPORT_THREAD_LOCAL" "-o" "/opt/rustwide/target/debug/build/librocksdb-sys-a1bf66046354c3fc/out/rocksdb/db/compaction/compaction_picker.o" "-c" "rocksdb/db/compaction/compaction_picker.cc"
[INFO] [stderr]   exit status: 0
[INFO] [stderr]   running: "c++" "-O0" "-ffunction-sections" "-fdata-sections" "-fPIC" "-g" "-fno-omit-frame-pointer" "-m64" "-I" "rocksdb/include/" "-I" "rocksdb/" "-I" "rocksdb/third-party/gtest-1.8.1/fused-src/" "-I" "lz4/lib/" "-I" "." "-Wall" "-Wextra" "-std=c++11" "-Wno-unused-parameter" "-msse2" "-DLZ4=1" "-DNDEBUG=1" "-DOS_LINUX" "-DROCKSDB_PLATFORM_POSIX" "-DROCKSDB_LIB_IO_POSIX" "-DROCKSDB_SUPPORT_THREAD_LOCAL" "-o" "/opt/rustwide/target/debug/build/librocksdb-sys-a1bf66046354c3fc/out/rocksdb/db/compaction/compaction_picker_fifo.o" "-c" "rocksdb/db/compaction/compaction_picker_fifo.cc"
[INFO] [stderr]   cargo:warning=c++: fatal error: Killed signal terminated program cc1plus
[INFO] [stderr]   cargo:warning=compilation terminated.
[INFO] [stderr]   exit status: 1
[INFO] [stderr]   running: "c++" "-O0" "-ffunction-sections" "-fdata-sections" "-fPIC" "-g" "-fno-omit-frame-pointer" "-m64" "-I" "rocksdb/include/" "-I" "rocksdb/" "-I" "rocksdb/third-party/gtest-1.8.1/fused-src/" "-I" "lz4/lib/" "-I" "." "-Wall" "-Wextra" "-std=c++11" "-Wno-unused-parameter" "-msse2" "-DLZ4=1" "-DNDEBUG=1" "-DOS_LINUX" "-DROCKSDB_PLATFORM_POSIX" "-DROCKSDB_LIB_IO_POSIX" "-DROCKSDB_SUPPORT_THREAD_LOCAL" "-o" "/opt/rustwide/target/debug/build/librocksdb-sys-a1bf66046354c3fc/out/rocksdb/db/compaction/compaction_picker_level.o" "-c" "rocksdb/db/compaction/compaction_picker_level.cc"
[INFO] [stderr]   cargo:warning=c++: fatal error: Killed signal terminated program cc1plus
[INFO] [stderr]   cargo:warning=compilation terminated.
[INFO] [stderr]   exit status: 1
[INFO] [stderr]   cargo:warning=c++: fatal error: Killed signal terminated program cc1plus
[INFO] [stderr]   cargo:warning=compilation terminated.
[INFO] [stderr]   exit status: 1
[INFO] [stderr]   exit status: 0
[INFO] [stderr]   cargo:warning=c++: fatal error: Killed signal terminated program cc1plus
[INFO] [stderr]   cargo:warning=compilation terminated.
[INFO] [stderr]   exit status: 1
[INFO] [stderr]   cargo:warning=c++: fatal error: Killed signal terminated program cc1plus
[INFO] [stderr]   cargo:warning=compilation terminated.
[INFO] [stderr]   exit status: 1
[INFO] [stderr]   exit status: 0
[INFO] [stderr]   exit status: 0
[INFO] [stderr]   exit status: 0
[INFO] [stderr] 
[INFO] [stderr]   --- stderr
[INFO] [stderr]   error: 'rustfmt' is not installed for the toolchain 'beta-2025-02-18-x86_64-unknown-linux-gnu'.
[INFO] [stderr]   To install, run `rustup component add --toolchain beta-2025-02-18-x86_64-unknown-linux-gnu rustfmt`
[INFO] [stderr]   Failed to run rustfmt: Internal rustfmt error (non-fatal, continuing)
[INFO] [stderr] 
[INFO] [stderr] 
[INFO] [stderr]   error occurred: Command "c++" "-O0" "-ffunction-sections" "-fdata-sections" "-fPIC" "-g" "-fno-omit-frame-pointer" "-m64" "-I" "rocksdb/include/" "-I" "rocksdb/" "-I" "rocksdb/third-party/gtest-1.8.1/fused-src/" "-I" "lz4/lib/" "-I" "." "-Wall" "-Wextra" "-std=c++11" "-Wno-unused-parameter" "-msse2" "-DLZ4=1" "-DNDEBUG=1" "-DOS_LINUX" "-DROCKSDB_PLATFORM_POSIX" "-DROCKSDB_LIB_IO_POSIX" "-DROCKSDB_SUPPORT_THREAD_LOCAL" "-o" "/opt/rustwide/target/debug/build/librocksdb-sys-a1bf66046354c3fc/out/rocksdb/db/builder.o" "-c" "rocksdb/db/builder.cc" with args "c++" did not execute successfully (status code exit status: 1).
[INFO] [stderr] 
[INFO] [stderr] 
[INFO] running `Command { std: "docker" "inspect" "3d05fb1f23a1ce84bef80a3212be0e9fedc96cc9c13570adc5eefacef802d91d", kill_on_drop: false }`
[INFO] running `Command { std: "docker" "rm" "-f" "3d05fb1f23a1ce84bef80a3212be0e9fedc96cc9c13570adc5eefacef802d91d", kill_on_drop: false }`
[INFO] [stdout] 3d05fb1f23a1ce84bef80a3212be0e9fedc96cc9c13570adc5eefacef802d91d
