[INFO] cloning repository https://github.com/fenhl/bitbar-twitch
[INFO] running `Command { std: "git" "-c" "credential.helper=" "-c" "credential.helper=/workspace/cargo-home/bin/git-credential-null" "clone" "--bare" "https://github.com/fenhl/bitbar-twitch" "/workspace/cache/git-repos/https%3A%2F%2Fgithub.com%2Ffenhl%2Fbitbar-twitch", kill_on_drop: false }`
[INFO] [stderr] Cloning into bare repository '/workspace/cache/git-repos/https%3A%2F%2Fgithub.com%2Ffenhl%2Fbitbar-twitch'...
[INFO] running `Command { std: "git" "rev-parse" "HEAD", kill_on_drop: false }`
[INFO] [stdout] 878c70d80f720d07a0725ea67c539a192e886e18
[INFO] documenting fenhl/bitbar-twitch/878c70d80f720d07a0725ea67c539a192e886e18 against 1.85.0 for beta-1.86-rustdoc-1
[INFO] running `Command { std: "git" "clone" "/workspace/cache/git-repos/https%3A%2F%2Fgithub.com%2Ffenhl%2Fbitbar-twitch" "/workspace/builds/worker-0-tc1/source", kill_on_drop: false }`
[INFO] [stderr] Cloning into '/workspace/builds/worker-0-tc1/source'...
[INFO] [stderr] done.
[INFO] validating manifest of git repo https://github.com/fenhl/bitbar-twitch on toolchain 1.85.0
[INFO] running `Command { std: CARGO_HOME="/workspace/cargo-home" RUSTUP_HOME="/workspace/rustup-home" "/workspace/cargo-home/bin/cargo" "+1.85.0" "metadata" "--manifest-path" "Cargo.toml" "--no-deps", kill_on_drop: false }`
[INFO] started tweaking git repo https://github.com/fenhl/bitbar-twitch
[INFO] finished tweaking git repo https://github.com/fenhl/bitbar-twitch
[INFO] tweaked toml for git repo https://github.com/fenhl/bitbar-twitch written to /workspace/builds/worker-0-tc1/source/Cargo.toml
[INFO] crate git repo https://github.com/fenhl/bitbar-twitch already has a lockfile, it will not be regenerated
[INFO] running `Command { std: CARGO_HOME="/workspace/cargo-home" RUSTUP_HOME="/workspace/rustup-home" "/workspace/cargo-home/bin/cargo" "+1.85.0" "fetch" "--manifest-path" "Cargo.toml", kill_on_drop: false }`
[INFO] [stderr]     Updating crates.io index
[INFO] [stderr]     Updating git repository `https://github.com/fenhl/rust-timespec`
[INFO] [stderr]     Updating git repository `https://github.com/fenhl/rust-twitch-helix`
[INFO] [stderr]     Updating git repository `https://github.com/fenhl/wheel`
[INFO] [stderr]     Blocking waiting for file lock on package cache
[INFO] [stderr]  Downloading crates ...
[INFO] [stderr]   Downloaded prost v0.13.1
[INFO] [stderr]   Downloaded serde_json_path_to_error v0.1.4
[INFO] [stderr]   Downloaded is-docker v0.2.0
[INFO] [stderr]   Downloaded xdg-home v1.3.0
[INFO] [stderr]   Downloaded is-wsl v0.4.0
[INFO] [stderr]   Downloaded css-color-parser v0.1.2
[INFO] [stderr]   Downloaded quinn-udp v0.5.4
[INFO] [stderr]   Downloaded zvariant_utils v2.1.0
[INFO] [stderr]   Downloaded bitbar-derive v0.9.0
[INFO] [stderr]   Downloaded async-broadcast v0.7.1
[INFO] [stderr]   Downloaded mac-notification-sys v0.6.1
[INFO] [stderr]   Downloaded async-process v2.2.4
[INFO] [stderr]   Downloaded async-executor v1.13.0
[INFO] [stderr]   Downloaded tauri-winrt-notification v0.2.1
[INFO] [stderr]   Downloaded notify-rust v4.11.1
[INFO] [stderr]   Downloaded zvariant v4.2.0
[INFO] [stderr]   Downloaded console-subscriber v0.4.0
[INFO] [stderr]   Downloaded hyper-util v0.1.7
[INFO] [stderr]   Downloaded axum v0.7.5
[INFO] [stderr]   Downloaded zbus v4.4.0
[INFO] [stderr]   Downloaded quinn v0.11.3
[INFO] [stderr]   Downloaded clap v4.5.16
[INFO] [stderr]   Downloaded prost-types v0.13.1
[INFO] [stderr]   Downloaded zbus_names v3.0.0
[INFO] [stderr]   Downloaded console-api v0.8.0
[INFO] [stderr]   Downloaded syn v2.0.75
[INFO] [stderr]   Downloaded prost-derive v0.13.1
[INFO] [stderr]   Downloaded hdrhistogram v7.5.4
[INFO] [stderr]   Downloaded zbus_macros v4.4.0
[INFO] [stderr]   Downloaded enumflags2 v0.7.10
[INFO] [stderr]   Downloaded open v5.3.0
[INFO] [stderr]   Downloaded bitbar v0.9.0
[INFO] [stderr]   Downloaded hyper-timeout v0.5.1
[INFO] [stderr]   Downloaded async-recursion v1.1.1
[INFO] [stderr]   Downloaded enumflags2_derive v0.7.10
[INFO] [stderr]   Downloaded zvariant_derive v4.2.0
[INFO] [stderr]   Downloaded lazy-regex-proc_macros v3.2.0
[INFO] [stderr]   Downloaded lazy-regex v3.2.0
[INFO] [stderr]   Downloaded endi v1.1.0
[INFO] [stderr]   Downloaded chrono-tz v0.8.6
[INFO] [stderr]   Downloaded tokio v1.39.3
[INFO] running `Command { std: "docker" "create" "-v" "/var/lib/crater-agent-workspace/builds/worker-0-tc1/target:/opt/rustwide/target:rw,Z" "-v" "/var/lib/crater-agent-workspace/builds/worker-0-tc1/source:/opt/rustwide/workdir:ro,Z" "-v" "/var/lib/crater-agent-workspace/cargo-home:/opt/rustwide/cargo-home:ro,Z" "-v" "/var/lib/crater-agent-workspace/rustup-home:/opt/rustwide/rustup-home:ro,Z" "-e" "SOURCE_DIR=/opt/rustwide/workdir" "-e" "CARGO_TARGET_DIR=/opt/rustwide/target" "-e" "CARGO_HOME=/opt/rustwide/cargo-home" "-e" "RUSTUP_HOME=/opt/rustwide/rustup-home" "-w" "/opt/rustwide/workdir" "-m" "1610612736" "--user" "0:0" "--network" "none" "ghcr.io/rust-lang/crates-build-env/linux@sha256:3959728d45483eb673ba100a951a6b9f5012970368db2a9e08e0ac9b67c8a5ad" "/opt/rustwide/cargo-home/bin/cargo" "+1.85.0" "metadata" "--no-deps" "--format-version=1", kill_on_drop: false }`
[INFO] [stdout] a6aa7616a010f5a157c86ad10cbfa24f706d8082d1b877153a568bda63185169
[INFO] running `Command { std: "docker" "start" "-a" "a6aa7616a010f5a157c86ad10cbfa24f706d8082d1b877153a568bda63185169", kill_on_drop: false }`
[INFO] running `Command { std: "docker" "inspect" "a6aa7616a010f5a157c86ad10cbfa24f706d8082d1b877153a568bda63185169", kill_on_drop: false }`
[INFO] running `Command { std: "docker" "rm" "-f" "a6aa7616a010f5a157c86ad10cbfa24f706d8082d1b877153a568bda63185169", kill_on_drop: false }`
[INFO] [stdout] a6aa7616a010f5a157c86ad10cbfa24f706d8082d1b877153a568bda63185169
[INFO] running `Command { std: "docker" "create" "-v" "/var/lib/crater-agent-workspace/builds/worker-0-tc1/target:/opt/rustwide/target:rw,Z" "-v" "/var/lib/crater-agent-workspace/builds/worker-0-tc1/source:/opt/rustwide/workdir:ro,Z" "-v" "/var/lib/crater-agent-workspace/cargo-home:/opt/rustwide/cargo-home:ro,Z" "-v" "/var/lib/crater-agent-workspace/rustup-home:/opt/rustwide/rustup-home:ro,Z" "-e" "SOURCE_DIR=/opt/rustwide/workdir" "-e" "CARGO_TARGET_DIR=/opt/rustwide/target" "-e" "CARGO_INCREMENTAL=0" "-e" "RUST_BACKTRACE=full" "-e" "RUSTFLAGS=--cap-lints=warn" "-e" "RUSTDOCFLAGS=--cap-lints=warn" "-e" "CARGO_HOME=/opt/rustwide/cargo-home" "-e" "RUSTUP_HOME=/opt/rustwide/rustup-home" "-w" "/opt/rustwide/workdir" "-m" "1610612736" "--user" "0:0" "--network" "none" "ghcr.io/rust-lang/crates-build-env/linux@sha256:3959728d45483eb673ba100a951a6b9f5012970368db2a9e08e0ac9b67c8a5ad" "/opt/rustwide/cargo-home/bin/cargo" "+1.85.0" "doc" "--frozen" "--no-deps" "--document-private-items" "--message-format=json", kill_on_drop: false }`
[INFO] [stdout] 9a309a01aa05c4af9f421a8a7b61269ff107dc62cadf2d40c81c2966de3aa005
[INFO] running `Command { std: "docker" "start" "-a" "9a309a01aa05c4af9f421a8a7b61269ff107dc62cadf2d40c81c2966de3aa005", kill_on_drop: false }`
[INFO] [stderr]    Compiling proc-macro2 v1.0.86
[INFO] [stderr]    Compiling autocfg v1.3.0
[INFO] [stderr]    Compiling libc v0.2.157
[INFO] [stderr]     Checking pin-project-lite v0.2.14
[INFO] [stderr]     Checking futures-core v0.3.30
[INFO] [stderr]     Checking memchr v2.7.4
[INFO] [stderr]     Checking futures-io v0.3.30
[INFO] [stderr]     Checking once_cell v1.19.0
[INFO] [stderr]     Checking futures-sink v0.3.30
[INFO] [stderr]    Compiling serde v1.0.208
[INFO] [stderr]    Compiling parking_lot_core v0.9.10
[INFO] [stderr]     Checking bytes v1.7.1
[INFO] [stderr]     Checking futures-task v0.3.30
[INFO] [stderr]    Compiling crossbeam-utils v0.8.20
[INFO] [stderr]     Checking smallvec v1.13.2
[INFO] [stderr]     Checking itoa v1.0.11
[INFO] [stderr]     Checking parking v2.2.0
[INFO] [stderr]     Checking atomic-waker v1.1.2
[INFO] [stderr]     Checking futures-channel v0.3.30
[INFO] [stderr]    Compiling cc v1.1.13
[INFO] [stderr]    Compiling hashbrown v0.14.5
[INFO] [stderr]    Compiling regex-syntax v0.8.4
[INFO] [stderr]    Compiling version_check v0.9.5
[INFO] [stderr]     Checking fastrand v2.1.0
[INFO] [stderr]     Checking tracing-core v0.1.32
[INFO] [stderr]    Compiling siphasher v0.3.11
[INFO] [stderr]    Compiling winnow v0.5.40
[INFO] [stderr]    Compiling toml_datetime v0.6.8
[INFO] [stderr]     Checking rustls-pki-types v1.8.0
[INFO] [stderr]    Compiling slab v0.4.9
[INFO] [stderr]    Compiling lock_api v0.4.12
[INFO] [stderr]    Compiling quote v1.0.36
[INFO] [stderr]    Compiling generic-array v0.14.7
[INFO] [stderr]    Compiling phf_shared v0.11.2
[INFO] [stderr]    Compiling rand_core v0.6.4
[INFO] [stderr]     Checking http v1.1.0
[INFO] [stderr]     Checking futures-lite v2.3.0
[INFO] [stderr]    Compiling syn v2.0.75
[INFO] [stderr]     Checking concurrent-queue v2.5.0
[INFO] [stderr]    Compiling rand v0.8.5
[INFO] [stderr]    Compiling aho-corasick v1.1.3
[INFO] [stderr]    Compiling indexmap v2.4.0
[INFO] [stderr]    Compiling rustix v0.38.34
[INFO] [stderr]    Compiling either v1.13.0
[INFO] [stderr]     Checking event-listener v5.3.1
[INFO] [stderr]    Compiling httparse v1.9.4
[INFO] [stderr]     Checking byteorder v1.5.0
[INFO] [stderr]     Checking event-listener-strategy v0.5.2
[INFO] [stderr]     Checking spin v0.9.8
[INFO] [stderr]     Checking untrusted v0.9.0
[INFO] [stderr]     Checking bitflags v2.6.0
[INFO] [stderr]     Checking tinyvec v1.8.0
[INFO] [stderr]    Compiling memoffset v0.9.1
[INFO] [stderr]     Checking http-body v1.0.1
[INFO] [stderr]    Compiling num-traits v0.2.19
[INFO] [stderr]     Checking async-task v4.7.1
[INFO] [stderr]     Checking linux-raw-sys v0.4.14
[INFO] [stderr]    Compiling phf_generator v0.11.2
[INFO] [stderr]    Compiling rustls v0.23.12
[INFO] [stderr]     Checking utf8parse v0.2.2
[INFO] [stderr]    Compiling thiserror v1.0.63
[INFO] [stderr]     Checking try-lock v0.2.5
[INFO] [stderr]    Compiling cfg_aliases v0.2.1
[INFO] [stderr]     Checking anstyle-parse v0.2.5
[INFO] [stderr]     Checking want v0.3.1
[INFO] [stderr]    Compiling nix v0.29.0
[INFO] [stderr]    Compiling phf_codegen v0.11.2
[INFO] [stderr]     Checking block-buffer v0.10.4
[INFO] [stderr]     Checking crypto-common v0.1.6
[INFO] [stderr]     Checking async-channel v2.3.1
[INFO] [stderr]     Checking async-lock v3.4.0
[INFO] [stderr]    Compiling ring v0.17.8
[INFO] [stderr]    Compiling phf v0.11.2
[INFO] [stderr]     Checking piper v0.2.4
[INFO] [stderr]     Checking colorchoice v1.0.2
[INFO] [stderr]     Checking tower-layer v0.3.3
[INFO] [stderr]     Checking getrandom v0.2.15
[INFO] [stderr]     Checking socket2 v0.5.7
[INFO] [stderr]     Checking signal-hook-registry v1.4.2
[INFO] [stderr]     Checking mio v1.0.2
[INFO] [stderr]     Checking anstyle-query v1.1.1
[INFO] [stderr]     Checking is_terminal_polyfill v1.70.1
[INFO] [stderr]     Checking tower-service v0.3.3
[INFO] [stderr]     Checking endi v1.1.0
[INFO] [stderr]     Checking anstyle v1.0.8
[INFO] [stderr]     Checking unicode-normalization v0.1.23
[INFO] [stderr]     Checking unicode-bidi v0.3.15
[INFO] [stderr]     Checking ryu v1.0.18
[INFO] [stderr]    Compiling serde_json v1.0.125
[INFO] [stderr]     Checking parking_lot v0.12.3
[INFO] [stderr]     Checking blocking v1.6.1
[INFO] [stderr]     Checking digest v0.10.7
[INFO] [stderr]     Checking anstream v0.6.15
[INFO] [stderr]     Checking iana-time-zone v0.1.60
[INFO] [stderr]     Checking log v0.4.22
[INFO] [stderr]     Checking cpufeatures v0.2.13
[INFO] [stderr]     Checking strsim v0.11.1
[INFO] [stderr]     Checking clap_lex v0.7.2
[INFO] [stderr]     Checking sha1 v0.10.6
[INFO] [stderr]     Checking async-fs v2.1.2
[INFO] [stderr]     Checking clap_builder v4.5.15
[INFO] [stderr]     Checking xdg-home v1.3.0
[INFO] [stderr]     Checking itertools v0.13.0
[INFO] [stderr]     Checking idna v0.5.0
[INFO] [stderr]     Checking async-executor v1.13.0
[INFO] [stderr]     Checking async-broadcast v0.7.1
[INFO] [stderr]     Checking webpki-roots v0.26.3
[INFO] [stderr]     Checking is-docker v0.2.0
[INFO] [stderr]    Compiling regex-automata v0.4.7
[INFO] [stderr]     Checking ordered-stream v0.2.0
[INFO] [stderr]    Compiling toml_edit v0.21.1
[INFO] [stderr]    Compiling semver v1.0.23
[INFO] [stderr]     Checking base64 v0.22.1
[INFO] [stderr]     Checking is-wsl v0.4.0
[INFO] [stderr]    Compiling itertools v0.11.0
[INFO] [stderr]     Checking encoding_rs v0.8.34
[INFO] [stderr]     Checking lazy_static v0.1.16
[INFO] [stderr]     Checking pathdiff v0.2.1
[INFO] [stderr]     Checking sync_wrapper v1.0.1
[INFO] [stderr]     Checking rustls-pemfile v2.1.3
[INFO] [stderr]     Checking open v5.3.0
[INFO] [stderr]     Checking css-color-parser v0.1.2
[INFO] [stderr]     Checking base64 v0.21.7
[INFO] [stderr]     Checking xdg v2.5.2
[INFO] [stderr]    Compiling proc-macro-crate v3.1.0
[INFO] [stderr]    Compiling zvariant_utils v2.1.0
[INFO] [stderr]     Checking rustls-webpki v0.102.6
[INFO] [stderr]    Compiling regex v1.10.6
[INFO] [stderr]    Compiling serde_derive v1.0.208
[INFO] [stderr]    Compiling futures-macro v0.3.30
[INFO] [stderr]    Compiling tokio-macros v2.4.0
[INFO] [stderr]    Compiling tracing-attributes v0.1.27
[INFO] [stderr]    Compiling zerocopy-derive v0.7.35
[INFO] [stderr]    Compiling async-trait v0.1.81
[INFO] [stderr]    Compiling pin-project-internal v1.1.5
[INFO] [stderr]    Compiling enumflags2_derive v0.7.10
[INFO] [stderr]    Compiling thiserror-impl v1.0.63
[INFO] [stderr]    Compiling zvariant_derive v4.2.0
[INFO] [stderr]    Compiling zbus_macros v4.4.0
[INFO] [stderr]    Compiling clap_derive v4.5.13
[INFO] [stderr]    Compiling parse-zoneinfo v0.3.1
[INFO] [stderr]    Compiling serde_repr v0.1.19
[INFO] [stderr]     Checking tokio v1.39.3
[INFO] [stderr]    Compiling chrono-tz-build v0.2.1
[INFO] [stderr]    Compiling lazy-regex-proc_macros v3.2.0
[INFO] [stderr]     Checking zerocopy v0.7.35
[INFO] [stderr]    Compiling wheel-derive v0.14.1 (https://github.com/fenhl/wheel?branch=main#d50d3d1f)
[INFO] [stderr]    Compiling bitbar-derive v0.9.0
[INFO] [stderr]     Checking futures-util v0.3.30
[INFO] [stderr]    Compiling chrono-tz v0.8.6
[INFO] [stderr]     Checking pin-project v1.1.5
[INFO] [stderr]     Checking ppv-lite86 v0.2.20
[INFO] [stderr]     Checking tracing v0.1.40
[INFO] [stderr]     Checking polling v3.7.3
[INFO] [stderr]     Checking rand_chacha v0.3.1
[INFO] [stderr]     Checking lazy-regex v3.2.0
[INFO] [stderr]     Checking async-io v2.3.4
[INFO] [stderr]     Checking clap v4.5.16
[INFO] [stderr]     Checking futures-executor v0.3.30
[INFO] [stderr]     Checking http-body-util v0.1.2
[INFO] [stderr]     Checking futures v0.3.30
[INFO] [stderr]     Checking tokio-util v0.7.11
[INFO] [stderr]     Checking tower v0.4.13
[INFO] [stderr]     Checking tokio-rustls v0.26.0
[INFO] [stderr]     Checking wheel v0.14.1 (https://github.com/fenhl/wheel?branch=main#d50d3d1f)
[INFO] [stderr]     Checking h2 v0.4.5
[INFO] [stderr]     Checking enumflags2 v0.7.10
[INFO] [stderr]     Checking chrono v0.4.38
[INFO] [stderr]     Checking url v2.5.2
[INFO] [stderr]     Checking serde_path_to_error v0.1.16
[INFO] [stderr]     Checking serde_urlencoded v0.7.1
[INFO] [stderr]     Checking zvariant v4.2.0
[INFO] [stderr]     Checking serde_json_path_to_error v0.1.4
[INFO] [stderr]     Checking hyper v1.4.1
[INFO] [stderr]     Checking zbus_names v3.0.0
[INFO] [stderr]     Checking hyper-util v0.1.7
[INFO] [stderr]     Checking zbus v4.4.0
[INFO] [stderr]     Checking hyper-rustls v0.27.2
[INFO] [stderr]     Checking reqwest v0.12.5
[INFO] [stderr]     Checking timespec v3.1.1 (https://github.com/fenhl/rust-timespec?branch=main#16c05900)
[INFO] [stderr]     Checking twitch_helix v0.5.0 (https://github.com/fenhl/rust-twitch-helix?branch=main#49e51a50)
[INFO] [stderr]     Checking notify-rust v4.11.1
[INFO] [stderr]     Checking bitbar v0.9.0
[INFO] [stdout] error[E0425]: cannot find function `set_application` in crate `notify_rust`
[INFO] [stdout]    --> /opt/rustwide/cargo-home/registry/src/index.crates.io-1949cf8c6b5b557f/bitbar-0.9.0/src/lib.rs:399:26
[INFO] [stdout]     |
[INFO] [stdout] 399 |     let _ = notify_rust::set_application(&notify_rust::get_bundle_identifier_or_default("BitBar"));
[INFO] [stdout]     |                          ^^^^^^^^^^^^^^^ not found in `notify_rust`
[INFO] [stdout]     |
[INFO] [stdout] note: found an item that was configured out
[INFO] [stdout]    --> /opt/rustwide/cargo-home/registry/src/index.crates.io-1949cf8c6b5b557f/notify-rust-4.11.1/src/lib.rs:186:66
[INFO] [stdout]     |
[INFO] [stdout] 186 | pub use mac_notification_sys::{get_bundle_identifier_or_default, set_application};
[INFO] [stdout]     |                                                                  ^^^^^^^^^^^^^^^
[INFO] [stdout] note: the item is gated behind the `macos` feature
[INFO] [stdout]    --> /opt/rustwide/cargo-home/registry/src/index.crates.io-1949cf8c6b5b557f/notify-rust-4.11.1/src/lib.rs:185:7
[INFO] [stdout]     |
[INFO] [stdout] 185 | #[cfg(target_os = "macos")]
[INFO] [stdout]     |       ^^^^^^^^^^^^^^^^^^^
[INFO] [stdout] 
[INFO] [stdout] 
[INFO] [stdout] error[E0425]: cannot find function `get_bundle_identifier_or_default` in crate `notify_rust`
[INFO] [stdout]    --> /opt/rustwide/cargo-home/registry/src/index.crates.io-1949cf8c6b5b557f/bitbar-0.9.0/src/lib.rs:399:56
[INFO] [stdout]     |
[INFO] [stdout] 399 |     let _ = notify_rust::set_application(&notify_rust::get_bundle_identifier_or_default("BitBar"));
[INFO] [stdout]     |                                                        ^^^^^^^^^^^^^^^^^^^^^^^^^^^^^^^^ not found in `notify_rust`
[INFO] [stdout]     |
[INFO] [stdout] note: found an item that was configured out
[INFO] [stdout]    --> /opt/rustwide/cargo-home/registry/src/index.crates.io-1949cf8c6b5b557f/notify-rust-4.11.1/src/lib.rs:186:32
[INFO] [stdout]     |
[INFO] [stdout] 186 | pub use mac_notification_sys::{get_bundle_identifier_or_default, set_application};
[INFO] [stdout]     |                                ^^^^^^^^^^^^^^^^^^^^^^^^^^^^^^^^
[INFO] [stdout] note: the item is gated behind the `macos` feature
[INFO] [stdout]    --> /opt/rustwide/cargo-home/registry/src/index.crates.io-1949cf8c6b5b557f/notify-rust-4.11.1/src/lib.rs:185:7
[INFO] [stdout]     |
[INFO] [stdout] 185 | #[cfg(target_os = "macos")]
[INFO] [stdout]     |       ^^^^^^^^^^^^^^^^^^^
[INFO] [stdout] 
[INFO] [stdout] 
[INFO] [stdout] error[E0425]: cannot find function `set_application` in crate `notify_rust`
[INFO] [stdout]    --> /opt/rustwide/cargo-home/registry/src/index.crates.io-1949cf8c6b5b557f/bitbar-0.9.0/src/lib.rs:408:26
[INFO] [stdout]     |
[INFO] [stdout] 408 |     let _ = notify_rust::set_application(&notify_rust::get_bundle_identifier_or_default("BitBar"));
[INFO] [stdout]     |                          ^^^^^^^^^^^^^^^ not found in `notify_rust`
[INFO] [stdout]     |
[INFO] [stdout] note: found an item that was configured out
[INFO] [stdout]    --> /opt/rustwide/cargo-home/registry/src/index.crates.io-1949cf8c6b5b557f/notify-rust-4.11.1/src/lib.rs:186:66
[INFO] [stdout]     |
[INFO] [stdout] 186 | pub use mac_notification_sys::{get_bundle_identifier_or_default, set_application};
[INFO] [stdout]     |                                                                  ^^^^^^^^^^^^^^^
[INFO] [stdout] note: the item is gated behind the `macos` feature
[INFO] [stdout]    --> /opt/rustwide/cargo-home/registry/src/index.crates.io-1949cf8c6b5b557f/notify-rust-4.11.1/src/lib.rs:185:7
[INFO] [stdout]     |
[INFO] [stdout] 185 | #[cfg(target_os = "macos")]
[INFO] [stdout]     |       ^^^^^^^^^^^^^^^^^^^
[INFO] [stdout] 
[INFO] [stdout] 
[INFO] [stdout] error[E0425]: cannot find function `get_bundle_identifier_or_default` in crate `notify_rust`
[INFO] [stdout]    --> /opt/rustwide/cargo-home/registry/src/index.crates.io-1949cf8c6b5b557f/bitbar-0.9.0/src/lib.rs:408:56
[INFO] [stdout]     |
[INFO] [stdout] 408 |     let _ = notify_rust::set_application(&notify_rust::get_bundle_identifier_or_default("BitBar"));
[INFO] [stdout]     |                                                        ^^^^^^^^^^^^^^^^^^^^^^^^^^^^^^^^ not found in `notify_rust`
[INFO] [stdout]     |
[INFO] [stdout] note: found an item that was configured out
[INFO] [stdout]    --> /opt/rustwide/cargo-home/registry/src/index.crates.io-1949cf8c6b5b557f/notify-rust-4.11.1/src/lib.rs:186:32
[INFO] [stdout]     |
[INFO] [stdout] 186 | pub use mac_notification_sys::{get_bundle_identifier_or_default, set_application};
[INFO] [stdout]     |                                ^^^^^^^^^^^^^^^^^^^^^^^^^^^^^^^^
[INFO] [stdout] note: the item is gated behind the `macos` feature
[INFO] [stdout]    --> /opt/rustwide/cargo-home/registry/src/index.crates.io-1949cf8c6b5b557f/notify-rust-4.11.1/src/lib.rs:185:7
[INFO] [stdout]     |
[INFO] [stdout] 185 | #[cfg(target_os = "macos")]
[INFO] [stdout]     |       ^^^^^^^^^^^^^^^^^^^
[INFO] [stdout] 
[INFO] [stdout] 
[INFO] [stdout] For more information about this error, try `rustc --explain E0425`.
[INFO] [stdout] 
[INFO] [stderr] error: could not compile `bitbar` (lib) due to 4 previous errors
[INFO] running `Command { std: "docker" "inspect" "9a309a01aa05c4af9f421a8a7b61269ff107dc62cadf2d40c81c2966de3aa005", kill_on_drop: false }`
[INFO] running `Command { std: "docker" "rm" "-f" "9a309a01aa05c4af9f421a8a7b61269ff107dc62cadf2d40c81c2966de3aa005", kill_on_drop: false }`
[INFO] [stdout] 9a309a01aa05c4af9f421a8a7b61269ff107dc62cadf2d40c81c2966de3aa005
