[INFO] cloning repository https://github.com/etalab/transport-validator
[INFO] running `Command { std: "git" "-c" "credential.helper=" "-c" "credential.helper=/workspace/cargo-home/bin/git-credential-null" "clone" "--bare" "https://github.com/etalab/transport-validator" "/workspace/cache/git-repos/https%3A%2F%2Fgithub.com%2Fetalab%2Ftransport-validator", kill_on_drop: false }`
[INFO] [stderr] Cloning into bare repository '/workspace/cache/git-repos/https%3A%2F%2Fgithub.com%2Fetalab%2Ftransport-validator'...
[INFO] running `Command { std: "git" "rev-parse" "HEAD", kill_on_drop: false }`
[INFO] [stdout] 0665221b9fba22d42fc0381ec8b2b7569b179aa3
[INFO] documenting etalab/transport-validator against 1.85.0 for beta-1.86-rustdoc-1
[INFO] running `Command { std: "git" "clone" "/workspace/cache/git-repos/https%3A%2F%2Fgithub.com%2Fetalab%2Ftransport-validator" "/workspace/builds/worker-0-tc1/source", kill_on_drop: false }`
[INFO] [stderr] Cloning into '/workspace/builds/worker-0-tc1/source'...
[INFO] [stderr] done.
[INFO] validating manifest of git repo https://github.com/etalab/transport-validator on toolchain 1.85.0
[INFO] running `Command { std: CARGO_HOME="/workspace/cargo-home" RUSTUP_HOME="/workspace/rustup-home" "/workspace/cargo-home/bin/cargo" "+1.85.0" "metadata" "--manifest-path" "Cargo.toml" "--no-deps", kill_on_drop: false }`
[INFO] started tweaking git repo https://github.com/etalab/transport-validator
[INFO] finished tweaking git repo https://github.com/etalab/transport-validator
[INFO] tweaked toml for git repo https://github.com/etalab/transport-validator written to /workspace/builds/worker-0-tc1/source/Cargo.toml
[INFO] crate git repo https://github.com/etalab/transport-validator already has a lockfile, it will not be regenerated
[INFO] running `Command { std: CARGO_HOME="/workspace/cargo-home" RUSTUP_HOME="/workspace/rustup-home" "/workspace/cargo-home/bin/cargo" "+1.85.0" "fetch" "--manifest-path" "Cargo.toml", kill_on_drop: false }`
[INFO] [stderr]     Updating crates.io index
[INFO] [stderr]  Downloading crates ...
[INFO] [stderr]   Downloaded iso4217 v0.3.2
[INFO] [stderr]   Downloaded zerocopy-derive v0.7.33
[INFO] [stderr]   Downloaded zerocopy v0.7.33
[INFO] [stderr]   Downloaded isolang v2.4.0
[INFO] [stderr]   Downloaded gtfs-structures v0.41.2
[INFO] running `Command { std: "docker" "create" "-v" "/var/lib/crater-agent-workspace/builds/worker-0-tc1/target:/opt/rustwide/target:rw,Z" "-v" "/var/lib/crater-agent-workspace/builds/worker-0-tc1/source:/opt/rustwide/workdir:ro,Z" "-v" "/var/lib/crater-agent-workspace/cargo-home:/opt/rustwide/cargo-home:ro,Z" "-v" "/var/lib/crater-agent-workspace/rustup-home:/opt/rustwide/rustup-home:ro,Z" "-e" "SOURCE_DIR=/opt/rustwide/workdir" "-e" "CARGO_TARGET_DIR=/opt/rustwide/target" "-e" "CARGO_HOME=/opt/rustwide/cargo-home" "-e" "RUSTUP_HOME=/opt/rustwide/rustup-home" "-w" "/opt/rustwide/workdir" "-m" "1610612736" "--user" "0:0" "--network" "none" "ghcr.io/rust-lang/crates-build-env/linux@sha256:3959728d45483eb673ba100a951a6b9f5012970368db2a9e08e0ac9b67c8a5ad" "/opt/rustwide/cargo-home/bin/cargo" "+1.85.0" "metadata" "--no-deps" "--format-version=1", kill_on_drop: false }`
[INFO] [stdout] 8da0d7add3ba73d920d30e2e77db2b0da0a5b18da46aa1b826021c118def591e
[INFO] running `Command { std: "docker" "start" "-a" "8da0d7add3ba73d920d30e2e77db2b0da0a5b18da46aa1b826021c118def591e", kill_on_drop: false }`
[INFO] running `Command { std: "docker" "inspect" "8da0d7add3ba73d920d30e2e77db2b0da0a5b18da46aa1b826021c118def591e", kill_on_drop: false }`
[INFO] running `Command { std: "docker" "rm" "-f" "8da0d7add3ba73d920d30e2e77db2b0da0a5b18da46aa1b826021c118def591e", kill_on_drop: false }`
[INFO] [stdout] 8da0d7add3ba73d920d30e2e77db2b0da0a5b18da46aa1b826021c118def591e
[INFO] running `Command { std: "docker" "create" "-v" "/var/lib/crater-agent-workspace/builds/worker-0-tc1/target:/opt/rustwide/target:rw,Z" "-v" "/var/lib/crater-agent-workspace/builds/worker-0-tc1/source:/opt/rustwide/workdir:ro,Z" "-v" "/var/lib/crater-agent-workspace/cargo-home:/opt/rustwide/cargo-home:ro,Z" "-v" "/var/lib/crater-agent-workspace/rustup-home:/opt/rustwide/rustup-home:ro,Z" "-e" "SOURCE_DIR=/opt/rustwide/workdir" "-e" "CARGO_TARGET_DIR=/opt/rustwide/target" "-e" "CARGO_INCREMENTAL=0" "-e" "RUST_BACKTRACE=full" "-e" "RUSTFLAGS=--cap-lints=warn" "-e" "RUSTDOCFLAGS=--cap-lints=warn" "-e" "CARGO_HOME=/opt/rustwide/cargo-home" "-e" "RUSTUP_HOME=/opt/rustwide/rustup-home" "-w" "/opt/rustwide/workdir" "-m" "1610612736" "--user" "0:0" "--network" "none" "ghcr.io/rust-lang/crates-build-env/linux@sha256:3959728d45483eb673ba100a951a6b9f5012970368db2a9e08e0ac9b67c8a5ad" "/opt/rustwide/cargo-home/bin/cargo" "+1.85.0" "doc" "--frozen" "--no-deps" "--document-private-items" "--message-format=json", kill_on_drop: false }`
[INFO] [stdout] b83123767fc92a1717caf2c4cfecd595ff75250e03c603d2d454c71bb0c77920
[INFO] running `Command { std: "docker" "start" "-a" "b83123767fc92a1717caf2c4cfecd595ff75250e03c603d2d454c71bb0c77920", kill_on_drop: false }`
[INFO] [stderr]    Compiling libc v0.2.159
[INFO] [stderr]    Compiling proc-macro2 v1.0.81
[INFO] [stderr]    Compiling unicode-ident v1.0.12
[INFO] [stderr]     Checking cfg-if v1.0.0
[INFO] [stderr]    Compiling autocfg v1.3.0
[INFO] [stderr]    Compiling version_check v0.9.4
[INFO] [stderr]    Compiling once_cell v1.19.0
[INFO] [stderr]    Compiling pkg-config v0.3.30
[INFO] [stderr]     Checking pin-project-lite v0.2.14
[INFO] [stderr]     Checking log v0.4.21
[INFO] [stderr]     Checking smallvec v1.13.2
[INFO] [stderr]     Checking memchr v2.7.4
[INFO] [stderr]     Checking itoa v1.0.11
[INFO] [stderr]     Checking futures-core v0.3.30
[INFO] [stderr]     Checking bytes v1.6.0
[INFO] [stderr]    Compiling typenum v1.17.0
[INFO] [stderr]    Compiling parking_lot_core v0.9.10
[INFO] [stderr]     Checking futures-sink v0.3.30
[INFO] [stderr]     Checking scopeguard v1.2.0
[INFO] [stderr]    Compiling serde v1.0.200
[INFO] [stderr]    Compiling libm v0.2.8
[INFO] [stderr]     Checking zerocopy v0.7.33
[INFO] [stderr]     Checking allocator-api2 v0.2.18
[INFO] [stderr]     Checking tracing-core v0.1.32
[INFO] [stderr]     Checking futures-channel v0.3.30
[INFO] [stderr]     Checking pin-utils v0.1.0
[INFO] [stderr]     Checking futures-task v0.3.30
[INFO] [stderr]    Compiling vcpkg v0.2.15
[INFO] [stderr]     Checking futures-io v0.3.30
[INFO] [stderr]     Checking subtle v2.5.0
[INFO] [stderr]    Compiling generic-array v0.14.7
[INFO] [stderr]    Compiling ahash v0.8.11
[INFO] [stderr]     Checking fnv v1.0.7
[INFO] [stderr]    Compiling lock_api v0.4.12
[INFO] [stderr]    Compiling slab v0.4.9
[INFO] [stderr]    Compiling num-traits v0.2.19
[INFO] [stderr]     Checking tracing v0.1.40
[INFO] [stderr]     Checking bitflags v2.5.0
[INFO] [stderr]     Checking equivalent v1.0.1
[INFO] [stderr]     Checking percent-encoding v2.3.1
[INFO] [stderr]     Checking http v0.2.12
[INFO] [stderr]     Checking cpufeatures v0.2.12
[INFO] [stderr]    Compiling httparse v1.8.0
[INFO] [stderr]     Checking ryu v1.0.17
[INFO] [stderr]     Checking byteorder v1.5.0
[INFO] [stderr]     Checking tinyvec_macros v0.1.1
[INFO] [stderr]    Compiling siphasher v0.3.11
[INFO] [stderr]     Checking foreign-types-shared v0.1.1
[INFO] [stderr]    Compiling rand_core v0.6.4
[INFO] [stderr]    Compiling regex-syntax v0.8.3
[INFO] [stderr]    Compiling syn v1.0.109
[INFO] [stderr]    Compiling openssl v0.10.70
[INFO] [stderr]     Checking getrandom v0.2.14
[INFO] [stderr]     Checking socket2 v0.5.7
[INFO] [stderr]     Checking signal-hook-registry v1.4.2
[INFO] [stderr]     Checking mio v0.8.11
[INFO] [stderr]     Checking parking_lot v0.12.2
[INFO] [stderr]    Compiling phf_shared v0.11.2
[INFO] [stderr]    Compiling rand v0.8.5
[INFO] [stderr]     Checking foreign-types v0.3.2
[INFO] [stderr]     Checking tinyvec v1.6.0
[INFO] [stderr]     Checking aho-corasick v1.1.3
[INFO] [stderr]    Compiling paste v1.0.14
[INFO] [stderr]     Checking adler v1.0.2
[INFO] [stderr]    Compiling jobserver v0.1.31
[INFO] [stderr]    Compiling quote v1.0.36
[INFO] [stderr]    Compiling heapless v0.8.0
[INFO] [stderr]     Checking hashbrown v0.14.5
[INFO] [stderr]    Compiling native-tls v0.2.11
[INFO] [stderr]     Checking httpdate v1.0.3
[INFO] [stderr]     Checking tokio v1.37.0
[INFO] [stderr]     Checking powerfmt v0.2.0
[INFO] [stderr]    Compiling cc v1.0.97
[INFO] [stderr]    Compiling syn v2.0.60
[INFO] [stderr]    Compiling time-core v0.1.2
[INFO] [stderr]    Compiling num-conv v0.1.0
[INFO] [stderr]    Compiling phf_generator v0.11.2
[INFO] [stderr]     Checking deranged v0.3.11
[INFO] [stderr]     Checking miniz_oxide v0.7.2
[INFO] [stderr]     Checking hash32 v0.3.1
[INFO] [stderr]     Checking form_urlencoded v1.2.1
[INFO] [stderr]    Compiling time-macros v0.2.18
[INFO] [stderr]     Checking crc32fast v1.4.2
[INFO] [stderr]     Checking either v1.11.0
[INFO] [stderr]     Checking unicode-bidi v0.3.15
[INFO] [stderr]     Checking indexmap v2.2.6
[INFO] [stderr]    Compiling zstd-safe v7.1.0
[INFO] [stderr]     Checking stable_deref_trait v1.2.0
[INFO] [stderr]     Checking utf8parse v0.2.1
[INFO] [stderr]     Checking local-waker v0.1.4
[INFO] [stderr]     Checking openssl-probe v0.1.5
[INFO] [stderr]    Compiling zstd-safe v5.0.2+zstd.1.5.2
[INFO] [stderr]     Checking try-lock v0.2.5
[INFO] [stderr]     Checking alloc-no-stdlib v2.0.4
[INFO] [stderr]     Checking unicode-normalization v0.1.23
[INFO] [stderr]    Compiling regex-automata v0.4.6
[INFO] [stderr]     Checking alloc-stdlib v0.2.2
[INFO] [stderr]     Checking want v0.3.1
[INFO] [stderr]     Checking flate2 v1.0.30
[INFO] [stderr]     Checking anstyle-parse v0.2.4
[INFO] [stderr]     Checking crypto-common v0.1.6
[INFO] [stderr]     Checking block-buffer v0.10.4
[INFO] [stderr]     Checking inout v0.1.3
[INFO] [stderr]    Compiling phf_codegen v0.11.2
[INFO] [stderr]     Checking digest v0.10.7
[INFO] [stderr]     Checking http-body v0.4.6
[INFO] [stderr]     Checking encoding_rs v0.8.34
[INFO] [stderr]     Checking sha1 v0.10.6
[INFO] [stderr]     Checking ppv-lite86 v0.2.17
[INFO] [stderr]     Checking idna v0.5.0
[INFO] [stderr]     Checking tower-service v0.3.2
[INFO] [stderr]     Checking is_terminal_polyfill v1.70.0
[INFO] [stderr]     Checking anstyle-query v1.0.3
[INFO] [stderr]     Checking base64ct v1.6.0
[INFO] [stderr]     Checking colorchoice v1.0.1
[INFO] [stderr]    Compiling thiserror v1.0.64
[INFO] [stderr]     Checking time v0.3.36
[INFO] [stderr]     Checking anstyle v1.0.7
[INFO] [stderr]     Checking mime v0.3.17
[INFO] [stderr]    Compiling serde_json v1.0.116
[INFO] [stderr]     Checking password-hash v0.4.2
[INFO] [stderr]     Checking anstream v0.6.14
[INFO] [stderr]     Checking actix-service v2.0.2
[INFO] [stderr]    Compiling bytestring v1.3.1
[INFO] [stderr]    Compiling zstd-sys v2.0.10+zstd.1.5.6
[INFO] [stderr]    Compiling openssl-sys v0.9.105
[INFO] [stderr]    Compiling bzip2-sys v0.1.11+1.0.8
[INFO] [stderr]     Checking rand_chacha v0.3.1
[INFO] [stderr]     Checking url v2.5.0
[INFO] [stderr]     Checking sha2 v0.10.8
[INFO] [stderr]     Checking hmac v0.12.1
[INFO] [stderr]     Checking rstar v0.12.0
[INFO] [stderr]     Checking cipher v0.4.4
[INFO] [stderr]    Compiling regex v1.10.4
[INFO] [stderr]     Checking brotli-decompressor v4.0.1
[INFO] [stderr]     Checking actix-utils v3.0.1
[INFO] [stderr]     Checking itertools v0.11.0
[INFO] [stderr]     Checking approx v0.5.1
[INFO] [stderr]    Compiling cookie v0.16.2
[INFO] [stderr]     Checking iana-time-zone v0.1.60
[INFO] [stderr]     Checking base64 v0.21.7
[INFO] [stderr]    Compiling regex-lite v0.1.6
[INFO] [stderr]    Compiling convert_case v0.4.0
[INFO] [stderr]     Checking brotli v6.0.0
[INFO] [stderr]    Compiling parse-zoneinfo v0.3.1
[INFO] [stderr]     Checking rustls-pemfile v1.0.4
[INFO] [stderr]     Checking pbkdf2 v0.11.0
[INFO] [stderr]     Checking aes v0.8.4
[INFO] [stderr]     Checking phf v0.11.2
[INFO] [stderr]     Checking bzip2 v0.4.4
[INFO] [stderr]     Checking local-channel v0.1.5
[INFO] [stderr]     Checking csv-core v0.1.11
[INFO] [stderr]     Checking ipnet v2.9.0
[INFO] [stderr]     Checking robust v1.1.0
[INFO] [stderr]    Compiling anyhow v1.0.82
[INFO] [stderr]     Checking strsim v0.11.1
[INFO] [stderr]    Compiling chrono-tz-build v0.4.0
[INFO] [stderr]     Checking bytemuck v1.15.0
[INFO] [stderr]     Checking constant_time_eq v0.1.5
[INFO] [stderr]     Checking clap_lex v0.7.0
[INFO] [stderr]     Checking sync_wrapper v0.1.2
[INFO] [stderr]     Checking language-tags v0.3.2
[INFO] [stderr]     Checking base64 v0.22.1
[INFO] [stderr]    Compiling heck v0.5.0
[INFO] [stderr]     Checking rgb v0.8.37
[INFO] [stderr]     Checking tokio-util v0.7.11
[INFO] [stderr]     Checking clap_builder v4.5.2
[INFO] [stderr]     Checking spade v2.6.0
[INFO] [stderr]     Checking geographiclib-rs v0.2.4
[INFO] [stderr]     Checking humantime v2.1.0
[INFO] [stderr]    Compiling chrono-tz v0.10.0
[INFO] [stderr]    Compiling derive_more v0.99.17
[INFO] [stderr]    Compiling derivative v2.2.0
[INFO] [stderr]     Checking impl-more v0.1.6
[INFO] [stderr]     Checking float_next_after v1.0.0
[INFO] [stderr]     Checking env_filter v0.1.0
[INFO] [stderr]     Checking earcutr v0.4.3
[INFO] [stderr]     Checking unsafe-libyaml v0.2.11
[INFO] [stderr]     Checking actix-codec v0.5.2
[INFO] [stderr]     Checking env_logger v0.11.3
[INFO] [stderr]     Checking isolang v2.4.0
[INFO] [stderr]     Checking itertools v0.13.0
[INFO] [stderr]     Checking iso4217 v0.3.2
[INFO] [stderr]    Compiling serde_derive v1.0.200
[INFO] [stderr]    Compiling futures-macro v0.3.30
[INFO] [stderr]    Compiling openssl-macros v0.1.1
[INFO] [stderr]    Compiling actix-macros v0.2.4
[INFO] [stderr]    Compiling thiserror-impl v1.0.64
[INFO] [stderr]    Compiling clap_derive v4.5.4
[INFO] [stderr]     Checking actix-rt v2.10.0
[INFO] [stderr]    Compiling actix-router v0.5.3
[INFO] [stderr] rustc-LLVM ERROR: IO failure on output stream: No space left on device
[INFO] [stdout] error: linking with `cc` failed: exit status: 1
[INFO] [stdout]   |
[INFO] [stdout]   = note: LC_ALL="C" PATH="/opt/rustwide/rustup-home/toolchains/1.85.0-x86_64-unknown-linux-gnu/lib/rustlib/x86_64-unknown-linux-gnu/bin:/opt/rustwide/cargo-home/bin:/usr/local/sbin:/usr/local/bin:/usr/sbin:/usr/bin:/sbin:/bin" VSLANG="1033" "cc" "-Wl,--version-script=/tmp/rustcFp6fq5/list" "-Wl,--no-undefined-version" "-m64" "/tmp/rustcFp6fq5/symbols.o" "<6 object files omitted>" "/opt/rustwide/target/debug/deps/futures_macro-967e80809373bf58.26slnol0txgfonkcfg3u511mq.rcgu.rmeta" "<1 object files omitted>" "-Wl,--as-needed" "-Wl,-Bstatic" "/opt/rustwide/target/debug/deps/{libsyn-a1a5fb840bb99c2c.rlib,libquote-b6816e03af498c9f.rlib,libproc_macro2-f51fa46752089a0d.rlib,libunicode_ident-ef3bfab9a6597483.rlib}" "/opt/rustwide/rustup-home/toolchains/1.85.0-x86_64-unknown-linux-gnu/lib/rustlib/x86_64-unknown-linux-gnu/lib/{libproc_macro-57e423f2e16d22f0.rlib,libstd-6273572f18644c87.rlib,libpanic_unwind-267e668abf74a283.rlib,libobject-ec6154ccae37a33e.rlib,libmemchr-500edd5521c440d4.rlib,libaddr2line-86d8d9428792e8ef.rlib,libgimli-10f06487503767c2.rlib,librustc_demangle-6a38424de1e5bca5.rlib,libstd_detect-de9763ea1c19dca3.rlib,libhashbrown-a7f5bb2f736d3c49.rlib,librustc_std_workspace_alloc-7e368919bdc4a44c.rlib,libminiz_oxide-376454d49910c786.rlib,libadler-fa99f5692b5dce85.rlib,libunwind-91cafdaf16f7fe40.rlib,libcfg_if-f7ee3f1ea78d9dae.rlib,liblibc-d3a35665f881365a.rlib,liballoc-715bc629a88bca60.rlib,librustc_std_workspace_core-ae70165d1278cff7.rlib,libcore-406129d0e3fbc101.rlib,libcompiler_builtins-1af05515ab19524a.rlib}" "-Wl,-Bdynamic" "-lgcc_s" "-lutil" "-lrt" "-lpthread" "-lm" "-ldl" "-lc" "-Wl,--eh-frame-hdr" "-Wl,-z,noexecstack" "-L" "/opt/rustwide/rustup-home/toolchains/1.85.0-x86_64-unknown-linux-gnu/lib/rustlib/x86_64-unknown-linux-gnu/lib" "-o" "/opt/rustwide/target/debug/deps/libfutures_macro-967e80809373bf58.so" "-Wl,--gc-sections" "-shared" "-Wl,-z,relro,-z,now" "-nodefaultlibs"
[INFO] [stdout]   = note: some arguments are omitted. use `--verbose` to show all linker arguments
[INFO] [stdout]   = note: /usr/bin/ld: final link failed: No space left on device
[INFO] [stdout]           collect2: error: ld returned 1 exit status
[INFO] [stdout]           
[INFO] [stdout] 
[INFO] [stdout] 
[INFO] [stderr] error: could not compile `futures-macro` (lib) due to 1 previous error
[INFO] [stderr] warning: build failed, waiting for other jobs to finish...
[INFO] [stderr] error: could not compile `thiserror-impl` (lib)
[INFO] [stderr] 
[INFO] [stderr] Caused by:
[INFO] [stderr]   No space left on device (os error 28)
[INFO] [stderr] 
[INFO] [stderr] Caused by:
[INFO] [stderr]   failed to parse process output: `/opt/rustwide/rustup-home/toolchains/1.85.0-x86_64-unknown-linux-gnu/bin/rustc --crate-name thiserror_impl --edition=2021 /opt/rustwide/cargo-home/registry/src/index.crates.io-1949cf8c6b5b557f/thiserror-impl-1.0.64/src/lib.rs --error-format=json --json=diagnostic-rendered-ansi,artifacts,future-incompat --crate-type proc-macro --emit=dep-info,link -C prefer-dynamic -C embed-bitcode=no --check-cfg 'cfg(docsrs,test)' --check-cfg 'cfg(feature, values())' -C metadata=e241fc15f02b6293 -C extra-filename=-fa3541028a0c8db4 --out-dir /opt/rustwide/target/debug/deps -L dependency=/opt/rustwide/target/debug/deps --extern proc_macro2=/opt/rustwide/target/debug/deps/libproc_macro2-f51fa46752089a0d.rlib --extern quote=/opt/rustwide/target/debug/deps/libquote-b6816e03af498c9f.rlib --extern syn=/opt/rustwide/target/debug/deps/libsyn-a1a5fb840bb99c2c.rlib --extern proc_macro --cap-lints allow --cap-lints=warn` (exit status: 101)
[INFO] [stdout] error: failed to write to `/opt/rustwide/target/debug/deps/rmetaPClCFa/lib.rmeta`: No space left on device (os error 28)
[INFO] [stdout] 
[INFO] [stdout] 
[INFO] [stderr] error: could not compile `actix-router` (lib) due to 1 previous error
[INFO] [stderr] rustc-LLVM ERROR: IO failure on output stream: No space left on device
[INFO] [stdout] error: linking with `cc` failed: exit status: 1
[INFO] [stdout]   |
[INFO] [stdout]   = note: LC_ALL="C" PATH="/opt/rustwide/rustup-home/toolchains/1.85.0-x86_64-unknown-linux-gnu/lib/rustlib/x86_64-unknown-linux-gnu/bin:/opt/rustwide/cargo-home/bin:/usr/local/sbin:/usr/local/bin:/usr/sbin:/usr/bin:/sbin:/bin" VSLANG="1033" "cc" "-Wl,--version-script=/tmp/rustcfgHYEB/list" "-Wl,--no-undefined-version" "-m64" "/tmp/rustcfgHYEB/symbols.o" "<16 object files omitted>" "/opt/rustwide/target/debug/deps/derivative-0217ff42011a5684.ddydzq3g78kbsbsyrzhf9thta.rcgu.rmeta" "<1 object files omitted>" "-Wl,--as-needed" "-Wl,-Bstatic" "/opt/rustwide/target/debug/deps/{libsyn-fc448ff0f6ca2bfb.rlib,libquote-b6816e03af498c9f.rlib,libproc_macro2-f51fa46752089a0d.rlib,libunicode_ident-ef3bfab9a6597483.rlib}" "/opt/rustwide/rustup-home/toolchains/1.85.0-x86_64-unknown-linux-gnu/lib/rustlib/x86_64-unknown-linux-gnu/lib/{libproc_macro-57e423f2e16d22f0.rlib,libstd-6273572f18644c87.rlib,libpanic_unwind-267e668abf74a283.rlib,libobject-ec6154ccae37a33e.rlib,libmemchr-500edd5521c440d4.rlib,libaddr2line-86d8d9428792e8ef.rlib,libgimli-10f06487503767c2.rlib,librustc_demangle-6a38424de1e5bca5.rlib,libstd_detect-de9763ea1c19dca3.rlib,libhashbrown-a7f5bb2f736d3c49.rlib,librustc_std_workspace_alloc-7e368919bdc4a44c.rlib,libminiz_oxide-376454d49910c786.rlib,libadler-fa99f5692b5dce85.rlib,libunwind-91cafdaf16f7fe40.rlib,libcfg_if-f7ee3f1ea78d9dae.rlib,liblibc-d3a35665f881365a.rlib,liballoc-715bc629a88bca60.rlib,librustc_std_workspace_core-ae70165d1278cff7.rlib,libcore-406129d0e3fbc101.rlib,libcompiler_builtins-1af05515ab19524a.rlib}" "-Wl,-Bdynamic" "-lgcc_s" "-lutil" "-lrt" "-lpthread" "-lm" "-ldl" "-lc" "-Wl,--eh-frame-hdr" "-Wl,-z,noexecstack" "-L" "/opt/rustwide/rustup-home/toolchains/1.85.0-x86_64-unknown-linux-gnu/lib/rustlib/x86_64-unknown-linux-gnu/lib" "-o" "/opt/rustwide/target/debug/deps/libderivative-0217ff42011a5684.so" "-Wl,--gc-sections" "-shared" "-Wl,-z,relro,-z,now" "-nodefaultlibs"
[INFO] [stdout]   = note: some arguments are omitted. use `--verbose` to show all linker arguments
[INFO] [stdout]   = note: /usr/bin/ld: final link failed: No space left on device
[INFO] [stdout]           collect2: error: ld returned 1 exit status
[INFO] [stdout]           
[INFO] [stdout] 
[INFO] [stdout] 
[INFO] [stderr] error: could not compile `derivative` (lib) due to 1 previous error
[INFO] [stderr] error: failed to run custom build command for `chrono-tz v0.10.0`
[INFO] [stderr] note: To improve backtraces for build dependencies, set the CARGO_PROFILE_DEV_BUILD_OVERRIDE_DEBUG=true environment variable to enable debug information generation.
[INFO] [stderr] 
[INFO] [stderr] Caused by:
[INFO] [stderr]   process didn't exit successfully: `/opt/rustwide/target/debug/build/chrono-tz-f4f20ed8826e8db9/build-script-build` (exit status: 101)
[INFO] [stderr]   --- stdout
[INFO] [stderr]   cargo:rerun-if-env-changed=CHRONO_TZ_TIMEZONE_FILTER
[INFO] [stderr] 
[INFO] [stderr]   --- stderr
[INFO] [stderr] 
[INFO] [stderr]   thread 'main' panicked at /opt/rustwide/cargo-home/registry/src/index.crates.io-1949cf8c6b5b557f/chrono-tz-build-0.4.0/src/lib.rs:561:53:
[INFO] [stderr]   called `Result::unwrap()` on an `Err` value: Os { code: 28, kind: StorageFull, message: "No space left on device" }
[INFO] [stderr]   stack backtrace:
[INFO] [stderr]      0:     0x560dd66b267a - std::backtrace_rs::backtrace::libunwind::trace::h88deb10bd0145eb8
[INFO] [stderr]                                  at /rustc/4d91de4e48198da2e33413efdcd9cd2cc0c46688/library/std/src/../../backtrace/src/backtrace/libunwind.rs:116:5
[INFO] [stderr]      1:     0x560dd66b267a - std::backtrace_rs::backtrace::trace_unsynchronized::he1036f5481c14dff
[INFO] [stderr]                                  at /rustc/4d91de4e48198da2e33413efdcd9cd2cc0c46688/library/std/src/../../backtrace/src/backtrace/mod.rs:66:5
[INFO] [stderr]      2:     0x560dd66b267a - std::sys::backtrace::_print_fmt::hecc345b6e70c4b20
[INFO] [stderr]                                  at /rustc/4d91de4e48198da2e33413efdcd9cd2cc0c46688/library/std/src/sys/backtrace.rs:66:9
[INFO] [stderr]      3:     0x560dd66b267a - <std::sys::backtrace::BacktraceLock::print::DisplayBacktrace as core::fmt::Display>::fmt::he089f96442833f67
[INFO] [stderr]                                  at /rustc/4d91de4e48198da2e33413efdcd9cd2cc0c46688/library/std/src/sys/backtrace.rs:39:26
[INFO] [stderr]      4:     0x560dd66cee93 - core::fmt::rt::Argument::fmt::h1f77cded99c71a14
[INFO] [stderr]                                  at /rustc/4d91de4e48198da2e33413efdcd9cd2cc0c46688/library/core/src/fmt/rt.rs:177:76
[INFO] [stderr]      5:     0x560dd66cee93 - core::fmt::write::h2f210ed4c94745cb
[INFO] [stderr]                                  at /rustc/4d91de4e48198da2e33413efdcd9cd2cc0c46688/library/core/src/fmt/mod.rs:1440:21
[INFO] [stderr]      6:     0x560dd66afde3 - std::io::Write::write_fmt::h7de08171ab770fb2
[INFO] [stderr]                                  at /rustc/4d91de4e48198da2e33413efdcd9cd2cc0c46688/library/std/src/io/mod.rs:1887:15
[INFO] [stderr]      7:     0x560dd66b24c2 - std::sys::backtrace::BacktraceLock::print::h810fbd31421329e6
[INFO] [stderr]                                  at /rustc/4d91de4e48198da2e33413efdcd9cd2cc0c46688/library/std/src/sys/backtrace.rs:42:9
[INFO] [stderr]      8:     0x560dd66b3520 - std::panicking::default_hook::{{closure}}::hbaad47ed9dc6356d
[INFO] [stderr]                                  at /rustc/4d91de4e48198da2e33413efdcd9cd2cc0c46688/library/std/src/panicking.rs:295:22
[INFO] [stderr]      9:     0x560dd66b3300 - std::panicking::default_hook::h24e207139139d40a
[INFO] [stderr]                                  at /rustc/4d91de4e48198da2e33413efdcd9cd2cc0c46688/library/std/src/panicking.rs:322:9
[INFO] [stderr]     10:     0x560dd66b3b92 - std::panicking::rust_panic_with_hook::ha9131beeb2ddc506
[INFO] [stderr]                                  at /rustc/4d91de4e48198da2e33413efdcd9cd2cc0c46688/library/std/src/panicking.rs:828:13
[INFO] [stderr]     11:     0x560dd66b3a2a - std::panicking::begin_panic_handler::{{closure}}::h1bba0eaeb6da506f
[INFO] [stderr]                                  at /rustc/4d91de4e48198da2e33413efdcd9cd2cc0c46688/library/std/src/panicking.rs:701:13
[INFO] [stderr]     12:     0x560dd66b2b79 - std::sys::backtrace::__rust_end_short_backtrace::h1d1ca3eade483f4c
[INFO] [stderr]                                  at /rustc/4d91de4e48198da2e33413efdcd9cd2cc0c46688/library/std/src/sys/backtrace.rs:168:18
[INFO] [stderr]     13:     0x560dd66b36bd - rust_begin_unwind
[INFO] [stderr]                                  at /rustc/4d91de4e48198da2e33413efdcd9cd2cc0c46688/library/std/src/panicking.rs:692:5
[INFO] [stderr]     14:     0x560dd6558640 - core::panicking::panic_fmt::h896a0727a1a943f9
[INFO] [stderr]                                  at /rustc/4d91de4e48198da2e33413efdcd9cd2cc0c46688/library/core/src/panicking.rs:75:14
[INFO] [stderr]     15:     0x560dd6558ab6 - core::result::unwrap_failed::h1b5ed8541c7bebd6
[INFO] [stderr]                                  at /rustc/4d91de4e48198da2e33413efdcd9cd2cc0c46688/library/core/src/result.rs:1704:5
[INFO] [stderr]     16:     0x560dd656127b - chrono_tz_build::main::h9ca1d32a85bffcf6
[INFO] [stderr]     17:     0x560dd6559037 - build_script_build::main::h093dea47e8c722b0
[INFO] [stderr]     18:     0x560dd6558fd3 - core::ops::function::FnOnce::call_once::h057ef0d45ca5495e
[INFO] [stderr]     19:     0x560dd6558fb6 - std::sys::backtrace::__rust_begin_short_backtrace::hb6e860d648b16f70
[INFO] [stderr]     20:     0x560dd6558f99 - std::rt::lang_start::{{closure}}::h36109d75ce4396c6
[INFO] [stderr]     21:     0x560dd66ad6f7 - core::ops::function::impls::<impl core::ops::function::FnOnce<A> for &F>::call_once::ha29694188d478cce
[INFO] [stderr]                                  at /rustc/4d91de4e48198da2e33413efdcd9cd2cc0c46688/library/core/src/ops/function.rs:284:13
[INFO] [stderr]     22:     0x560dd66ad6f7 - std::panicking::try::do_call::h146aeebcd3824393
[INFO] [stderr]                                  at /rustc/4d91de4e48198da2e33413efdcd9cd2cc0c46688/library/std/src/panicking.rs:584:40
[INFO] [stderr]     23:     0x560dd66ad6f7 - std::panicking::try::hf3596e381ccb2229
[INFO] [stderr]                                  at /rustc/4d91de4e48198da2e33413efdcd9cd2cc0c46688/library/std/src/panicking.rs:547:19
[INFO] [stderr]     24:     0x560dd66ad6f7 - std::panic::catch_unwind::h7b076e21cb40b9bf
[INFO] [stderr]                                  at /rustc/4d91de4e48198da2e33413efdcd9cd2cc0c46688/library/std/src/panic.rs:358:14
[INFO] [stderr]     25:     0x560dd66ad6f7 - std::rt::lang_start_internal::{{closure}}::h481008de4850e7c0
[INFO] [stderr]                                  at /rustc/4d91de4e48198da2e33413efdcd9cd2cc0c46688/library/std/src/rt.rs:174:48
[INFO] [stderr]     26:     0x560dd66ad6f7 - std::panicking::try::do_call::h865e627c98d1c4cc
[INFO] [stderr]                                  at /rustc/4d91de4e48198da2e33413efdcd9cd2cc0c46688/library/std/src/panicking.rs:584:40
[INFO] [stderr]     27:     0x560dd66ad6f7 - std::panicking::try::hf53b8617a1069bb3
[INFO] [stderr]                                  at /rustc/4d91de4e48198da2e33413efdcd9cd2cc0c46688/library/std/src/panicking.rs:547:19
[INFO] [stderr]     28:     0x560dd66ad6f7 - std::panic::catch_unwind::h9d30caa3add162e9
[INFO] [stderr]                                  at /rustc/4d91de4e48198da2e33413efdcd9cd2cc0c46688/library/std/src/panic.rs:358:14
[INFO] [stderr]     29:     0x560dd66ad6f7 - std::rt::lang_start_internal::hbb268f70c879621d
[INFO] [stderr]                                  at /rustc/4d91de4e48198da2e33413efdcd9cd2cc0c46688/library/std/src/rt.rs:174:20
[INFO] [stderr]     30:     0x560dd6558f77 - std::rt::lang_start::h649d1cc3fcfbb5ce
[INFO] [stderr]     31:     0x560dd6559055 - main
[INFO] [stderr]     32:     0x7ae0a3c6ad90 - <unknown>
[INFO] [stderr]     33:     0x7ae0a3c6ae40 - __libc_start_main
[INFO] [stderr]     34:     0x560dd6558e85 - _start
[INFO] [stderr]     35:                0x0 - <unknown>
[INFO] [stderr] error: could not compile `derive_more` (lib)
[INFO] [stderr] 
[INFO] [stderr] Caused by:
[INFO] [stderr]   No space left on device (os error 28)
[INFO] [stderr] 
[INFO] [stderr] Caused by:
[INFO] [stderr]   failed to parse process output: `/opt/rustwide/rustup-home/toolchains/1.85.0-x86_64-unknown-linux-gnu/bin/rustc --crate-name derive_more --edition=2018 /opt/rustwide/cargo-home/registry/src/index.crates.io-1949cf8c6b5b557f/derive_more-0.99.17/src/lib.rs --error-format=json --json=diagnostic-rendered-ansi,artifacts,future-incompat --crate-type proc-macro --emit=dep-info,link -C prefer-dynamic -C embed-bitcode=no --cfg 'feature="add"' --cfg 'feature="add_assign"' --cfg 'feature="as_mut"' --cfg 'feature="as_ref"' --cfg 'feature="constructor"' --cfg 'feature="convert_case"' --cfg 'feature="default"' --cfg 'feature="deref"' --cfg 'feature="deref_mut"' --cfg 'feature="display"' --cfg 'feature="error"' --cfg 'feature="from"' --cfg 'feature="from_str"' --cfg 'feature="index"' --cfg 'feature="index_mut"' --cfg 'feature="into"' --cfg 'feature="into_iterator"' --cfg 'feature="is_variant"' --cfg 'feature="iterator"' --cfg 'feature="mul"' --cfg 'feature="mul_assign"' --cfg 'feature="not"' --cfg 'feature="rustc_version"' --cfg 'feature="sum"' --cfg 'feature="try_into"' --cfg 'feature="unwrap"' --check-cfg 'cfg(docsrs,test)' --check-cfg 'cfg(feature, values("add", "add_assign", "as_mut", "as_ref", "constructor", "convert_case", "default", "deref", "deref_mut", "display", "error", "from", "from_str", "generate-parsing-rs", "index", "index_mut", "into", "into_iterator", "is_variant", "iterator", "mul", "mul_assign", "nightly", "not", "peg", "rustc_version", "sum", "testing-helpers", "track-caller", "try_into", "unwrap"))' -C metadata=cff54d8519a4ebcf -C extra-filename=-6edc7f32850848a1 --out-dir /opt/rustwide/target/debug/deps -L dependency=/opt/rustwide/target/debug/deps --extern convert_case=/opt/rustwide/target/debug/deps/libconvert_case-765fb0e13b20a975.rlib --extern proc_macro2=/opt/rustwide/target/debug/deps/libproc_macro2-f51fa46752089a0d.rlib --extern quote=/opt/rustwide/target/debug/deps/libquote-b6816e03af498c9f.rlib --extern syn=/opt/rustwide/target/debug/deps/libsyn-fc448ff0f6ca2bfb.rlib --extern proc_macro --cap-lints allow --cap-lints=warn` (exit status: 101)
[INFO] [stdout] error: failed to write to `/opt/rustwide/target/debug/deps/rmetaUWBFev/lib.rmeta`: No space left on device (os error 28)
[INFO] [stdout] 
[INFO] [stdout] 
[INFO] [stderr] error: could not compile `clap_builder` (lib) due to 1 previous error
[INFO] [stdout] error: failed to write to `/opt/rustwide/target/debug/deps/rmetaW1Ln0o/lib.rmeta`: No space left on device (os error 28)
[INFO] [stdout] 
[INFO] [stdout] 
[INFO] [stderr] error: could not compile `itertools` (lib) due to 1 previous error
[INFO] [stdout] error: error writing dependencies to `/opt/rustwide/target/debug/deps/openssl-de8775265f773de9.d`: No space left on device (os error 28)
[INFO] [stdout] 
[INFO] [stdout] 
[INFO] [stderr] error: could not compile `openssl` (lib) due to 1 previous error
[INFO] [stdout] error: linking with `cc` failed: exit status: 1
[INFO] [stdout]   |
[INFO] [stdout]   = note: LC_ALL="C" PATH="/opt/rustwide/rustup-home/toolchains/1.85.0-x86_64-unknown-linux-gnu/lib/rustlib/x86_64-unknown-linux-gnu/bin:/opt/rustwide/cargo-home/bin:/usr/local/sbin:/usr/local/bin:/usr/sbin:/usr/bin:/sbin:/bin" VSLANG="1033" "cc" "-Wl,--version-script=/tmp/rustc0gU0aW/list" "-Wl,--no-undefined-version" "-m64" "/tmp/rustc0gU0aW/symbols.o" "<16 object files omitted>" "/opt/rustwide/target/debug/deps/clap_derive-c9eca44bcf82eb00.1uqilnjk2pb84l7railkieyjc.rcgu.rmeta" "<1 object files omitted>" "-Wl,--as-needed" "-Wl,-Bstatic" "/opt/rustwide/target/debug/deps/{libheck-164079153d95e810.rlib,libsyn-a1a5fb840bb99c2c.rlib,libquote-b6816e03af498c9f.rlib,libproc_macro2-f51fa46752089a0d.rlib,libunicode_ident-ef3bfab9a6597483.rlib}" "/opt/rustwide/rustup-home/toolchains/1.85.0-x86_64-unknown-linux-gnu/lib/rustlib/x86_64-unknown-linux-gnu/lib/{libproc_macro-57e423f2e16d22f0.rlib,libstd-6273572f18644c87.rlib,libpanic_unwind-267e668abf74a283.rlib,libobject-ec6154ccae37a33e.rlib,libmemchr-500edd5521c440d4.rlib,libaddr2line-86d8d9428792e8ef.rlib,libgimli-10f06487503767c2.rlib,librustc_demangle-6a38424de1e5bca5.rlib,libstd_detect-de9763ea1c19dca3.rlib,libhashbrown-a7f5bb2f736d3c49.rlib,librustc_std_workspace_alloc-7e368919bdc4a44c.rlib,libminiz_oxide-376454d49910c786.rlib,libadler-fa99f5692b5dce85.rlib,libunwind-91cafdaf16f7fe40.rlib,libcfg_if-f7ee3f1ea78d9dae.rlib,liblibc-d3a35665f881365a.rlib,liballoc-715bc629a88bca60.rlib,librustc_std_workspace_core-ae70165d1278cff7.rlib,libcore-406129d0e3fbc101.rlib,libcompiler_builtins-1af05515ab19524a.rlib}" "-Wl,-Bdynamic" "-lgcc_s" "-lutil" "-lrt" "-lpthread" "-lm" "-ldl" "-lc" "-Wl,--eh-frame-hdr" "-Wl,-z,noexecstack" "-L" "/opt/rustwide/rustup-home/toolchains/1.85.0-x86_64-unknown-linux-gnu/lib/rustlib/x86_64-unknown-linux-gnu/lib" "-o" "/opt/rustwide/target/debug/deps/libclap_derive-c9eca44bcf82eb00.so" "-Wl,--gc-sections" "-shared" "-Wl,-z,relro,-z,now" "-nodefaultlibs"
[INFO] [stdout]   = note: some arguments are omitted. use `--verbose` to show all linker arguments
[INFO] [stdout]   = note: /usr/bin/ld: final link failed: No space left on device
[INFO] [stdout]           collect2: error: ld returned 1 exit status
[INFO] [stdout]           
[INFO] [stdout] 
[INFO] [stdout] 
[INFO] [stderr] error: could not compile `clap_derive` (lib) due to 1 previous error
[INFO] [stderr] warning: zstd-sys@2.0.10+zstd.1.5.6: /tmp/ccRFoTzX.s: Assembler messages:
[INFO] [stderr] warning: zstd-sys@2.0.10+zstd.1.5.6: /tmp/ccRFoTzX.s: Fatal error: can't fill 24 bytes in section .rodata.ZSTD_defaultCMem of /opt/rustwide/target/debug/build/zstd-sys-766baa8ac62669b5/out/690f776bf7b37aeb-zstd_ddict.o: 'No space left on device'
[INFO] [stderr] warning: zstd-sys@2.0.10+zstd.1.5.6: /tmp/ccRFoTzX.s: Fatal error: /opt/rustwide/target/debug/build/zstd-sys-766baa8ac62669b5/out/690f776bf7b37aeb-zstd_ddict.o: No space left on device
[INFO] [stderr] warning: zstd-sys@2.0.10+zstd.1.5.6: ToolExecError: Command "cc" "-O0" "-ffunction-sections" "-fdata-sections" "-fPIC" "-gdwarf-4" "-fno-omit-frame-pointer" "-m64" "-I" "zstd/lib/" "-I" "zstd/lib/common" "-I" "zstd/lib/legacy" "-fvisibility=hidden" "-ffunction-sections" "-fdata-sections" "-fmerge-all-constants" "-DZSTD_LIB_DEPRECATED=0" "-DXXH_PRIVATE_API=" "-DZSTDLIB_VISIBILITY=" "-DZDICTLIB_VISIBILITY=" "-DZSTDERRORLIB_VISIBILITY=" "-DZSTD_LEGACY_SUPPORT=1" "-o" "/opt/rustwide/target/debug/build/zstd-sys-766baa8ac62669b5/out/690f776bf7b37aeb-zstd_ddict.o" "-c" "zstd/lib/decompress/zstd_ddict.c" with args cc did not execute successfully (status code exit status: 1).cargo:warning=zstd/lib/compress/zstd_fast.c:968:1: fatal error: error writing to /tmp/ccLekP3W.s: No space left on device
[INFO] [stderr] warning: zstd-sys@2.0.10+zstd.1.5.6:   968 | }
[INFO] [stderr] warning: zstd-sys@2.0.10+zstd.1.5.6:       | ^
[INFO] [stderr] warning: zstd-sys@2.0.10+zstd.1.5.6: compilation terminated.
[INFO] [stderr] warning: zstd-sys@2.0.10+zstd.1.5.6: ToolExecError: Command "cc" "-O0" "-ffunction-sections" "-fdata-sections" "-fPIC" "-gdwarf-4" "-fno-omit-frame-pointer" "-m64" "-I" "zstd/lib/" "-I" "zstd/lib/common" "-I" "zstd/lib/legacy" "-fvisibility=hidden" "-ffunction-sections" "-fdata-sections" "-fmerge-all-constants" "-DZSTD_LIB_DEPRECATED=0" "-DXXH_PRIVATE_API=" "-DZSTDLIB_VISIBILITY=" "-DZDICTLIB_VISIBILITY=" "-DZSTDERRORLIB_VISIBILITY=" "-DZSTD_LEGACY_SUPPORT=1" "-o" "/opt/rustwide/target/debug/build/zstd-sys-766baa8ac62669b5/out/1ddd1489cc625d97-zstd_fast.o" "-c" "zstd/lib/compress/zstd_fast.c" with args cc did not execute successfully (status code exit status: 1).cargo:warning=zstd/lib/decompress/zstd_decompress.c:2407:1: fatal error: error writing to /tmp/ccTwdsPb.s: No space left on device
[INFO] [stderr] warning: zstd-sys@2.0.10+zstd.1.5.6:  2407 | }
[INFO] [stderr] warning: zstd-sys@2.0.10+zstd.1.5.6:       | ^
[INFO] [stderr] warning: zstd-sys@2.0.10+zstd.1.5.6: compilation terminated.
[INFO] [stderr] warning: zstd-sys@2.0.10+zstd.1.5.6: ToolExecError: Command "cc" "-O0" "-ffunction-sections" "-fdata-sections" "-fPIC" "-gdwarf-4" "-fno-omit-frame-pointer" "-m64" "-I" "zstd/lib/" "-I" "zstd/lib/common" "-I" "zstd/lib/legacy" "-fvisibility=hidden" "-ffunction-sections" "-fdata-sections" "-fmerge-all-constants" "-DZSTD_LIB_DEPRECATED=0" "-DXXH_PRIVATE_API=" "-DZSTDLIB_VISIBILITY=" "-DZDICTLIB_VISIBILITY=" "-DZSTDERRORLIB_VISIBILITY=" "-DZSTD_LEGACY_SUPPORT=1" "-o" "/opt/rustwide/target/debug/build/zstd-sys-766baa8ac62669b5/out/690f776bf7b37aeb-zstd_decompress.o" "-c" "zstd/lib/decompress/zstd_decompress.c" with args cc did not execute successfully (status code exit status: 1).cargo:warning=zstd/lib/compress/zstd_opt.c:1571:1: fatal error: error writing to /tmp/ccrtpm14.s: No space left on device
[INFO] [stderr] warning: zstd-sys@2.0.10+zstd.1.5.6:  1571 | }
[INFO] [stderr] warning: zstd-sys@2.0.10+zstd.1.5.6:       | ^
[INFO] [stderr] warning: zstd-sys@2.0.10+zstd.1.5.6: compilation terminated.
[INFO] [stderr] warning: zstd-sys@2.0.10+zstd.1.5.6: ToolExecError: Command "cc" "-O0" "-ffunction-sections" "-fdata-sections" "-fPIC" "-gdwarf-4" "-fno-omit-frame-pointer" "-m64" "-I" "zstd/lib/" "-I" "zstd/lib/common" "-I" "zstd/lib/legacy" "-fvisibility=hidden" "-ffunction-sections" "-fdata-sections" "-fmerge-all-constants" "-DZSTD_LIB_DEPRECATED=0" "-DXXH_PRIVATE_API=" "-DZSTDLIB_VISIBILITY=" "-DZDICTLIB_VISIBILITY=" "-DZSTDERRORLIB_VISIBILITY=" "-DZSTD_LEGACY_SUPPORT=1" "-o" "/opt/rustwide/target/debug/build/zstd-sys-766baa8ac62669b5/out/1ddd1489cc625d97-zstd_opt.o" "-c" "zstd/lib/compress/zstd_opt.c" with args cc did not execute successfully (status code exit status: 1).cargo:warning=zstd/lib/compress/zstdmt_compress.c:1882:1: fatal error: error writing to /tmp/ccHpUYBv.s: No space left on device
[INFO] [stderr] warning: zstd-sys@2.0.10+zstd.1.5.6:  1882 | }
[INFO] [stderr] warning: zstd-sys@2.0.10+zstd.1.5.6:       | ^
[INFO] [stderr] warning: zstd-sys@2.0.10+zstd.1.5.6: compilation terminated.
[INFO] [stderr] warning: zstd-sys@2.0.10+zstd.1.5.6: ToolExecError: Command "cc" "-O0" "-ffunction-sections" "-fdata-sections" "-fPIC" "-gdwarf-4" "-fno-omit-frame-pointer" "-m64" "-I" "zstd/lib/" "-I" "zstd/lib/common" "-I" "zstd/lib/legacy" "-fvisibility=hidden" "-ffunction-sections" "-fdata-sections" "-fmerge-all-constants" "-DZSTD_LIB_DEPRECATED=0" "-DXXH_PRIVATE_API=" "-DZSTDLIB_VISIBILITY=" "-DZDICTLIB_VISIBILITY=" "-DZSTDERRORLIB_VISIBILITY=" "-DZSTD_LEGACY_SUPPORT=1" "-o" "/opt/rustwide/target/debug/build/zstd-sys-766baa8ac62669b5/out/1ddd1489cc625d97-zstdmt_compress.o" "-c" "zstd/lib/compress/zstdmt_compress.c" with args cc did not execute successfully (status code exit status: 1).cargo:warning=zstd/lib/dictBuilder/cover.c:1261:1: fatal error: error writing to /tmp/ccOSZxAl.s: No space left on device
[INFO] [stderr] warning: zstd-sys@2.0.10+zstd.1.5.6:  1261 | }
[INFO] [stderr] warning: zstd-sys@2.0.10+zstd.1.5.6:       | ^
[INFO] [stderr] warning: zstd-sys@2.0.10+zstd.1.5.6: compilation terminated.
[INFO] [stderr] warning: zstd-sys@2.0.10+zstd.1.5.6: ToolExecError: Command "cc" "-O0" "-ffunction-sections" "-fdata-sections" "-fPIC" "-gdwarf-4" "-fno-omit-frame-pointer" "-m64" "-I" "zstd/lib/" "-I" "zstd/lib/common" "-I" "zstd/lib/legacy" "-fvisibility=hidden" "-ffunction-sections" "-fdata-sections" "-fmerge-all-constants" "-DZSTD_LIB_DEPRECATED=0" "-DXXH_PRIVATE_API=" "-DZSTDLIB_VISIBILITY=" "-DZDICTLIB_VISIBILITY=" "-DZSTDERRORLIB_VISIBILITY=" "-DZSTD_LEGACY_SUPPORT=1" "-o" "/opt/rustwide/target/debug/build/zstd-sys-766baa8ac62669b5/out/b0401a448be314bb-cover.o" "-c" "zstd/lib/dictBuilder/cover.c" with args cc did not execute successfully (status code exit status: 1).cargo:warning=zstd/lib/decompress/huf_decompress.c:1944:1: fatal error: error writing to /tmp/ccVHiRAk.s: No space left on device
[INFO] [stderr] warning: zstd-sys@2.0.10+zstd.1.5.6:  1944 | }
[INFO] [stderr] warning: zstd-sys@2.0.10+zstd.1.5.6:       | ^
[INFO] [stderr] warning: zstd-sys@2.0.10+zstd.1.5.6: compilation terminated.
[INFO] [stderr] warning: zstd-sys@2.0.10+zstd.1.5.6: ToolExecError: Command "cc" "-O0" "-ffunction-sections" "-fdata-sections" "-fPIC" "-gdwarf-4" "-fno-omit-frame-pointer" "-m64" "-I" "zstd/lib/" "-I" "zstd/lib/common" "-I" "zstd/lib/legacy" "-fvisibility=hidden" "-ffunction-sections" "-fdata-sections" "-fmerge-all-constants" "-DZSTD_LIB_DEPRECATED=0" "-DXXH_PRIVATE_API=" "-DZSTDLIB_VISIBILITY=" "-DZDICTLIB_VISIBILITY=" "-DZSTDERRORLIB_VISIBILITY=" "-DZSTD_LEGACY_SUPPORT=1" "-o" "/opt/rustwide/target/debug/build/zstd-sys-766baa8ac62669b5/out/690f776bf7b37aeb-huf_decompress.o" "-c" "zstd/lib/decompress/huf_decompress.c" with args cc did not execute successfully (status code exit status: 1).cargo:warning=zstd/lib/dictBuilder/fastcover.c:766:1: fatal error: error writing to /tmp/ccQtbBpJ.s: No space left on device
[INFO] [stderr] warning: zstd-sys@2.0.10+zstd.1.5.6:   766 | }
[INFO] [stderr] warning: zstd-sys@2.0.10+zstd.1.5.6:       | ^
[INFO] [stderr] warning: zstd-sys@2.0.10+zstd.1.5.6: compilation terminated.
[INFO] [stderr] warning: zstd-sys@2.0.10+zstd.1.5.6: zstd/lib/dictBuilder/divsufsort.c:1913:1: fatal error: error writing to /tmp/ccXvlAqK.s: No space left on device
[INFO] [stderr] warning: zstd-sys@2.0.10+zstd.1.5.6:  1913 | }
[INFO] [stderr] warning: zstd-sys@2.0.10+zstd.1.5.6:       | ^
[INFO] [stderr] warning: zstd-sys@2.0.10+zstd.1.5.6: compilation terminated.
[INFO] [stderr] warning: zstd-sys@2.0.10+zstd.1.5.6: ToolExecError: Command "cc" "-O0" "-ffunction-sections" "-fdata-sections" "-fPIC" "-gdwarf-4" "-fno-omit-frame-pointer" "-m64" "-I" "zstd/lib/" "-I" "zstd/lib/common" "-I" "zstd/lib/legacy" "-fvisibility=hidden" "-ffunction-sections" "-fdata-sections" "-fmerge-all-constants" "-DZSTD_LIB_DEPRECATED=0" "-DXXH_PRIVATE_API=" "-DZSTDLIB_VISIBILITY=" "-DZDICTLIB_VISIBILITY=" "-DZSTDERRORLIB_VISIBILITY=" "-DZSTD_LEGACY_SUPPORT=1" "-o" "/opt/rustwide/target/debug/build/zstd-sys-766baa8ac62669b5/out/b0401a448be314bb-divsufsort.o" "-c" "zstd/lib/dictBuilder/divsufsort.c" with args cc did not execute successfully (status code exit status: 1).
[INFO] [stderr] warning: zstd-sys@2.0.10+zstd.1.5.6: ToolExecError: Command "cc" "-O0" "-ffunction-sections" "-fdata-sections" "-fPIC" "-gdwarf-4" "-fno-omit-frame-pointer" "-m64" "-I" "zstd/lib/" "-I" "zstd/lib/common" "-I" "zstd/lib/legacy" "-fvisibility=hidden" "-ffunction-sections" "-fdata-sections" "-fmerge-all-constants" "-DZSTD_LIB_DEPRECATED=0" "-DXXH_PRIVATE_API=" "-DZSTDLIB_VISIBILITY=" "-DZDICTLIB_VISIBILITY=" "-DZSTDERRORLIB_VISIBILITY=" "-DZSTD_LEGACY_SUPPORT=1" "-o" "/opt/rustwide/target/debug/build/zstd-sys-766baa8ac62669b5/out/b0401a448be314bb-fastcover.o" "-c" "zstd/lib/dictBuilder/fastcover.c" with args cc did not execute successfully (status code exit status: 1).cargo:warning=zstd/lib/dictBuilder/zdict.c:1133:1: fatal error: error writing to /tmp/ccVUiWak.s: No space left on device
[INFO] [stderr] warning: zstd-sys@2.0.10+zstd.1.5.6:  1133 | }
[INFO] [stderr] warning: zstd-sys@2.0.10+zstd.1.5.6:       | ^
[INFO] [stderr] warning: zstd-sys@2.0.10+zstd.1.5.6: compilation terminated.
[INFO] [stderr] warning: zstd-sys@2.0.10+zstd.1.5.6: ToolExecError: Command "cc" "-O0" "-ffunction-sections" "-fdata-sections" "-fPIC" "-gdwarf-4" "-fno-omit-frame-pointer" "-m64" "-I" "zstd/lib/" "-I" "zstd/lib/common" "-I" "zstd/lib/legacy" "-fvisibility=hidden" "-ffunction-sections" "-fdata-sections" "-fmerge-all-constants" "-DZSTD_LIB_DEPRECATED=0" "-DXXH_PRIVATE_API=" "-DZSTDLIB_VISIBILITY=" "-DZDICTLIB_VISIBILITY=" "-DZSTDERRORLIB_VISIBILITY=" "-DZSTD_LEGACY_SUPPORT=1" "-o" "/opt/rustwide/target/debug/build/zstd-sys-766baa8ac62669b5/out/b0401a448be314bb-zdict.o" "-c" "zstd/lib/dictBuilder/zdict.c" with args cc did not execute successfully (status code exit status: 1).cargo:warning=zstd/lib/legacy/zstd_v01.c:2127:1: fatal error: error writing to /tmp/ccoybuZU.s: No space left on device
[INFO] [stderr] warning: zstd-sys@2.0.10+zstd.1.5.6:  2127 | }
[INFO] [stderr] warning: zstd-sys@2.0.10+zstd.1.5.6:       | ^
[INFO] [stderr] warning: zstd-sys@2.0.10+zstd.1.5.6: compilation terminated.
[INFO] [stderr] warning: zstd-sys@2.0.10+zstd.1.5.6: ToolExecError: Command "cc" "-O0" "-ffunction-sections" "-fdata-sections" "-fPIC" "-gdwarf-4" "-fno-omit-frame-pointer" "-m64" "-I" "zstd/lib/" "-I" "zstd/lib/common" "-I" "zstd/lib/legacy" "-fvisibility=hidden" "-ffunction-sections" "-fdata-sections" "-fmerge-all-constants" "-DZSTD_LIB_DEPRECATED=0" "-DXXH_PRIVATE_API=" "-DZSTDLIB_VISIBILITY=" "-DZDICTLIB_VISIBILITY=" "-DZSTDERRORLIB_VISIBILITY=" "-DZSTD_LEGACY_SUPPORT=1" "-o" "/opt/rustwide/target/debug/build/zstd-sys-766baa8ac62669b5/out/5eeec2f4c1e9b3b6-zstd_v01.o" "-c" "zstd/lib/legacy/zstd_v01.c" with args cc did not execute successfully (status code exit status: 1).cargo:warning=zstd/lib/legacy/zstd_v02.c:3465:1: fatal error: error writing to /tmp/cciDRiIN.s: No space left on device
[INFO] [stderr] warning: zstd-sys@2.0.10+zstd.1.5.6:  3465 | }
[INFO] [stderr] warning: zstd-sys@2.0.10+zstd.1.5.6:       | ^
[INFO] [stderr] warning: zstd-sys@2.0.10+zstd.1.5.6: compilation terminated.
[INFO] [stderr] warning: zstd-sys@2.0.10+zstd.1.5.6: ToolExecError: Command "cc" "-O0" "-ffunction-sections" "-fdata-sections" "-fPIC" "-gdwarf-4" "-fno-omit-frame-pointer" "-m64" "-I" "zstd/lib/" "-I" "zstd/lib/common" "-I" "zstd/lib/legacy" "-fvisibility=hidden" "-ffunction-sections" "-fdata-sections" "-fmerge-all-constants" "-DZSTD_LIB_DEPRECATED=0" "-DXXH_PRIVATE_API=" "-DZSTDLIB_VISIBILITY=" "-DZDICTLIB_VISIBILITY=" "-DZSTDERRORLIB_VISIBILITY=" "-DZSTD_LEGACY_SUPPORT=1" "-o" "/opt/rustwide/target/debug/build/zstd-sys-766baa8ac62669b5/out/5eeec2f4c1e9b3b6-zstd_v02.o" "-c" "zstd/lib/legacy/zstd_v02.c" with args cc did not execute successfully (status code exit status: 1).cargo:warning=zstd/lib/decompress/zstd_decompress_block.c:2215:1: fatal error: error writing to /tmp/cc5BtZCU.s: No space left on device
[INFO] [stderr] warning: zstd-sys@2.0.10+zstd.1.5.6:  2215 | }
[INFO] [stderr] warning: zstd-sys@2.0.10+zstd.1.5.6:       | ^
[INFO] [stderr] warning: zstd-sys@2.0.10+zstd.1.5.6: compilation terminated.
[INFO] [stderr] warning: zstd-sys@2.0.10+zstd.1.5.6: ToolExecError: Command "cc" "-O0" "-ffunction-sections" "-fdata-sections" "-fPIC" "-gdwarf-4" "-fno-omit-frame-pointer" "-m64" "-I" "zstd/lib/" "-I" "zstd/lib/common" "-I" "zstd/lib/legacy" "-fvisibility=hidden" "-ffunction-sections" "-fdata-sections" "-fmerge-all-constants" "-DZSTD_LIB_DEPRECATED=0" "-DXXH_PRIVATE_API=" "-DZSTDLIB_VISIBILITY=" "-DZDICTLIB_VISIBILITY=" "-DZSTDERRORLIB_VISIBILITY=" "-DZSTD_LEGACY_SUPPORT=1" "-o" "/opt/rustwide/target/debug/build/zstd-sys-766baa8ac62669b5/out/690f776bf7b37aeb-zstd_decompress_block.o" "-c" "zstd/lib/decompress/zstd_decompress_block.c" with args cc did not execute successfully (status code exit status: 1).cargo:warning=zstd/lib/compress/zstd_lazy.c:2198:1: fatal error: error writing to /tmp/cc6UB6lv.s: No space left on device
[INFO] [stderr] warning: zstd-sys@2.0.10+zstd.1.5.6:  2198 | }
[INFO] [stderr] warning: zstd-sys@2.0.10+zstd.1.5.6:       | ^
[INFO] [stderr] warning: zstd-sys@2.0.10+zstd.1.5.6: compilation terminated.
[INFO] [stderr] warning: zstd-sys@2.0.10+zstd.1.5.6: ToolExecError: Command "cc" "-O0" "-ffunction-sections" "-fdata-sections" "-fPIC" "-gdwarf-4" "-fno-omit-frame-pointer" "-m64" "-I" "zstd/lib/" "-I" "zstd/lib/common" "-I" "zstd/lib/legacy" "-fvisibility=hidden" "-ffunction-sections" "-fdata-sections" "-fmerge-all-constants" "-DZSTD_LIB_DEPRECATED=0" "-DXXH_PRIVATE_API=" "-DZSTDLIB_VISIBILITY=" "-DZDICTLIB_VISIBILITY=" "-DZSTDERRORLIB_VISIBILITY=" "-DZSTD_LEGACY_SUPPORT=1" "-o" "/opt/rustwide/target/debug/build/zstd-sys-766baa8ac62669b5/out/1ddd1489cc625d97-zstd_lazy.o" "-c" "zstd/lib/compress/zstd_lazy.c" with args cc did not execute successfully (status code exit status: 1).
[INFO] [stderr] error: failed to run custom build command for `zstd-sys v2.0.10+zstd.1.5.6`
[INFO] [stderr] note: To improve backtraces for build dependencies, set the CARGO_PROFILE_DEV_BUILD_OVERRIDE_DEBUG=true environment variable to enable debug information generation.
[INFO] [stderr] 
[INFO] [stderr] Caused by:
[INFO] [stderr]   process didn't exit successfully: `/opt/rustwide/target/debug/build/zstd-sys-c10630aa8d8637f3/build-script-build` (exit status: 1)
[INFO] [stderr]   --- stdout
[INFO] [stderr]   cargo:rerun-if-env-changed=ZSTD_SYS_USE_PKG_CONFIG
[INFO] [stderr]   TARGET = Some("x86_64-unknown-linux-gnu")
[INFO] [stderr]   OPT_LEVEL = Some("0")
[INFO] [stderr]   HOST = Some("x86_64-unknown-linux-gnu")
[INFO] [stderr]   cargo:rerun-if-env-changed=CC_x86_64-unknown-linux-gnu
[INFO] [stderr]   CC_x86_64-unknown-linux-gnu = None
[INFO] [stderr]   cargo:rerun-if-env-changed=CC_x86_64_unknown_linux_gnu
[INFO] [stderr]   CC_x86_64_unknown_linux_gnu = None
[INFO] [stderr]   cargo:rerun-if-env-changed=HOST_CC
[INFO] [stderr]   HOST_CC = None
[INFO] [stderr]   cargo:rerun-if-env-changed=CC
[INFO] [stderr]   CC = None
[INFO] [stderr]   cargo:rerun-if-env-changed=CC_ENABLE_DEBUG_OUTPUT
[INFO] [stderr]   cargo:rerun-if-env-changed=CRATE_CC_NO_DEFAULTS
[INFO] [stderr]   CRATE_CC_NO_DEFAULTS = None
[INFO] [stderr]   DEBUG = Some("true")
[INFO] [stderr]   CARGO_CFG_TARGET_FEATURE = Some("fxsr,sse,sse2")
[INFO] [stderr]   cargo:rerun-if-env-changed=CFLAGS_x86_64-unknown-linux-gnu
[INFO] [stderr]   CFLAGS_x86_64-unknown-linux-gnu = None
[INFO] [stderr]   cargo:rerun-if-env-changed=CFLAGS_x86_64_unknown_linux_gnu
[INFO] [stderr]   CFLAGS_x86_64_unknown_linux_gnu = None
[INFO] [stderr]   cargo:rerun-if-env-changed=HOST_CFLAGS
[INFO] [stderr]   HOST_CFLAGS = None
[INFO] [stderr]   cargo:rerun-if-env-changed=CFLAGS
[INFO] [stderr]   CFLAGS = None
[INFO] [stderr]   cargo:rerun-if-env-changed=CC_ENABLE_DEBUG_OUTPUT
[INFO] [stderr]   cargo:rerun-if-env-changed=CRATE_CC_NO_DEFAULTS
[INFO] [stderr]   CRATE_CC_NO_DEFAULTS = None
[INFO] [stderr]   CARGO_CFG_TARGET_FEATURE = Some("fxsr,sse,sse2")
[INFO] [stderr]   cargo:rerun-if-env-changed=CFLAGS_x86_64-unknown-linux-gnu
[INFO] [stderr]   CFLAGS_x86_64-unknown-linux-gnu = None
[INFO] [stderr]   cargo:rerun-if-env-changed=CFLAGS_x86_64_unknown_linux_gnu
[INFO] [stderr]   CFLAGS_x86_64_unknown_linux_gnu = None
[INFO] [stderr]   cargo:rerun-if-env-changed=HOST_CFLAGS
[INFO] [stderr]   HOST_CFLAGS = None
[INFO] [stderr]   cargo:rerun-if-env-changed=CFLAGS
[INFO] [stderr]   CFLAGS = None
[INFO] [stderr]   cargo:rerun-if-env-changed=CC_ENABLE_DEBUG_OUTPUT
[INFO] [stderr]   cargo:rerun-if-env-changed=CRATE_CC_NO_DEFAULTS
[INFO] [stderr]   CRATE_CC_NO_DEFAULTS = None
[INFO] [stderr]   CARGO_CFG_TARGET_FEATURE = Some("fxsr,sse,sse2")
[INFO] [stderr]   cargo:rerun-if-env-changed=CFLAGS_x86_64-unknown-linux-gnu
[INFO] [stderr]   CFLAGS_x86_64-unknown-linux-gnu = None
[INFO] [stderr]   cargo:rerun-if-env-changed=CFLAGS_x86_64_unknown_linux_gnu
[INFO] [stderr]   CFLAGS_x86_64_unknown_linux_gnu = None
[INFO] [stderr]   cargo:rerun-if-env-changed=HOST_CFLAGS
[INFO] [stderr]   HOST_CFLAGS = None
[INFO] [stderr]   cargo:rerun-if-env-changed=CFLAGS
[INFO] [stderr]   CFLAGS = None
[INFO] [stderr]   cargo:rerun-if-env-changed=CC_ENABLE_DEBUG_OUTPUT
[INFO] [stderr]   cargo:rerun-if-env-changed=CRATE_CC_NO_DEFAULTS
[INFO] [stderr]   CRATE_CC_NO_DEFAULTS = None
[INFO] [stderr]   CARGO_CFG_TARGET_FEATURE = Some("fxsr,sse,sse2")
[INFO] [stderr]   cargo:rerun-if-env-changed=CFLAGS_x86_64-unknown-linux-gnu
[INFO] [stderr]   CFLAGS_x86_64-unknown-linux-gnu = None
[INFO] [stderr]   cargo:rerun-if-env-changed=CFLAGS_x86_64_unknown_linux_gnu
[INFO] [stderr]   CFLAGS_x86_64_unknown_linux_gnu = None
[INFO] [stderr]   cargo:rerun-if-env-changed=HOST_CFLAGS
[INFO] [stderr]   HOST_CFLAGS = None
[INFO] [stderr]   cargo:rerun-if-env-changed=CFLAGS
[INFO] [stderr]   CFLAGS = None
[INFO] [stderr]   exit status: 0
[INFO] [stderr]   exit status: 0
[INFO] [stderr]   exit status: 0
[INFO] [stderr]   exit status: 0
[INFO] [stderr]   exit status: 0
[INFO] [stderr]   exit status: 0
[INFO] [stderr]   exit status: 0
[INFO] [stderr]   exit status: 0
[INFO] [stderr]   cargo:warning=/tmp/ccRFoTzX.s: Assembler messages:
[INFO] [stderr]   cargo:warning=/tmp/ccRFoTzX.s: Fatal error: can't fill 24 bytes in section .rodata.ZSTD_defaultCMem of /opt/rustwide/target/debug/build/zstd-sys-766baa8ac62669b5/out/690f776bf7b37aeb-zstd_ddict.o: 'No space left on device'
[INFO] [stderr]   cargo:warning=/tmp/ccRFoTzX.s: Fatal error: /opt/rustwide/target/debug/build/zstd-sys-766baa8ac62669b5/out/690f776bf7b37aeb-zstd_ddict.o: No space left on device
[INFO] [stderr]   exit status: 0
[INFO] [stderr]   exit status: 0
[INFO] [stderr]   exit status: 0
[INFO] [stderr]   exit status: 0
[INFO] [stderr]   exit status: 0
[INFO] [stderr]   exit status: 0
[INFO] [stderr]   exit status: 0
[INFO] [stderr]   exit status: 0
[INFO] [stderr]   exit status: 1
[INFO] [stderr]   cargo:warning=ToolExecError: Command "cc" "-O0" "-ffunction-sections" "-fdata-sections" "-fPIC" "-gdwarf-4" "-fno-omit-frame-pointer" "-m64" "-I" "zstd/lib/" "-I" "zstd/lib/common" "-I" "zstd/lib/legacy" "-fvisibility=hidden" "-ffunction-sections" "-fdata-sections" "-fmerge-all-constants" "-DZSTD_LIB_DEPRECATED=0" "-DXXH_PRIVATE_API=" "-DZSTDLIB_VISIBILITY=" "-DZDICTLIB_VISIBILITY=" "-DZSTDERRORLIB_VISIBILITY=" "-DZSTD_LEGACY_SUPPORT=1" "-o" "/opt/rustwide/target/debug/build/zstd-sys-766baa8ac62669b5/out/690f776bf7b37aeb-zstd_ddict.o" "-c" "zstd/lib/decompress/zstd_ddict.c" with args cc did not execute successfully (status code exit status: 1).cargo:warning=zstd/lib/compress/zstd_fast.c:968:1: fatal error: error writing to /tmp/ccLekP3W.s: No space left on device
[INFO] [stderr]   cargo:warning=  968 | }
[INFO] [stderr]   cargo:warning=      | ^
[INFO] [stderr]   cargo:warning=compilation terminated.
[INFO] [stderr] 
[INFO] [stderr]   exit status: 1
[INFO] [stderr]   cargo:warning=ToolExecError: Command "cc" "-O0" "-ffunction-sections" "-fdata-sections" "-fPIC" "-gdwarf-4" "-fno-omit-frame-pointer" "-m64" "-I" "zstd/lib/" "-I" "zstd/lib/common" "-I" "zstd/lib/legacy" "-fvisibility=hidden" "-ffunction-sections" "-fdata-sections" "-fmerge-all-constants" "-DZSTD_LIB_DEPRECATED=0" "-DXXH_PRIVATE_API=" "-DZSTDLIB_VISIBILITY=" "-DZDICTLIB_VISIBILITY=" "-DZSTDERRORLIB_VISIBILITY=" "-DZSTD_LEGACY_SUPPORT=1" "-o" "/opt/rustwide/target/debug/build/zstd-sys-766baa8ac62669b5/out/1ddd1489cc625d97-zstd_fast.o" "-c" "zstd/lib/compress/zstd_fast.c" with args cc did not execute successfully (status code exit status: 1).cargo:warning=zstd/lib/decompress/zstd_decompress.c:2407:1: fatal error: error writing to /tmp/ccTwdsPb.s: No space left on device
[INFO] [stderr]   cargo:warning= 2407 | }
[INFO] [stderr]   cargo:warning=      | ^
[INFO] [stderr]   cargo:warning=compilation terminated.
[INFO] [stderr] 
[INFO] [stderr]   exit status: 1
[INFO] [stderr]   cargo:warning=ToolExecError: Command "cc" "-O0" "-ffunction-sections" "-fdata-sections" "-fPIC" "-gdwarf-4" "-fno-omit-frame-pointer" "-m64" "-I" "zstd/lib/" "-I" "zstd/lib/common" "-I" "zstd/lib/legacy" "-fvisibility=hidden" "-ffunction-sections" "-fdata-sections" "-fmerge-all-constants" "-DZSTD_LIB_DEPRECATED=0" "-DXXH_PRIVATE_API=" "-DZSTDLIB_VISIBILITY=" "-DZDICTLIB_VISIBILITY=" "-DZSTDERRORLIB_VISIBILITY=" "-DZSTD_LEGACY_SUPPORT=1" "-o" "/opt/rustwide/target/debug/build/zstd-sys-766baa8ac62669b5/out/690f776bf7b37aeb-zstd_decompress.o" "-c" "zstd/lib/decompress/zstd_decompress.c" with args cc did not execute successfully (status code exit status: 1).cargo:warning=zstd/lib/compress/zstd_opt.c:1571:1: fatal error: error writing to /tmp/ccrtpm14.s: No space left on device
[INFO] [stderr]   cargo:warning= 1571 | }
[INFO] [stderr]   cargo:warning=      | ^
[INFO] [stderr]   cargo:warning=compilation terminated.
[INFO] [stderr] 
[INFO] [stderr]   exit status: 1
[INFO] [stderr]   cargo:warning=ToolExecError: Command "cc" "-O0" "-ffunction-sections" "-fdata-sections" "-fPIC" "-gdwarf-4" "-fno-omit-frame-pointer" "-m64" "-I" "zstd/lib/" "-I" "zstd/lib/common" "-I" "zstd/lib/legacy" "-fvisibility=hidden" "-ffunction-sections" "-fdata-sections" "-fmerge-all-constants" "-DZSTD_LIB_DEPRECATED=0" "-DXXH_PRIVATE_API=" "-DZSTDLIB_VISIBILITY=" "-DZDICTLIB_VISIBILITY=" "-DZSTDERRORLIB_VISIBILITY=" "-DZSTD_LEGACY_SUPPORT=1" "-o" "/opt/rustwide/target/debug/build/zstd-sys-766baa8ac62669b5/out/1ddd1489cc625d97-zstd_opt.o" "-c" "zstd/lib/compress/zstd_opt.c" with args cc did not execute successfully (status code exit status: 1).cargo:warning=zstd/lib/compress/zstdmt_compress.c:1882:1: fatal error: error writing to /tmp/ccHpUYBv.s: No space left on device
[INFO] [stderr]   cargo:warning= 1882 | }
[INFO] [stderr]   cargo:warning=      | ^
[INFO] [stderr]   cargo:warning=compilation terminated.
[INFO] [stderr] 
[INFO] [stderr]   exit status: 1
[INFO] [stderr]   cargo:warning=ToolExecError: Command "cc" "-O0" "-ffunction-sections" "-fdata-sections" "-fPIC" "-gdwarf-4" "-fno-omit-frame-pointer" "-m64" "-I" "zstd/lib/" "-I" "zstd/lib/common" "-I" "zstd/lib/legacy" "-fvisibility=hidden" "-ffunction-sections" "-fdata-sections" "-fmerge-all-constants" "-DZSTD_LIB_DEPRECATED=0" "-DXXH_PRIVATE_API=" "-DZSTDLIB_VISIBILITY=" "-DZDICTLIB_VISIBILITY=" "-DZSTDERRORLIB_VISIBILITY=" "-DZSTD_LEGACY_SUPPORT=1" "-o" "/opt/rustwide/target/debug/build/zstd-sys-766baa8ac62669b5/out/1ddd1489cc625d97-zstdmt_compress.o" "-c" "zstd/lib/compress/zstdmt_compress.c" with args cc did not execute successfully (status code exit status: 1).cargo:warning=zstd/lib/dictBuilder/cover.c:1261:1: fatal error: error writing to /tmp/ccOSZxAl.s: No space left on device
[INFO] [stderr]   cargo:warning= 1261 | }
[INFO] [stderr]   cargo:warning=      | ^
[INFO] [stderr]   cargo:warning=compilation terminated.
[INFO] [stderr] 
[INFO] [stderr]   exit status: 1
[INFO] [stderr]   cargo:warning=ToolExecError: Command "cc" "-O0" "-ffunction-sections" "-fdata-sections" "-fPIC" "-gdwarf-4" "-fno-omit-frame-pointer" "-m64" "-I" "zstd/lib/" "-I" "zstd/lib/common" "-I" "zstd/lib/legacy" "-fvisibility=hidden" "-ffunction-sections" "-fdata-sections" "-fmerge-all-constants" "-DZSTD_LIB_DEPRECATED=0" "-DXXH_PRIVATE_API=" "-DZSTDLIB_VISIBILITY=" "-DZDICTLIB_VISIBILITY=" "-DZSTDERRORLIB_VISIBILITY=" "-DZSTD_LEGACY_SUPPORT=1" "-o" "/opt/rustwide/target/debug/build/zstd-sys-766baa8ac62669b5/out/b0401a448be314bb-cover.o" "-c" "zstd/lib/dictBuilder/cover.c" with args cc did not execute successfully (status code exit status: 1).cargo:warning=zstd/lib/decompress/huf_decompress.c:1944:1: fatal error: error writing to /tmp/ccVHiRAk.s: No space left on device
[INFO] [stderr]   cargo:warning= 1944 | }
[INFO] [stderr]   cargo:warning=      | ^
[INFO] [stderr]   cargo:warning=compilation terminated.
[INFO] [stderr] 
[INFO] [stderr]   exit status: 1
[INFO] [stderr]   cargo:warning=ToolExecError: Command "cc" "-O0" "-ffunction-sections" "-fdata-sections" "-fPIC" "-gdwarf-4" "-fno-omit-frame-pointer" "-m64" "-I" "zstd/lib/" "-I" "zstd/lib/common" "-I" "zstd/lib/legacy" "-fvisibility=hidden" "-ffunction-sections" "-fdata-sections" "-fmerge-all-constants" "-DZSTD_LIB_DEPRECATED=0" "-DXXH_PRIVATE_API=" "-DZSTDLIB_VISIBILITY=" "-DZDICTLIB_VISIBILITY=" "-DZSTDERRORLIB_VISIBILITY=" "-DZSTD_LEGACY_SUPPORT=1" "-o" "/opt/rustwide/target/debug/build/zstd-sys-766baa8ac62669b5/out/690f776bf7b37aeb-huf_decompress.o" "-c" "zstd/lib/decompress/huf_decompress.c" with args cc did not execute successfully (status code exit status: 1).cargo:warning=zstd/lib/dictBuilder/fastcover.c:766:1: fatal error: error writing to /tmp/ccQtbBpJ.s: No space left on device
[INFO] [stderr]   cargo:warning=  766 | }
[INFO] [stderr]   cargo:warning=      | ^
[INFO] [stderr]   cargo:warning=compilation terminated.
[INFO] [stderr]   cargo:warning=zstd/lib/dictBuilder/divsufsort.c:1913:1: fatal error: error writing to /tmp/ccXvlAqK.s: No space left on device
[INFO] [stderr]   cargo:warning= 1913 | }
[INFO] [stderr]   cargo:warning=      | ^
[INFO] [stderr]   cargo:warning=compilation terminated.
[INFO] [stderr] 
[INFO] [stderr]   exit status: 1
[INFO] [stderr]   cargo:warning=ToolExecError: Command "cc" "-O0" "-ffunction-sections" "-fdata-sections" "-fPIC" "-gdwarf-4" "-fno-omit-frame-pointer" "-m64" "-I" "zstd/lib/" "-I" "zstd/lib/common" "-I" "zstd/lib/legacy" "-fvisibility=hidden" "-ffunction-sections" "-fdata-sections" "-fmerge-all-constants" "-DZSTD_LIB_DEPRECATED=0" "-DXXH_PRIVATE_API=" "-DZSTDLIB_VISIBILITY=" "-DZDICTLIB_VISIBILITY=" "-DZSTDERRORLIB_VISIBILITY=" "-DZSTD_LEGACY_SUPPORT=1" "-o" "/opt/rustwide/target/debug/build/zstd-sys-766baa8ac62669b5/out/b0401a448be314bb-divsufsort.o" "-c" "zstd/lib/dictBuilder/divsufsort.c" with args cc did not execute successfully (status code exit status: 1).
[INFO] [stderr]   exit status: 1
[INFO] [stderr]   cargo:warning=ToolExecError: Command "cc" "-O0" "-ffunction-sections" "-fdata-sections" "-fPIC" "-gdwarf-4" "-fno-omit-frame-pointer" "-m64" "-I" "zstd/lib/" "-I" "zstd/lib/common" "-I" "zstd/lib/legacy" "-fvisibility=hidden" "-ffunction-sections" "-fdata-sections" "-fmerge-all-constants" "-DZSTD_LIB_DEPRECATED=0" "-DXXH_PRIVATE_API=" "-DZSTDLIB_VISIBILITY=" "-DZDICTLIB_VISIBILITY=" "-DZSTDERRORLIB_VISIBILITY=" "-DZSTD_LEGACY_SUPPORT=1" "-o" "/opt/rustwide/target/debug/build/zstd-sys-766baa8ac62669b5/out/b0401a448be314bb-fastcover.o" "-c" "zstd/lib/dictBuilder/fastcover.c" with args cc did not execute successfully (status code exit status: 1).cargo:warning=zstd/lib/dictBuilder/zdict.c:1133:1: fatal error: error writing to /tmp/ccVUiWak.s: No space left on device
[INFO] [stderr]   cargo:warning= 1133 | }
[INFO] [stderr]   cargo:warning=      | ^
[INFO] [stderr]   cargo:warning=compilation terminated.
[INFO] [stderr] 
[INFO] [stderr]   exit status: 1
[INFO] [stderr]   cargo:warning=ToolExecError: Command "cc" "-O0" "-ffunction-sections" "-fdata-sections" "-fPIC" "-gdwarf-4" "-fno-omit-frame-pointer" "-m64" "-I" "zstd/lib/" "-I" "zstd/lib/common" "-I" "zstd/lib/legacy" "-fvisibility=hidden" "-ffunction-sections" "-fdata-sections" "-fmerge-all-constants" "-DZSTD_LIB_DEPRECATED=0" "-DXXH_PRIVATE_API=" "-DZSTDLIB_VISIBILITY=" "-DZDICTLIB_VISIBILITY=" "-DZSTDERRORLIB_VISIBILITY=" "-DZSTD_LEGACY_SUPPORT=1" "-o" "/opt/rustwide/target/debug/build/zstd-sys-766baa8ac62669b5/out/b0401a448be314bb-zdict.o" "-c" "zstd/lib/dictBuilder/zdict.c" with args cc did not execute successfully (status code exit status: 1).cargo:warning=zstd/lib/legacy/zstd_v01.c:2127:1: fatal error: error writing to /tmp/ccoybuZU.s: No space left on device
[INFO] [stderr]   cargo:warning= 2127 | }
[INFO] [stderr]   cargo:warning=      | ^
[INFO] [stderr]   cargo:warning=compilation terminated.
[INFO] [stderr] 
[INFO] [stderr]   exit status: 1
[INFO] [stderr]   cargo:warning=ToolExecError: Command "cc" "-O0" "-ffunction-sections" "-fdata-sections" "-fPIC" "-gdwarf-4" "-fno-omit-frame-pointer" "-m64" "-I" "zstd/lib/" "-I" "zstd/lib/common" "-I" "zstd/lib/legacy" "-fvisibility=hidden" "-ffunction-sections" "-fdata-sections" "-fmerge-all-constants" "-DZSTD_LIB_DEPRECATED=0" "-DXXH_PRIVATE_API=" "-DZSTDLIB_VISIBILITY=" "-DZDICTLIB_VISIBILITY=" "-DZSTDERRORLIB_VISIBILITY=" "-DZSTD_LEGACY_SUPPORT=1" "-o" "/opt/rustwide/target/debug/build/zstd-sys-766baa8ac62669b5/out/5eeec2f4c1e9b3b6-zstd_v01.o" "-c" "zstd/lib/legacy/zstd_v01.c" with args cc did not execute successfully (status code exit status: 1).cargo:warning=zstd/lib/legacy/zstd_v02.c:3465:1: fatal error: error writing to /tmp/cciDRiIN.s: No space left on device
[INFO] [stderr]   cargo:warning= 3465 | }
[INFO] [stderr]   cargo:warning=      | ^
[INFO] [stderr]   cargo:warning=compilation terminated.
[INFO] [stderr] 
[INFO] [stderr]   exit status: 1
[INFO] [stderr]   cargo:warning=ToolExecError: Command "cc" "-O0" "-ffunction-sections" "-fdata-sections" "-fPIC" "-gdwarf-4" "-fno-omit-frame-pointer" "-m64" "-I" "zstd/lib/" "-I" "zstd/lib/common" "-I" "zstd/lib/legacy" "-fvisibility=hidden" "-ffunction-sections" "-fdata-sections" "-fmerge-all-constants" "-DZSTD_LIB_DEPRECATED=0" "-DXXH_PRIVATE_API=" "-DZSTDLIB_VISIBILITY=" "-DZDICTLIB_VISIBILITY=" "-DZSTDERRORLIB_VISIBILITY=" "-DZSTD_LEGACY_SUPPORT=1" "-o" "/opt/rustwide/target/debug/build/zstd-sys-766baa8ac62669b5/out/5eeec2f4c1e9b3b6-zstd_v02.o" "-c" "zstd/lib/legacy/zstd_v02.c" with args cc did not execute successfully (status code exit status: 1).cargo:warning=zstd/lib/decompress/zstd_decompress_block.c:2215:1: fatal error: error writing to /tmp/cc5BtZCU.s: No space left on device
[INFO] [stderr]   cargo:warning= 2215 | }
[INFO] [stderr]   cargo:warning=      | ^
[INFO] [stderr]   cargo:warning=compilation terminated.
[INFO] [stderr] 
[INFO] [stderr]   exit status: 1
[INFO] [stderr]   cargo:warning=ToolExecError: Command "cc" "-O0" "-ffunction-sections" "-fdata-sections" "-fPIC" "-gdwarf-4" "-fno-omit-frame-pointer" "-m64" "-I" "zstd/lib/" "-I" "zstd/lib/common" "-I" "zstd/lib/legacy" "-fvisibility=hidden" "-ffunction-sections" "-fdata-sections" "-fmerge-all-constants" "-DZSTD_LIB_DEPRECATED=0" "-DXXH_PRIVATE_API=" "-DZSTDLIB_VISIBILITY=" "-DZDICTLIB_VISIBILITY=" "-DZSTDERRORLIB_VISIBILITY=" "-DZSTD_LEGACY_SUPPORT=1" "-o" "/opt/rustwide/target/debug/build/zstd-sys-766baa8ac62669b5/out/690f776bf7b37aeb-zstd_decompress_block.o" "-c" "zstd/lib/decompress/zstd_decompress_block.c" with args cc did not execute successfully (status code exit status: 1).cargo:warning=zstd/lib/compress/zstd_lazy.c:2198:1: fatal error: error writing to /tmp/cc6UB6lv.s: No space left on device
[INFO] [stderr]   cargo:warning= 2198 | }
[INFO] [stderr]   cargo:warning=      | ^
[INFO] [stderr]   cargo:warning=compilation terminated.
[INFO] [stderr] 
[INFO] [stderr]   exit status: 0
[INFO] [stderr]   exit status: 0
[INFO] [stderr]   exit status: 0
[INFO] [stderr]   exit status: 0
[INFO] [stderr]   exit status: 0
[INFO] [stderr]   exit status: 0
[INFO] [stderr]   exit status: 1
[INFO] [stderr]   cargo:warning=ToolExecError: Command "cc" "-O0" "-ffunction-sections" "-fdata-sections" "-fPIC" "-gdwarf-4" "-fno-omit-frame-pointer" "-m64" "-I" "zstd/lib/" "-I" "zstd/lib/common" "-I" "zstd/lib/legacy" "-fvisibility=hidden" "-ffunction-sections" "-fdata-sections" "-fmerge-all-constants" "-DZSTD_LIB_DEPRECATED=0" "-DXXH_PRIVATE_API=" "-DZSTDLIB_VISIBILITY=" "-DZDICTLIB_VISIBILITY=" "-DZSTDERRORLIB_VISIBILITY=" "-DZSTD_LEGACY_SUPPORT=1" "-o" "/opt/rustwide/target/debug/build/zstd-sys-766baa8ac62669b5/out/1ddd1489cc625d97-zstd_lazy.o" "-c" "zstd/lib/compress/zstd_lazy.c" with args cc did not execute successfully (status code exit status: 1).
[INFO] [stderr] 
[INFO] [stderr]   --- stderr
[INFO] [stderr] 
[INFO] [stderr] 
[INFO] [stderr]   error occurred: Command "cc" "-O0" "-ffunction-sections" "-fdata-sections" "-fPIC" "-gdwarf-4" "-fno-omit-frame-pointer" "-m64" "-I" "zstd/lib/" "-I" "zstd/lib/common" "-I" "zstd/lib/legacy" "-fvisibility=hidden" "-ffunction-sections" "-fdata-sections" "-fmerge-all-constants" "-DZSTD_LIB_DEPRECATED=0" "-DXXH_PRIVATE_API=" "-DZSTDLIB_VISIBILITY=" "-DZDICTLIB_VISIBILITY=" "-DZSTDERRORLIB_VISIBILITY=" "-DZSTD_LEGACY_SUPPORT=1" "-o" "/opt/rustwide/target/debug/build/zstd-sys-766baa8ac62669b5/out/1ddd1489cc625d97-zstd_lazy.o" "-c" "zstd/lib/compress/zstd_lazy.c" with args cc did not execute successfully (status code exit status: 1).
[INFO] [stderr] 
[INFO] [stderr] 
[INFO] running `Command { std: "docker" "inspect" "b83123767fc92a1717caf2c4cfecd595ff75250e03c603d2d454c71bb0c77920", kill_on_drop: false }`
[INFO] running `Command { std: "docker" "rm" "-f" "b83123767fc92a1717caf2c4cfecd595ff75250e03c603d2d454c71bb0c77920", kill_on_drop: false }`
[INFO] [stdout] b83123767fc92a1717caf2c4cfecd595ff75250e03c603d2d454c71bb0c77920
