[INFO] cloning repository https://github.com/duskmoon314/bgmtv-rs
[INFO] running `Command { std: "git" "-c" "credential.helper=" "-c" "credential.helper=/workspace/cargo-home/bin/git-credential-null" "clone" "--bare" "https://github.com/duskmoon314/bgmtv-rs" "/workspace/cache/git-repos/https%3A%2F%2Fgithub.com%2Fduskmoon314%2Fbgmtv-rs", kill_on_drop: false }`
[INFO] [stderr] Cloning into bare repository '/workspace/cache/git-repos/https%3A%2F%2Fgithub.com%2Fduskmoon314%2Fbgmtv-rs'...
[INFO] running `Command { std: "git" "rev-parse" "HEAD", kill_on_drop: false }`
[INFO] [stdout] f0ccffc7a67deffcc539f8625bacaa71f1764e16
[INFO] documenting duskmoon314/bgmtv-rs against beta-2025-02-18 for beta-1.86-rustdoc-1
[INFO] running `Command { std: "git" "clone" "/workspace/cache/git-repos/https%3A%2F%2Fgithub.com%2Fduskmoon314%2Fbgmtv-rs" "/workspace/builds/worker-6-tc2/source", kill_on_drop: false }`
[INFO] [stderr] Cloning into '/workspace/builds/worker-6-tc2/source'...
[INFO] [stderr] done.
[INFO] validating manifest of git repo https://github.com/duskmoon314/bgmtv-rs on toolchain beta-2025-02-18
[INFO] running `Command { std: CARGO_HOME="/workspace/cargo-home" RUSTUP_HOME="/workspace/rustup-home" "/workspace/cargo-home/bin/cargo" "+beta-2025-02-18" "metadata" "--manifest-path" "Cargo.toml" "--no-deps", kill_on_drop: false }`
[INFO] started tweaking git repo https://github.com/duskmoon314/bgmtv-rs
[INFO] finished tweaking git repo https://github.com/duskmoon314/bgmtv-rs
[INFO] tweaked toml for git repo https://github.com/duskmoon314/bgmtv-rs written to /workspace/builds/worker-6-tc2/source/Cargo.toml
[INFO] crate git repo https://github.com/duskmoon314/bgmtv-rs already has a lockfile, it will not be regenerated
[INFO] running `Command { std: CARGO_HOME="/workspace/cargo-home" RUSTUP_HOME="/workspace/rustup-home" "/workspace/cargo-home/bin/cargo" "+beta-2025-02-18" "fetch" "--manifest-path" "Cargo.toml", kill_on_drop: false }`
[INFO] [stderr]     Blocking waiting for file lock on package cache
[INFO] [stderr]     Updating crates.io index
[INFO] running `Command { std: "docker" "create" "-v" "/var/lib/crater-agent-workspace/builds/worker-6-tc2/target:/opt/rustwide/target:rw,Z" "-v" "/var/lib/crater-agent-workspace/builds/worker-6-tc2/source:/opt/rustwide/workdir:ro,Z" "-v" "/var/lib/crater-agent-workspace/cargo-home:/opt/rustwide/cargo-home:ro,Z" "-v" "/var/lib/crater-agent-workspace/rustup-home:/opt/rustwide/rustup-home:ro,Z" "-e" "SOURCE_DIR=/opt/rustwide/workdir" "-e" "CARGO_TARGET_DIR=/opt/rustwide/target" "-e" "CARGO_HOME=/opt/rustwide/cargo-home" "-e" "RUSTUP_HOME=/opt/rustwide/rustup-home" "-w" "/opt/rustwide/workdir" "-m" "1610612736" "--user" "0:0" "--network" "none" "ghcr.io/rust-lang/crates-build-env/linux@sha256:3959728d45483eb673ba100a951a6b9f5012970368db2a9e08e0ac9b67c8a5ad" "/opt/rustwide/cargo-home/bin/cargo" "+beta-2025-02-18" "metadata" "--no-deps" "--format-version=1", kill_on_drop: false }`
[INFO] [stdout] 3ae3bb171154c710f5737eaf82924abd40bb849c15974a48e906b684bb2c5c64
[INFO] running `Command { std: "docker" "start" "-a" "3ae3bb171154c710f5737eaf82924abd40bb849c15974a48e906b684bb2c5c64", kill_on_drop: false }`
[INFO] running `Command { std: "docker" "inspect" "3ae3bb171154c710f5737eaf82924abd40bb849c15974a48e906b684bb2c5c64", kill_on_drop: false }`
[INFO] running `Command { std: "docker" "rm" "-f" "3ae3bb171154c710f5737eaf82924abd40bb849c15974a48e906b684bb2c5c64", kill_on_drop: false }`
[INFO] [stdout] 3ae3bb171154c710f5737eaf82924abd40bb849c15974a48e906b684bb2c5c64
[INFO] running `Command { std: "docker" "create" "-v" "/var/lib/crater-agent-workspace/builds/worker-6-tc2/target:/opt/rustwide/target:rw,Z" "-v" "/var/lib/crater-agent-workspace/builds/worker-6-tc2/source:/opt/rustwide/workdir:ro,Z" "-v" "/var/lib/crater-agent-workspace/cargo-home:/opt/rustwide/cargo-home:ro,Z" "-v" "/var/lib/crater-agent-workspace/rustup-home:/opt/rustwide/rustup-home:ro,Z" "-e" "SOURCE_DIR=/opt/rustwide/workdir" "-e" "CARGO_TARGET_DIR=/opt/rustwide/target" "-e" "CARGO_INCREMENTAL=0" "-e" "RUST_BACKTRACE=full" "-e" "RUSTFLAGS=--cap-lints=warn" "-e" "RUSTDOCFLAGS=--cap-lints=warn" "-e" "CARGO_HOME=/opt/rustwide/cargo-home" "-e" "RUSTUP_HOME=/opt/rustwide/rustup-home" "-w" "/opt/rustwide/workdir" "-m" "1610612736" "--user" "0:0" "--network" "none" "ghcr.io/rust-lang/crates-build-env/linux@sha256:3959728d45483eb673ba100a951a6b9f5012970368db2a9e08e0ac9b67c8a5ad" "/opt/rustwide/cargo-home/bin/cargo" "+beta-2025-02-18" "doc" "--frozen" "--no-deps" "--document-private-items" "--message-format=json", kill_on_drop: false }`
[INFO] [stdout] 872a4443ff7de69304e5be0656c90e4be63ba513e8a26e60e0c8a30ae0f937a6
[INFO] running `Command { std: "docker" "start" "-a" "872a4443ff7de69304e5be0656c90e4be63ba513e8a26e60e0c8a30ae0f937a6", kill_on_drop: false }`
[INFO] [stderr]    Compiling proc-macro2 v1.0.87
[INFO] [stderr]    Compiling unicode-ident v1.0.13
[INFO] [stderr]    Compiling libc v0.2.159
[INFO] [stderr]     Checking stable_deref_trait v1.2.0
[INFO] [stderr]     Checking bytes v1.7.2
[INFO] [stderr]    Compiling shlex v1.3.0
[INFO] [stderr]     Checking pin-project-lite v0.2.14
[INFO] [stderr]     Checking futures-core v0.3.31
[INFO] [stderr]     Checking itoa v1.0.11
[INFO] [stderr]    Compiling pkg-config v0.3.31
[INFO] [stderr]     Checking once_cell v1.20.2
[INFO] [stderr]    Compiling vcpkg v0.2.15
[INFO] [stderr]     Checking writeable v0.5.5
[INFO] [stderr]     Checking litemap v0.7.3
[INFO] [stderr]     Checking smallvec v1.13.2
[INFO] [stderr]     Checking fnv v1.0.7
[INFO] [stderr]    Compiling autocfg v1.4.0
[INFO] [stderr]    Compiling ident_case v1.0.1
[INFO] [stderr]    Compiling strsim v0.11.1
[INFO] [stderr]    Compiling cc v1.1.30
[INFO] [stderr]     Checking icu_locid_transform_data v1.5.0
[INFO] [stderr]     Checking cfg-if v1.0.0
[INFO] [stderr]     Checking futures-sink v0.3.31
[INFO] [stderr]     Checking tracing-core v0.1.32
[INFO] [stderr]     Checking pin-utils v0.1.0
[INFO] [stderr]     Checking equivalent v1.0.1
[INFO] [stderr]     Checking futures-task v0.3.31
[INFO] [stderr]     Checking foreign-types-shared v0.1.1
[INFO] [stderr]     Checking icu_properties_data v1.5.0
[INFO] [stderr]    Compiling httparse v1.9.5
[INFO] [stderr]    Compiling openssl v0.10.66
[INFO] [stderr]     Checking hashbrown v0.15.0
[INFO] [stderr]     Checking foreign-types v0.3.2
[INFO] [stderr]     Checking atomic-waker v1.1.2
[INFO] [stderr]    Compiling serde v1.0.214
[INFO] [stderr]     Checking futures-util v0.3.31
[INFO] [stderr]     Checking utf16_iter v1.0.5
[INFO] [stderr]    Compiling native-tls v0.2.12
[INFO] [stderr]     Checking write16 v1.0.0
[INFO] [stderr]     Checking http v1.1.0
[INFO] [stderr]     Checking bitflags v2.6.0
[INFO] [stderr]     Checking try-lock v0.2.5
[INFO] [stderr]     Checking utf8_iter v1.0.4
[INFO] [stderr]     Checking icu_normalizer_data v1.5.0
[INFO] [stderr]     Checking want v0.3.1
[INFO] [stderr]     Checking tracing v0.1.40
[INFO] [stderr]     Checking futures-channel v0.3.31
[INFO] [stderr]     Checking percent-encoding v2.3.1
[INFO] [stderr]     Checking log v0.4.22
[INFO] [stderr]     Checking openssl-probe v0.1.5
[INFO] [stderr]     Checking ryu v1.0.18
[INFO] [stderr]    Compiling serde_json v1.0.132
[INFO] [stderr]     Checking tower-service v0.3.3
[INFO] [stderr]     Checking rustls-pki-types v1.9.0
[INFO] [stderr]    Compiling slab v0.4.9
[INFO] [stderr]     Checking form_urlencoded v1.2.1
[INFO] [stderr]    Compiling indices v0.3.6
[INFO] [stderr]     Checking memchr v2.7.4
[INFO] [stderr]     Checking encoding_rs v0.8.34
[INFO] [stderr]     Checking indexmap v2.6.0
[INFO] [stderr]     Checking sync_wrapper v1.0.1
[INFO] [stderr]     Checking mime v0.3.17
[INFO] [stderr]     Checking base64 v0.22.1
[INFO] [stderr]     Checking ipnet v2.10.1
[INFO] [stderr]     Checking http-body v1.0.1
[INFO] [stderr]    Compiling openssl-sys v0.9.103
[INFO] [stderr]     Checking socket2 v0.5.7
[INFO] [stderr]     Checking mio v1.0.2
[INFO] [stderr]     Checking rustls-pemfile v2.2.0
[INFO] [stderr]    Compiling quote v1.0.37
[INFO] [stderr]    Compiling syn v2.0.82
[INFO] [stderr]     Checking http-body-util v0.1.2
[INFO] [stderr]     Checking tokio v1.41.0
[INFO] [stderr]     Checking tokio-util v0.7.12
[INFO] [stderr]    Compiling synstructure v0.13.1
[INFO] [stderr]    Compiling darling_core v0.20.10
[INFO] [stderr]     Checking h2 v0.4.6
[INFO] [stderr]    Compiling zerofrom-derive v0.1.4
[INFO] [stderr]    Compiling yoke-derive v0.7.4
[INFO] [stderr]    Compiling zerovec-derive v0.10.3
[INFO] [stderr]    Compiling displaydoc v0.2.5
[INFO] [stderr]    Compiling icu_provider_macros v1.5.0
[INFO] [stderr]    Compiling openssl-macros v0.1.1
[INFO] [stderr]    Compiling serde_derive v1.0.214
[INFO] [stderr]    Compiling error_set_impl v0.7.0
[INFO] [stderr]    Compiling serde_repr v0.1.19
[INFO] [stderr] rustc-LLVM ERROR: IO failure on output stream: No space left on device
[INFO] [stderr] error: could not compile `icu_provider_macros` (lib)
[INFO] [stderr] 
[INFO] [stderr] Caused by:
[INFO] [stderr]   No space left on device (os error 28)
[INFO] [stderr] 
[INFO] [stderr] Caused by:
[INFO] [stderr]   failed to parse process output: `/opt/rustwide/rustup-home/toolchains/beta-2025-02-18-x86_64-unknown-linux-gnu/bin/rustc --crate-name icu_provider_macros --edition=2021 /opt/rustwide/cargo-home/registry/src/index.crates.io-1949cf8c6b5b557f/icu_provider_macros-1.5.0/src/lib.rs --error-format=json --json=diagnostic-rendered-ansi,artifacts,future-incompat --crate-type proc-macro --emit=dep-info,link -C prefer-dynamic -C embed-bitcode=no --check-cfg 'cfg(docsrs,test)' --check-cfg 'cfg(feature, values())' -C metadata=c299007527e71e66 -C extra-filename=-6634b217abcf3655 --out-dir /opt/rustwide/target/debug/deps -L dependency=/opt/rustwide/target/debug/deps --extern proc_macro2=/opt/rustwide/target/debug/deps/libproc_macro2-7092c56e178ef8d3.rlib --extern quote=/opt/rustwide/target/debug/deps/libquote-3f7f23459fc2ebfb.rlib --extern syn=/opt/rustwide/target/debug/deps/libsyn-3cd7d779c8a84105.rlib --extern proc_macro --cap-lints allow --cap-lints=warn` (exit status: 101)
[INFO] [stderr] warning: build failed, waiting for other jobs to finish...
[INFO] [stdout] error: error writing metadata object file: No space left on device (os error 28)
[INFO] [stdout] 
[INFO] [stdout] 
[INFO] [stderr] error: could not compile `error_set_impl` (lib) due to 1 previous error
[INFO] [stdout] error: could not write output to /opt/rustwide/target/debug/deps/displaydoc-0039dee4312fe501.displaydoc.a254fd034275a8cb-cgu.3.rcgu.o: No space left on device
[INFO] [stdout] 
[INFO] [stdout] 
[INFO] [stderr] error: could not compile `displaydoc` (lib) due to 1 previous error
[INFO] [stderr] rustc-LLVM ERROR: IO failure on output stream: No space left on device
[INFO] [stderr] rustc-LLVM ERROR: IO failure on output stream: No space left on device
[INFO] [stderr] error: could not compile `yoke-derive` (lib)
[INFO] [stderr] 
[INFO] [stderr] Caused by:
[INFO] [stderr]   No space left on device (os error 28)
[INFO] [stderr] 
[INFO] [stderr] Caused by:
[INFO] [stderr]   failed to parse process output: `/opt/rustwide/rustup-home/toolchains/beta-2025-02-18-x86_64-unknown-linux-gnu/bin/rustc --crate-name yoke_derive --edition=2021 /opt/rustwide/cargo-home/registry/src/index.crates.io-1949cf8c6b5b557f/yoke-derive-0.7.4/src/lib.rs --error-format=json --json=diagnostic-rendered-ansi,artifacts,future-incompat --crate-type proc-macro --emit=dep-info,link -C prefer-dynamic -C embed-bitcode=no --check-cfg 'cfg(docsrs,test)' --check-cfg 'cfg(feature, values())' -C metadata=7f133e7687bf9cd8 -C extra-filename=-64c6da942fe8c244 --out-dir /opt/rustwide/target/debug/deps -L dependency=/opt/rustwide/target/debug/deps --extern proc_macro2=/opt/rustwide/target/debug/deps/libproc_macro2-7092c56e178ef8d3.rlib --extern quote=/opt/rustwide/target/debug/deps/libquote-3f7f23459fc2ebfb.rlib --extern syn=/opt/rustwide/target/debug/deps/libsyn-3cd7d779c8a84105.rlib --extern synstructure=/opt/rustwide/target/debug/deps/libsynstructure-629aa1267327c967.rlib --extern proc_macro --cap-lints allow --cap-lints=warn` (exit status: 101)
[INFO] [stderr] error: could not compile `zerofrom-derive` (lib)
[INFO] [stderr] 
[INFO] [stderr] Caused by:
[INFO] [stderr]   No space left on device (os error 28)
[INFO] [stderr] 
[INFO] [stderr] Caused by:
[INFO] [stderr]   failed to parse process output: `/opt/rustwide/rustup-home/toolchains/beta-2025-02-18-x86_64-unknown-linux-gnu/bin/rustc --crate-name zerofrom_derive --edition=2021 /opt/rustwide/cargo-home/registry/src/index.crates.io-1949cf8c6b5b557f/zerofrom-derive-0.1.4/src/lib.rs --error-format=json --json=diagnostic-rendered-ansi,artifacts,future-incompat --crate-type proc-macro --emit=dep-info,link -C prefer-dynamic -C embed-bitcode=no --check-cfg 'cfg(docsrs,test)' --check-cfg 'cfg(feature, values())' -C metadata=fa8d8873e7b1192b -C extra-filename=-e7fcbb8ba54b6fb7 --out-dir /opt/rustwide/target/debug/deps -L dependency=/opt/rustwide/target/debug/deps --extern proc_macro2=/opt/rustwide/target/debug/deps/libproc_macro2-7092c56e178ef8d3.rlib --extern quote=/opt/rustwide/target/debug/deps/libquote-3f7f23459fc2ebfb.rlib --extern syn=/opt/rustwide/target/debug/deps/libsyn-3cd7d779c8a84105.rlib --extern synstructure=/opt/rustwide/target/debug/deps/libsynstructure-629aa1267327c967.rlib --extern proc_macro --cap-lints allow --cap-lints=warn` (exit status: 101)
[INFO] [stdout] error: linking with `cc` failed: exit status: 1
[INFO] [stdout]   |
[INFO] [stdout]   = note:  "cc" "-Wl,--version-script=/tmp/rustc6WvE3h/list" "-Wl,--no-undefined-version" "-m64" "/tmp/rustc6WvE3h/symbols.o" "<1 object files omitted>" "/opt/rustwide/target/debug/deps/openssl_macros-43afa47050c86946.cv2totei3bk854txfg60nq4r3.rcgu.rmeta" "<1 object files omitted>" "-Wl,--as-needed" "-Wl,-Bstatic" "/opt/rustwide/target/debug/deps/{libsyn-3cd7d779c8a84105.rlib,libquote-3f7f23459fc2ebfb.rlib,libproc_macro2-7092c56e178ef8d3.rlib,libunicode_ident-22b7b0cc8d73ac3c.rlib}.rlib" "<sysroot>/lib/rustlib/x86_64-unknown-linux-gnu/lib/{libproc_macro-*,libstd-*,libpanic_unwind-*,libobject-*,libmemchr-*,libaddr2line-*,libgimli-*,librustc_demangle-*,libstd_detect-*,libhashbrown-*,librustc_std_workspace_alloc-*,libminiz_oxide-*,libadler2-*,libunwind-*,libcfg_if-*,liblibc-*,liballoc-*,librustc_std_workspace_core-*,libcore-*,libcompiler_builtins-*}.rlib" "-Wl,-Bdynamic" "-lgcc_s" "-lutil" "-lrt" "-lpthread" "-lm" "-ldl" "-lc" "-Wl,--eh-frame-hdr" "-Wl,-z,noexecstack" "-L" "<sysroot>/lib/rustlib/x86_64-unknown-linux-gnu/lib" "-o" "/opt/rustwide/target/debug/deps/libopenssl_macros-43afa47050c86946.so" "-Wl,--gc-sections" "-shared" "-Wl,-z,relro,-z,now" "-nodefaultlibs"
[INFO] [stdout]   = note: some arguments are omitted. use `--verbose` to show all linker arguments
[INFO] [stdout]   = note: /usr/bin/ld: final link failed: No space left on device
[INFO] [stdout]           collect2: error: ld returned 1 exit status
[INFO] [stdout]           
[INFO] [stdout] 
[INFO] [stdout] 
[INFO] [stderr] error: could not compile `openssl-macros` (lib) due to 1 previous error
[INFO] [stdout] error: linking with `cc` failed: exit status: 1
[INFO] [stdout]   |
[INFO] [stdout]   = note:  "cc" "-Wl,--version-script=/tmp/rustcaHrPzj/list" "-Wl,--no-undefined-version" "-m64" "/tmp/rustcaHrPzj/symbols.o" "<2 object files omitted>" "/opt/rustwide/target/debug/deps/serde_repr-2bfc30bc7c83a0f1.7jjr0oyowt6v6u5x54fqxoel5.rcgu.rmeta" "<1 object files omitted>" "-Wl,--as-needed" "-Wl,-Bstatic" "/opt/rustwide/target/debug/deps/{libsyn-3cd7d779c8a84105.rlib,libquote-3f7f23459fc2ebfb.rlib,libproc_macro2-7092c56e178ef8d3.rlib,libunicode_ident-22b7b0cc8d73ac3c.rlib}.rlib" "<sysroot>/lib/rustlib/x86_64-unknown-linux-gnu/lib/{libproc_macro-*,libstd-*,libpanic_unwind-*,libobject-*,libmemchr-*,libaddr2line-*,libgimli-*,librustc_demangle-*,libstd_detect-*,libhashbrown-*,librustc_std_workspace_alloc-*,libminiz_oxide-*,libadler2-*,libunwind-*,libcfg_if-*,liblibc-*,liballoc-*,librustc_std_workspace_core-*,libcore-*,libcompiler_builtins-*}.rlib" "-Wl,-Bdynamic" "-lgcc_s" "-lutil" "-lrt" "-lpthread" "-lm" "-ldl" "-lc" "-Wl,--eh-frame-hdr" "-Wl,-z,noexecstack" "-L" "<sysroot>/lib/rustlib/x86_64-unknown-linux-gnu/lib" "-o" "/opt/rustwide/target/debug/deps/libserde_repr-2bfc30bc7c83a0f1.so" "-Wl,--gc-sections" "-shared" "-Wl,-z,relro,-z,now" "-nodefaultlibs"
[INFO] [stdout]   = note: some arguments are omitted. use `--verbose` to show all linker arguments
[INFO] [stdout]   = note: /usr/bin/ld: final link failed: No space left on device
[INFO] [stdout]           collect2: error: ld returned 1 exit status
[INFO] [stdout]           
[INFO] [stdout] 
[INFO] [stdout] 
[INFO] [stderr] rustc-LLVM ERROR: IO failure on output stream: No space left on device
[INFO] [stderr] error: could not compile `serde_repr` (lib) due to 1 previous error
[INFO] [stdout] error: couldn't create a temp dir: No space left on device (os error 28) at path "/opt/rustwide/target/debug/deps/rmetafY8Z9W"
[INFO] [stdout] 
[INFO] [stdout] 
[INFO] [stderr] error: could not compile `zerovec-derive` (lib)
[INFO] [stderr] 
[INFO] [stderr] Caused by:
[INFO] [stderr]   No space left on device (os error 28)
[INFO] [stderr] 
[INFO] [stderr] Caused by:
[INFO] [stderr]   failed to parse process output: `/opt/rustwide/rustup-home/toolchains/beta-2025-02-18-x86_64-unknown-linux-gnu/bin/rustc --crate-name zerovec_derive --edition=2021 /opt/rustwide/cargo-home/registry/src/index.crates.io-1949cf8c6b5b557f/zerovec-derive-0.10.3/src/lib.rs --error-format=json --json=diagnostic-rendered-ansi,artifacts,future-incompat --crate-type proc-macro --emit=dep-info,link -C prefer-dynamic -C embed-bitcode=no --check-cfg 'cfg(docsrs,test)' --check-cfg 'cfg(feature, values())' -C metadata=84c65863e47ec592 -C extra-filename=-4ec18e513c6641a1 --out-dir /opt/rustwide/target/debug/deps -L dependency=/opt/rustwide/target/debug/deps --extern proc_macro2=/opt/rustwide/target/debug/deps/libproc_macro2-7092c56e178ef8d3.rlib --extern quote=/opt/rustwide/target/debug/deps/libquote-3f7f23459fc2ebfb.rlib --extern syn=/opt/rustwide/target/debug/deps/libsyn-3cd7d779c8a84105.rlib --extern proc_macro --cap-lints allow --cap-lints=warn` (exit status: 101)
[INFO] [stderr] error: could not compile `darling_core` (lib) due to 1 previous error
[INFO] [stderr] rustc-LLVM ERROR: IO failure on output stream: No space left on device
[INFO] [stderr] error: could not compile `serde_derive` (lib)
[INFO] [stderr] 
[INFO] [stderr] Caused by:
[INFO] [stderr]   No space left on device (os error 28)
[INFO] [stderr] 
[INFO] [stderr] Caused by:
[INFO] [stderr]   failed to parse process output: `/opt/rustwide/rustup-home/toolchains/beta-2025-02-18-x86_64-unknown-linux-gnu/bin/rustc --crate-name serde_derive --edition=2015 /opt/rustwide/cargo-home/registry/src/index.crates.io-1949cf8c6b5b557f/serde_derive-1.0.214/src/lib.rs --error-format=json --json=diagnostic-rendered-ansi,artifacts,future-incompat --crate-type proc-macro --emit=dep-info,link -C prefer-dynamic -C embed-bitcode=no --cfg 'feature="default"' --check-cfg 'cfg(docsrs,test)' --check-cfg 'cfg(feature, values("default", "deserialize_in_place"))' -C metadata=ba431d5dd5933296 -C extra-filename=-0e082da66a54eab9 --out-dir /opt/rustwide/target/debug/deps -L dependency=/opt/rustwide/target/debug/deps --extern proc_macro2=/opt/rustwide/target/debug/deps/libproc_macro2-7092c56e178ef8d3.rlib --extern quote=/opt/rustwide/target/debug/deps/libquote-3f7f23459fc2ebfb.rlib --extern syn=/opt/rustwide/target/debug/deps/libsyn-3cd7d779c8a84105.rlib --extern proc_macro --cap-lints allow --cap-lints=warn` (exit status: 101)
[INFO] running `Command { std: "docker" "inspect" "872a4443ff7de69304e5be0656c90e4be63ba513e8a26e60e0c8a30ae0f937a6", kill_on_drop: false }`
[INFO] running `Command { std: "docker" "rm" "-f" "872a4443ff7de69304e5be0656c90e4be63ba513e8a26e60e0c8a30ae0f937a6", kill_on_drop: false }`
[INFO] [stdout] 872a4443ff7de69304e5be0656c90e4be63ba513e8a26e60e0c8a30ae0f937a6
