[INFO] cloning repository https://github.com/drinklilt/see-you-next-tuesday
[INFO] running `Command { std: "git" "-c" "credential.helper=" "-c" "credential.helper=/workspace/cargo-home/bin/git-credential-null" "clone" "--bare" "https://github.com/drinklilt/see-you-next-tuesday" "/workspace/cache/git-repos/https%3A%2F%2Fgithub.com%2Fdrinklilt%2Fsee-you-next-tuesday", kill_on_drop: false }`
[INFO] [stderr] Cloning into bare repository '/workspace/cache/git-repos/https%3A%2F%2Fgithub.com%2Fdrinklilt%2Fsee-you-next-tuesday'...
[INFO] running `Command { std: "git" "rev-parse" "HEAD", kill_on_drop: false }`
[INFO] [stdout] 63c554b4bef0904ddb7fcbc2848d0047db7f451c
[INFO] documenting drinklilt/see-you-next-tuesday against 1.85.0 for beta-1.86-rustdoc-1
[INFO] running `Command { std: "git" "clone" "/workspace/cache/git-repos/https%3A%2F%2Fgithub.com%2Fdrinklilt%2Fsee-you-next-tuesday" "/workspace/builds/worker-7-tc1/source", kill_on_drop: false }`
[INFO] [stderr] Cloning into '/workspace/builds/worker-7-tc1/source'...
[INFO] [stderr] done.
[INFO] validating manifest of git repo https://github.com/drinklilt/see-you-next-tuesday on toolchain 1.85.0
[INFO] running `Command { std: CARGO_HOME="/workspace/cargo-home" RUSTUP_HOME="/workspace/rustup-home" "/workspace/cargo-home/bin/cargo" "+1.85.0" "metadata" "--manifest-path" "Cargo.toml" "--no-deps", kill_on_drop: false }`
[INFO] started tweaking git repo https://github.com/drinklilt/see-you-next-tuesday
[INFO] finished tweaking git repo https://github.com/drinklilt/see-you-next-tuesday
[INFO] tweaked toml for git repo https://github.com/drinklilt/see-you-next-tuesday written to /workspace/builds/worker-7-tc1/source/Cargo.toml
[INFO] crate git repo https://github.com/drinklilt/see-you-next-tuesday already has a lockfile, it will not be regenerated
[INFO] running `Command { std: CARGO_HOME="/workspace/cargo-home" RUSTUP_HOME="/workspace/rustup-home" "/workspace/cargo-home/bin/cargo" "+1.85.0" "fetch" "--manifest-path" "Cargo.toml", kill_on_drop: false }`
[INFO] [stderr]  Downloading crates ...
[INFO] [stderr]   Downloaded actix-governor v0.4.0
[INFO] running `Command { std: "docker" "create" "-v" "/var/lib/crater-agent-workspace/builds/worker-7-tc1/target:/opt/rustwide/target:rw,Z" "-v" "/var/lib/crater-agent-workspace/builds/worker-7-tc1/source:/opt/rustwide/workdir:ro,Z" "-v" "/var/lib/crater-agent-workspace/cargo-home:/opt/rustwide/cargo-home:ro,Z" "-v" "/var/lib/crater-agent-workspace/rustup-home:/opt/rustwide/rustup-home:ro,Z" "-e" "SOURCE_DIR=/opt/rustwide/workdir" "-e" "CARGO_TARGET_DIR=/opt/rustwide/target" "-e" "CARGO_HOME=/opt/rustwide/cargo-home" "-e" "RUSTUP_HOME=/opt/rustwide/rustup-home" "-w" "/opt/rustwide/workdir" "-m" "1610612736" "--user" "0:0" "--network" "none" "ghcr.io/rust-lang/crates-build-env/linux@sha256:3959728d45483eb673ba100a951a6b9f5012970368db2a9e08e0ac9b67c8a5ad" "/opt/rustwide/cargo-home/bin/cargo" "+1.85.0" "metadata" "--no-deps" "--format-version=1", kill_on_drop: false }`
[INFO] [stdout] 417a98e24e0117d819b752eb06b3ffec6b78fa38bc291f74c5e3bae13ac37f27
[INFO] running `Command { std: "docker" "start" "-a" "417a98e24e0117d819b752eb06b3ffec6b78fa38bc291f74c5e3bae13ac37f27", kill_on_drop: false }`
[INFO] running `Command { std: "docker" "inspect" "417a98e24e0117d819b752eb06b3ffec6b78fa38bc291f74c5e3bae13ac37f27", kill_on_drop: false }`
[INFO] running `Command { std: "docker" "rm" "-f" "417a98e24e0117d819b752eb06b3ffec6b78fa38bc291f74c5e3bae13ac37f27", kill_on_drop: false }`
[INFO] [stdout] 417a98e24e0117d819b752eb06b3ffec6b78fa38bc291f74c5e3bae13ac37f27
[INFO] running `Command { std: "docker" "create" "-v" "/var/lib/crater-agent-workspace/builds/worker-7-tc1/target:/opt/rustwide/target:rw,Z" "-v" "/var/lib/crater-agent-workspace/builds/worker-7-tc1/source:/opt/rustwide/workdir:ro,Z" "-v" "/var/lib/crater-agent-workspace/cargo-home:/opt/rustwide/cargo-home:ro,Z" "-v" "/var/lib/crater-agent-workspace/rustup-home:/opt/rustwide/rustup-home:ro,Z" "-e" "SOURCE_DIR=/opt/rustwide/workdir" "-e" "CARGO_TARGET_DIR=/opt/rustwide/target" "-e" "CARGO_INCREMENTAL=0" "-e" "RUST_BACKTRACE=full" "-e" "RUSTFLAGS=--cap-lints=warn" "-e" "RUSTDOCFLAGS=--cap-lints=warn" "-e" "CARGO_HOME=/opt/rustwide/cargo-home" "-e" "RUSTUP_HOME=/opt/rustwide/rustup-home" "-w" "/opt/rustwide/workdir" "-m" "1610612736" "--user" "0:0" "--network" "none" "ghcr.io/rust-lang/crates-build-env/linux@sha256:3959728d45483eb673ba100a951a6b9f5012970368db2a9e08e0ac9b67c8a5ad" "/opt/rustwide/cargo-home/bin/cargo" "+1.85.0" "doc" "--frozen" "--no-deps" "--document-private-items" "--message-format=json", kill_on_drop: false }`
[INFO] [stdout] 0ef326baf7b8e9db7e721f4d54cd6fd9117fd0f94b58fb98d719c0e9d50a8d8b
[INFO] running `Command { std: "docker" "start" "-a" "0ef326baf7b8e9db7e721f4d54cd6fd9117fd0f94b58fb98d719c0e9d50a8d8b", kill_on_drop: false }`
[INFO] [stderr]    Compiling libc v0.2.141
[INFO] [stderr]    Compiling autocfg v1.1.0
[INFO] [stderr]     Checking cfg-if v1.0.0
[INFO] [stderr]    Compiling memchr v2.5.0
[INFO] [stderr]    Compiling proc-macro2 v1.0.56
[INFO] [stderr]    Compiling version_check v0.9.4
[INFO] [stderr]    Compiling unicode-ident v1.0.8
[INFO] [stderr]     Checking pin-project-lite v0.2.9
[INFO] [stderr]    Compiling quote v1.0.26
[INFO] [stderr]    Compiling log v0.4.17
[INFO] [stderr]    Compiling futures-core v0.3.28
[INFO] [stderr]     Checking once_cell v1.17.1
[INFO] [stderr]    Compiling parking_lot_core v0.9.7
[INFO] [stderr]     Checking futures-sink v0.3.28
[INFO] [stderr]     Checking smallvec v1.10.0
[INFO] [stderr]    Compiling futures-channel v0.3.28
[INFO] [stderr]     Checking bytes v1.4.0
[INFO] [stderr]    Compiling futures-task v0.3.28
[INFO] [stderr]    Compiling futures-util v0.3.28
[INFO] [stderr]    Compiling typenum v1.16.0
[INFO] [stderr]     Checking itoa v1.0.6
[INFO] [stderr]    Compiling serde v1.0.160
[INFO] [stderr]     Checking pin-utils v0.1.0
[INFO] [stderr]     Checking futures-io v0.3.28
[INFO] [stderr]    Compiling generic-array v0.14.7
[INFO] [stderr]     Checking tracing-core v0.1.30
[INFO] [stderr]    Compiling pkg-config v0.3.26
[INFO] [stderr]    Compiling syn v1.0.109
[INFO] [stderr]    Compiling lock_api v0.4.9
[INFO] [stderr]    Compiling slab v0.4.8
[INFO] [stderr]    Compiling tokio v1.27.0
[INFO] [stderr]    Compiling paste v1.0.12
[INFO] [stderr]     Checking bitflags v1.3.2
[INFO] [stderr]     Checking hashbrown v0.12.3
[INFO] [stderr]     Checking percent-encoding v2.2.0
[INFO] [stderr]    Compiling indexmap v1.9.3
[INFO] [stderr]    Compiling zstd-safe v6.0.5+zstd.1.5.4
[INFO] [stderr]     Checking tracing v0.1.37
[INFO] [stderr]     Checking tinyvec_macros v0.1.1
[INFO] [stderr]    Compiling crc32fast v1.3.2
[INFO] [stderr]     Checking alloc-no-stdlib v2.0.4
[INFO] [stderr]     Checking local-waker v0.1.3
[INFO] [stderr]     Checking ppv-lite86 v0.2.17
[INFO] [stderr]     Checking fnv v1.0.7
[INFO] [stderr]     Checking alloc-stdlib v0.2.2
[INFO] [stderr]    Compiling aho-corasick v0.7.20
[INFO] [stderr]     Checking tinyvec v1.6.0
[INFO] [stderr]     Checking getrandom v0.2.9
[INFO] [stderr]    Compiling syn v2.0.15
[INFO] [stderr]     Checking mio v0.8.6
[INFO] [stderr]     Checking socket2 v0.4.9
[INFO] [stderr]     Checking signal-hook-registry v1.4.1
[INFO] [stderr]    Compiling jobserver v0.1.26
[INFO] [stderr]     Checking parking_lot v0.12.1
[INFO] [stderr]     Checking http v0.2.9
[INFO] [stderr]    Compiling num-traits v0.2.15
[INFO] [stderr]    Compiling ahash v0.8.3
[INFO] [stderr]     Checking rand_core v0.6.4
[INFO] [stderr]    Compiling time-core v0.1.0
[INFO] [stderr]    Compiling cc v1.0.79
[INFO] [stderr]     Checking rand_chacha v0.3.1
[INFO] [stderr] rustc-LLVM ERROR: IO failure on output stream: No space left on device
[INFO] [stdout] error: couldn't create a temp dir: No space left on device (os error 28) at path "/tmp/rustcFIx1EH"
[INFO] [stdout] 
[INFO] [stdout] 
[INFO] [stderr] error: could not compile `fnv` (lib) due to 1 previous error
[INFO] [stderr] warning: build failed, waiting for other jobs to finish...
[INFO] [stdout] error: linking with `cc` failed: exit status: 1
[INFO] [stdout]   |
[INFO] [stdout]   = note: LC_ALL="C" PATH="/opt/rustwide/rustup-home/toolchains/1.85.0-x86_64-unknown-linux-gnu/lib/rustlib/x86_64-unknown-linux-gnu/bin:/opt/rustwide/cargo-home/bin:/usr/local/sbin:/usr/local/bin:/usr/sbin:/usr/bin:/sbin:/bin" VSLANG="1033" "cc" "-m64" "/tmp/rustcg5pzdH/symbols.o" "<2 object files omitted>" "-Wl,--as-needed" "-Wl,-Bstatic" "/opt/rustwide/target/debug/deps/{libversion_check-8862868474073ef0.rlib}" "/opt/rustwide/rustup-home/toolchains/1.85.0-x86_64-unknown-linux-gnu/lib/rustlib/x86_64-unknown-linux-gnu/lib/{libstd-6273572f18644c87.rlib,libpanic_unwind-267e668abf74a283.rlib,libobject-ec6154ccae37a33e.rlib,libmemchr-500edd5521c440d4.rlib,libaddr2line-86d8d9428792e8ef.rlib,libgimli-10f06487503767c2.rlib,librustc_demangle-6a38424de1e5bca5.rlib,libstd_detect-de9763ea1c19dca3.rlib,libhashbrown-a7f5bb2f736d3c49.rlib,librustc_std_workspace_alloc-7e368919bdc4a44c.rlib,libminiz_oxide-376454d49910c786.rlib,libadler-fa99f5692b5dce85.rlib,libunwind-91cafdaf16f7fe40.rlib,libcfg_if-f7ee3f1ea78d9dae.rlib,liblibc-d3a35665f881365a.rlib,liballoc-715bc629a88bca60.rlib,librustc_std_workspace_core-ae70165d1278cff7.rlib,libcore-406129d0e3fbc101.rlib,libcompiler_builtins-1af05515ab19524a.rlib}" "-Wl,-Bdynamic" "-lgcc_s" "-lutil" "-lrt" "-lpthread" "-lm" "-ldl" "-lc" "-Wl,--eh-frame-hdr" "-Wl,-z,noexecstack" "-L" "/opt/rustwide/rustup-home/toolchains/1.85.0-x86_64-unknown-linux-gnu/lib/rustlib/x86_64-unknown-linux-gnu/lib" "-o" "/opt/rustwide/target/debug/build/ahash-de2c99fadf9f5688/build_script_build-de2c99fadf9f5688" "-Wl,--gc-sections" "-pie" "-Wl,-z,relro,-z,now" "-nodefaultlibs"
[INFO] [stdout]   = note: some arguments are omitted. use `--verbose` to show all linker arguments
[INFO] [stdout]   = note: /usr/bin/ld: final link failed: No space left on device
[INFO] [stdout]           collect2: error: ld returned 1 exit status
[INFO] [stdout]           
[INFO] [stdout] 
[INFO] [stdout] 
[INFO] [stdout] error: linking with `cc` failed: exit status: 1
[INFO] [stdout]   |
[INFO] [stdout]   = note: LC_ALL="C" PATH="/opt/rustwide/rustup-home/toolchains/1.85.0-x86_64-unknown-linux-gnu/lib/rustlib/x86_64-unknown-linux-gnu/bin:/opt/rustwide/cargo-home/bin:/usr/local/sbin:/usr/local/bin:/usr/sbin:/usr/bin:/sbin:/bin" VSLANG="1033" "cc" "-m64" "/tmp/rustcTBuwgW/symbols.o" "<2 object files omitted>" "-Wl,--as-needed" "-Wl,-Bstatic" "/opt/rustwide/target/debug/deps/{libautocfg-fc3428e2e67d5243.rlib}" "/opt/rustwide/rustup-home/toolchains/1.85.0-x86_64-unknown-linux-gnu/lib/rustlib/x86_64-unknown-linux-gnu/lib/{libstd-6273572f18644c87.rlib,libpanic_unwind-267e668abf74a283.rlib,libobject-ec6154ccae37a33e.rlib,libmemchr-500edd5521c440d4.rlib,libaddr2line-86d8d9428792e8ef.rlib,libgimli-10f06487503767c2.rlib,librustc_demangle-6a38424de1e5bca5.rlib,libstd_detect-de9763ea1c19dca3.rlib,libhashbrown-a7f5bb2f736d3c49.rlib,librustc_std_workspace_alloc-7e368919bdc4a44c.rlib,libminiz_oxide-376454d49910c786.rlib,libadler-fa99f5692b5dce85.rlib,libunwind-91cafdaf16f7fe40.rlib,libcfg_if-f7ee3f1ea78d9dae.rlib,liblibc-d3a35665f881365a.rlib,liballoc-715bc629a88bca60.rlib,librustc_std_workspace_core-ae70165d1278cff7.rlib,libcore-406129d0e3fbc101.rlib,libcompiler_builtins-1af05515ab19524a.rlib}" "-Wl,-Bdynamic" "-lgcc_s" "-lutil" "-lrt" "-lpthread" "-lm" "-ldl" "-lc" "-Wl,--eh-frame-hdr" "-Wl,-z,noexecstack" "-L" "/opt/rustwide/rustup-home/toolchains/1.85.0-x86_64-unknown-linux-gnu/lib/rustlib/x86_64-unknown-linux-gnu/lib" "-o" "/opt/rustwide/target/debug/build/num-traits-4e0d413a8ce79310/build_script_build-4e0d413a8ce79310" "-Wl,--gc-sections" "-pie" "-Wl,-z,relro,-z,now" "-nodefaultlibs"
[INFO] [stdout]   = note: some arguments are omitted. use `--verbose` to show all linker arguments
[INFO] [stdout]   = note: /usr/bin/ld: final link failed: No space left on device
[INFO] [stdout]           collect2: error: ld returned 1 exit status
[INFO] [stdout]           
[INFO] [stdout] 
[INFO] [stdout] 
[INFO] [stderr] error: could not compile `ahash` (build script) due to 1 previous error
[INFO] [stderr] error: could not compile `bytes` (lib)
[INFO] [stderr] 
[INFO] [stderr] Caused by:
[INFO] [stderr]   No space left on device (os error 28)
[INFO] [stderr] 
[INFO] [stderr] Caused by:
[INFO] [stderr]   failed to parse process output: `/opt/rustwide/rustup-home/toolchains/1.85.0-x86_64-unknown-linux-gnu/bin/rustc --crate-name bytes --edition=2018 /opt/rustwide/cargo-home/registry/src/index.crates.io-1949cf8c6b5b557f/bytes-1.4.0/src/lib.rs --error-format=json --json=diagnostic-rendered-ansi,artifacts,future-incompat --crate-type lib --emit=dep-info,metadata,link -C embed-bitcode=no --cfg 'feature="default"' --cfg 'feature="std"' --check-cfg 'cfg(docsrs,test)' --check-cfg 'cfg(feature, values("default", "serde", "std"))' -C metadata=b003c583f575d6be -C extra-filename=-4e5bcb7b7e2200b3 --out-dir /opt/rustwide/target/debug/deps -L dependency=/opt/rustwide/target/debug/deps --cap-lints allow --cap-lints=warn` (exit status: 101)
[INFO] [stderr] error: could not compile `num-traits` (build script) due to 1 previous error
[INFO] [stdout] error: linking with `cc` failed: exit status: 1
[INFO] [stdout]   |
[INFO] [stdout]   = note: LC_ALL="C" PATH="/opt/rustwide/rustup-home/toolchains/1.85.0-x86_64-unknown-linux-gnu/lib/rustlib/x86_64-unknown-linux-gnu/bin:/opt/rustwide/cargo-home/bin:/usr/local/sbin:/usr/local/bin:/usr/sbin:/usr/bin:/sbin:/bin" VSLANG="1033" "cc" "-Wl,--version-script=/tmp/rustcVwjMRN/list" "-Wl,--no-undefined-version" "-m64" "/tmp/rustcVwjMRN/symbols.o" "<8 object files omitted>" "/opt/rustwide/target/debug/deps/paste-6a45b99f279fc524.8gabo1qx0v5ngegovkcdaymih.rcgu.rmeta" "<1 object files omitted>" "-Wl,--as-needed" "-Wl,-Bstatic" "/opt/rustwide/rustup-home/toolchains/1.85.0-x86_64-unknown-linux-gnu/lib/rustlib/x86_64-unknown-linux-gnu/lib/{libproc_macro-57e423f2e16d22f0.rlib,libstd-6273572f18644c87.rlib,libpanic_unwind-267e668abf74a283.rlib,libobject-ec6154ccae37a33e.rlib,libmemchr-500edd5521c440d4.rlib,libaddr2line-86d8d9428792e8ef.rlib,libgimli-10f06487503767c2.rlib,librustc_demangle-6a38424de1e5bca5.rlib,libstd_detect-de9763ea1c19dca3.rlib,libhashbrown-a7f5bb2f736d3c49.rlib,librustc_std_workspace_alloc-7e368919bdc4a44c.rlib,libminiz_oxide-376454d49910c786.rlib,libadler-fa99f5692b5dce85.rlib,libunwind-91cafdaf16f7fe40.rlib,libcfg_if-f7ee3f1ea78d9dae.rlib,liblibc-d3a35665f881365a.rlib,liballoc-715bc629a88bca60.rlib,librustc_std_workspace_core-ae70165d1278cff7.rlib,libcore-406129d0e3fbc101.rlib,libcompiler_builtins-1af05515ab19524a.rlib}" "-Wl,-Bdynamic" "-lgcc_s" "-lutil" "-lrt" "-lpthread" "-lm" "-ldl" "-lc" "-Wl,--eh-frame-hdr" "-Wl,-z,noexecstack" "-L" "/opt/rustwide/rustup-home/toolchains/1.85.0-x86_64-unknown-linux-gnu/lib/rustlib/x86_64-unknown-linux-gnu/lib" "-o" "/opt/rustwide/target/debug/deps/libpaste-6a45b99f279fc524.so" "-Wl,--gc-sections" "-shared" "-Wl,-z,relro,-z,now" "-nodefaultlibs"
[INFO] [stdout]   = note: some arguments are omitted. use `--verbose` to show all linker arguments
[INFO] [stdout]   = note: /usr/bin/ld: final link failed: No space left on device
[INFO] [stdout]           collect2: error: ld returned 1 exit status
[INFO] [stdout]           
[INFO] [stdout] 
[INFO] [stdout] 
[INFO] [stderr] error: could not parse/generate dep info at: /opt/rustwide/target/debug/deps/rand_chacha-2121b186d97df173.d
[INFO] [stderr] 
[INFO] [stderr] Caused by:
[INFO] [stderr]   failed to write `/opt/rustwide/target/debug/.fingerprint/rand_chacha-2121b186d97df173/dep-lib-rand_chacha`
[INFO] [stderr] 
[INFO] [stderr] Caused by:
[INFO] [stderr]   No space left on device (os error 28)
[INFO] [stderr] error: could not compile `paste` (lib) due to 1 previous error
[INFO] [stderr] rustc-LLVM ERROR: IO failure on output stream: No space left on device
[INFO] [stderr] error: could not compile `aho-corasick` (lib)
[INFO] [stderr] 
[INFO] [stderr] Caused by:
[INFO] [stderr]   process didn't exit successfully: `/opt/rustwide/rustup-home/toolchains/1.85.0-x86_64-unknown-linux-gnu/bin/rustc --crate-name aho_corasick --edition=2018 /opt/rustwide/cargo-home/registry/src/index.crates.io-1949cf8c6b5b557f/aho-corasick-0.7.20/src/lib.rs --error-format=json --json=diagnostic-rendered-ansi,artifacts,future-incompat --crate-type lib --emit=dep-info,metadata,link -C embed-bitcode=no --cfg 'feature="default"' --cfg 'feature="std"' --check-cfg 'cfg(docsrs,test)' --check-cfg 'cfg(feature, values("default", "std"))' -C metadata=e58576dd675ddc88 -C extra-filename=-79552f72573f3a06 --out-dir /opt/rustwide/target/debug/deps -L dependency=/opt/rustwide/target/debug/deps --extern memchr=/opt/rustwide/target/debug/deps/libmemchr-dbf281ad0fc3c843.rmeta --cap-lints allow --cap-lints=warn` (exit status: 101)
[INFO] [stdout] error: failed to write to `/opt/rustwide/target/debug/deps/rmeta5FKUe8/lib.rmeta`: No space left on device (os error 28)
[INFO] [stdout] 
[INFO] [stdout] 
[INFO] [stderr] error: could not compile `typenum` (lib) due to 1 previous error
[INFO] [stdout] error: failed to write to `/opt/rustwide/target/debug/deps/rmetaTGjbwr/lib.rmeta`: No space left on device (os error 28)
[INFO] [stdout] 
[INFO] [stdout] 
[INFO] [stderr] error: could not compile `cc` (lib) due to 1 previous error
[INFO] running `Command { std: "docker" "inspect" "0ef326baf7b8e9db7e721f4d54cd6fd9117fd0f94b58fb98d719c0e9d50a8d8b", kill_on_drop: false }`
[INFO] running `Command { std: "docker" "rm" "-f" "0ef326baf7b8e9db7e721f4d54cd6fd9117fd0f94b58fb98d719c0e9d50a8d8b", kill_on_drop: false }`
[INFO] [stdout] 0ef326baf7b8e9db7e721f4d54cd6fd9117fd0f94b58fb98d719c0e9d50a8d8b
