[INFO] cloning repository https://github.com/dpointeck/zero2prod
[INFO] running `Command { std: "git" "-c" "credential.helper=" "-c" "credential.helper=/workspace/cargo-home/bin/git-credential-null" "clone" "--bare" "https://github.com/dpointeck/zero2prod" "/workspace/cache/git-repos/https%3A%2F%2Fgithub.com%2Fdpointeck%2Fzero2prod", kill_on_drop: false }`
[INFO] [stderr] Cloning into bare repository '/workspace/cache/git-repos/https%3A%2F%2Fgithub.com%2Fdpointeck%2Fzero2prod'...
[INFO] running `Command { std: "git" "rev-parse" "HEAD", kill_on_drop: false }`
[INFO] [stdout] fcb1875d944e260bdb791ba3783494a08ef7fe8c
[INFO] documenting dpointeck/zero2prod against 1.85.0 for beta-1.86-rustdoc-1
[INFO] running `Command { std: "git" "clone" "/workspace/cache/git-repos/https%3A%2F%2Fgithub.com%2Fdpointeck%2Fzero2prod" "/workspace/builds/worker-6-tc1/source", kill_on_drop: false }`
[INFO] [stderr] Cloning into '/workspace/builds/worker-6-tc1/source'...
[INFO] [stderr] done.
[INFO] validating manifest of git repo https://github.com/dpointeck/zero2prod on toolchain 1.85.0
[INFO] running `Command { std: CARGO_HOME="/workspace/cargo-home" RUSTUP_HOME="/workspace/rustup-home" "/workspace/cargo-home/bin/cargo" "+1.85.0" "metadata" "--manifest-path" "Cargo.toml" "--no-deps", kill_on_drop: false }`
[INFO] started tweaking git repo https://github.com/dpointeck/zero2prod
[INFO] finished tweaking git repo https://github.com/dpointeck/zero2prod
[INFO] tweaked toml for git repo https://github.com/dpointeck/zero2prod written to /workspace/builds/worker-6-tc1/source/Cargo.toml
[INFO] crate git repo https://github.com/dpointeck/zero2prod already has a lockfile, it will not be regenerated
[INFO] running `Command { std: CARGO_HOME="/workspace/cargo-home" RUSTUP_HOME="/workspace/rustup-home" "/workspace/cargo-home/bin/cargo" "+1.85.0" "fetch" "--manifest-path" "Cargo.toml", kill_on_drop: false }`
[INFO] running `Command { std: "docker" "create" "-v" "/var/lib/crater-agent-workspace/builds/worker-6-tc1/target:/opt/rustwide/target:rw,Z" "-v" "/var/lib/crater-agent-workspace/builds/worker-6-tc1/source:/opt/rustwide/workdir:ro,Z" "-v" "/var/lib/crater-agent-workspace/cargo-home:/opt/rustwide/cargo-home:ro,Z" "-v" "/var/lib/crater-agent-workspace/rustup-home:/opt/rustwide/rustup-home:ro,Z" "-e" "SOURCE_DIR=/opt/rustwide/workdir" "-e" "CARGO_TARGET_DIR=/opt/rustwide/target" "-e" "CARGO_HOME=/opt/rustwide/cargo-home" "-e" "RUSTUP_HOME=/opt/rustwide/rustup-home" "-w" "/opt/rustwide/workdir" "-m" "1610612736" "--user" "0:0" "--network" "none" "ghcr.io/rust-lang/crates-build-env/linux@sha256:3959728d45483eb673ba100a951a6b9f5012970368db2a9e08e0ac9b67c8a5ad" "/opt/rustwide/cargo-home/bin/cargo" "+1.85.0" "metadata" "--no-deps" "--format-version=1", kill_on_drop: false }`
[INFO] [stdout] aa4fe35f910c0998c42561807eeb90e0c2f120391b502df946db098feb0fced4
[INFO] running `Command { std: "docker" "start" "-a" "aa4fe35f910c0998c42561807eeb90e0c2f120391b502df946db098feb0fced4", kill_on_drop: false }`
[INFO] running `Command { std: "docker" "inspect" "aa4fe35f910c0998c42561807eeb90e0c2f120391b502df946db098feb0fced4", kill_on_drop: false }`
[INFO] running `Command { std: "docker" "rm" "-f" "aa4fe35f910c0998c42561807eeb90e0c2f120391b502df946db098feb0fced4", kill_on_drop: false }`
[INFO] [stdout] aa4fe35f910c0998c42561807eeb90e0c2f120391b502df946db098feb0fced4
[INFO] running `Command { std: "docker" "create" "-v" "/var/lib/crater-agent-workspace/builds/worker-6-tc1/target:/opt/rustwide/target:rw,Z" "-v" "/var/lib/crater-agent-workspace/builds/worker-6-tc1/source:/opt/rustwide/workdir:ro,Z" "-v" "/var/lib/crater-agent-workspace/cargo-home:/opt/rustwide/cargo-home:ro,Z" "-v" "/var/lib/crater-agent-workspace/rustup-home:/opt/rustwide/rustup-home:ro,Z" "-e" "SOURCE_DIR=/opt/rustwide/workdir" "-e" "CARGO_TARGET_DIR=/opt/rustwide/target" "-e" "CARGO_INCREMENTAL=0" "-e" "RUST_BACKTRACE=full" "-e" "RUSTFLAGS=--cap-lints=warn" "-e" "RUSTDOCFLAGS=--cap-lints=warn" "-e" "CARGO_HOME=/opt/rustwide/cargo-home" "-e" "RUSTUP_HOME=/opt/rustwide/rustup-home" "-w" "/opt/rustwide/workdir" "-m" "1610612736" "--user" "0:0" "--network" "none" "ghcr.io/rust-lang/crates-build-env/linux@sha256:3959728d45483eb673ba100a951a6b9f5012970368db2a9e08e0ac9b67c8a5ad" "/opt/rustwide/cargo-home/bin/cargo" "+1.85.0" "doc" "--frozen" "--no-deps" "--document-private-items" "--message-format=json", kill_on_drop: false }`
[INFO] [stdout] 789a70fd6f85a61bba2b009ad692f63380bd92f4e3cd02a708722159f483a6c9
[INFO] running `Command { std: "docker" "start" "-a" "789a70fd6f85a61bba2b009ad692f63380bd92f4e3cd02a708722159f483a6c9", kill_on_drop: false }`
[INFO] [stderr]    Compiling libc v0.2.136
[INFO] [stderr]    Compiling autocfg v1.1.0
[INFO] [stderr]    Compiling proc-macro2 v1.0.47
[INFO] [stderr]    Compiling unicode-ident v1.0.5
[INFO] [stderr]    Compiling quote v1.0.21
[INFO] [stderr]    Compiling version_check v0.9.4
[INFO] [stderr]    Compiling syn v1.0.103
[INFO] [stderr]     Checking cfg-if v1.0.0
[INFO] [stderr]    Compiling memchr v2.5.0
[INFO] [stderr]    Compiling log v0.4.17
[INFO] [stderr]    Compiling typenum v1.15.0
[INFO] [stderr]     Checking once_cell v1.15.0
[INFO] [stderr]    Compiling futures-core v0.3.25
[INFO] [stderr]    Compiling serde_derive v1.0.147
[INFO] [stderr]     Checking pin-project-lite v0.2.9
[INFO] [stderr]    Compiling serde v1.0.147
[INFO] [stderr]     Checking smallvec v1.10.0
[INFO] [stderr]     Checking scopeguard v1.1.0
[INFO] [stderr]     Checking bytes v1.2.1
[INFO] [stderr]    Compiling parking_lot_core v0.9.4
[INFO] [stderr]    Compiling futures-task v0.3.25
[INFO] [stderr]    Compiling thiserror v1.0.38
[INFO] [stderr]    Compiling futures-util v0.3.25
[INFO] [stderr]    Compiling lock_api v0.4.9
[INFO] [stderr]    Compiling generic-array v0.14.6
[INFO] [stderr]    Compiling ahash v0.7.6
[INFO] [stderr]    Compiling tokio v1.21.2
[INFO] [stderr]    Compiling num-traits v0.2.15
[INFO] [stderr]     Checking itoa v1.0.4
[INFO] [stderr]     Checking futures-sink v0.3.25
[INFO] [stderr]    Compiling parking_lot_core v0.8.6
[INFO] [stderr]    Compiling rustls v0.20.7
[INFO] [stderr]     Checking subtle v2.4.1
[INFO] [stderr]    Compiling untrusted v0.7.1
[INFO] [stderr]    Compiling spin v0.5.2
[INFO] [stderr]    Compiling num-integer v0.1.45
[INFO] [stderr]    Compiling serde_json v1.0.87
[INFO] [stderr]    Compiling crossbeam-utils v0.8.14
[INFO] [stderr]     Checking tracing-core v0.1.30
[INFO] [stderr]    Compiling jobserver v0.1.25
[INFO] [stderr]    Compiling getrandom v0.2.8
[INFO] [stderr]     Checking mio v0.8.5
[INFO] [stderr]     Checking signal-hook-registry v1.4.0
[INFO] [stderr]     Checking socket2 v0.4.7
[INFO] [stderr]    Compiling cc v1.0.73
[INFO] [stderr]     Checking num_cpus v1.13.1
[INFO] [stderr]     Checking parking_lot v0.12.1
[INFO] [stderr]     Checking pin-utils v0.1.0
[INFO] [stderr]     Checking tinyvec_macros v0.1.0
[INFO] [stderr]    Compiling paste v1.0.9
[INFO] [stderr]     Checking percent-encoding v2.2.0
[INFO] [stderr]     Checking tinyvec v1.6.0
[INFO] [stderr]     Checking tracing v0.1.37
[INFO] [stderr]    Compiling indexmap v1.9.1
[INFO] [stderr]     Checking hashbrown v0.12.3
[INFO] [stderr]    Compiling crossbeam-queue v0.3.8
[INFO] [stderr]     Checking base64 v0.13.1
[INFO] [stderr]     Checking bitflags v1.3.2
[INFO] [stderr]    Compiling futures-channel v0.3.25
[INFO] [stderr]     Checking rand_core v0.6.4
[INFO] [stderr]    Compiling instant v0.1.12
[INFO] [stderr]    Compiling unicode-bidi v0.3.8
[INFO] [stderr]    Compiling ucd-trie v0.1.5
[INFO] [stderr]     Checking ryu v1.0.11
[INFO] [stderr]     Checking cpufeatures v0.2.5
[INFO] [stderr]     Checking ppv-lite86 v0.2.16
[INFO] [stderr]     Checking block-buffer v0.10.3
[INFO] [stderr]     Checking crypto-common v0.1.6
[INFO] [stderr]     Checking digest v0.10.5
[INFO] [stderr]     Checking form_urlencoded v1.1.0
[INFO] [stderr]     Checking unicode-normalization v0.1.22
[INFO] [stderr]    Compiling slab v0.4.7
[INFO] [stderr]     Checking rand_chacha v0.3.1
[INFO] [stderr]    Compiling ring v0.16.20
[INFO] [stderr]    Compiling zstd-sys v2.0.1+zstd.1.5.2
[INFO] [stderr]     Checking alloc-no-stdlib v2.0.4
[INFO] [stderr]     Checking fnv v1.0.7
[INFO] [stderr]     Checking minimal-lexical v0.2.1
[INFO] [stderr]    Compiling either v1.8.0
[INFO] [stderr]    Compiling zstd-safe v5.0.2+zstd.1.5.2
[INFO] [stderr]     Checking local-waker v0.1.3
[INFO] [stderr]    Compiling crc32fast v1.3.2
[INFO] [stderr]     Checking idna v0.3.0
[INFO] [stderr]    Compiling itertools v0.10.5
[INFO] [stderr]     Checking nom v7.1.2
[INFO] [stderr]     Checking rand v0.8.5
[INFO] [stderr]     Checking alloc-stdlib v0.2.2
[INFO] [stderr]    Compiling hmac v0.12.1
[INFO] [stderr]     Checking http v0.2.8
[INFO] [stderr]    Compiling parking_lot v0.11.2
[INFO] [stderr]     Checking sha1 v0.10.5
[INFO] [stderr]    Compiling dirs-sys v0.3.7
[INFO] [stderr]    Compiling aho-corasick v0.7.19
[INFO] [stderr]    Compiling unicode_categories v0.1.1
[INFO] [stderr]    Compiling crc-catalog v2.1.0
[INFO] [stderr]    Compiling encoding_rs v0.8.31
[INFO] [stderr]     Checking adler v1.0.2
[INFO] [stderr]    Compiling regex-syntax v0.6.27
[INFO] [stderr]    Compiling httparse v1.8.0
[INFO] [stderr]    Compiling iana-time-zone v0.1.53
[INFO] [stderr]    Compiling time-core v0.1.0
[INFO] [stderr]    Compiling time-macros v0.2.5
[INFO] [stderr]    Compiling chrono v0.4.23
[INFO] [stderr]    Compiling url v2.3.1
[INFO] [stderr]    Compiling rustls-pemfile v1.0.1
[INFO] [stderr]     Checking miniz_oxide v0.5.4
[INFO] [stderr]    Compiling futures-intrusive v0.4.2
[INFO] [stderr]    Compiling crc v3.0.0
[INFO] [stderr]    Compiling dirs v4.0.0
[INFO] [stderr]    Compiling hkdf v0.12.3
[INFO] [stderr]     Checking brotli-decompressor v2.3.2
[INFO] [stderr]    Compiling stringprep v0.1.2
[INFO] [stderr]    Compiling sha2 v0.10.6
[INFO] [stderr]    Compiling sqlformat v0.2.0
[INFO] [stderr]    Compiling atoi v1.0.0
[INFO] [stderr]     Checking actix-utils v3.0.1
[INFO] [stderr]    Compiling md-5 v0.10.5
[INFO] [stderr]    Compiling hashlink v0.8.1
[INFO] [stderr]     Checking actix-service v2.0.2
[INFO] [stderr]    Compiling bytestring v1.1.0
[INFO] [stderr]    Compiling regex v1.6.0
[INFO] [stderr]    Compiling cookie v0.16.1
[INFO] [stderr]    Compiling convert_case v0.4.0
[INFO] [stderr]    Compiling dotenvy v0.15.6
[INFO] [stderr]    Compiling uuid v1.2.2
[INFO] [stderr]    Compiling whoami v1.3.0
[INFO] [stderr]    Compiling hex v0.4.3
[INFO] [stderr]    Compiling async-trait v0.1.60
[INFO] [stderr]     Checking dlv-list v0.3.0
[INFO] [stderr]    Compiling event-listener v2.5.3
[INFO] [stderr]    Compiling byteorder v1.4.3
[INFO] [stderr]    Compiling unicode-segmentation v1.10.0
[INFO] [stderr]     Checking num_threads v0.1.6
[INFO] [stderr]     Checking ordered-multimap v0.4.3
[INFO] [stderr]     Checking time v0.3.16
[INFO] [stderr]     Checking brotli v3.3.4
[INFO] [stderr]    Compiling tokio-stream v0.1.11
[INFO] [stderr]    Compiling heck v0.4.0
[INFO] [stderr]     Checking flate2 v1.0.24
[INFO] [stderr]     Checking local-channel v0.1.3
[INFO] [stderr]    Compiling thiserror-impl v1.0.38
[INFO] [stderr]    Compiling tokio-macros v1.8.0
[INFO] [stderr]    Compiling derive_more v0.99.17
[INFO] [stderr]     Checking linked-hash-map v0.5.6
[INFO] [stderr]     Checking language-tags v0.3.2
[INFO] [stderr]     Checking mime v0.3.16
[INFO] [stderr]     Checking httpdate v1.0.2
[INFO] [stderr]     Checking yaml-rust v0.4.5
[INFO] [stderr]    Compiling actix-macros v0.2.3
[INFO] [stderr]     Checking rust-ini v0.18.0
[INFO] [stderr]     Checking lazy_static v1.4.0
[INFO] [stderr]     Checking pathdiff v0.2.1
[INFO] [stderr]    Compiling pest v2.5.2
[INFO] [stdout] error: failed to write to `/opt/rustwide/target/debug/deps/rmetaR2h5Cg/lib.rmeta`: No space left on device (os error 28)
[INFO] [stdout] 
[INFO] [stdout] 
[INFO] [stderr] error: could not compile `brotli` (lib) due to 1 previous error
[INFO] [stderr] warning: build failed, waiting for other jobs to finish...
[INFO] [stdout] error: linking with `cc` failed: exit status: 1
[INFO] [stdout]   |
[INFO] [stdout]   = note: LC_ALL="C" PATH="/opt/rustwide/rustup-home/toolchains/1.85.0-x86_64-unknown-linux-gnu/lib/rustlib/x86_64-unknown-linux-gnu/bin:/opt/rustwide/cargo-home/bin:/usr/local/sbin:/usr/local/bin:/usr/sbin:/usr/bin:/sbin:/bin" VSLANG="1033" "cc" "-Wl,--version-script=/tmp/rustcsozvag/list" "-Wl,--no-undefined-version" "-m64" "/tmp/rustcsozvag/symbols.o" "<16 object files omitted>" "/opt/rustwide/target/debug/deps/derive_more-0f844fb472f6dcdc.bmxfb7faitfq8encdfen7xlw5.rcgu.rmeta" "<1 object files omitted>" "-Wl,--as-needed" "-Wl,-Bstatic" "/opt/rustwide/target/debug/deps/{libconvert_case-765fb0e13b20a975.rlib,libsyn-cb1e34d85bd8196c.rlib,libquote-72d85fef36513709.rlib,libproc_macro2-861d8b74f1d7079e.rlib,libunicode_ident-ff9c77c20d19266e.rlib}" "/opt/rustwide/rustup-home/toolchains/1.85.0-x86_64-unknown-linux-gnu/lib/rustlib/x86_64-unknown-linux-gnu/lib/{libproc_macro-57e423f2e16d22f0.rlib,libstd-6273572f18644c87.rlib,libpanic_unwind-267e668abf74a283.rlib,libobject-ec6154ccae37a33e.rlib,libmemchr-500edd5521c440d4.rlib,libaddr2line-86d8d9428792e8ef.rlib,libgimli-10f06487503767c2.rlib,librustc_demangle-6a38424de1e5bca5.rlib,libstd_detect-de9763ea1c19dca3.rlib,libhashbrown-a7f5bb2f736d3c49.rlib,librustc_std_workspace_alloc-7e368919bdc4a44c.rlib,libminiz_oxide-376454d49910c786.rlib,libadler-fa99f5692b5dce85.rlib,libunwind-91cafdaf16f7fe40.rlib,libcfg_if-f7ee3f1ea78d9dae.rlib,liblibc-d3a35665f881365a.rlib,liballoc-715bc629a88bca60.rlib,librustc_std_workspace_core-ae70165d1278cff7.rlib,libcore-406129d0e3fbc101.rlib,libcompiler_builtins-1af05515ab19524a.rlib}" "-Wl,-Bdynamic" "-lgcc_s" "-lutil" "-lrt" "-lpthread" "-lm" "-ldl" "-lc" "-Wl,--eh-frame-hdr" "-Wl,-z,noexecstack" "-L" "/opt/rustwide/rustup-home/toolchains/1.85.0-x86_64-unknown-linux-gnu/lib/rustlib/x86_64-unknown-linux-gnu/lib" "-o" "/opt/rustwide/target/debug/deps/libderive_more-0f844fb472f6dcdc.so" "-Wl,--gc-sections" "-shared" "-Wl,-z,relro,-z,now" "-nodefaultlibs"
[INFO] [stdout]   = note: some arguments are omitted. use `--verbose` to show all linker arguments
[INFO] [stdout]   = note: /usr/bin/ld: final link failed: No space left on device
[INFO] [stdout]           collect2: error: ld returned 1 exit status
[INFO] [stdout]           
[INFO] [stdout] 
[INFO] [stdout] 
[INFO] [stderr] error: could not compile `derive_more` (lib) due to 1 previous error
[INFO] [stdout] error: couldn't create a temp dir: No space left on device (os error 28) at path "/opt/rustwide/target/debug/deps/rmetafwJ8G9"
[INFO] [stdout] 
[INFO] [stdout] 
[INFO] [stdout] error: failed to write to `/opt/rustwide/target/debug/deps/rmetaYYmWqI/lib.rmeta`: No space left on device (os error 28)
[INFO] [stdout] 
[INFO] [stdout] 
[INFO] [stdout] error: error writing metadata object file: No space left on device (os error 28)
[INFO] [stdout] 
[INFO] [stdout] 
[INFO] [stderr] error: could not compile `ring` (lib) due to 1 previous error
[INFO] [stderr] error: could not compile `ring` (lib) due to 1 previous error
[INFO] [stderr] error: could not compile `serde_derive` (lib) due to 1 previous error
[INFO] [stderr] warning: zstd-sys@2.0.1+zstd.1.5.2: zstd/lib/common/fse_decompress.c:399:1: fatal error: error writing to /tmp/cc4lpo0F.s: No space left on device
[INFO] [stderr] warning: zstd-sys@2.0.1+zstd.1.5.2:   399 | }
[INFO] [stderr] warning: zstd-sys@2.0.1+zstd.1.5.2:       | ^
[INFO] [stderr] warning: zstd-sys@2.0.1+zstd.1.5.2: compilation terminated.
[INFO] [stderr] warning: zstd-sys@2.0.1+zstd.1.5.2: zstd/lib/compress/zstd_ldm.c:724:1: fatal error: error writing to /tmp/ccc0vrh6.s: No space left on device
[INFO] [stderr] warning: zstd-sys@2.0.1+zstd.1.5.2:   724 | }
[INFO] [stderr] warning: zstd-sys@2.0.1+zstd.1.5.2:       | ^
[INFO] [stderr] warning: zstd-sys@2.0.1+zstd.1.5.2: compilation terminated.
[INFO] [stderr] warning: zstd-sys@2.0.1+zstd.1.5.2: zstd/lib/compress/zstd_compress_superblock.c:573:1: fatal error: error writing to /tmp/cc2yZv8S.s: No space left on device
[INFO] [stderr] warning: zstd-sys@2.0.1+zstd.1.5.2:   573 | }
[INFO] [stderr] warning: zstd-sys@2.0.1+zstd.1.5.2:       | ^
[INFO] [stderr] warning: zstd-sys@2.0.1+zstd.1.5.2: compilation terminated.
[INFO] [stderr] warning: zstd-sys@2.0.1+zstd.1.5.2: zstd/lib/compress/zstdmt_compress.c:1859:1: fatal error: error writing to /tmp/cc9yiuPy.s: No space left on device
[INFO] [stderr] warning: zstd-sys@2.0.1+zstd.1.5.2:  1859 | }
[INFO] [stderr] warning: zstd-sys@2.0.1+zstd.1.5.2:       | ^
[INFO] [stderr] warning: zstd-sys@2.0.1+zstd.1.5.2: compilation terminated.
[INFO] [stderr] warning: zstd-sys@2.0.1+zstd.1.5.2: zstd/lib/compress/huf_compress.c:1369:1: fatal error: error writing to /tmp/ccfzMwos.s: No space left on device
[INFO] [stderr] warning: zstd-sys@2.0.1+zstd.1.5.2:  1369 | }
[INFO] [stderr] warning: zstd-sys@2.0.1+zstd.1.5.2:       | ^
[INFO] [stderr] warning: zstd-sys@2.0.1+zstd.1.5.2: compilation terminated.
[INFO] [stderr] warning: zstd-sys@2.0.1+zstd.1.5.2: zstd/lib/compress/zstd_fast.c:675:1: fatal error: error writing to /tmp/cc2qrpX8.s: No space left on device
[INFO] [stderr] warning: zstd-sys@2.0.1+zstd.1.5.2:   675 | }
[INFO] [stderr] warning: zstd-sys@2.0.1+zstd.1.5.2:       | ^
[INFO] [stderr] warning: zstd-sys@2.0.1+zstd.1.5.2: compilation terminated.
[INFO] [stderr] warning: zstd-sys@2.0.1+zstd.1.5.2: zstd/lib/compress/zstd_lazy.c:2104:1: fatal error: error writing to /tmp/ccps3bqE.s: No space left on device
[INFO] [stderr] warning: zstd-sys@2.0.1+zstd.1.5.2:  2104 | }
[INFO] [stderr] warning: zstd-sys@2.0.1+zstd.1.5.2:       | ^
[INFO] [stderr] warning: zstd-sys@2.0.1+zstd.1.5.2: compilation terminated.
[INFO] [stderr] error: failed to run custom build command for `zstd-sys v2.0.1+zstd.1.5.2`
[INFO] [stderr] note: To improve backtraces for build dependencies, set the CARGO_PROFILE_DEV_BUILD_OVERRIDE_DEBUG=true environment variable to enable debug information generation.
[INFO] [stderr] 
[INFO] [stderr] Caused by:
[INFO] [stderr]   process didn't exit successfully: `/opt/rustwide/target/debug/build/zstd-sys-2e13607de8a6eadf/build-script-build` (exit status: 1)
[INFO] [stderr]   --- stdout
[INFO] [stderr]   TARGET = Some("x86_64-unknown-linux-gnu")
[INFO] [stderr]   HOST = Some("x86_64-unknown-linux-gnu")
[INFO] [stderr]   CC_x86_64-unknown-linux-gnu = None
[INFO] [stderr]   CC_x86_64_unknown_linux_gnu = None
[INFO] [stderr]   HOST_CC = None
[INFO] [stderr]   CC = None
[INFO] [stderr]   CFLAGS_x86_64-unknown-linux-gnu = None
[INFO] [stderr]   CFLAGS_x86_64_unknown_linux_gnu = None
[INFO] [stderr]   HOST_CFLAGS = None
[INFO] [stderr]   CFLAGS = None
[INFO] [stderr]   CRATE_CC_NO_DEFAULTS = None
[INFO] [stderr]   DEBUG = Some("true")
[INFO] [stderr]   CARGO_CFG_TARGET_FEATURE = Some("fxsr,sse,sse2")
[INFO] [stderr]   running: "cc" "-O3" "-ffunction-sections" "-fdata-sections" "-fPIC" "-g" "-fno-omit-frame-pointer" "-m64" "-I" "zstd/lib/" "-I" "zstd/lib/common" "-I" "zstd/lib/legacy" "-fvisibility=hidden" "-DZSTD_LIB_DEPRECATED=0" "-DXXH_PRIVATE_API=" "-DZSTDLIB_VISIBILITY=" "-DZDICTLIB_VISIBILITY=" "-DZSTDERRORLIB_VISIBILITY=" "-DZSTD_LEGACY_SUPPORT=1" "-o" "/opt/rustwide/target/debug/build/zstd-sys-0bb151fe8298c2da/out/zstd/lib/common/entropy_common.o" "-c" "zstd/lib/common/entropy_common.c"
[INFO] [stderr]   exit status: 0
[INFO] [stderr]   running: "cc" "-O3" "-ffunction-sections" "-fdata-sections" "-fPIC" "-g" "-fno-omit-frame-pointer" "-m64" "-I" "zstd/lib/" "-I" "zstd/lib/common" "-I" "zstd/lib/legacy" "-fvisibility=hidden" "-DZSTD_LIB_DEPRECATED=0" "-DXXH_PRIVATE_API=" "-DZSTDLIB_VISIBILITY=" "-DZDICTLIB_VISIBILITY=" "-DZSTDERRORLIB_VISIBILITY=" "-DZSTD_LEGACY_SUPPORT=1" "-o" "/opt/rustwide/target/debug/build/zstd-sys-0bb151fe8298c2da/out/zstd/lib/common/pool.o" "-c" "zstd/lib/common/pool.c"
[INFO] [stderr]   exit status: 0
[INFO] [stderr]   running: "cc" "-O3" "-ffunction-sections" "-fdata-sections" "-fPIC" "-g" "-fno-omit-frame-pointer" "-m64" "-I" "zstd/lib/" "-I" "zstd/lib/common" "-I" "zstd/lib/legacy" "-fvisibility=hidden" "-DZSTD_LIB_DEPRECATED=0" "-DXXH_PRIVATE_API=" "-DZSTDLIB_VISIBILITY=" "-DZDICTLIB_VISIBILITY=" "-DZSTDERRORLIB_VISIBILITY=" "-DZSTD_LEGACY_SUPPORT=1" "-o" "/opt/rustwide/target/debug/build/zstd-sys-0bb151fe8298c2da/out/zstd/lib/common/threading.o" "-c" "zstd/lib/common/threading.c"
[INFO] [stderr]   exit status: 0
[INFO] [stderr]   running: "cc" "-O3" "-ffunction-sections" "-fdata-sections" "-fPIC" "-g" "-fno-omit-frame-pointer" "-m64" "-I" "zstd/lib/" "-I" "zstd/lib/common" "-I" "zstd/lib/legacy" "-fvisibility=hidden" "-DZSTD_LIB_DEPRECATED=0" "-DXXH_PRIVATE_API=" "-DZSTDLIB_VISIBILITY=" "-DZDICTLIB_VISIBILITY=" "-DZSTDERRORLIB_VISIBILITY=" "-DZSTD_LEGACY_SUPPORT=1" "-o" "/opt/rustwide/target/debug/build/zstd-sys-0bb151fe8298c2da/out/zstd/lib/common/debug.o" "-c" "zstd/lib/common/debug.c"
[INFO] [stderr]   exit status: 0
[INFO] [stderr]   running: "cc" "-O3" "-ffunction-sections" "-fdata-sections" "-fPIC" "-g" "-fno-omit-frame-pointer" "-m64" "-I" "zstd/lib/" "-I" "zstd/lib/common" "-I" "zstd/lib/legacy" "-fvisibility=hidden" "-DZSTD_LIB_DEPRECATED=0" "-DXXH_PRIVATE_API=" "-DZSTDLIB_VISIBILITY=" "-DZDICTLIB_VISIBILITY=" "-DZSTDERRORLIB_VISIBILITY=" "-DZSTD_LEGACY_SUPPORT=1" "-o" "/opt/rustwide/target/debug/build/zstd-sys-0bb151fe8298c2da/out/zstd/lib/common/fse_decompress.o" "-c" "zstd/lib/common/fse_decompress.c"
[INFO] [stderr]   running: "cc" "-O3" "-ffunction-sections" "-fdata-sections" "-fPIC" "-g" "-fno-omit-frame-pointer" "-m64" "-I" "zstd/lib/" "-I" "zstd/lib/common" "-I" "zstd/lib/legacy" "-fvisibility=hidden" "-DZSTD_LIB_DEPRECATED=0" "-DXXH_PRIVATE_API=" "-DZSTDLIB_VISIBILITY=" "-DZDICTLIB_VISIBILITY=" "-DZSTDERRORLIB_VISIBILITY=" "-DZSTD_LEGACY_SUPPORT=1" "-o" "/opt/rustwide/target/debug/build/zstd-sys-0bb151fe8298c2da/out/zstd/lib/common/error_private.o" "-c" "zstd/lib/common/error_private.c"
[INFO] [stderr]   running: "cc" "-O3" "-ffunction-sections" "-fdata-sections" "-fPIC" "-g" "-fno-omit-frame-pointer" "-m64" "-I" "zstd/lib/" "-I" "zstd/lib/common" "-I" "zstd/lib/legacy" "-fvisibility=hidden" "-DZSTD_LIB_DEPRECATED=0" "-DXXH_PRIVATE_API=" "-DZSTDLIB_VISIBILITY=" "-DZDICTLIB_VISIBILITY=" "-DZSTDERRORLIB_VISIBILITY=" "-DZSTD_LEGACY_SUPPORT=1" "-o" "/opt/rustwide/target/debug/build/zstd-sys-0bb151fe8298c2da/out/zstd/lib/common/zstd_common.o" "-c" "zstd/lib/common/zstd_common.c"
[INFO] [stderr]   running: "cc" "-O3" "-ffunction-sections" "-fdata-sections" "-fPIC" "-g" "-fno-omit-frame-pointer" "-m64" "-I" "zstd/lib/" "-I" "zstd/lib/common" "-I" "zstd/lib/legacy" "-fvisibility=hidden" "-DZSTD_LIB_DEPRECATED=0" "-DXXH_PRIVATE_API=" "-DZSTDLIB_VISIBILITY=" "-DZDICTLIB_VISIBILITY=" "-DZSTDERRORLIB_VISIBILITY=" "-DZSTD_LEGACY_SUPPORT=1" "-o" "/opt/rustwide/target/debug/build/zstd-sys-0bb151fe8298c2da/out/zstd/lib/compress/zstd_fast.o" "-c" "zstd/lib/compress/zstd_fast.c"
[INFO] [stderr]   exit status: 0
[INFO] [stderr]   running: "cc" "-O3" "-ffunction-sections" "-fdata-sections" "-fPIC" "-g" "-fno-omit-frame-pointer" "-m64" "-I" "zstd/lib/" "-I" "zstd/lib/common" "-I" "zstd/lib/legacy" "-fvisibility=hidden" "-DZSTD_LIB_DEPRECATED=0" "-DXXH_PRIVATE_API=" "-DZSTDLIB_VISIBILITY=" "-DZDICTLIB_VISIBILITY=" "-DZSTDERRORLIB_VISIBILITY=" "-DZSTD_LEGACY_SUPPORT=1" "-o" "/opt/rustwide/target/debug/build/zstd-sys-0bb151fe8298c2da/out/zstd/lib/compress/zstdmt_compress.o" "-c" "zstd/lib/compress/zstdmt_compress.c"
[INFO] [stderr]   running: "cc" "-O3" "-ffunction-sections" "-fdata-sections" "-fPIC" "-g" "-fno-omit-frame-pointer" "-m64" "-I" "zstd/lib/" "-I" "zstd/lib/common" "-I" "zstd/lib/legacy" "-fvisibility=hidden" "-DZSTD_LIB_DEPRECATED=0" "-DXXH_PRIVATE_API=" "-DZSTDLIB_VISIBILITY=" "-DZDICTLIB_VISIBILITY=" "-DZSTDERRORLIB_VISIBILITY=" "-DZSTD_LEGACY_SUPPORT=1" "-o" "/opt/rustwide/target/debug/build/zstd-sys-0bb151fe8298c2da/out/zstd/lib/compress/zstd_ldm.o" "-c" "zstd/lib/compress/zstd_ldm.c"
[INFO] [stderr]   running: "cc" "-O3" "-ffunction-sections" "-fdata-sections" "-fPIC" "-g" "-fno-omit-frame-pointer" "-m64" "-I" "zstd/lib/" "-I" "zstd/lib/common" "-I" "zstd/lib/legacy" "-fvisibility=hidden" "-DZSTD_LIB_DEPRECATED=0" "-DXXH_PRIVATE_API=" "-DZSTDLIB_VISIBILITY=" "-DZDICTLIB_VISIBILITY=" "-DZSTDERRORLIB_VISIBILITY=" "-DZSTD_LEGACY_SUPPORT=1" "-o" "/opt/rustwide/target/debug/build/zstd-sys-0bb151fe8298c2da/out/zstd/lib/compress/huf_compress.o" "-c" "zstd/lib/compress/huf_compress.c"
[INFO] [stderr]   exit status: 0
[INFO] [stderr]   running: "cc" "-O3" "-ffunction-sections" "-fdata-sections" "-fPIC" "-g" "-fno-omit-frame-pointer" "-m64" "-I" "zstd/lib/" "-I" "zstd/lib/common" "-I" "zstd/lib/legacy" "-fvisibility=hidden" "-DZSTD_LIB_DEPRECATED=0" "-DXXH_PRIVATE_API=" "-DZSTDLIB_VISIBILITY=" "-DZDICTLIB_VISIBILITY=" "-DZSTDERRORLIB_VISIBILITY=" "-DZSTD_LEGACY_SUPPORT=1" "-o" "/opt/rustwide/target/debug/build/zstd-sys-0bb151fe8298c2da/out/zstd/lib/compress/zstd_compress_literals.o" "-c" "zstd/lib/compress/zstd_compress_literals.c"
[INFO] [stderr]   exit status: 0
[INFO] [stderr]   running: "cc" "-O3" "-ffunction-sections" "-fdata-sections" "-fPIC" "-g" "-fno-omit-frame-pointer" "-m64" "-I" "zstd/lib/" "-I" "zstd/lib/common" "-I" "zstd/lib/legacy" "-fvisibility=hidden" "-DZSTD_LIB_DEPRECATED=0" "-DXXH_PRIVATE_API=" "-DZSTDLIB_VISIBILITY=" "-DZDICTLIB_VISIBILITY=" "-DZSTDERRORLIB_VISIBILITY=" "-DZSTD_LEGACY_SUPPORT=1" "-o" "/opt/rustwide/target/debug/build/zstd-sys-0bb151fe8298c2da/out/zstd/lib/compress/zstd_lazy.o" "-c" "zstd/lib/compress/zstd_lazy.c"
[INFO] [stderr]   cargo:warning=zstd/lib/common/fse_decompress.c:399:1: fatal error: error writing to /tmp/cc4lpo0F.s: No space left on device
[INFO] [stderr]   cargo:warning=  399 | }
[INFO] [stderr]   cargo:warning=      | ^
[INFO] [stderr]   cargo:warning=compilation terminated.
[INFO] [stderr]   exit status: 1
[INFO] [stderr]   running: "cc" "-O3" "-ffunction-sections" "-fdata-sections" "-fPIC" "-g" "-fno-omit-frame-pointer" "-m64" "-I" "zstd/lib/" "-I" "zstd/lib/common" "-I" "zstd/lib/legacy" "-fvisibility=hidden" "-DZSTD_LIB_DEPRECATED=0" "-DXXH_PRIVATE_API=" "-DZSTDLIB_VISIBILITY=" "-DZDICTLIB_VISIBILITY=" "-DZSTDERRORLIB_VISIBILITY=" "-DZSTD_LEGACY_SUPPORT=1" "-o" "/opt/rustwide/target/debug/build/zstd-sys-0bb151fe8298c2da/out/zstd/lib/compress/zstd_compress_superblock.o" "-c" "zstd/lib/compress/zstd_compress_superblock.c"
[INFO] [stderr]   cargo:warning=zstd/lib/compress/zstd_ldm.c:724:1: fatal error: error writing to /tmp/ccc0vrh6.s: No space left on device
[INFO] [stderr]   cargo:warning=  724 | }
[INFO] [stderr]   cargo:warning=      | ^
[INFO] [stderr]   cargo:warning=compilation terminated.
[INFO] [stderr]   exit status: 1
[INFO] [stderr]   cargo:warning=zstd/lib/compress/zstd_compress_superblock.c:573:1: fatal error: error writing to /tmp/cc2yZv8S.s: No space left on device
[INFO] [stderr]   cargo:warning=  573 | }
[INFO] [stderr]   cargo:warning=      | ^
[INFO] [stderr]   cargo:warning=compilation terminated.
[INFO] [stderr]   exit status: 1
[INFO] [stderr]   cargo:warning=zstd/lib/compress/zstdmt_compress.c:1859:1: fatal error: error writing to /tmp/cc9yiuPy.s: No space left on device
[INFO] [stderr]   cargo:warning= 1859 | }
[INFO] [stderr]   cargo:warning=      | ^
[INFO] [stderr]   cargo:warning=compilation terminated.
[INFO] [stderr]   exit status: 1
[INFO] [stderr]   cargo:warning=zstd/lib/compress/huf_compress.c:1369:1: fatal error: error writing to /tmp/ccfzMwos.s: No space left on device
[INFO] [stderr]   cargo:warning= 1369 | }
[INFO] [stderr]   cargo:warning=      | ^
[INFO] [stderr]   cargo:warning=compilation terminated.
[INFO] [stderr]   exit status: 1
[INFO] [stderr]   cargo:warning=zstd/lib/compress/zstd_fast.c:675:1: fatal error: error writing to /tmp/cc2qrpX8.s: No space left on device
[INFO] [stderr]   cargo:warning=  675 | }
[INFO] [stderr]   cargo:warning=      | ^
[INFO] [stderr]   cargo:warning=compilation terminated.
[INFO] [stderr]   exit status: 1
[INFO] [stderr]   cargo:warning=zstd/lib/compress/zstd_lazy.c:2104:1: fatal error: error writing to /tmp/ccps3bqE.s: No space left on device
[INFO] [stderr]   cargo:warning= 2104 | }
[INFO] [stderr]   cargo:warning=      | ^
[INFO] [stderr]   cargo:warning=compilation terminated.
[INFO] [stderr]   exit status: 1
[INFO] [stderr] 
[INFO] [stderr]   --- stderr
[INFO] [stderr] 
[INFO] [stderr] 
[INFO] [stderr]   error occurred: Command "cc" "-O3" "-ffunction-sections" "-fdata-sections" "-fPIC" "-g" "-fno-omit-frame-pointer" "-m64" "-I" "zstd/lib/" "-I" "zstd/lib/common" "-I" "zstd/lib/legacy" "-fvisibility=hidden" "-DZSTD_LIB_DEPRECATED=0" "-DXXH_PRIVATE_API=" "-DZSTDLIB_VISIBILITY=" "-DZDICTLIB_VISIBILITY=" "-DZSTDERRORLIB_VISIBILITY=" "-DZSTD_LEGACY_SUPPORT=1" "-o" "/opt/rustwide/target/debug/build/zstd-sys-0bb151fe8298c2da/out/zstd/lib/common/fse_decompress.o" "-c" "zstd/lib/common/fse_decompress.c" with args "cc" did not execute successfully (status code exit status: 1).
[INFO] [stderr] 
[INFO] [stderr] 
[INFO] running `Command { std: "docker" "inspect" "789a70fd6f85a61bba2b009ad692f63380bd92f4e3cd02a708722159f483a6c9", kill_on_drop: false }`
[INFO] running `Command { std: "docker" "rm" "-f" "789a70fd6f85a61bba2b009ad692f63380bd92f4e3cd02a708722159f483a6c9", kill_on_drop: false }`
[INFO] [stdout] 789a70fd6f85a61bba2b009ad692f63380bd92f4e3cd02a708722159f483a6c9
