[INFO] cloning repository https://github.com/dignifiedquire/iroh-ffi-gossip
[INFO] running `Command { std: "git" "-c" "credential.helper=" "-c" "credential.helper=/workspace/cargo-home/bin/git-credential-null" "clone" "--bare" "https://github.com/dignifiedquire/iroh-ffi-gossip" "/workspace/cache/git-repos/https%3A%2F%2Fgithub.com%2Fdignifiedquire%2Firoh-ffi-gossip", kill_on_drop: false }`
[INFO] [stderr] Cloning into bare repository '/workspace/cache/git-repos/https%3A%2F%2Fgithub.com%2Fdignifiedquire%2Firoh-ffi-gossip'...
[INFO] running `Command { std: "git" "rev-parse" "HEAD", kill_on_drop: false }`
[INFO] [stdout] 8b8a980f5c35b17d29191f9f6048da4b0f6a2ce6
[INFO] documenting dignifiedquire/iroh-ffi-gossip/8b8a980f5c35b17d29191f9f6048da4b0f6a2ce6 against 1.85.0 for beta-1.86-rustdoc-1
[INFO] running `Command { std: "git" "clone" "/workspace/cache/git-repos/https%3A%2F%2Fgithub.com%2Fdignifiedquire%2Firoh-ffi-gossip" "/workspace/builds/worker-3-tc1/source", kill_on_drop: false }`
[INFO] [stderr] Cloning into '/workspace/builds/worker-3-tc1/source'...
[INFO] [stderr] done.
[INFO] validating manifest of git repo https://github.com/dignifiedquire/iroh-ffi-gossip on toolchain 1.85.0
[INFO] running `Command { std: CARGO_HOME="/workspace/cargo-home" RUSTUP_HOME="/workspace/rustup-home" "/workspace/cargo-home/bin/cargo" "+1.85.0" "metadata" "--manifest-path" "Cargo.toml" "--no-deps", kill_on_drop: false }`
[INFO] started tweaking git repo https://github.com/dignifiedquire/iroh-ffi-gossip
[INFO] finished tweaking git repo https://github.com/dignifiedquire/iroh-ffi-gossip
[INFO] tweaked toml for git repo https://github.com/dignifiedquire/iroh-ffi-gossip written to /workspace/builds/worker-3-tc1/source/Cargo.toml
[INFO] crate git repo https://github.com/dignifiedquire/iroh-ffi-gossip already has a lockfile, it will not be regenerated
[INFO] running `Command { std: CARGO_HOME="/workspace/cargo-home" RUSTUP_HOME="/workspace/rustup-home" "/workspace/cargo-home/bin/cargo" "+1.85.0" "fetch" "--manifest-path" "Cargo.toml", kill_on_drop: false }`
[INFO] [stderr]     Updating git repository `https://github.com/n0-computer/iroh-ffi`
[INFO] [stderr]     Updating crates.io index
[INFO] [stderr]  Downloading crates ...
[INFO] [stderr]   Downloaded uniffi_build v0.28.3
[INFO] [stderr]   Downloaded uniffi_core v0.28.3
[INFO] [stderr]   Downloaded uniffi_udl v0.28.3
[INFO] [stderr]   Downloaded uniffi_meta v0.28.3
[INFO] [stderr]   Downloaded uniffi_checksum_derive v0.28.3
[INFO] [stderr]   Downloaded uniffi_macros v0.28.3
[INFO] [stderr]   Downloaded z32 v1.1.1
[INFO] [stderr]   Downloaded uniffi_testing v0.28.3
[INFO] [stderr]   Downloaded uniffi v0.28.3
[INFO] [stderr]   Downloaded tokio-tungstenite-wasm v0.3.1
[INFO] [stderr]   Downloaded iroh-base v0.31.0
[INFO] [stderr]   Downloaded serde_bencode v0.2.4
[INFO] [stderr]   Downloaded mainline v2.0.1
[INFO] [stderr]   Downloaded iroh-node-util v0.31.0
[INFO] [stderr]   Downloaded iroh-quinn v0.12.0
[INFO] [stderr]   Downloaded iroh-relay v0.31.0
[INFO] [stderr]   Downloaded iroh-gossip v0.31.0
[INFO] [stderr]   Downloaded uniffi_bindgen v0.28.3
[INFO] [stderr]   Downloaded futures-concurrency v7.6.2
[INFO] [stderr]   Downloaded iroh-docs v0.31.0
[INFO] [stderr]   Downloaded iroh-net-report v0.31.0
[INFO] [stderr]   Downloaded iroh-quinn-proto v0.12.0
[INFO] [stderr]   Downloaded iroh v0.31.0
[INFO] [stderr]   Downloaded iroh-blobs v0.31.0
[INFO] running `Command { std: "docker" "create" "-v" "/var/lib/crater-agent-workspace/builds/worker-3-tc1/target:/opt/rustwide/target:rw,Z" "-v" "/var/lib/crater-agent-workspace/builds/worker-3-tc1/source:/opt/rustwide/workdir:ro,Z" "-v" "/var/lib/crater-agent-workspace/cargo-home:/opt/rustwide/cargo-home:ro,Z" "-v" "/var/lib/crater-agent-workspace/rustup-home:/opt/rustwide/rustup-home:ro,Z" "-e" "SOURCE_DIR=/opt/rustwide/workdir" "-e" "CARGO_TARGET_DIR=/opt/rustwide/target" "-e" "CARGO_HOME=/opt/rustwide/cargo-home" "-e" "RUSTUP_HOME=/opt/rustwide/rustup-home" "-w" "/opt/rustwide/workdir" "-m" "1610612736" "--user" "0:0" "--network" "none" "ghcr.io/rust-lang/crates-build-env/linux@sha256:3959728d45483eb673ba100a951a6b9f5012970368db2a9e08e0ac9b67c8a5ad" "/opt/rustwide/cargo-home/bin/cargo" "+1.85.0" "metadata" "--no-deps" "--format-version=1", kill_on_drop: false }`
[INFO] [stdout] dc9e92c55b0483852aced263be572dfe153493acab8d82acffc148478b819bb1
[INFO] running `Command { std: "docker" "start" "-a" "dc9e92c55b0483852aced263be572dfe153493acab8d82acffc148478b819bb1", kill_on_drop: false }`
[INFO] running `Command { std: "docker" "inspect" "dc9e92c55b0483852aced263be572dfe153493acab8d82acffc148478b819bb1", kill_on_drop: false }`
[INFO] running `Command { std: "docker" "rm" "-f" "dc9e92c55b0483852aced263be572dfe153493acab8d82acffc148478b819bb1", kill_on_drop: false }`
[INFO] [stdout] dc9e92c55b0483852aced263be572dfe153493acab8d82acffc148478b819bb1
[INFO] running `Command { std: "docker" "create" "-v" "/var/lib/crater-agent-workspace/builds/worker-3-tc1/target:/opt/rustwide/target:rw,Z" "-v" "/var/lib/crater-agent-workspace/builds/worker-3-tc1/source:/opt/rustwide/workdir:ro,Z" "-v" "/var/lib/crater-agent-workspace/cargo-home:/opt/rustwide/cargo-home:ro,Z" "-v" "/var/lib/crater-agent-workspace/rustup-home:/opt/rustwide/rustup-home:ro,Z" "-e" "SOURCE_DIR=/opt/rustwide/workdir" "-e" "CARGO_TARGET_DIR=/opt/rustwide/target" "-e" "CARGO_INCREMENTAL=0" "-e" "RUST_BACKTRACE=full" "-e" "RUSTFLAGS=--cap-lints=warn" "-e" "RUSTDOCFLAGS=--cap-lints=warn" "-e" "CARGO_HOME=/opt/rustwide/cargo-home" "-e" "RUSTUP_HOME=/opt/rustwide/rustup-home" "-w" "/opt/rustwide/workdir" "-m" "1610612736" "--user" "0:0" "--network" "none" "ghcr.io/rust-lang/crates-build-env/linux@sha256:3959728d45483eb673ba100a951a6b9f5012970368db2a9e08e0ac9b67c8a5ad" "/opt/rustwide/cargo-home/bin/cargo" "+1.85.0" "doc" "--frozen" "--no-deps" "--document-private-items" "--message-format=json", kill_on_drop: false }`
[INFO] [stdout] b63b2f8c775f9ae5f88a6d34d23c6a3c192a1a8b75b7014c75addd01813f9398
[INFO] running `Command { std: "docker" "start" "-a" "b63b2f8c775f9ae5f88a6d34d23c6a3c192a1a8b75b7014c75addd01813f9398", kill_on_drop: false }`
[INFO] [stderr]    Compiling proc-macro2 v1.0.93
[INFO] [stderr]    Compiling unicode-ident v1.0.16
[INFO] [stderr]    Compiling libc v0.2.169
[INFO] [stderr]    Compiling serde v1.0.217
[INFO] [stderr]    Compiling autocfg v1.4.0
[INFO] [stderr]     Checking cfg-if v1.0.0
[INFO] [stderr]     Checking pin-project-lite v0.2.16
[INFO] [stderr]     Checking memchr v2.7.4
[INFO] [stderr]    Compiling version_check v0.9.5
[INFO] [stderr]     Checking futures-core v0.3.31
[INFO] [stderr]     Checking once_cell v1.20.2
[INFO] [stderr]     Checking log v0.4.25
[INFO] [stderr]     Checking zeroize v1.8.1
[INFO] [stderr]    Compiling thiserror v1.0.69
[INFO] [stderr]     Checking itoa v1.0.14
[INFO] [stderr]     Checking futures-io v0.3.31
[INFO] [stderr]     Checking subtle v2.6.1
[INFO] [stderr]     Checking futures-sink v0.3.31
[INFO] [stderr]    Compiling typenum v1.17.0
[INFO] [stderr]     Checking pin-utils v0.1.0
[INFO] [stderr]    Compiling anyhow v1.0.95
[INFO] [stderr]     Checking scopeguard v1.2.0
[INFO] [stderr]     Checking byteorder v1.5.0
[INFO] [stderr]     Checking futures-task v0.3.31
[INFO] [stderr]    Compiling shlex v1.3.0
[INFO] [stderr]     Checking tracing-core v0.1.33
[INFO] [stderr]     Checking futures-channel v0.3.31
[INFO] [stderr]    Compiling semver v1.0.25
[INFO] [stderr]     Checking stable_deref_trait v1.2.0
[INFO] [stderr]    Compiling cc v1.2.10
[INFO] [stderr]    Compiling thiserror v2.0.11
[INFO] [stderr]     Checking litemap v0.7.4
[INFO] [stderr]     Checking writeable v0.5.5
[INFO] [stderr]     Checking rustls-pki-types v1.11.0
[INFO] [stderr]     Checking icu_locid_transform_data v1.5.0
[INFO] [stderr]     Checking cpufeatures v0.2.17
[INFO] [stderr]     Checking fnv v1.0.7
[INFO] [stderr]    Compiling generic-array v0.14.7
[INFO] [stderr]    Compiling paste v1.0.15
[INFO] [stderr]     Checking icu_properties_data v1.5.0
[INFO] [stderr]    Compiling slab v0.4.9
[INFO] [stderr]    Compiling lock_api v0.4.12
[INFO] [stderr]     Checking icu_normalizer_data v1.5.0
[INFO] [stderr]     Checking utf16_iter v1.0.5
[INFO] [stderr]     Checking percent-encoding v2.3.1
[INFO] [stderr]     Checking write16 v1.0.0
[INFO] [stderr]     Checking utf8_iter v1.0.4
[INFO] [stderr]     Checking foldhash v0.1.4
[INFO] [stderr]     Checking allocator-api2 v0.2.21
[INFO] [stderr]     Checking equivalent v1.0.1
[INFO] [stderr]     Checking form_urlencoded v1.2.1
[INFO] [stderr]     Checking untrusted v0.9.0
[INFO] [stderr]    Compiling num-conv v0.1.0
[INFO] [stderr]    Compiling time-core v0.1.2
[INFO] [stderr]    Compiling rustls v0.23.21
[INFO] [stderr]    Compiling httparse v1.10.0
[INFO] [stderr]    Compiling aho-corasick v1.1.3
[INFO] [stderr]    Compiling syn v1.0.109
[INFO] [stderr]    Compiling regex-syntax v0.8.5
[INFO] [stderr]    Compiling crossbeam-utils v0.8.21
[INFO] [stderr]    Compiling heck v0.5.0
[INFO] [stderr]     Checking ryu v1.0.19
[INFO] [stderr]     Checking powerfmt v0.2.0
[INFO] [stderr]     Checking bitflags v2.8.0
[INFO] [stderr]    Compiling serde_json v1.0.138
[INFO] [stderr]    Compiling time-macros v0.2.19
[INFO] [stderr]     Checking spin v0.9.8
[INFO] [stderr]     Checking minimal-lexical v0.2.1
[INFO] [stderr]    Compiling quote v1.0.38
[INFO] [stderr]     Checking deranged v0.3.11
[INFO] [stderr]     Checking hashbrown v0.15.2
[INFO] [stderr]    Compiling syn v2.0.96
[INFO] [stderr]     Checking atomic-waker v1.1.2
[INFO] [stderr]    Compiling parking_lot_core v0.9.10
[INFO] [stderr]     Checking parking v2.2.1
[INFO] [stderr]     Checking nom v7.1.3
[INFO] [stderr]    Compiling num-traits v0.2.19
[INFO] [stderr]    Compiling camino v1.1.9
[INFO] [stderr]     Checking try-lock v0.2.5
[INFO] [stderr]     Checking tower-service v0.3.3
[INFO] [stderr]    Compiling bytes v1.9.0
[INFO] [stderr]     Checking want v0.3.1
[INFO] [stderr]     Checking rustls-pemfile v2.2.0
[INFO] [stderr]     Checking base64 v0.22.1
[INFO] [stderr]     Checking tinyvec_macros v0.1.1
[INFO] [stderr]    Compiling regex-lite v0.1.6
[INFO] [stderr]     Checking httpdate v1.0.3
[INFO] [stderr]     Checking block-buffer v0.10.4
[INFO] [stderr]     Checking tinyvec v1.8.1
[INFO] [stderr]     Checking indexmap v2.7.1
[INFO] [stderr]     Checking getrandom v0.2.15
[INFO] [stderr]     Checking socket2 v0.5.8
[INFO] [stderr]     Checking mio v1.0.3
[INFO] [stderr]     Checking rand_core v0.6.4
[INFO] [stderr]     Checking signal-hook-registry v1.4.2
[INFO] [stderr]    Compiling ucd-parse v0.1.13
[INFO] [stderr]    Compiling fs-err v2.11.0
[INFO] [stderr]     Checking crypto-common v0.1.6
[INFO] [stderr]     Checking digest v0.10.7
[INFO] [stderr]    Compiling ring v0.17.8
[INFO] [stderr]     Checking data-encoding v2.7.0
[INFO] [stderr]     Checking ipnet v2.11.0
[INFO] [stderr]    Compiling lazy_static v1.5.0
[INFO] [stderr]     Checking webpki-roots v0.26.7
[INFO] [stderr]     Checking sync_wrapper v1.0.2
[INFO] [stderr]     Checking fastrand v2.3.0
[INFO] [stderr]     Checking sha2 v0.10.8
[INFO] [stderr]     Checking tower-layer v0.3.3
[INFO] [stderr]    Compiling ahash v0.8.11
[INFO] [stderr]    Compiling unicase v2.8.1
[INFO] [stderr]    Compiling ucd-trie v0.1.7
[INFO] [stderr]    Compiling regex-automata v0.4.9
[INFO] [stderr]     Checking signature v2.2.0
[INFO] [stderr]    Compiling toml_datetime v0.6.8
[INFO] [stderr]    Compiling cfg_aliases v0.2.1
[INFO] [stderr]     Checking time v0.3.37
[INFO] [stderr]     Checking mime v0.3.17
[INFO] [stderr]    Compiling winnow v0.6.25
[INFO] [stderr]    Compiling iroh-quinn-udp v0.5.7
[INFO] [stderr]    Compiling mime_guess v2.0.5
[INFO] [stderr]     Checking futures-lite v2.6.0
[INFO] [stderr]     Checking sha1 v0.10.6
[INFO] [stderr]     Checking inout v0.1.3
[INFO] [stderr]    Compiling portable-atomic v1.10.0
[INFO] [stderr]     Checking utf8parse v0.2.2
[INFO] [stderr]     Checking cipher v0.4.4
[INFO] [stderr]     Checking anstyle-parse v0.2.6
[INFO] [stderr]     Checking rusticata-macros v4.1.0
[INFO] [stderr]     Checking num-integer v0.1.46
[INFO] [stderr]     Checking anstyle v1.0.10
[INFO] [stderr]     Checking is_terminal_polyfill v1.70.1
[INFO] [stderr]    Compiling oid-registry v0.7.1
[INFO] [stderr]    Compiling struct_iterable_internal v0.1.1
[INFO] [stderr]     Checking crc-catalog v2.4.0
[INFO] [stderr]    Compiling prometheus-client v0.22.3
[INFO] [stderr]     Checking anstyle-query v1.1.2
[INFO] [stderr]    Compiling unicode-xid v0.2.6
[INFO] [stderr]     Checking colorchoice v1.0.3
[INFO] [stderr]    Compiling rustversion v1.0.19
[INFO] [stderr]     Checking openssl-probe v0.1.6
[INFO] [stderr]     Checking anstream v0.6.18
[INFO] [stderr]     Checking crc v3.2.1
[INFO] [stderr]     Checking rustls-native-certs v0.7.3
[INFO] [stderr]     Checking num-bigint v0.4.6
[INFO] [stderr]     Checking unicode-normalization v0.1.24
[INFO] [stderr]     Checking strsim v0.11.1
[INFO] [stderr]    Compiling moka v0.12.10
[INFO] [stderr]     Checking clap_lex v0.7.4
[INFO] [stderr]    Compiling askama_parser v0.2.1
[INFO] [stderr]     Checking no-std-net v0.6.0
[INFO] [stderr]    Compiling litrs v0.4.1
[INFO] [stderr]     Checking dtoa v1.0.9
[INFO] [stderr]     Checking match_cfg v0.1.0
[INFO] [stderr]     Checking regex-syntax v0.6.29
[INFO] [stderr]     Checking utf-8 v0.7.6
[INFO] [stderr]     Checking hostname v0.3.1
[INFO] [stderr]     Checking clap_builder v4.5.27
[INFO] [stderr]     Checking pnet_base v0.34.0
[INFO] [stderr]     Checking hmac v0.12.1
[INFO] [stderr]    Compiling document-features v0.2.10
[INFO] [stderr]     Checking yasna v0.5.2
[INFO] [stderr]     Checking pem v3.0.4
[INFO] [stderr]     Checking uuid v1.12.1
[INFO] [stderr]     Checking nanorand v0.7.0
[INFO] [stderr]    Compiling toml_edit v0.22.22
[INFO] [stderr]     Checking nix v0.27.1
[INFO] [stderr]     Checking lru v0.12.5
[INFO] [stderr]     Checking crossbeam-channel v0.5.14
[INFO] [stderr]     Checking crossbeam-epoch v0.9.18
[INFO] [stderr]     Checking raw-cpuid v11.3.0
[INFO] [stderr]     Checking rustls-cert-read v0.3.0
[INFO] [stderr]     Checking xml-rs v0.8.25
[INFO] [stderr]     Checking reloadable-core v0.1.0
[INFO] [stderr]     Checking tagptr v0.2.0
[INFO] [stderr]     Checking cobs v0.2.3
[INFO] [stderr]    Compiling regex v1.11.1
[INFO] [stderr]     Checking overload v0.1.1
[INFO] [stderr]     Checking cordyceps v0.3.2
[INFO] [stderr]     Checking arc-swap v1.7.1
[INFO] [stderr]     Checking rustc-hash v2.1.0
[INFO] [stderr]     Checking iana-time-zone v0.1.61
[INFO] [stderr]     Checking quick-error v1.2.3
[INFO] [stderr]     Checking erased_set v0.8.0
[INFO] [stderr]     Checking diatomic-waker v0.2.3
[INFO] [stderr]    Compiling siphasher v0.3.11
[INFO] [stderr]     Checking base16ct v0.2.0
[INFO] [stderr]     Checking futures-buffered v0.2.9
[INFO] [stderr]     Checking resolv-conf v0.7.0
[INFO] [stderr]     Checking chrono v0.4.39
[INFO] [stderr]    Compiling precis-tools v0.1.8
[INFO] [stderr]     Checking rustls-webpki v0.102.8
[INFO] [stderr]     Checking rcgen v0.13.2
[INFO] [stderr]     Checking regex-automata v0.1.10
[INFO] [stderr]     Checking nu-ansi-term v0.46.0
[INFO] [stderr]     Checking xmltree v0.10.3
[INFO] [stderr]     Checking flume v0.11.1
[INFO] [stderr]    Compiling synstructure v0.13.1
[INFO] [stderr]     Checking hmac-sha1 v0.2.2
[INFO] [stderr]     Checking pnet_macros_support v0.34.0
[INFO] [stderr]    Compiling postcard-derive v0.1.2
[INFO] [stderr]     Checking sharded-slab v0.1.7
[INFO] [stderr]     Checking netdev v0.31.0
[INFO] [stderr]     Checking universal-hash v0.5.1
[INFO] [stderr]     Checking concurrent-queue v2.5.0
[INFO] [stderr]     Checking spinning_top v0.3.0
[INFO] [stderr]     Checking tracing-log v0.2.0
[INFO] [stderr]    Compiling proc-macro-error-attr v0.4.12
[INFO] [stderr]     Checking thread_local v1.1.8
[INFO] [stderr]     Checking matchers v0.1.0
[INFO] [stderr]     Checking hmac-sha256 v1.1.8
[INFO] [stderr]     Checking hostname-validator v1.1.1
[INFO] [stderr]     Checking quanta v0.12.5
[INFO] [stderr]     Checking futures-timer v3.0.3
[INFO] [stderr]     Checking md5 v0.7.0
[INFO] [stderr]     Checking opaque-debug v0.3.1
[INFO] [stderr]    Compiling proc-macro-crate v3.2.0
[INFO] [stderr]     Checking nonzero_ext v0.3.0
[INFO] [stderr]     Checking no-std-compat v0.4.1
[INFO] [stderr]     Checking bounded-integer v0.5.8
[INFO] [stderr]     Checking fallible-iterator v0.3.0
[INFO] [stderr]     Checking poly1305 v0.8.0
[INFO] [stderr]    Compiling syn-mid v0.5.4
[INFO] [stderr]     Checking salsa20 v0.10.2
[INFO] [stderr]    Compiling precis-core v0.1.10
[INFO] [stderr]    Compiling precis-profiles v0.1.11
[INFO] [stderr]     Checking chacha20 v0.9.1
[INFO] [stderr]    Compiling proc-macro-error v0.4.12
[INFO] [stderr]     Checking self_cell v1.1.0
[INFO] [stderr]    Compiling smawk v0.3.2
[INFO] [stderr]     Checking hex v0.4.3
[INFO] [stderr]    Compiling proc-macro-hack v0.5.20+deprecated
[INFO] [stderr]    Compiling rustix v0.38.44
[INFO] [stderr]     Checking sha1_smol v1.0.1
[INFO] [stderr]     Checking base64ct v1.6.0
[INFO] [stderr]    Compiling textwrap v0.16.1
[INFO] [stderr]    Compiling weedle2 v5.0.0
[INFO] [stderr]    Compiling iroh-blake3 v1.4.5
[INFO] [stderr]     Checking pem-rfc7468 v0.7.0
[INFO] [stderr]     Checking simple-dns v0.9.3
[INFO] [stderr]     Checking instant v0.1.13
[INFO] [stderr]    Compiling smallvec v1.13.2
[INFO] [stderr]     Checking arrayref v0.3.9
[INFO] [stderr]     Checking linux-raw-sys v0.4.15
[INFO] [stderr]     Checking z32 v1.1.1
[INFO] [stderr]     Checking dyn-clone v1.0.17
[INFO] [stderr]     Checking constant_time_eq v0.3.1
[INFO] [stderr]    Compiling plain v0.2.3
[INFO] [stderr]    Compiling askama_escape v0.10.3
[INFO] [stderr]     Checking matchit v0.7.3
[INFO] [stderr]     Checking arrayvec v0.7.6
[INFO] [stderr]    Compiling ref-cast v1.0.23
[INFO] [stderr]    Compiling getrandom v0.3.1
[INFO] [stderr]     Checking ssh-encoding v0.2.0
[INFO] [stderr]     Checking event-listener v5.4.0
[INFO] [stderr]    Compiling glob v0.3.2
[INFO] [stderr]     Checking event-listener-strategy v0.5.3
[INFO] [stderr]    Compiling serde_derive v1.0.217
[INFO] [stderr]    Compiling tokio-macros v2.5.0
[INFO] [stderr]    Compiling thiserror-impl v1.0.69
[INFO] [stderr]    Compiling futures-macro v0.3.31
[INFO] [stderr]    Compiling displaydoc v0.2.5
[INFO] [stderr]    Compiling tracing-attributes v0.1.28
[INFO] [stderr]    Compiling zerofrom-derive v0.1.5
[INFO] [stderr]    Compiling yoke-derive v0.7.5
[INFO] [stderr]    Compiling zerovec-derive v0.10.3
[INFO] [stderr]    Compiling zerocopy-derive v0.7.35
[INFO] [stderr]    Compiling icu_provider_macros v1.5.0
[INFO] [stderr]    Compiling thiserror-impl v2.0.11
[INFO] [stderr]    Compiling pin-project-internal v1.1.8
[INFO] [stderr]     Checking zerocopy v0.7.35
[INFO] [stderr]    Compiling curve25519-dalek-derive v0.1.1
[INFO] [stderr]     Checking futures-util v0.3.31
[INFO] [stderr]    Compiling async-trait v0.1.85
[INFO] [stderr]     Checking tracing v0.1.41
[INFO] [stderr]     Checking zerofrom v0.1.5
[INFO] [stderr]     Checking netlink-packet-utils v0.5.2
[INFO] [stderr]    Compiling asn1-rs-derive v0.5.1
[INFO] [stderr]     Checking yoke v0.7.5
[INFO] [stderr]    Compiling uniffi_checksum_derive v0.28.3
[INFO] [stderr]    Compiling asn1-rs-impl v0.2.0
[INFO] [stderr]     Checking netlink-packet-core v0.7.0
[INFO] [stderr]    Compiling scroll_derive v0.12.0
[INFO] [stderr]     Checking ppv-lite86 v0.2.20
[INFO] [stderr]     Checking zerovec v0.10.4
[INFO] [stderr]    Compiling prometheus-client-derive-encode v0.4.2
[INFO] [stderr]    Compiling derive_more-impl v1.0.0
[INFO] [stderr]     Checking rand_chacha v0.3.1
[INFO] [stderr]     Checking rand v0.8.5
[INFO] [stderr]     Checking hashbrown v0.14.5
[INFO] [stderr]     Checking netlink-packet-route v0.19.0
[INFO] [stderr]     Checking tinystr v0.7.6
[INFO] [stderr]     Checking icu_collections v1.5.0
[INFO] [stderr]     Checking asn1-rs v0.6.2
[INFO] [stderr]     Checking rustls-platform-verifier v0.3.4
[INFO] [stderr]    Compiling num_enum_derive v0.7.3
[INFO] [stderr]     Checking icu_locid v1.5.0
[INFO] [stderr]    Compiling clap_derive v4.5.24
[INFO] [stderr]     Checking pest v2.7.15
[INFO] [stderr]    Compiling async-recursion v1.1.1
[INFO] [stderr]    Compiling enum-as-inner v0.6.1
[INFO] [stderr]    Compiling enumflags2_derive v0.7.11
[INFO] [stderr]     Checking pin-project v1.1.8
[INFO] [stderr]    Compiling uniffi_meta v0.28.3
[INFO] [stderr]     Checking icu_provider v1.5.0
[INFO] [stderr]     Checking icu_locid_transform v1.5.0
[INFO] [stderr]    Compiling pnet_macros v0.34.0
[INFO] [stderr]     Checking futures-executor v0.3.31
[INFO] [stderr]     Checking der-parser v9.0.0
[INFO] [stderr]     Checking enumflags2 v0.7.11
[INFO] [stderr]    Compiling tokio v1.43.0
[INFO] [stderr]     Checking futures v0.3.31
[INFO] [stderr]     Checking icu_properties v1.5.1
[INFO] [stderr]    Compiling scroll v0.12.0
[INFO] [stderr]    Compiling pest_meta v2.7.15
[INFO] [stderr]    Compiling strum_macros v0.26.4
[INFO] [stderr]    Compiling der_derive v0.7.3
[INFO] [stderr]     Checking num_enum v0.7.3
[INFO] [stderr]    Compiling goblin v0.8.2
[INFO] [stderr]     Checking x509-parser v0.16.0
[INFO] [stderr]    Compiling ref-cast-impl v1.0.23
[INFO] [stderr]     Checking clap v4.5.27
[INFO] [stderr]    Compiling pest_generator v2.7.15
[INFO] [stderr]     Checking pnet_packet v0.34.0
[INFO] [stderr]    Compiling genawaiter-proc-macro v0.99.1
[INFO] [stderr]     Checking ssh-cipher v0.2.0
[INFO] [stderr]    Compiling nested_enum_utils v0.1.0
[INFO] [stderr]     Checking sec1 v0.7.3
[INFO] [stderr]     Checking der v0.7.9
[INFO] [stderr]    Compiling redb v2.4.0
[INFO] [stderr]    Compiling static_assertions v1.1.0
[INFO] [stderr]     Checking waker-fn v1.2.0
[INFO] [stderr]     Checking binary-merge v0.1.2
[INFO] [stderr]     Checking fastrand v1.9.0
[INFO] [stderr]     Checking genawaiter-macro v0.99.1
[INFO] [stderr]     Checking futures-lite v1.13.0
[INFO] [stderr]    Compiling uniffi_core v0.28.3
[INFO] [stderr]     Checking tempfile v3.16.0
[INFO] [stderr]    Compiling tokio-util v0.7.13
[INFO] [stderr]    Compiling pest_derive v2.7.15
[INFO] [stderr]     Checking genawaiter v0.99.1
[INFO] [stderr]     Checking async-channel v2.3.1
[INFO] [stderr]     Checking derive_more v1.0.0
[INFO] [stderr]     Checking positioned-io v0.3.3
[INFO] [stderr]     Checking fixedbitset v0.5.7
[INFO] [stderr]    Compiling redb v1.5.1
[INFO] [stderr]     Checking same-file v1.0.6
[INFO] [stderr]     Checking tracing-futures v0.2.5
[INFO] [stderr]     Checking serde_urlencoded v0.7.1
[INFO] [stderr]     Checking ed25519 v2.2.3
[INFO] [stderr]    Compiling erased-serde v0.3.31
[INFO] [stderr]    Compiling basic-toml v0.1.9
[INFO] [stderr]     Checking icu_normalizer v1.5.0
[INFO] [stderr]    Compiling rustc_version v0.4.1
[INFO] [stderr]     Checking idna_adapter v1.2.0
[INFO] [stderr]     Checking parking_lot v0.12.3
[INFO] [stderr]     Checking serde_spanned v0.6.8
[INFO] [stderr]     Checking idna v1.0.3
[INFO] [stderr]     Checking dashmap v6.1.0
[INFO] [stderr]     Checking http v1.2.0
[INFO] [stderr]    Compiling curve25519-dalek v4.1.3
[INFO] [stderr]     Checking http v0.2.12
[INFO] [stderr]     Checking quoted-string-parser v0.1.0
[INFO] [stderr]     Checking url v2.5.4
[INFO] [stderr]     Checking iroh-quinn-proto v0.12.0
[INFO] [stderr]    Compiling struct_iterable_derive v0.1.0
[INFO] [stderr]    Compiling askama_derive v0.12.5
[INFO] [stderr]    Compiling cargo-platform v0.1.9
[INFO] [stderr]     Checking postcard v1.1.1
[INFO] [stderr]     Checking ed25519-dalek v2.1.1
[INFO] [stderr]     Checking attohttpc v0.24.1
[INFO] [stderr]     Checking http-body v1.0.1
[INFO] [stderr]     Checking tungstenite v0.21.0
[INFO] [stderr]     Checking http-body-util v0.1.2
[INFO] [stderr]     Checking serde_bytes v0.11.15
[INFO] [stderr]     Checking struct_iterable v0.1.1
[INFO] [stderr]     Checking governor v0.7.0
[INFO] [stderr]     Checking iroh-base v0.31.0
[INFO] [stderr]     Checking serde_bencode v0.2.4
[INFO] [stderr]     Checking aead v0.5.2
[INFO] [stderr]     Checking tracing-subscriber v0.3.19
[INFO] [stderr]    Compiling toml v0.5.11
[INFO] [stderr]     Checking crypto_secretbox v0.1.1
[INFO] [stderr]     Checking axum-core v0.4.5
[INFO] [stderr]     Checking ureq v2.12.1
[INFO] [stderr]     Checking serdect v0.2.0
[INFO] [stderr]     Checking mainline v2.0.1
[INFO] [stderr]     Checking serde_path_to_error v0.1.16
[INFO] [stderr]    Compiling cargo_metadata v0.15.4
[INFO] [stderr]     Checking stun-rs v0.1.9
[INFO] [stderr]     Checking crypto_box v0.9.1
[INFO] [stderr]     Checking strum v0.26.3
[INFO] [stderr]    Compiling bincode v1.3.3
[INFO] [stderr]    Compiling quic-rpc v0.17.3
[INFO] [stderr]     Checking inplace-vec-builder v0.1.1
[INFO] [stderr]     Checking serde-error v0.1.3
[INFO] [stderr]     Checking toml v0.8.19
[INFO] [stderr]     Checking ssh-key v0.6.7
[INFO] [stderr]     Checking range-collections v0.4.5
[INFO] [stderr]     Checking futures-concurrency v7.6.2
[INFO] [stderr]     Checking walkdir v2.5.0
[INFO] [stderr]     Checking hashlink v0.9.1
[INFO] [stderr]     Checking reflink-copy v0.1.23
[INFO] [stderr]    Compiling blake3 v1.5.5
[INFO] [stderr]    Compiling uniffi_testing v0.28.3
[INFO] [stderr]     Checking num_cpus v1.16.0
[INFO] [stderr]    Compiling quic-rpc-derive v0.17.3
[INFO] [stderr]     Checking oneshot v0.1.8
[INFO] [stderr]    Compiling uniffi_udl v0.28.3
[INFO] [stderr]    Compiling uniffi_macros v0.28.3
[INFO] [stderr]    Compiling askama v0.12.1
[INFO] [stderr]     Checking pkarr v2.3.1
[INFO] [stderr]    Compiling uniffi_bindgen v0.28.3
[INFO] [stderr]     Checking tower v0.5.2
[INFO] [stderr]     Checking tokio-rustls v0.26.1
[INFO] [stderr]     Checking netlink-sys v0.8.7
[INFO] [stderr]     Checking reloadable-state v0.1.0
[INFO] [stderr]     Checking tokio-tungstenite v0.21.0
[INFO] [stderr]     Checking hickory-proto v0.25.0-alpha.4
[INFO] [stderr]     Checking rustls-cert-file-reader v0.4.1
[INFO] [stderr]     Checking iroh-quinn v0.12.0
[INFO] [stderr]     Checking surge-ping v0.8.1
[INFO] [stderr]     Checking rustls-cert-reloadable-resolver v0.7.1
[INFO] [stderr]     Checking backoff v0.4.0
[INFO] [stderr]     Checking iroh-io v0.6.1
[INFO] [stderr]     Checking async-compat v0.2.4
[INFO] [stderr]     Checking netlink-proto v0.11.5
[INFO] [stderr]     Checking tokio-tungstenite-wasm v0.3.1
[INFO] [stderr]     Checking bao-tree v0.13.0
[INFO] [stderr]     Checking rtnetlink v0.14.1
[INFO] [stderr]     Checking h2 v0.4.7
[INFO] [stderr]     Checking tokio-stream v0.1.17
[INFO] [stderr]     Checking netwatch v0.3.0
[INFO] [stderr]     Checking hickory-resolver v0.25.0-alpha.4
[INFO] [stderr]     Checking hyper v1.6.0
[INFO] [stderr]     Checking hyper-util v0.1.10
[INFO] [stderr]     Checking hyper-rustls v0.27.5
[INFO] [stderr]     Checking igd-next v0.15.1
[INFO] [stderr]     Checking axum v0.7.9
[INFO] [stderr]     Checking reqwest v0.12.12
[INFO] [stderr]     Checking iroh-metrics v0.31.0
[INFO] [stderr]     Checking tokio-rustls-acme v0.6.0
[INFO] [stderr]     Checking portmapper v0.3.1
[INFO] [stderr]     Checking iroh-relay v0.31.0
[INFO] [stderr]     Checking iroh-net-report v0.31.0
[INFO] [stderr]     Checking iroh v0.31.0
[INFO] [stderr]    Compiling uniffi_build v0.28.3
[INFO] [stderr]    Compiling uniffi v0.28.3
[INFO] [stderr]    Compiling iroh-ffi v0.31.0 (https://github.com/n0-computer/iroh-ffi?branch=feat-external-protos#6998a11e)
[INFO] [stderr]     Checking iroh-gossip v0.31.0
[INFO] [stderr]     Checking iroh-blobs v0.31.0
[INFO] [stderr]     Checking iroh-node-util v0.31.0
[INFO] [stderr]     Checking iroh-docs v0.31.0
[INFO] [stderr]  Documenting iroh-ffi-gossip v0.31.0 (/opt/rustwide/workdir)
[INFO] [stderr]     Finished `dev` profile [unoptimized + debuginfo] target(s) in 2m 59s
[INFO] [stderr]    Generated /opt/rustwide/target/doc/iroh_ffi_gossip/index.html and 1 other file
[INFO] running `Command { std: "docker" "inspect" "b63b2f8c775f9ae5f88a6d34d23c6a3c192a1a8b75b7014c75addd01813f9398", kill_on_drop: false }`
[INFO] running `Command { std: "docker" "rm" "-f" "b63b2f8c775f9ae5f88a6d34d23c6a3c192a1a8b75b7014c75addd01813f9398", kill_on_drop: false }`
[INFO] [stdout] b63b2f8c775f9ae5f88a6d34d23c6a3c192a1a8b75b7014c75addd01813f9398
[INFO] running `Command { std: "docker" "create" "-v" "/var/lib/crater-agent-workspace/builds/worker-3-tc1/target:/opt/rustwide/target:rw,Z" "-v" "/var/lib/crater-agent-workspace/builds/worker-3-tc1/source:/opt/rustwide/workdir:ro,Z" "-v" "/var/lib/crater-agent-workspace/cargo-home:/opt/rustwide/cargo-home:ro,Z" "-v" "/var/lib/crater-agent-workspace/rustup-home:/opt/rustwide/rustup-home:ro,Z" "-e" "SOURCE_DIR=/opt/rustwide/workdir" "-e" "CARGO_TARGET_DIR=/opt/rustwide/target" "-e" "CARGO_INCREMENTAL=0" "-e" "RUST_BACKTRACE=full" "-e" "RUSTFLAGS=--cap-lints=warn" "-e" "RUSTDOCFLAGS=--cap-lints=warn" "-e" "DOCS_RS=1" "-e" "RUSTC_BOOTSTRAP=1" "-e" "CARGO_HOME=/opt/rustwide/cargo-home" "-e" "RUSTUP_HOME=/opt/rustwide/rustup-home" "-w" "/opt/rustwide/workdir" "-m" "1610612736" "--user" "0:0" "--network" "none" "ghcr.io/rust-lang/crates-build-env/linux@sha256:3959728d45483eb673ba100a951a6b9f5012970368db2a9e08e0ac9b67c8a5ad" "/opt/rustwide/cargo-home/bin/cargo" "+1.85.0" "rustdoc" "--lib" "-Zrustdoc-map" "--config" "build.rustdocflags=[\"--cfg\", \"docsrs\", \"-Z\", \"unstable-options\", \"--document-private-items\"]" "--frozen" "--message-format=json", kill_on_drop: false }`
[INFO] [stdout] ab67fd3a165b2a3f4d6cef5518881805297f0b61e87d45ceb9753ae769217c82
[INFO] running `Command { std: "docker" "start" "-a" "ab67fd3a165b2a3f4d6cef5518881805297f0b61e87d45ceb9753ae769217c82", kill_on_drop: false }`
[INFO] [stderr]    Compiling proc-macro2 v1.0.93
[INFO] [stderr]    Compiling thiserror v1.0.69
[INFO] [stderr]    Compiling anyhow v1.0.95
[INFO] [stderr]    Compiling thiserror v2.0.11
[INFO] [stderr]    Compiling uniffi_core v0.28.3
[INFO] [stderr]    Compiling quote v1.0.38
[INFO] [stderr]    Compiling syn v2.0.96
[INFO] [stderr]    Compiling syn v1.0.109
[INFO] [stderr]    Compiling syn-mid v0.5.4
[INFO] [stderr]    Compiling postcard-derive v0.1.2
[INFO] [stderr]    Compiling proc-macro-error-attr v0.4.12
[INFO] [stderr]    Compiling nested_enum_utils v0.1.0
[INFO] [stderr]    Compiling proc-macro-error v0.4.12
[INFO] [stderr]    Compiling synstructure v0.13.1
[INFO] [stderr]    Compiling genawaiter-proc-macro v0.99.1
[INFO] [stderr]    Compiling serde_derive v1.0.217
[INFO] [stderr]    Compiling tokio-macros v2.5.0
[INFO] [stderr]    Compiling thiserror-impl v1.0.69
[INFO] [stderr]    Compiling futures-macro v0.3.31
[INFO] [stderr]    Compiling tracing-attributes v0.1.28
[INFO] [stderr]    Compiling displaydoc v0.2.5
[INFO] [stderr]    Compiling zerofrom-derive v0.1.5
[INFO] [stderr]    Compiling yoke-derive v0.7.5
[INFO] [stderr]    Compiling zerovec-derive v0.10.3
[INFO] [stderr]    Compiling zerocopy-derive v0.7.35
[INFO] [stderr]    Compiling icu_provider_macros v1.5.0
[INFO] [stderr]    Compiling thiserror-impl v2.0.11
[INFO] [stderr]    Compiling pin-project-internal v1.1.8
[INFO] [stderr]    Compiling curve25519-dalek-derive v0.1.1
[INFO] [stderr]    Compiling async-trait v0.1.85
[INFO] [stderr]    Compiling asn1-rs-derive v0.5.1
[INFO] [stderr]    Compiling uniffi_checksum_derive v0.28.3
[INFO] [stderr]    Compiling asn1-rs-impl v0.2.0
[INFO] [stderr]     Checking zerocopy v0.7.35
[INFO] [stderr]    Compiling scroll_derive v0.12.0
[INFO] [stderr]     Checking futures-util v0.3.31
[INFO] [stderr]    Compiling prometheus-client-derive-encode v0.4.2
[INFO] [stderr]    Compiling derive_more-impl v1.0.0
[INFO] [stderr]    Compiling enum-as-inner v0.6.1
[INFO] [stderr]    Compiling num_enum_derive v0.7.3
[INFO] [stderr]    Compiling enumflags2_derive v0.7.11
[INFO] [stderr]    Compiling clap_derive v4.5.24
[INFO] [stderr]     Checking ppv-lite86 v0.2.20
[INFO] [stderr]     Checking ahash v0.8.11
[INFO] [stderr]     Checking hashbrown v0.14.5
[INFO] [stderr]     Checking netlink-packet-utils v0.5.2
[INFO] [stderr]     Checking pin-project v1.1.8
[INFO] [stderr]     Checking asn1-rs v0.6.2
[INFO] [stderr]    Compiling pest v2.7.15
[INFO] [stderr]     Checking zerofrom v0.1.5
[INFO] [stderr]     Checking netlink-packet-core v0.7.0
[INFO] [stderr]     Checking rand_chacha v0.3.1
[INFO] [stderr]     Checking tracing v0.1.41
[INFO] [stderr]     Checking yoke v0.7.5
[INFO] [stderr]     Checking netlink-packet-route v0.19.0
[INFO] [stderr]    Compiling async-recursion v1.1.1
[INFO] [stderr]     Checking rand v0.8.5
[INFO] [stderr]     Checking iroh-quinn-udp v0.5.7
[INFO] [stderr]     Checking zerovec v0.10.4
[INFO] [stderr]    Compiling uniffi_meta v0.28.3
[INFO] [stderr]    Compiling pnet_macros v0.34.0
[INFO] [stderr]     Checking der-parser v9.0.0
[INFO] [stderr]     Checking oid-registry v0.7.1
[INFO] [stderr]     Checking enumflags2 v0.7.11
[INFO] [stderr]    Compiling tokio v1.43.0
[INFO] [stderr]     Checking num_enum v0.7.3
[INFO] [stderr]    Compiling scroll v0.12.0
[INFO] [stderr]    Compiling strum_macros v0.26.4
[INFO] [stderr]     Checking x509-parser v0.16.0
[INFO] [stderr]    Compiling pest_meta v2.7.15
[INFO] [stderr]    Compiling der_derive v0.7.3
[INFO] [stderr]    Compiling goblin v0.8.2
[INFO] [stderr]     Checking futures-executor v0.3.31
[INFO] [stderr]    Compiling ref-cast-impl v1.0.23
[INFO] [stderr]     Checking tinystr v0.7.6
[INFO] [stderr]     Checking icu_collections v1.5.0
[INFO] [stderr]     Checking futures v0.3.31
[INFO] [stderr]     Checking icu_locid v1.5.0
[INFO] [stderr]     Checking genawaiter v0.99.1
[INFO] [stderr]     Checking serde v1.0.217
[INFO] [stderr]     Checking hashlink v0.9.1
[INFO] [stderr]     Checking icu_provider v1.5.0
[INFO] [stderr]     Checking ref-cast v1.0.23
[INFO] [stderr]     Checking tracing-futures v0.2.5
[INFO] [stderr]     Checking icu_locid_transform v1.5.0
[INFO] [stderr]    Compiling pest_generator v2.7.15
[INFO] [stderr]     Checking clap v4.5.27
[INFO] [stderr]     Checking der v0.7.9
[INFO] [stderr]     Checking pnet_packet v0.34.0
[INFO] [stderr]     Checking icu_properties v1.5.1
[INFO] [stderr]     Checking derive_more v1.0.0
[INFO] [stderr]     Checking strum v0.26.3
[INFO] [stderr]    Compiling pest_derive v2.7.15
[INFO] [stderr]    Compiling tokio-util v0.7.13
[INFO] [stderr]    Compiling semver v1.0.25
[INFO] [stderr]    Compiling erased-serde v0.3.31
[INFO] [stderr]    Compiling camino v1.1.9
[INFO] [stderr]    Compiling basic-toml v0.1.9
[INFO] [stderr]    Compiling serde_json v1.0.138
[INFO] [stderr]    Compiling cargo-platform v0.1.9
[INFO] [stderr]    Compiling toml v0.5.11
[INFO] [stderr]    Compiling quic-rpc v0.17.3
[INFO] [stderr]    Compiling bincode v1.3.3
[INFO] [stderr]    Compiling rustc_version v0.4.1
[INFO] [stderr]    Compiling askama_derive v0.12.5
[INFO] [stderr]    Compiling curve25519-dalek v4.1.3
[INFO] [stderr]    Compiling struct_iterable_derive v0.1.0
[INFO] [stderr]    Compiling cargo_metadata v0.15.4
[INFO] [stderr]    Compiling quic-rpc-derive v0.17.3
[INFO] [stderr]     Checking bytes v1.9.0
[INFO] [stderr]     Checking smallvec v1.13.2
[INFO] [stderr]     Checking ed25519 v2.2.3
[INFO] [stderr]     Checking serde_urlencoded v0.7.1
[INFO] [stderr]     Checking parking_lot_core v0.9.10
[INFO] [stderr]     Checking toml_datetime v0.6.8
[INFO] [stderr]     Checking serde_spanned v0.6.8
[INFO] [stderr]     Checking postcard v1.1.1
[INFO] [stderr]     Checking serde_bytes v0.11.15
[INFO] [stderr]     Checking toml_edit v0.22.22
[INFO] [stderr]     Checking parking_lot v0.12.3
[INFO] [stderr]     Checking http v1.2.0
[INFO] [stderr]     Checking http v0.2.12
[INFO] [stderr]     Checking icu_normalizer v1.5.0
[INFO] [stderr]     Checking iroh-quinn-proto v0.12.0
[INFO] [stderr]     Checking prometheus-client v0.22.3
[INFO] [stderr]     Checking moka v0.12.10
[INFO] [stderr]     Checking dashmap v6.1.0
[INFO] [stderr]     Checking idna_adapter v1.2.0
[INFO] [stdout] error: linking with `cc` failed: exit status: 1
[INFO] [stdout]   |
[INFO] [stdout]   = note: LC_ALL="C" PATH="/opt/rustwide/rustup-home/toolchains/1.85.0-x86_64-unknown-linux-gnu/lib/rustlib/x86_64-unknown-linux-gnu/bin:/opt/rustwide/cargo-home/bin:/usr/local/sbin:/usr/local/bin:/usr/sbin:/usr/bin:/sbin:/bin" VSLANG="1033" "cc" "-Wl,--version-script=/tmp/rustcgjHHbU/list" "-Wl,--no-undefined-version" "-m64" "/tmp/rustcgjHHbU/symbols.o" "<1 object files omitted>" "/opt/rustwide/target/debug/deps/pest_derive-ca850154a26f9447.ej52virj0m1ylx6ofkyztc0zi.rcgu.rmeta" "<1 object files omitted>" "-Wl,--as-needed" "-Wl,-Bstatic" "/opt/rustwide/target/debug/deps/{libpest_generator-84d51c11635e943d.rlib,libpest_meta-86dcbd7648d7dec4.rlib,libonce_cell-fbc8c07c4c43477c.rlib,libpest-affa8d33b32fe9aa.rlib,libucd_trie-cb86686f693154b9.rlib,libmemchr-f80b0be01c7f0e8c.rlib,libthiserror-3cb508baead57b7d.rlib,libsyn-f3bb6d2218e935b0.rlib,libquote-3ec0feeb73136111.rlib,libproc_macro2-d45e138c5ae454ad.rlib,libunicode_ident-0e016c6c86c5f0d5.rlib}" "/opt/rustwide/rustup-home/toolchains/1.85.0-x86_64-unknown-linux-gnu/lib/rustlib/x86_64-unknown-linux-gnu/lib/{libproc_macro-57e423f2e16d22f0.rlib,libstd-6273572f18644c87.rlib,libpanic_unwind-267e668abf74a283.rlib,libobject-ec6154ccae37a33e.rlib,libmemchr-500edd5521c440d4.rlib,libaddr2line-86d8d9428792e8ef.rlib,libgimli-10f06487503767c2.rlib,librustc_demangle-6a38424de1e5bca5.rlib,libstd_detect-de9763ea1c19dca3.rlib,libhashbrown-a7f5bb2f736d3c49.rlib,librustc_std_workspace_alloc-7e368919bdc4a44c.rlib,libminiz_oxide-376454d49910c786.rlib,libadler-fa99f5692b5dce85.rlib,libunwind-91cafdaf16f7fe40.rlib,libcfg_if-f7ee3f1ea78d9dae.rlib,liblibc-d3a35665f881365a.rlib,liballoc-715bc629a88bca60.rlib,librustc_std_workspace_core-ae70165d1278cff7.rlib,libcore-406129d0e3fbc101.rlib,libcompiler_builtins-1af05515ab19524a.rlib}" "-Wl,-Bdynamic" "-lgcc_s" "-lutil" "-lrt" "-lpthread" "-lm" "-ldl" "-lc" "-Wl,--eh-frame-hdr" "-Wl,-z,noexecstack" "-L" "/opt/rustwide/rustup-home/toolchains/1.85.0-x86_64-unknown-linux-gnu/lib/rustlib/x86_64-unknown-linux-gnu/lib" "-o" "/opt/rustwide/target/debug/deps/libpest_derive-ca850154a26f9447.so" "-Wl,--gc-sections" "-shared" "-Wl,-z,relro,-z,now" "-nodefaultlibs"
[INFO] [stdout]   = note: some arguments are omitted. use `--verbose` to show all linker arguments
[INFO] [stdout]   = note: /usr/bin/ld: final link failed: No space left on device
[INFO] [stdout]           collect2: error: ld returned 1 exit status
[INFO] [stdout]           
[INFO] [stdout] 
[INFO] [stdout] 
[INFO] [stderr]     Checking http-body v1.0.1
[INFO] [stderr] error: could not compile `pest_derive` (lib) due to 1 previous error
[INFO] [stderr] warning: build failed, waiting for other jobs to finish...
[INFO] [stdout] error: linking with `cc` failed: exit status: 1
[INFO] [stdout]   |
[INFO] [stdout]   = note: LC_ALL="C" PATH="/opt/rustwide/rustup-home/toolchains/1.85.0-x86_64-unknown-linux-gnu/lib/rustlib/x86_64-unknown-linux-gnu/bin:/opt/rustwide/cargo-home/bin:/usr/local/sbin:/usr/local/bin:/usr/sbin:/usr/bin:/sbin:/bin" VSLANG="1033" "cc" "-Wl,--version-script=/tmp/rustcCEuQBk/list" "-Wl,--no-undefined-version" "-m64" "/tmp/rustcCEuQBk/symbols.o" "<1 object files omitted>" "/opt/rustwide/target/debug/deps/struct_iterable_derive-f815111a343d517d.5hab5of7kz5f2iupul6qw5ss0.rcgu.rmeta" "<1 object files omitted>" "-Wl,--as-needed" "-Wl,-Bstatic" "/opt/rustwide/target/debug/deps/{libstruct_iterable_internal-b8ab956c61c018f3.rlib,libsyn-f3bb6d2218e935b0.rlib,libquote-3ec0feeb73136111.rlib,libproc_macro2-d45e138c5ae454ad.rlib,libunicode_ident-0e016c6c86c5f0d5.rlib}" "/opt/rustwide/rustup-home/toolchains/1.85.0-x86_64-unknown-linux-gnu/lib/rustlib/x86_64-unknown-linux-gnu/lib/{libproc_macro-57e423f2e16d22f0.rlib,libstd-6273572f18644c87.rlib,libpanic_unwind-267e668abf74a283.rlib,libobject-ec6154ccae37a33e.rlib,libmemchr-500edd5521c440d4.rlib,libaddr2line-86d8d9428792e8ef.rlib,libgimli-10f06487503767c2.rlib,librustc_demangle-6a38424de1e5bca5.rlib,libstd_detect-de9763ea1c19dca3.rlib,libhashbrown-a7f5bb2f736d3c49.rlib,librustc_std_workspace_alloc-7e368919bdc4a44c.rlib,libminiz_oxide-376454d49910c786.rlib,libadler-fa99f5692b5dce85.rlib,libunwind-91cafdaf16f7fe40.rlib,libcfg_if-f7ee3f1ea78d9dae.rlib,liblibc-d3a35665f881365a.rlib,liballoc-715bc629a88bca60.rlib,librustc_std_workspace_core-ae70165d1278cff7.rlib,libcore-406129d0e3fbc101.rlib,libcompiler_builtins-1af05515ab19524a.rlib}" "-Wl,-Bdynamic" "-lgcc_s" "-lutil" "-lrt" "-lpthread" "-lm" "-ldl" "-lc" "-Wl,--eh-frame-hdr" "-Wl,-z,noexecstack" "-L" "/opt/rustwide/rustup-home/toolchains/1.85.0-x86_64-unknown-linux-gnu/lib/rustlib/x86_64-unknown-linux-gnu/lib" "-o" "/opt/rustwide/target/debug/deps/libstruct_iterable_derive-f815111a343d517d.so" "-Wl,--gc-sections" "-shared" "-Wl,-z,relro,-z,now" "-nodefaultlibs"
[INFO] [stdout]   = note: some arguments are omitted. use `--verbose` to show all linker arguments
[INFO] [stdout]   = note: /usr/bin/ld: final link failed: No space left on device
[INFO] [stdout]           collect2: error: ld returned 1 exit status
[INFO] [stdout]           
[INFO] [stdout] 
[INFO] [stdout] 
[INFO] [stderr] error: could not compile `struct_iterable_derive` (lib) due to 1 previous error
[INFO] [stderr] rustc-LLVM ERROR: rustc-LLVM ERROR: IO failure on output stream: No space left on deviceIO failure on output stream: No space left on device
[INFO] [stderr] 
[INFO] [stdout] error: failed to build archive at `/opt/rustwide/target/debug/deps/libtoml-52f88e4341c81109.rlib`: No space left on device (os error 28)
[INFO] [stdout] 
[INFO] [stdout] 
[INFO] [stdout] error: linking with `cc` failed: exit status: 1
[INFO] [stdout]   |
[INFO] [stdout]   = note: LC_ALL="C" PATH="/opt/rustwide/rustup-home/toolchains/1.85.0-x86_64-unknown-linux-gnu/lib/rustlib/x86_64-unknown-linux-gnu/bin:/opt/rustwide/cargo-home/bin:/usr/local/sbin:/usr/local/bin:/usr/sbin:/usr/bin:/sbin:/bin" VSLANG="1033" "cc" "-Wl,--version-script=/tmp/rustc2jG6Qn/list" "-Wl,--no-undefined-version" "-m64" "/tmp/rustc2jG6Qn/symbols.o" "<6 object files omitted>" "/opt/rustwide/target/debug/deps/quic_rpc_derive-c328e64488164e54.6og6xyy8krhq30acf28w4rgo9.rcgu.rmeta" "<1 object files omitted>" "-Wl,--as-needed" "-Wl,-Bstatic" "/opt/rustwide/target/debug/deps/{libsyn-ca15e33cd02f167e.rlib,libquote-3ec0feeb73136111.rlib,libproc_macro2-d45e138c5ae454ad.rlib,libunicode_ident-0e016c6c86c5f0d5.rlib}" "/opt/rustwide/rustup-home/toolchains/1.85.0-x86_64-unknown-linux-gnu/lib/rustlib/x86_64-unknown-linux-gnu/lib/{libproc_macro-57e423f2e16d22f0.rlib,libstd-6273572f18644c87.rlib,libpanic_unwind-267e668abf74a283.rlib,libobject-ec6154ccae37a33e.rlib,libmemchr-500edd5521c440d4.rlib,libaddr2line-86d8d9428792e8ef.rlib,libgimli-10f06487503767c2.rlib,librustc_demangle-6a38424de1e5bca5.rlib,libstd_detect-de9763ea1c19dca3.rlib,libhashbrown-a7f5bb2f736d3c49.rlib,librustc_std_workspace_alloc-7e368919bdc4a44c.rlib,libminiz_oxide-376454d49910c786.rlib,libadler-fa99f5692b5dce85.rlib,libunwind-91cafdaf16f7fe40.rlib,libcfg_if-f7ee3f1ea78d9dae.rlib,liblibc-d3a35665f881365a.rlib,liballoc-715bc629a88bca60.rlib,librustc_std_workspace_core-ae70165d1278cff7.rlib,libcore-406129d0e3fbc101.rlib,libcompiler_builtins-1af05515ab19524a.rlib}" "-Wl,-Bdynamic" "-lgcc_s" "-lutil" "-lrt" "-lpthread" "-lm" "-ldl" "-lc" "-Wl,--eh-frame-hdr" "-Wl,-z,noexecstack" "-L" "/opt/rustwide/rustup-home/toolchains/1.85.0-x86_64-unknown-linux-gnu/lib/rustlib/x86_64-unknown-linux-gnu/lib" "-o" "/opt/rustwide/target/debug/deps/libquic_rpc_derive-c328e64488164e54.so" "-Wl,--gc-sections" "-shared" "-Wl,-z,relro,-z,now" "-nodefaultlibs"
[INFO] [stdout]   = note: some arguments are omitted. use `--verbose` to show all linker arguments
[INFO] [stdout]   = note: /usr/bin/ld: final link failed: No space left on device
[INFO] [stdout]           collect2: error: ld returned 1 exit status
[INFO] [stdout]           
[INFO] [stdout] 
[INFO] [stdout] 
[INFO] [stderr] error: could not compile `toml` (lib) due to 1 previous error
[INFO] [stderr] error: could not compile `goblin` (lib)
[INFO] [stderr] 
[INFO] [stderr] Caused by:
[INFO] [stderr]   process didn't exit successfully: `/opt/rustwide/rustup-home/toolchains/1.85.0-x86_64-unknown-linux-gnu/bin/rustc --crate-name goblin --edition=2021 /opt/rustwide/cargo-home/registry/src/index.crates.io-1949cf8c6b5b557f/goblin-0.8.2/src/lib.rs --error-format=json --json=diagnostic-rendered-ansi,artifacts,future-incompat --crate-type lib --emit=dep-info,metadata,link -C embed-bitcode=no --cfg 'feature="alloc"' --cfg 'feature="archive"' --cfg 'feature="default"' --cfg 'feature="elf32"' --cfg 'feature="elf64"' --cfg 'feature="endian_fd"' --cfg 'feature="log"' --cfg 'feature="mach32"' --cfg 'feature="mach64"' --cfg 'feature="pe32"' --cfg 'feature="pe64"' --cfg 'feature="std"' --check-cfg 'cfg(docsrs,test)' --check-cfg 'cfg(feature, values("alloc", "archive", "default", "elf32", "elf64", "endian_fd", "log", "mach32", "mach64", "pe32", "pe64", "std"))' -C metadata=c5d7a95f848bf67b -C extra-filename=-615d1a6a0dcadbd2 --out-dir /opt/rustwide/target/debug/deps -L dependency=/opt/rustwide/target/debug/deps --extern log=/opt/rustwide/target/debug/deps/liblog-656629beb8340c1f.rmeta --extern plain=/opt/rustwide/target/debug/deps/libplain-2d0acf54ee0464cf.rmeta --extern scroll=/opt/rustwide/target/debug/deps/libscroll-5ea88512d3fba7dc.rmeta --cap-lints allow --cap-lints=warn` (exit status: 101)
[INFO] [stderr] error: could not compile `quic-rpc-derive` (lib) due to 1 previous error
[INFO] [stdout] error: failed to write to `/opt/rustwide/target/debug/deps/rmetaAVzDtd/lib.rmeta`: No space left on device (os error 28)
[INFO] [stdout] 
[INFO] [stdout] 
[INFO] [stderr] error: could not compile `toml_edit` (lib) due to 1 previous error
[INFO] [stdout] error: couldn't create a temp dir: No space left on device (os error 28) at path "/opt/rustwide/target/debug/deps/rmetaDgf6FU"
[INFO] [stdout] 
[INFO] [stdout] 
[INFO] [stdout] error: linking with `cc` failed: exit status: 1
[INFO] [stdout]   |
[INFO] [stdout]   = note: LC_ALL="C" PATH="/opt/rustwide/rustup-home/toolchains/1.85.0-x86_64-unknown-linux-gnu/lib/rustlib/x86_64-unknown-linux-gnu/bin:/opt/rustwide/cargo-home/bin:/usr/local/sbin:/usr/local/bin:/usr/sbin:/usr/bin:/sbin:/bin" VSLANG="1033" "cc" "-Wl,--version-script=/tmp/rustcaESXBL/list" "-Wl,--no-undefined-version" "-m64" "/tmp/rustcaESXBL/symbols.o" "<16 object files omitted>" "/opt/rustwide/target/debug/deps/askama_derive-194e3609853e4ca6.179fuizv0m0ksdey6w0jthbmt.rcgu.rmeta" "<1 object files omitted>" "-Wl,--as-needed" "-Wl,-Bstatic" "/opt/rustwide/target/debug/deps/{libmime_guess-7c45983960c9f36e.rlib,libunicase-3d52bfade9d7a77e.rlib,libbasic_toml-aaede726c6db55ff.rlib,libsyn-f3bb6d2218e935b0.rlib,libmime-d2c43e1bd9732ebe.rlib,libquote-3ec0feeb73136111.rlib,libserde-ca7eae2041aa17fa.rlib,libaskama_parser-2303234b51b403db.rlib,libnom-efd6349557613429.rlib,libmemchr-f80b0be01c7f0e8c.rlib,libproc_macro2-d45e138c5ae454ad.rlib,libunicode_ident-0e016c6c86c5f0d5.rlib}" "/opt/rustwide/rustup-home/toolchains/1.85.0-x86_64-unknown-linux-gnu/lib/rustlib/x86_64-unknown-linux-gnu/lib/{libproc_macro-57e423f2e16d22f0.rlib,libstd-6273572f18644c87.rlib,libpanic_unwind-267e668abf74a283.rlib,libobject-ec6154ccae37a33e.rlib,libmemchr-500edd5521c440d4.rlib,libaddr2line-86d8d9428792e8ef.rlib,libgimli-10f06487503767c2.rlib,librustc_demangle-6a38424de1e5bca5.rlib,libstd_detect-de9763ea1c19dca3.rlib,libhashbrown-a7f5bb2f736d3c49.rlib,librustc_std_workspace_alloc-7e368919bdc4a44c.rlib,libminiz_oxide-376454d49910c786.rlib,libadler-fa99f5692b5dce85.rlib,libunwind-91cafdaf16f7fe40.rlib,libcfg_if-f7ee3f1ea78d9dae.rlib,liblibc-d3a35665f881365a.rlib,liballoc-715bc629a88bca60.rlib,librustc_std_workspace_core-ae70165d1278cff7.rlib,libcore-406129d0e3fbc101.rlib,libcompiler_builtins-1af05515ab19524a.rlib}" "-Wl,-Bdynamic" "-lgcc_s" "-lutil" "-lrt" "-lpthread" "-lm" "-ldl" "-lc" "-Wl,--eh-frame-hdr" "-Wl,-z,noexecstack" "-L" "/opt/rustwide/rustup-home/toolchains/1.85.0-x86_64-unknown-linux-gnu/lib/rustlib/x86_64-unknown-linux-gnu/lib" "-o" "/opt/rustwide/target/debug/deps/libaskama_derive-194e3609853e4ca6.so" "-Wl,--gc-sections" "-shared" "-Wl,-z,relro,-z,now" "-nodefaultlibs"
[INFO] [stdout]   = note: some arguments are omitted. use `--verbose` to show all linker arguments
[INFO] [stdout]   = note: /usr/bin/ld: final link failed: No space left on device
[INFO] [stdout]           collect2: error: ld returned 1 exit status
[INFO] [stdout]           
[INFO] [stdout] 
[INFO] [stdout] 
[INFO] [stderr] error: could not compile `askama_derive` (lib) due to 1 previous error
[INFO] [stderr] error: could not compile `iroh-quinn-proto` (lib) due to 1 previous error
[INFO] [stdout] error: couldn't create a temp dir: No space left on device (os error 28) at path "/opt/rustwide/target/debug/deps/rmeta6P6RHI"
[INFO] [stdout] 
[INFO] [stdout] 
[INFO] [stderr] error: could not compile `tokio` (lib) due to 1 previous error
[INFO] running `Command { std: "docker" "inspect" "ab67fd3a165b2a3f4d6cef5518881805297f0b61e87d45ceb9753ae769217c82", kill_on_drop: false }`
[INFO] running `Command { std: "docker" "rm" "-f" "ab67fd3a165b2a3f4d6cef5518881805297f0b61e87d45ceb9753ae769217c82", kill_on_drop: false }`
[INFO] [stdout] ab67fd3a165b2a3f4d6cef5518881805297f0b61e87d45ceb9753ae769217c82
