[INFO] cloning repository https://github.com/daskol/typstd
[INFO] running `Command { std: "git" "-c" "credential.helper=" "-c" "credential.helper=/workspace/cargo-home/bin/git-credential-null" "clone" "--bare" "https://github.com/daskol/typstd" "/workspace/cache/git-repos/https%3A%2F%2Fgithub.com%2Fdaskol%2Ftypstd", kill_on_drop: false }`
[INFO] [stderr] Cloning into bare repository '/workspace/cache/git-repos/https%3A%2F%2Fgithub.com%2Fdaskol%2Ftypstd'...
[INFO] running `Command { std: "git" "rev-parse" "HEAD", kill_on_drop: false }`
[INFO] [stdout] 740830501884dae601d6e6fa3968d37c264f44a2
[INFO] documenting daskol/typstd against 1.85.0 for beta-1.86-rustdoc-1
[INFO] running `Command { std: "git" "clone" "/workspace/cache/git-repos/https%3A%2F%2Fgithub.com%2Fdaskol%2Ftypstd" "/workspace/builds/worker-0-tc1/source", kill_on_drop: false }`
[INFO] [stderr] Cloning into '/workspace/builds/worker-0-tc1/source'...
[INFO] [stderr] done.
[INFO] validating manifest of git repo https://github.com/daskol/typstd on toolchain 1.85.0
[INFO] running `Command { std: CARGO_HOME="/workspace/cargo-home" RUSTUP_HOME="/workspace/rustup-home" "/workspace/cargo-home/bin/cargo" "+1.85.0" "metadata" "--manifest-path" "Cargo.toml" "--no-deps", kill_on_drop: false }`
[INFO] started tweaking git repo https://github.com/daskol/typstd
[INFO] finished tweaking git repo https://github.com/daskol/typstd
[INFO] tweaked toml for git repo https://github.com/daskol/typstd written to /workspace/builds/worker-0-tc1/source/Cargo.toml
[INFO] crate git repo https://github.com/daskol/typstd already has a lockfile, it will not be regenerated
[INFO] running `Command { std: CARGO_HOME="/workspace/cargo-home" RUSTUP_HOME="/workspace/rustup-home" "/workspace/cargo-home/bin/cargo" "+1.85.0" "fetch" "--manifest-path" "Cargo.toml", kill_on_drop: false }`
[INFO] [stderr]     Blocking waiting for file lock on package cache
[INFO] [stderr]     Updating crates.io index
[INFO] [stderr]     Updating git repository `https://github.com/typst/typst.git`
[INFO] [stderr]     Blocking waiting for file lock on package cache
[INFO] [stderr]  Downloading crates ...
[INFO] [stderr]   Downloaded ecow v0.2.2
[INFO] [stderr]   Downloaded stacker v0.1.16
[INFO] [stderr]   Downloaded env_proxy v0.3.1
[INFO] [stderr]   Downloaded structured-logger v1.0.3
[INFO] [stderr]   Downloaded subsetter v0.1.1
[INFO] [stderr]   Downloaded citationberg v0.3.1
[INFO] [stderr]   Downloaded svg2pdf v0.10.0
[INFO] [stderr]   Downloaded biblatex v0.9.3
[INFO] [stderr]   Downloaded xmp-writer v0.2.0
[INFO] [stderr]   Downloaded hayagriva v0.5.3
[INFO] [stderr]   Downloaded two-face v0.3.0
[INFO] [stderr]   Downloaded typst-assets v0.11.1
[INFO] running `Command { std: "docker" "create" "-v" "/var/lib/crater-agent-workspace/builds/worker-0-tc1/target:/opt/rustwide/target:rw,Z" "-v" "/var/lib/crater-agent-workspace/builds/worker-0-tc1/source:/opt/rustwide/workdir:ro,Z" "-v" "/var/lib/crater-agent-workspace/cargo-home:/opt/rustwide/cargo-home:ro,Z" "-v" "/var/lib/crater-agent-workspace/rustup-home:/opt/rustwide/rustup-home:ro,Z" "-e" "SOURCE_DIR=/opt/rustwide/workdir" "-e" "CARGO_TARGET_DIR=/opt/rustwide/target" "-e" "CARGO_HOME=/opt/rustwide/cargo-home" "-e" "RUSTUP_HOME=/opt/rustwide/rustup-home" "-w" "/opt/rustwide/workdir" "-m" "1610612736" "--user" "0:0" "--network" "none" "ghcr.io/rust-lang/crates-build-env/linux@sha256:3959728d45483eb673ba100a951a6b9f5012970368db2a9e08e0ac9b67c8a5ad" "/opt/rustwide/cargo-home/bin/cargo" "+1.85.0" "metadata" "--no-deps" "--format-version=1", kill_on_drop: false }`
[INFO] [stdout] ac266615da1c13007fdfe9ab9dea92279dcc3dde71155fe20c33df2d9eeeb3b7
[INFO] running `Command { std: "docker" "start" "-a" "ac266615da1c13007fdfe9ab9dea92279dcc3dde71155fe20c33df2d9eeeb3b7", kill_on_drop: false }`
[INFO] running `Command { std: "docker" "inspect" "ac266615da1c13007fdfe9ab9dea92279dcc3dde71155fe20c33df2d9eeeb3b7", kill_on_drop: false }`
[INFO] running `Command { std: "docker" "rm" "-f" "ac266615da1c13007fdfe9ab9dea92279dcc3dde71155fe20c33df2d9eeeb3b7", kill_on_drop: false }`
[INFO] [stdout] ac266615da1c13007fdfe9ab9dea92279dcc3dde71155fe20c33df2d9eeeb3b7
[INFO] running `Command { std: "docker" "create" "-v" "/var/lib/crater-agent-workspace/builds/worker-0-tc1/target:/opt/rustwide/target:rw,Z" "-v" "/var/lib/crater-agent-workspace/builds/worker-0-tc1/source:/opt/rustwide/workdir:ro,Z" "-v" "/var/lib/crater-agent-workspace/cargo-home:/opt/rustwide/cargo-home:ro,Z" "-v" "/var/lib/crater-agent-workspace/rustup-home:/opt/rustwide/rustup-home:ro,Z" "-e" "SOURCE_DIR=/opt/rustwide/workdir" "-e" "CARGO_TARGET_DIR=/opt/rustwide/target" "-e" "CARGO_INCREMENTAL=0" "-e" "RUST_BACKTRACE=full" "-e" "RUSTFLAGS=--cap-lints=warn" "-e" "RUSTDOCFLAGS=--cap-lints=warn" "-e" "CARGO_HOME=/opt/rustwide/cargo-home" "-e" "RUSTUP_HOME=/opt/rustwide/rustup-home" "-w" "/opt/rustwide/workdir" "-m" "1610612736" "--user" "0:0" "--network" "none" "ghcr.io/rust-lang/crates-build-env/linux@sha256:3959728d45483eb673ba100a951a6b9f5012970368db2a9e08e0ac9b67c8a5ad" "/opt/rustwide/cargo-home/bin/cargo" "+1.85.0" "doc" "--frozen" "--no-deps" "--document-private-items" "--message-format=json", kill_on_drop: false }`
[INFO] [stdout] f8be5e6d436a12828e81cddb02071e2aaeec54d6a1ce95abcde018496608f6da
[INFO] running `Command { std: "docker" "start" "-a" "f8be5e6d436a12828e81cddb02071e2aaeec54d6a1ce95abcde018496608f6da", kill_on_drop: false }`
[INFO] [stderr]    Compiling proc-macro2 v1.0.86
[INFO] [stderr]    Compiling unicode-ident v1.0.12
[INFO] [stderr]    Compiling serde v1.0.209
[INFO] [stderr]     Checking cfg-if v1.0.0
[INFO] [stderr]    Compiling libc v0.2.158
[INFO] [stderr]    Compiling autocfg v1.3.0
[INFO] [stderr]     Checking memchr v2.7.4
[INFO] [stderr]    Compiling typeid v1.0.2
[INFO] [stderr]     Checking tinyvec_macros v0.1.1
[INFO] [stderr]     Checking smallvec v1.13.2
[INFO] [stderr]     Checking once_cell v1.19.0
[INFO] [stderr]     Checking itoa v1.0.11
[INFO] [stderr]     Checking stable_deref_trait v1.2.0
[INFO] [stderr]    Compiling shlex v1.3.0
[INFO] [stderr]     Checking unicode-bidi v0.3.15
[INFO] [stderr]     Checking adler2 v2.0.0
[INFO] [stderr]     Checking ryu v1.0.18
[INFO] [stderr]     Checking crc32fast v1.4.2
[INFO] [stderr]     Checking tinyvec v1.8.0
[INFO] [stderr]     Checking miniz_oxide v0.8.0
[INFO] [stderr]     Checking bytemuck v1.17.0
[INFO] [stderr]    Compiling parking_lot_core v0.9.10
[INFO] [stderr]    Compiling cc v1.1.14
[INFO] [stderr]     Checking bitflags v1.3.2
[INFO] [stderr]     Checking scopeguard v1.2.0
[INFO] [stderr]     Checking hashbrown v0.14.5
[INFO] [stderr]     Checking siphasher v0.3.11
[INFO] [stderr]    Compiling version_check v0.9.5
[INFO] [stderr]     Checking float-cmp v0.9.0
[INFO] [stderr]     Checking arrayvec v0.7.6
[INFO] [stderr]     Checking arrayref v0.3.8
[INFO] [stderr]    Compiling crossbeam-utils v0.8.20
[INFO] [stderr]     Checking equivalent v1.0.1
[INFO] [stderr]     Checking strict-num v0.1.1
[INFO] [stderr]    Compiling serde_json v1.0.127
[INFO] [stderr]     Checking aho-corasick v1.1.3
[INFO] [stderr]     Checking kurbo v0.9.5
[INFO] [stderr]     Checking simd-adler32 v0.3.7
[INFO] [stderr]    Compiling num-traits v0.2.19
[INFO] [stderr]    Compiling lock_api v0.4.12
[INFO] [stderr]     Checking tiny-skia-path v0.11.4
[INFO] [stderr]     Checking regex-syntax v0.8.4
[INFO] [stderr]     Checking flate2 v1.0.33
[INFO] [stderr]     Checking roxmltree v0.20.0
[INFO] [stderr]    Compiling slotmap v1.0.7
[INFO] [stderr]    Compiling libm v0.2.8
[INFO] [stderr]     Checking cobs v0.2.3
[INFO] [stderr]     Checking unicode-script v0.5.6
[INFO] [stderr]     Checking pin-project-lite v0.2.14
[INFO] [stderr]     Checking writeable v0.5.5
[INFO] [stderr]     Checking svgtypes v0.13.0
[INFO] [stderr]    Compiling heck v0.5.0
[INFO] [stderr]     Checking unicode-normalization v0.1.23
[INFO] [stderr]    Compiling quote v1.0.37
[INFO] [stderr]     Checking byteorder v1.5.0
[INFO] [stderr]    Compiling paste v1.0.15
[INFO] [stderr]     Checking ttf-parser v0.20.0
[INFO] [stderr]    Compiling num-conv v0.1.0
[INFO] [stderr]     Checking powerfmt v0.2.0
[INFO] [stderr]    Compiling time-core v0.1.2
[INFO] [stderr]    Compiling thiserror v1.0.63
[INFO] [stderr]     Checking adler v1.0.2
[INFO] [stderr]    Compiling rustversion v1.0.17
[INFO] [stderr]     Checking percent-encoding v2.3.1
[INFO] [stderr]    Compiling time-macros v0.2.18
[INFO] [stderr]     Checking parking_lot v0.12.3
[INFO] [stderr]    Compiling syn v2.0.76
[INFO] [stderr]     Checking fontconfig-parser v0.5.7
[INFO] [stderr]     Checking form_urlencoded v1.2.1
[INFO] [stderr]     Checking deranged v0.3.11
[INFO] [stderr]     Checking miniz_oxide v0.7.4
[INFO] [stderr]     Checking usvg-tree v0.38.0
[INFO] [stderr]     Checking idna v0.5.0
[INFO] [stderr]     Checking memmap2 v0.9.4
[INFO] [stderr]     Checking fdeflate v0.3.4
[INFO] [stderr]     Checking unicode-bidi-mirroring v0.1.0
[INFO] [stderr]     Checking spin v0.9.8
[INFO] [stderr]     Checking unicode-properties v0.1.2
[INFO] [stderr]     Checking color_quant v1.1.0
[INFO] [stderr]     Checking unicode-ccc v0.1.2
[INFO] [stderr]     Checking weezl v0.1.8
[INFO] [stderr]     Checking data-url v0.3.1
[INFO] [stderr]     Checking unicode-vo v0.1.0
[INFO] [stderr]     Checking base64 v0.22.1
[INFO] [stderr]     Checking bit-vec v0.6.3
[INFO] [stderr]    Compiling rand_core v0.6.4
[INFO] [stderr]     Checking roxmltree v0.19.0
[INFO] [stderr]     Checking unscanny v0.1.0
[INFO] [stderr]     Checking png v0.17.13
[INFO] [stderr]     Checking imagesize v0.12.0
[INFO] [stderr]    Compiling psm v0.1.21
[INFO] [stderr]     Checking bit-set v0.5.3
[INFO] [stderr]    Compiling rand v0.8.5
[INFO] [stderr]    Compiling phf_shared v0.11.2
[INFO] [stderr]    Compiling ring v0.17.8
[INFO] [stderr]     Checking crossbeam-epoch v0.9.18
[INFO] [stderr]    Compiling slab v0.4.9
[INFO] [stderr]     Checking quick-xml v0.32.0
[INFO] [stderr]     Checking half v2.4.1
[INFO] [stderr]    Compiling rayon-core v1.12.1
[INFO] [stderr]     Checking icu_locid_transform_data v1.5.0
[INFO] [stderr]     Checking ciborium-io v0.2.2
[INFO] [stderr]     Checking futures-sink v0.3.30
[INFO] [stderr]     Checking xmlwriter v0.1.0
[INFO] [stderr]     Checking regex-automata v0.4.7
[INFO] [stderr]     Checking linked-hash-map v0.5.6
[INFO] [stderr]     Checking jpeg-decoder v0.3.1
[INFO] [stderr]     Checking pico-args v0.5.0
[INFO] [stderr]     Checking same-file v1.0.6
[INFO] [stderr]     Checking siphasher v1.0.1
[INFO] [stderr]     Checking unicode-segmentation v1.11.0
[INFO] [stderr]     Checking base64 v0.21.7
[INFO] [stderr]     Checking futures-core v0.3.30
[INFO] [stderr]     Checking walkdir v2.5.0
[INFO] [stderr]     Checking yaml-rust v0.4.5
[INFO] [stderr]     Checking ciborium-ll v0.2.2
[INFO] [stderr]     Checking crossbeam-deque v0.8.5
[INFO] [stderr]     Checking num-integer v0.1.46
[INFO] [stderr]     Checking gif v0.13.1
[INFO] [stderr]    Compiling stacker v0.1.16
[INFO] [stderr]     Checking tracing-core v0.1.32
[INFO] [stderr]    Compiling palette v0.7.6
[INFO] [stderr]    Compiling by_address v1.2.1
[INFO] [stderr]     Checking winnow v0.6.18
[INFO] [stderr]     Checking downcast-rs v1.2.1
[INFO] [stderr]     Checking numerals v0.1.4
[INFO] [stderr]     Checking unicode-math-class v0.1.0
[INFO] [stderr]    Compiling phf_generator v0.11.2
[INFO] [stderr]    Compiling portable-atomic v1.7.0
[INFO] [stderr]    Compiling az v1.2.1
[INFO] [stderr]     Checking fnv v1.0.7
[INFO] [stderr]     Checking unsafe-libyaml v0.2.11
[INFO] [stderr]     Checking indexmap-nostd v0.4.0
[INFO] [stderr]     Checking num-bigint v0.4.6
[INFO] [stderr]     Checking wasmi_core v0.13.0
[INFO] [stderr]     Checking image v0.24.9
[INFO] [stderr]     Checking futures-channel v0.3.30
[INFO] [stderr]     Checking time v0.3.36
[INFO] [stderr]     Checking approx v0.5.1
[INFO] [stderr]     Checking wasmparser-nostd v0.100.2
[INFO] [stderr]     Checking core_maths v0.1.0
[INFO] [stderr]     Checking getrandom v0.2.15
[INFO] [stderr]     Checking csv-core v0.1.11
[INFO] [stderr]     Checking mutate_once v0.1.1
[INFO] [stderr]     Checking futures-io v0.3.30
[INFO] [stderr]     Checking fast-srgb8 v1.0.0
[INFO] [stderr]    Compiling heck v0.4.1
[INFO] [stderr]     Checking pin-utils v0.1.0
[INFO] [stderr]     Checking bytes v1.7.1
[INFO] [stderr]     Checking chinese-variant v1.1.3
[INFO] [stderr]     Checking either v1.13.0
[INFO] [stderr]     Checking wasmi_arena v0.4.1
[INFO] [stderr]     Checking icu_properties_data v1.5.0
[INFO] [stderr]     Checking rustls-pki-types v1.8.0
[INFO] [stderr]     Checking icu_segmenter_data v1.5.0
[INFO] [stderr]     Checking futures-task v0.3.30
[INFO] [stderr]     Checking regex-syntax v0.6.29
[INFO] [stderr]     Checking utf8_iter v1.0.4
[INFO] [stderr]    Compiling rustix v0.38.34
[INFO] [stderr]     Checking untrusted v0.9.0
[INFO] [stderr]     Checking utf8parse v0.2.2
[INFO] [stderr]     Checking rayon v1.10.0
[INFO] [stderr]     Checking kamadak-exif v0.5.5
[INFO] [stderr]     Checking anstyle-parse v0.2.5
[INFO] [stderr]     Checking gif v0.12.0
[INFO] [stderr]     Checking rgb v0.8.48
[INFO] [stderr]     Checking if_chain v1.0.2
[INFO] [stderr]     Checking qcms v0.3.0
[INFO] [stderr]    Compiling rustls v0.23.12
[INFO] [stderr]     Checking matches v0.1.10
[INFO] [stderr]     Checking anstyle v1.0.8
[INFO] [stderr]     Checking hypher v0.1.5
[INFO] [stderr]     Checking is_terminal_polyfill v1.70.1
[INFO] [stderr]     Checking overload v0.1.1
[INFO] [stderr]     Checking lazy_static v1.5.0
[INFO] [stderr]     Checking typst-assets v0.11.1
[INFO] [stderr]    Compiling httparse v1.9.4
[INFO] [stderr]     Checking linux-raw-sys v0.4.14
[INFO] [stderr]     Checking colorchoice v1.0.2
[INFO] [stderr]     Checking anstyle-query v1.1.1
[INFO] [stderr]     Checking typed-arena v2.0.2
[INFO] [stderr]     Checking sharded-slab v0.1.7
[INFO] [stderr]     Checking nu-ansi-term v0.46.0
[INFO] [stderr]     Checking anstream v0.6.15
[INFO] [stderr]     Checking idna v0.1.5
[INFO] [stderr]     Checking pdf-writer v0.9.3
[INFO] [stderr]     Checking thread_local v1.1.8
[INFO] [stderr]     Checking strsim v0.11.1
[INFO] [stderr]     Checking percent-encoding v1.0.1
[INFO] [stderr]     Checking clap_lex v0.7.2
[INFO] [stderr]     Checking zeroize v1.8.1
[INFO] [stderr]     Checking option-ext v0.2.0
[INFO] [stderr]     Checking tower-service v0.3.3
[INFO] [stderr]     Checking subtle v2.6.1
[INFO] [stderr]     Checking tower-layer v0.3.3
[INFO] [stderr]     Checking dirs-sys v0.4.1
[INFO] [stderr]     Checking webpki-roots v0.26.3
[INFO] [stderr]     Checking clap_builder v4.5.15
[INFO] [stderr]     Checking dashmap v5.5.3
[INFO] [stderr]     Checking crossbeam-channel v0.5.13
[INFO] [stderr]     Checking regex v1.10.6
[INFO] [stderr]     Checking filetime v0.2.24
[INFO] [stderr]     Checking url v1.7.2
[INFO] [stderr]     Checking memmap2 v0.8.0
[INFO] [stderr]     Checking xmp-writer v0.2.0
[INFO] [stderr]     Checking subsetter v0.1.1
[INFO] [stderr]     Checking ttf-parser v0.19.2
[INFO] [stderr]     Checking dirs v5.0.1
[INFO] [stderr]     Checking fancy-regex v0.11.0
[INFO] [stderr]     Checking regex-automata v0.1.10
[INFO] [stderr]     Checking matchers v0.1.0
[INFO] [stderr]     Checking rustls-webpki v0.102.6
[INFO] [stderr]    Compiling synstructure v0.13.1
[INFO] [stderr]    Compiling serde_derive v1.0.209
[INFO] [stderr]    Compiling zerovec-derive v0.10.3
[INFO] [stderr]    Compiling displaydoc v0.2.5
[INFO] [stderr]    Compiling icu_provider_macros v1.5.0
[INFO] [stderr]    Compiling thiserror-impl v1.0.63
[INFO] [stderr]    Compiling zerocopy-derive v0.7.35
[INFO] [stderr]    Compiling strum_macros v0.26.4
[INFO] [stderr]    Compiling comemo-macros v0.4.0
[INFO] [stderr]    Compiling enum-ordinalize-derive v4.3.1
[INFO] [stderr]    Compiling tokio-macros v2.4.0
[INFO] [stderr]    Compiling phf_macros v0.11.2
[INFO] [stderr]    Compiling futures-macro v0.3.30
[INFO] [stderr]    Compiling palette_derive v0.7.6
[INFO] [stderr]    Compiling zerofrom-derive v0.1.4
[INFO] [stderr] rustc-LLVM ERROR: IO failure on output stream: No space left on device
[INFO] [stderr] error: could not compile `icu_provider_macros` (lib)
[INFO] [stderr] 
[INFO] [stderr] Caused by:
[INFO] [stderr]   No space left on device (os error 28)
[INFO] [stderr] 
[INFO] [stderr] Caused by:
[INFO] [stderr]   failed to parse process output: `/opt/rustwide/rustup-home/toolchains/1.85.0-x86_64-unknown-linux-gnu/bin/rustc --crate-name icu_provider_macros --edition=2021 /opt/rustwide/cargo-home/registry/src/index.crates.io-1949cf8c6b5b557f/icu_provider_macros-1.5.0/src/lib.rs --error-format=json --json=diagnostic-rendered-ansi,artifacts,future-incompat --crate-type proc-macro --emit=dep-info,link -C prefer-dynamic -C embed-bitcode=no --check-cfg 'cfg(docsrs,test)' --check-cfg 'cfg(feature, values())' -C metadata=5e461a2d0161c6fd -C extra-filename=-f6eb16a09751afd4 --out-dir /opt/rustwide/target/debug/deps -L dependency=/opt/rustwide/target/debug/deps --extern proc_macro2=/opt/rustwide/target/debug/deps/libproc_macro2-417a1af19fd78c30.rlib --extern quote=/opt/rustwide/target/debug/deps/libquote-8fa5674acc521b11.rlib --extern syn=/opt/rustwide/target/debug/deps/libsyn-b2e8cf567a90fb1d.rlib --extern proc_macro --cap-lints allow --cap-lints=warn` (exit status: 101)
[INFO] [stderr] warning: build failed, waiting for other jobs to finish...
[INFO] [stderr] rustc-LLVM ERROR: IO failure on output stream: No space left on device
[INFO] [stderr] rustc-LLVM ERROR: IO failure on output stream: No space left on device
[INFO] [stdout] error: error writing metadata object file: No space left on device (os error 28)
[INFO] [stdout] 
[INFO] [stdout] 
[INFO] [stderr] error: could not compile `enum-ordinalize-derive` (lib)
[INFO] [stderr] 
[INFO] [stderr] Caused by:
[INFO] [stderr]   No space left on device (os error 28)
[INFO] [stderr] 
[INFO] [stderr] Caused by:
[INFO] [stderr]   failed to parse process output: `/opt/rustwide/rustup-home/toolchains/1.85.0-x86_64-unknown-linux-gnu/bin/rustc --crate-name enum_ordinalize_derive --edition=2021 /opt/rustwide/cargo-home/registry/src/index.crates.io-1949cf8c6b5b557f/enum-ordinalize-derive-4.3.1/src/lib.rs --error-format=json --json=diagnostic-rendered-ansi,artifacts,future-incompat --crate-type proc-macro --emit=dep-info,link -C prefer-dynamic -C embed-bitcode=no --cfg 'feature="traits"' --check-cfg 'cfg(docsrs,test)' --check-cfg 'cfg(feature, values("default", "traits"))' -C metadata=6fcd8011d8be312a -C extra-filename=-0a5c61e257380463 --out-dir /opt/rustwide/target/debug/deps -L dependency=/opt/rustwide/target/debug/deps --extern proc_macro2=/opt/rustwide/target/debug/deps/libproc_macro2-417a1af19fd78c30.rlib --extern quote=/opt/rustwide/target/debug/deps/libquote-8fa5674acc521b11.rlib --extern syn=/opt/rustwide/target/debug/deps/libsyn-b2e8cf567a90fb1d.rlib --extern proc_macro --cap-lints allow --cap-lints=warn` (exit status: 101)
[INFO] [stderr] error: could not compile `phf_macros` (lib)
[INFO] [stderr] 
[INFO] [stderr] Caused by:
[INFO] [stderr]   No space left on device (os error 28)
[INFO] [stderr] 
[INFO] [stderr] Caused by:
[INFO] [stderr]   failed to parse process output: `/opt/rustwide/rustup-home/toolchains/1.85.0-x86_64-unknown-linux-gnu/bin/rustc --crate-name phf_macros --edition=2021 /opt/rustwide/cargo-home/registry/src/index.crates.io-1949cf8c6b5b557f/phf_macros-0.11.2/src/lib.rs --error-format=json --json=diagnostic-rendered-ansi,artifacts,future-incompat --crate-type proc-macro --emit=dep-info,link -C prefer-dynamic -C embed-bitcode=no --check-cfg 'cfg(docsrs,test)' --check-cfg 'cfg(feature, values("unicase", "unicase_"))' -C metadata=7b18a4cfd1f712c8 -C extra-filename=-3e9fef1e020be8ed --out-dir /opt/rustwide/target/debug/deps -L dependency=/opt/rustwide/target/debug/deps --extern phf_generator=/opt/rustwide/target/debug/deps/libphf_generator-cfc60245a6226c4c.rlib --extern phf_shared=/opt/rustwide/target/debug/deps/libphf_shared-611f3678ef4a921c.rlib --extern proc_macro2=/opt/rustwide/target/debug/deps/libproc_macro2-417a1af19fd78c30.rlib --extern quote=/opt/rustwide/target/debug/deps/libquote-8fa5674acc521b11.rlib --extern syn=/opt/rustwide/target/debug/deps/libsyn-b2e8cf567a90fb1d.rlib --extern proc_macro --cap-lints allow --cap-lints=warn` (exit status: 101)
[INFO] [stderr] rustc-LLVM ERROR: IO failure on output stream: No space left on device
[INFO] [stderr] rustc-LLVM ERROR: IO failure on output stream: No space left on device
[INFO] [stderr] error: could not compile `futures-macro` (lib) due to 1 previous error
[INFO] [stdout] error: couldn't create a temp dir: No space left on device (os error 28) at path "/opt/rustwide/target/debug/deps/rmetaIBWnlH"
[INFO] [stdout] 
[INFO] [stdout] 
[INFO] [stderr] error: could not compile `displaydoc` (lib)
[INFO] [stderr] 
[INFO] [stderr] Caused by:
[INFO] [stderr]   No space left on device (os error 28)
[INFO] [stderr] 
[INFO] [stderr] Caused by:
[INFO] [stderr]   failed to parse process output: `/opt/rustwide/rustup-home/toolchains/1.85.0-x86_64-unknown-linux-gnu/bin/rustc --crate-name displaydoc --edition=2021 /opt/rustwide/cargo-home/registry/src/index.crates.io-1949cf8c6b5b557f/displaydoc-0.2.5/src/lib.rs --error-format=json --json=diagnostic-rendered-ansi,artifacts,future-incompat --crate-type proc-macro --emit=dep-info,link -C prefer-dynamic -C embed-bitcode=no --check-cfg 'cfg(docsrs,test)' --check-cfg 'cfg(feature, values("default", "std"))' -C metadata=e1cdd3973b03418e -C extra-filename=-87dfad7a988a47f3 --out-dir /opt/rustwide/target/debug/deps -L dependency=/opt/rustwide/target/debug/deps --extern proc_macro2=/opt/rustwide/target/debug/deps/libproc_macro2-417a1af19fd78c30.rlib --extern quote=/opt/rustwide/target/debug/deps/libquote-8fa5674acc521b11.rlib --extern syn=/opt/rustwide/target/debug/deps/libsyn-b2e8cf567a90fb1d.rlib --extern proc_macro --cap-lints allow --cap-lints=warn` (exit status: 101)
[INFO] [stderr] error: could not compile `zerofrom-derive` (lib)
[INFO] [stderr] 
[INFO] [stderr] Caused by:
[INFO] [stderr]   process didn't exit successfully: `/opt/rustwide/rustup-home/toolchains/1.85.0-x86_64-unknown-linux-gnu/bin/rustc --crate-name zerofrom_derive --edition=2021 /opt/rustwide/cargo-home/registry/src/index.crates.io-1949cf8c6b5b557f/zerofrom-derive-0.1.4/src/lib.rs --error-format=json --json=diagnostic-rendered-ansi,artifacts,future-incompat --crate-type proc-macro --emit=dep-info,link -C prefer-dynamic -C embed-bitcode=no --check-cfg 'cfg(docsrs,test)' --check-cfg 'cfg(feature, values())' -C metadata=84230a9b8c6b3da7 -C extra-filename=-42c47aabf25dff9e --out-dir /opt/rustwide/target/debug/deps -L dependency=/opt/rustwide/target/debug/deps --extern proc_macro2=/opt/rustwide/target/debug/deps/libproc_macro2-417a1af19fd78c30.rlib --extern quote=/opt/rustwide/target/debug/deps/libquote-8fa5674acc521b11.rlib --extern syn=/opt/rustwide/target/debug/deps/libsyn-b2e8cf567a90fb1d.rlib --extern synstructure=/opt/rustwide/target/debug/deps/libsynstructure-32d7cdde88bfbea5.rlib --extern proc_macro --cap-lints allow --cap-lints=warn` (exit status: 101)
[INFO] [stderr] error: could not compile `tokio-macros` (lib) due to 1 previous error
[INFO] [stderr] rustc-LLVM ERROR: IO failure on output stream: No space left on device
[INFO] [stderr] rustc-LLVM ERROR: IO failure on output stream: No space left on device
[INFO] [stdout] error: couldn't create a temp dir: No space left on device (os error 28) at path "/opt/rustwide/target/debug/deps/rmetaWUgzst"
[INFO] [stdout] 
[INFO] [stdout] 
[INFO] [stderr] error: could not compile `palette_derive` (lib)
[INFO] [stderr] 
[INFO] [stderr] Caused by:
[INFO] [stderr]   No space left on device (os error 28)
[INFO] [stderr] 
[INFO] [stderr] Caused by:
[INFO] [stderr]   failed to parse process output: `/opt/rustwide/rustup-home/toolchains/1.85.0-x86_64-unknown-linux-gnu/bin/rustc --crate-name palette_derive --edition=2018 /opt/rustwide/cargo-home/registry/src/index.crates.io-1949cf8c6b5b557f/palette_derive-0.7.6/src/lib.rs --error-format=json --json=diagnostic-rendered-ansi,artifacts,future-incompat --crate-type proc-macro --emit=dep-info,link -C prefer-dynamic -C embed-bitcode=no --check-cfg 'cfg(docsrs,test)' --check-cfg 'cfg(feature, values("find-crate"))' -C metadata=8f1fc3688ee84735 -C extra-filename=-8234c4b62933444c --out-dir /opt/rustwide/target/debug/deps -L dependency=/opt/rustwide/target/debug/deps --extern by_address=/opt/rustwide/target/debug/deps/libby_address-599737b03bee4fb6.rlib --extern proc_macro2=/opt/rustwide/target/debug/deps/libproc_macro2-417a1af19fd78c30.rlib --extern quote=/opt/rustwide/target/debug/deps/libquote-8fa5674acc521b11.rlib --extern syn=/opt/rustwide/target/debug/deps/libsyn-b2e8cf567a90fb1d.rlib --extern proc_macro --cap-lints allow --cap-lints=warn` (exit status: 101)
[INFO] [stderr] error: could not compile `zerocopy-derive` (lib)
[INFO] [stderr] 
[INFO] [stderr] Caused by:
[INFO] [stderr]   No space left on device (os error 28)
[INFO] [stderr] 
[INFO] [stderr] Caused by:
[INFO] [stderr]   failed to parse process output: `/opt/rustwide/rustup-home/toolchains/1.85.0-x86_64-unknown-linux-gnu/bin/rustc --crate-name zerocopy_derive --edition=2018 /opt/rustwide/cargo-home/registry/src/index.crates.io-1949cf8c6b5b557f/zerocopy-derive-0.7.35/src/lib.rs --error-format=json --json=diagnostic-rendered-ansi,artifacts,future-incompat --crate-type proc-macro --emit=dep-info,link -C prefer-dynamic -C embed-bitcode=no --check-cfg 'cfg(docsrs,test)' --check-cfg 'cfg(feature, values())' -C metadata=96c993c2fb03b15a -C extra-filename=-894ab5b0baf9164d --out-dir /opt/rustwide/target/debug/deps -L dependency=/opt/rustwide/target/debug/deps --extern proc_macro2=/opt/rustwide/target/debug/deps/libproc_macro2-417a1af19fd78c30.rlib --extern quote=/opt/rustwide/target/debug/deps/libquote-8fa5674acc521b11.rlib --extern syn=/opt/rustwide/target/debug/deps/libsyn-b2e8cf567a90fb1d.rlib --extern proc_macro --cap-lints allow --cap-lints=warn` (exit status: 101)
[INFO] [stderr] error: could not compile `zerovec-derive` (lib) due to 1 previous error
[INFO] [stdout] error: error writing metadata object file: No space left on device (os error 28)
[INFO] [stdout] 
[INFO] [stdout] 
[INFO] [stderr] error: could not compile `thiserror-impl` (lib) due to 1 previous error
[INFO] [stdout] error: failed to write to `/opt/rustwide/target/debug/deps/rmetaSk9X2w/lib.rmeta`: No space left on device (os error 28)
[INFO] [stdout] 
[INFO] [stdout] 
[INFO] [stderr] error: could not compile `wasmparser-nostd` (lib) due to 1 previous error
[INFO] [stderr] rustc-LLVM ERROR: IO failure on output stream: No space left on device
[INFO] [stderr] error: could not compile `serde_derive` (lib)
[INFO] [stderr] 
[INFO] [stderr] Caused by:
[INFO] [stderr]   No space left on device (os error 28)
[INFO] [stderr] 
[INFO] [stderr] Caused by:
[INFO] [stderr]   failed to parse process output: `/opt/rustwide/rustup-home/toolchains/1.85.0-x86_64-unknown-linux-gnu/bin/rustc --crate-name serde_derive --edition=2015 /opt/rustwide/cargo-home/registry/src/index.crates.io-1949cf8c6b5b557f/serde_derive-1.0.209/src/lib.rs --error-format=json --json=diagnostic-rendered-ansi,artifacts,future-incompat --crate-type proc-macro --emit=dep-info,link -C prefer-dynamic -C embed-bitcode=no --cfg 'feature="default"' --check-cfg 'cfg(docsrs,test)' --check-cfg 'cfg(feature, values("default", "deserialize_in_place"))' -C metadata=48cc228a59839824 -C extra-filename=-bb2486c416f51712 --out-dir /opt/rustwide/target/debug/deps -L dependency=/opt/rustwide/target/debug/deps --extern proc_macro2=/opt/rustwide/target/debug/deps/libproc_macro2-417a1af19fd78c30.rlib --extern quote=/opt/rustwide/target/debug/deps/libquote-8fa5674acc521b11.rlib --extern syn=/opt/rustwide/target/debug/deps/libsyn-b2e8cf567a90fb1d.rlib --extern proc_macro --cap-lints allow --cap-lints=warn` (exit status: 101)
[INFO] [stdout] error: linking with `cc` failed: exit status: 1
[INFO] [stdout]   |
[INFO] [stdout]   = note: LC_ALL="C" PATH="/opt/rustwide/rustup-home/toolchains/1.85.0-x86_64-unknown-linux-gnu/lib/rustlib/x86_64-unknown-linux-gnu/bin:/opt/rustwide/cargo-home/bin:/usr/local/sbin:/usr/local/bin:/usr/sbin:/usr/bin:/sbin:/bin" VSLANG="1033" "cc" "-Wl,--version-script=/tmp/rustcTBY34C/list" "-Wl,--no-undefined-version" "-m64" "/tmp/rustcTBY34C/symbols.o" "<16 object files omitted>" "/opt/rustwide/target/debug/deps/strum_macros-105d44dc09fc2f50.9n0wuk2sf5bq9xlogkl9lof7n.rcgu.rmeta" "<1 object files omitted>" "-Wl,--as-needed" "-Wl,-Bstatic" "/opt/rustwide/target/debug/deps/{libsyn-b2e8cf567a90fb1d.rlib,libquote-8fa5674acc521b11.rlib,libproc_macro2-417a1af19fd78c30.rlib,libunicode_ident-ef3bfab9a6597483.rlib,libheck-164079153d95e810.rlib}" "/opt/rustwide/rustup-home/toolchains/1.85.0-x86_64-unknown-linux-gnu/lib/rustlib/x86_64-unknown-linux-gnu/lib/{libproc_macro-57e423f2e16d22f0.rlib,libstd-6273572f18644c87.rlib,libpanic_unwind-267e668abf74a283.rlib,libobject-ec6154ccae37a33e.rlib,libmemchr-500edd5521c440d4.rlib,libaddr2line-86d8d9428792e8ef.rlib,libgimli-10f06487503767c2.rlib,librustc_demangle-6a38424de1e5bca5.rlib,libstd_detect-de9763ea1c19dca3.rlib,libhashbrown-a7f5bb2f736d3c49.rlib,librustc_std_workspace_alloc-7e368919bdc4a44c.rlib,libminiz_oxide-376454d49910c786.rlib,libadler-fa99f5692b5dce85.rlib,libunwind-91cafdaf16f7fe40.rlib,libcfg_if-f7ee3f1ea78d9dae.rlib,liblibc-d3a35665f881365a.rlib,liballoc-715bc629a88bca60.rlib,librustc_std_workspace_core-ae70165d1278cff7.rlib,libcore-406129d0e3fbc101.rlib,libcompiler_builtins-1af05515ab19524a.rlib}" "-Wl,-Bdynamic" "-lgcc_s" "-lutil" "-lrt" "-lpthread" "-lm" "-ldl" "-lc" "-Wl,--eh-frame-hdr" "-Wl,-z,noexecstack" "-L" "/opt/rustwide/rustup-home/toolchains/1.85.0-x86_64-unknown-linux-gnu/lib/rustlib/x86_64-unknown-linux-gnu/lib" "-o" "/opt/rustwide/target/debug/deps/libstrum_macros-105d44dc09fc2f50.so" "-Wl,--gc-sections" "-shared" "-Wl,-z,relro,-z,now" "-nodefaultlibs"
[INFO] [stdout]   = note: some arguments are omitted. use `--verbose` to show all linker arguments
[INFO] [stdout]   = note: /usr/bin/ld: final link failed: No space left on device
[INFO] [stdout]           collect2: error: ld returned 1 exit status
[INFO] [stdout]           
[INFO] [stdout] 
[INFO] [stdout] 
[INFO] [stderr] error: could not compile `strum_macros` (lib) due to 1 previous error
[INFO] running `Command { std: "docker" "inspect" "f8be5e6d436a12828e81cddb02071e2aaeec54d6a1ce95abcde018496608f6da", kill_on_drop: false }`
[INFO] running `Command { std: "docker" "rm" "-f" "f8be5e6d436a12828e81cddb02071e2aaeec54d6a1ce95abcde018496608f6da", kill_on_drop: false }`
[INFO] [stdout] f8be5e6d436a12828e81cddb02071e2aaeec54d6a1ce95abcde018496608f6da
