[INFO] cloning repository https://github.com/d-mckee/sonora-rs
[INFO] running `Command { std: "git" "-c" "credential.helper=" "-c" "credential.helper=/workspace/cargo-home/bin/git-credential-null" "clone" "--bare" "https://github.com/d-mckee/sonora-rs" "/workspace/cache/git-repos/https%3A%2F%2Fgithub.com%2Fd-mckee%2Fsonora-rs", kill_on_drop: false }`
[INFO] [stderr] Cloning into bare repository '/workspace/cache/git-repos/https%3A%2F%2Fgithub.com%2Fd-mckee%2Fsonora-rs'...
[INFO] running `Command { std: "git" "rev-parse" "HEAD", kill_on_drop: false }`
[INFO] [stdout] dbb7b32aca9fb0848d9b5b549db08b98b571f0bf
[INFO] documenting d-mckee/sonora-rs against 1.85.0 for beta-1.86-rustdoc-1
[INFO] running `Command { std: "git" "clone" "/workspace/cache/git-repos/https%3A%2F%2Fgithub.com%2Fd-mckee%2Fsonora-rs" "/workspace/builds/worker-7-tc1/source", kill_on_drop: false }`
[INFO] [stderr] Cloning into '/workspace/builds/worker-7-tc1/source'...
[INFO] [stderr] done.
[INFO] validating manifest of git repo https://github.com/d-mckee/sonora-rs on toolchain 1.85.0
[INFO] running `Command { std: CARGO_HOME="/workspace/cargo-home" RUSTUP_HOME="/workspace/rustup-home" "/workspace/cargo-home/bin/cargo" "+1.85.0" "metadata" "--manifest-path" "Cargo.toml" "--no-deps", kill_on_drop: false }`
[INFO] started tweaking git repo https://github.com/d-mckee/sonora-rs
[INFO] finished tweaking git repo https://github.com/d-mckee/sonora-rs
[INFO] tweaked toml for git repo https://github.com/d-mckee/sonora-rs written to /workspace/builds/worker-7-tc1/source/Cargo.toml
[INFO] crate git repo https://github.com/d-mckee/sonora-rs already has a lockfile, it will not be regenerated
[INFO] running `Command { std: CARGO_HOME="/workspace/cargo-home" RUSTUP_HOME="/workspace/rustup-home" "/workspace/cargo-home/bin/cargo" "+1.85.0" "fetch" "--manifest-path" "Cargo.toml", kill_on_drop: false }`
[INFO] [stderr]  Downloading crates ...
[INFO] [stderr]   Downloaded typemap_rev v0.1.4
[INFO] [stderr]   Downloaded async-tungstenite v0.9.3
[INFO] [stderr]   Downloaded serenity v0.9.4
[INFO] [stderr]   Downloaded command_attr v0.3.2
[INFO] running `Command { std: "docker" "create" "-v" "/var/lib/crater-agent-workspace/builds/worker-7-tc1/target:/opt/rustwide/target:rw,Z" "-v" "/var/lib/crater-agent-workspace/builds/worker-7-tc1/source:/opt/rustwide/workdir:ro,Z" "-v" "/var/lib/crater-agent-workspace/cargo-home:/opt/rustwide/cargo-home:ro,Z" "-v" "/var/lib/crater-agent-workspace/rustup-home:/opt/rustwide/rustup-home:ro,Z" "-e" "SOURCE_DIR=/opt/rustwide/workdir" "-e" "CARGO_TARGET_DIR=/opt/rustwide/target" "-e" "CARGO_HOME=/opt/rustwide/cargo-home" "-e" "RUSTUP_HOME=/opt/rustwide/rustup-home" "-w" "/opt/rustwide/workdir" "-m" "1610612736" "--user" "0:0" "--network" "none" "ghcr.io/rust-lang/crates-build-env/linux@sha256:3959728d45483eb673ba100a951a6b9f5012970368db2a9e08e0ac9b67c8a5ad" "/opt/rustwide/cargo-home/bin/cargo" "+1.85.0" "metadata" "--no-deps" "--format-version=1", kill_on_drop: false }`
[INFO] [stdout] 980ecb58dac5644f73f403cd269e4bc609bd78a300d0035b2a5f25a511966cf3
[INFO] running `Command { std: "docker" "start" "-a" "980ecb58dac5644f73f403cd269e4bc609bd78a300d0035b2a5f25a511966cf3", kill_on_drop: false }`
[INFO] running `Command { std: "docker" "inspect" "980ecb58dac5644f73f403cd269e4bc609bd78a300d0035b2a5f25a511966cf3", kill_on_drop: false }`
[INFO] running `Command { std: "docker" "rm" "-f" "980ecb58dac5644f73f403cd269e4bc609bd78a300d0035b2a5f25a511966cf3", kill_on_drop: false }`
[INFO] [stdout] 980ecb58dac5644f73f403cd269e4bc609bd78a300d0035b2a5f25a511966cf3
[INFO] running `Command { std: "docker" "create" "-v" "/var/lib/crater-agent-workspace/builds/worker-7-tc1/target:/opt/rustwide/target:rw,Z" "-v" "/var/lib/crater-agent-workspace/builds/worker-7-tc1/source:/opt/rustwide/workdir:ro,Z" "-v" "/var/lib/crater-agent-workspace/cargo-home:/opt/rustwide/cargo-home:ro,Z" "-v" "/var/lib/crater-agent-workspace/rustup-home:/opt/rustwide/rustup-home:ro,Z" "-e" "SOURCE_DIR=/opt/rustwide/workdir" "-e" "CARGO_TARGET_DIR=/opt/rustwide/target" "-e" "CARGO_INCREMENTAL=0" "-e" "RUST_BACKTRACE=full" "-e" "RUSTFLAGS=--cap-lints=warn" "-e" "RUSTDOCFLAGS=--cap-lints=warn" "-e" "CARGO_HOME=/opt/rustwide/cargo-home" "-e" "RUSTUP_HOME=/opt/rustwide/rustup-home" "-w" "/opt/rustwide/workdir" "-m" "1610612736" "--user" "0:0" "--network" "none" "ghcr.io/rust-lang/crates-build-env/linux@sha256:3959728d45483eb673ba100a951a6b9f5012970368db2a9e08e0ac9b67c8a5ad" "/opt/rustwide/cargo-home/bin/cargo" "+1.85.0" "doc" "--frozen" "--no-deps" "--document-private-items" "--message-format=json", kill_on_drop: false }`
[INFO] [stdout] 85a3238304c6715fff04f51318f7146175d72c68c67ab4504b49083e72cbb584
[INFO] running `Command { std: "docker" "start" "-a" "85a3238304c6715fff04f51318f7146175d72c68c67ab4504b49083e72cbb584", kill_on_drop: false }`
[INFO] [stderr]    Compiling proc-macro2 v1.0.24
[INFO] [stderr]    Compiling unicode-xid v0.2.1
[INFO] [stderr]    Compiling syn v1.0.60
[INFO] [stderr]    Compiling libc v0.2.84
[INFO] [stderr]     Checking cfg-if v1.0.0
[INFO] [stderr]    Compiling autocfg v1.0.1
[INFO] [stderr]    Compiling version_check v0.9.2
[INFO] [stderr]    Compiling log v0.4.14
[INFO] [stderr]     Checking once_cell v1.5.2
[INFO] [stderr]    Compiling memchr v2.3.4
[INFO] [stderr]     Checking slab v0.4.2
[INFO] [stderr]     Checking fnv v1.0.7
[INFO] [stderr]     Checking futures-core v0.3.12
[INFO] [stderr]     Checking lazy_static v1.4.0
[INFO] [stderr]    Compiling cc v1.0.66
[INFO] [stderr]     Checking bytes v0.5.6
[INFO] [stderr]     Checking itoa v0.4.7
[INFO] [stderr]    Compiling proc-macro-hack v0.5.19
[INFO] [stderr]     Checking cfg-if v0.1.10
[INFO] [stderr]     Checking untrusted v0.7.1
[INFO] [stderr]    Compiling proc-macro-nested v0.1.7
[INFO] [stderr]     Checking spin v0.5.2
[INFO] [stderr]     Checking futures-sink v0.3.12
[INFO] [stderr]     Checking pin-project-lite v0.2.4
[INFO] [stderr]    Compiling typenum v1.12.0
[INFO] [stderr]    Compiling pin-project-internal v0.4.27
[INFO] [stderr]     Checking matches v0.1.8
[INFO] [stderr]     Checking bytes v1.0.1
[INFO] [stderr]     Checking pin-project-lite v0.1.11
[INFO] [stderr]     Checking futures-channel v0.3.12
[INFO] [stderr]     Checking futures-task v0.3.12
[INFO] [stderr]    Compiling getrandom v0.1.16
[INFO] [stderr]    Compiling httparse v1.3.4
[INFO] [stderr]     Checking futures-io v0.3.12
[INFO] [stderr]    Compiling generic-array v0.14.4
[INFO] [stderr]    Compiling unicase v2.6.0
[INFO] [stderr]     Checking tinyvec_macros v0.1.0
[INFO] [stderr]     Checking pin-utils v0.1.0
[INFO] [stderr]     Checking http v0.2.3
[INFO] [stderr] error: could not parse/generate dep info at: /opt/rustwide/target/debug/build/proc-macro2-c1dfcc2553cc87a8/build_script_build-c1dfcc2553cc87a8.d
[INFO] [stderr] 
[INFO] [stderr] Caused by:
[INFO] [stderr]   failed to write `/opt/rustwide/target/debug/.fingerprint/proc-macro2-c1dfcc2553cc87a8/dep-build-script-build-script-build`
[INFO] [stderr] 
[INFO] [stderr] Caused by:
[INFO] [stderr]   No space left on device (os error 28)
[INFO] [stderr] warning: build failed, waiting for other jobs to finish...
[INFO] [stdout] error: linking with `cc` failed: exit status: 1
[INFO] [stdout]   |
[INFO] [stdout]   = note: LC_ALL="C" PATH="/opt/rustwide/rustup-home/toolchains/1.85.0-x86_64-unknown-linux-gnu/lib/rustlib/x86_64-unknown-linux-gnu/bin:/opt/rustwide/cargo-home/bin:/usr/local/sbin:/usr/local/bin:/usr/sbin:/usr/bin:/sbin:/bin" VSLANG="1033" "cc" "-m64" "/tmp/rustc7rJVZd/symbols.o" "<2 object files omitted>" "-Wl,--as-needed" "-Wl,-Bstatic" "/opt/rustwide/rustup-home/toolchains/1.85.0-x86_64-unknown-linux-gnu/lib/rustlib/x86_64-unknown-linux-gnu/lib/{libstd-6273572f18644c87.rlib,libpanic_unwind-267e668abf74a283.rlib,libobject-ec6154ccae37a33e.rlib,libmemchr-500edd5521c440d4.rlib,libaddr2line-86d8d9428792e8ef.rlib,libgimli-10f06487503767c2.rlib,librustc_demangle-6a38424de1e5bca5.rlib,libstd_detect-de9763ea1c19dca3.rlib,libhashbrown-a7f5bb2f736d3c49.rlib,librustc_std_workspace_alloc-7e368919bdc4a44c.rlib,libminiz_oxide-376454d49910c786.rlib,libadler-fa99f5692b5dce85.rlib,libunwind-91cafdaf16f7fe40.rlib,libcfg_if-f7ee3f1ea78d9dae.rlib,liblibc-d3a35665f881365a.rlib,liballoc-715bc629a88bca60.rlib,librustc_std_workspace_core-ae70165d1278cff7.rlib,libcore-406129d0e3fbc101.rlib,libcompiler_builtins-1af05515ab19524a.rlib}" "-Wl,-Bdynamic" "-lgcc_s" "-lutil" "-lrt" "-lpthread" "-lm" "-ldl" "-lc" "-Wl,--eh-frame-hdr" "-Wl,-z,noexecstack" "-L" "/opt/rustwide/rustup-home/toolchains/1.85.0-x86_64-unknown-linux-gnu/lib/rustlib/x86_64-unknown-linux-gnu/lib" "-o" "/opt/rustwide/target/debug/build/getrandom-eb131bea2e8c1662/build_script_build-eb131bea2e8c1662" "-Wl,--gc-sections" "-pie" "-Wl,-z,relro,-z,now" "-nodefaultlibs"
[INFO] [stdout]   = note: some arguments are omitted. use `--verbose` to show all linker arguments
[INFO] [stdout]   = note: /usr/bin/ld: final link failed: No space left on device
[INFO] [stdout]           collect2: error: ld returned 1 exit status
[INFO] [stdout]           
[INFO] [stdout] 
[INFO] [stdout] 
[INFO] [stderr] error: could not compile `getrandom` (build script) due to 1 previous error
[INFO] [stdout] error: linking with `cc` failed: exit status: 1
[INFO] [stdout]   |
[INFO] [stdout]   = note: LC_ALL="C" PATH="/opt/rustwide/rustup-home/toolchains/1.85.0-x86_64-unknown-linux-gnu/lib/rustlib/x86_64-unknown-linux-gnu/bin:/opt/rustwide/cargo-home/bin:/usr/local/sbin:/usr/local/bin:/usr/sbin:/usr/bin:/sbin:/bin" VSLANG="1033" "cc" "-m64" "/tmp/rustctnmx4P/symbols.o" "<2 object files omitted>" "-Wl,--as-needed" "-Wl,-Bstatic" "/opt/rustwide/target/debug/deps/{libversion_check-aa43493634066eb7.rlib}" "/opt/rustwide/rustup-home/toolchains/1.85.0-x86_64-unknown-linux-gnu/lib/rustlib/x86_64-unknown-linux-gnu/lib/{libstd-6273572f18644c87.rlib,libpanic_unwind-267e668abf74a283.rlib,libobject-ec6154ccae37a33e.rlib,libmemchr-500edd5521c440d4.rlib,libaddr2line-86d8d9428792e8ef.rlib,libgimli-10f06487503767c2.rlib,librustc_demangle-6a38424de1e5bca5.rlib,libstd_detect-de9763ea1c19dca3.rlib,libhashbrown-a7f5bb2f736d3c49.rlib,librustc_std_workspace_alloc-7e368919bdc4a44c.rlib,libminiz_oxide-376454d49910c786.rlib,libadler-fa99f5692b5dce85.rlib,libunwind-91cafdaf16f7fe40.rlib,libcfg_if-f7ee3f1ea78d9dae.rlib,liblibc-d3a35665f881365a.rlib,liballoc-715bc629a88bca60.rlib,librustc_std_workspace_core-ae70165d1278cff7.rlib,libcore-406129d0e3fbc101.rlib,libcompiler_builtins-1af05515ab19524a.rlib}" "-Wl,-Bdynamic" "-lgcc_s" "-lutil" "-lrt" "-lpthread" "-lm" "-ldl" "-lc" "-Wl,--eh-frame-hdr" "-Wl,-z,noexecstack" "-L" "/opt/rustwide/rustup-home/toolchains/1.85.0-x86_64-unknown-linux-gnu/lib/rustlib/x86_64-unknown-linux-gnu/lib" "-o" "/opt/rustwide/target/debug/build/unicase-b563410ab5452c44/build_script_build-b563410ab5452c44" "-Wl,--gc-sections" "-pie" "-Wl,-z,relro,-z,now" "-nodefaultlibs"
[INFO] [stdout]   = note: some arguments are omitted. use `--verbose` to show all linker arguments
[INFO] [stdout]   = note: /usr/bin/ld: final link failed: No space left on device
[INFO] [stdout]           collect2: error: ld returned 1 exit status
[INFO] [stdout]           
[INFO] [stdout] 
[INFO] [stdout] 
[INFO] [stderr] error: could not compile `unicase` (build script) due to 1 previous error
[INFO] [stderr] rustc-LLVM ERROR: IO failure on output stream: No space left on device
[INFO] [stderr] error: could not compile `typenum` (build script)
[INFO] [stderr] 
[INFO] [stderr] Caused by:
[INFO] [stderr]   No space left on device (os error 28)
[INFO] [stderr] 
[INFO] [stderr] Caused by:
[INFO] [stderr]   failed to parse process output: `/opt/rustwide/rustup-home/toolchains/1.85.0-x86_64-unknown-linux-gnu/bin/rustc --crate-name build_script_main --edition=2015 /opt/rustwide/cargo-home/registry/src/index.crates.io-1949cf8c6b5b557f/typenum-1.12.0/build/main.rs --error-format=json --json=diagnostic-rendered-ansi,artifacts,future-incompat --crate-type bin --emit=dep-info,link -C embed-bitcode=no --check-cfg 'cfg(docsrs,test)' --check-cfg 'cfg(feature, values("force_unix_path_separator", "i128", "no_std", "strict"))' -C metadata=d60437bf33f0c03e -C extra-filename=-9a64acd7fce47d9e --out-dir /opt/rustwide/target/debug/build/typenum-9a64acd7fce47d9e -L dependency=/opt/rustwide/target/debug/deps --cap-lints allow --cap-lints=warn` (exit status: 101)
[INFO] [stdout] error: linking with `cc` failed: exit status: 1
[INFO] [stdout]   |
[INFO] [stdout]   = note: LC_ALL="C" PATH="/opt/rustwide/rustup-home/toolchains/1.85.0-x86_64-unknown-linux-gnu/lib/rustlib/x86_64-unknown-linux-gnu/bin:/opt/rustwide/cargo-home/bin:/usr/local/sbin:/usr/local/bin:/usr/sbin:/usr/bin:/sbin:/bin" VSLANG="1033" "cc" "-m64" "/tmp/rustcxX5tDa/symbols.o" "<4 object files omitted>" "-Wl,--as-needed" "-Wl,-Bstatic" "/opt/rustwide/rustup-home/toolchains/1.85.0-x86_64-unknown-linux-gnu/lib/rustlib/x86_64-unknown-linux-gnu/lib/{libstd-6273572f18644c87.rlib,libpanic_unwind-267e668abf74a283.rlib,libobject-ec6154ccae37a33e.rlib,libmemchr-500edd5521c440d4.rlib,libaddr2line-86d8d9428792e8ef.rlib,libgimli-10f06487503767c2.rlib,librustc_demangle-6a38424de1e5bca5.rlib,libstd_detect-de9763ea1c19dca3.rlib,libhashbrown-a7f5bb2f736d3c49.rlib,librustc_std_workspace_alloc-7e368919bdc4a44c.rlib,libminiz_oxide-376454d49910c786.rlib,libadler-fa99f5692b5dce85.rlib,libunwind-91cafdaf16f7fe40.rlib,libcfg_if-f7ee3f1ea78d9dae.rlib,liblibc-d3a35665f881365a.rlib,liballoc-715bc629a88bca60.rlib,librustc_std_workspace_core-ae70165d1278cff7.rlib,libcore-406129d0e3fbc101.rlib,libcompiler_builtins-1af05515ab19524a.rlib}" "-Wl,-Bdynamic" "-lgcc_s" "-lutil" "-lrt" "-lpthread" "-lm" "-ldl" "-lc" "-Wl,--eh-frame-hdr" "-Wl,-z,noexecstack" "-L" "/opt/rustwide/rustup-home/toolchains/1.85.0-x86_64-unknown-linux-gnu/lib/rustlib/x86_64-unknown-linux-gnu/lib" "-o" "/opt/rustwide/target/debug/build/httparse-9c7c96922f657936/build_script_build-9c7c96922f657936" "-Wl,--gc-sections" "-pie" "-Wl,-z,relro,-z,now" "-nodefaultlibs"
[INFO] [stdout]   = note: some arguments are omitted. use `--verbose` to show all linker arguments
[INFO] [stdout]   = note: /usr/bin/ld: final link failed: No space left on device
[INFO] [stdout]           collect2: error: ld returned 1 exit status
[INFO] [stdout]           
[INFO] [stdout] 
[INFO] [stdout] 
[INFO] [stderr] error: could not compile `httparse` (build script) due to 1 previous error
[INFO] [stdout] error: linking with `cc` failed: exit status: 1
[INFO] [stdout]   |
[INFO] [stdout]   = note: LC_ALL="C" PATH="/opt/rustwide/rustup-home/toolchains/1.85.0-x86_64-unknown-linux-gnu/lib/rustlib/x86_64-unknown-linux-gnu/bin:/opt/rustwide/cargo-home/bin:/usr/local/sbin:/usr/local/bin:/usr/sbin:/usr/bin:/sbin:/bin" VSLANG="1033" "cc" "-m64" "/tmp/rustcNwS6pY/symbols.o" "<2 object files omitted>" "-Wl,--as-needed" "-Wl,-Bstatic" "/opt/rustwide/target/debug/deps/{libversion_check-aa43493634066eb7.rlib}" "/opt/rustwide/rustup-home/toolchains/1.85.0-x86_64-unknown-linux-gnu/lib/rustlib/x86_64-unknown-linux-gnu/lib/{libstd-6273572f18644c87.rlib,libpanic_unwind-267e668abf74a283.rlib,libobject-ec6154ccae37a33e.rlib,libmemchr-500edd5521c440d4.rlib,libaddr2line-86d8d9428792e8ef.rlib,libgimli-10f06487503767c2.rlib,librustc_demangle-6a38424de1e5bca5.rlib,libstd_detect-de9763ea1c19dca3.rlib,libhashbrown-a7f5bb2f736d3c49.rlib,librustc_std_workspace_alloc-7e368919bdc4a44c.rlib,libminiz_oxide-376454d49910c786.rlib,libadler-fa99f5692b5dce85.rlib,libunwind-91cafdaf16f7fe40.rlib,libcfg_if-f7ee3f1ea78d9dae.rlib,liblibc-d3a35665f881365a.rlib,liballoc-715bc629a88bca60.rlib,librustc_std_workspace_core-ae70165d1278cff7.rlib,libcore-406129d0e3fbc101.rlib,libcompiler_builtins-1af05515ab19524a.rlib}" "-Wl,-Bdynamic" "-lgcc_s" "-lutil" "-lrt" "-lpthread" "-lm" "-ldl" "-lc" "-Wl,--eh-frame-hdr" "-Wl,-z,noexecstack" "-L" "/opt/rustwide/rustup-home/toolchains/1.85.0-x86_64-unknown-linux-gnu/lib/rustlib/x86_64-unknown-linux-gnu/lib" "-o" "/opt/rustwide/target/debug/build/generic-array-a1c1e105a34e5842/build_script_build-a1c1e105a34e5842" "-Wl,--gc-sections" "-pie" "-Wl,-z,relro,-z,now" "-nodefaultlibs"
[INFO] [stdout]   = note: some arguments are omitted. use `--verbose` to show all linker arguments
[INFO] [stdout]   = note: /usr/bin/ld: final link failed: No space left on device
[INFO] [stdout]           collect2: error: ld returned 1 exit status
[INFO] [stdout]           
[INFO] [stdout] 
[INFO] [stdout] 
[INFO] [stderr] error: could not compile `generic-array` (build script) due to 1 previous error
[INFO] [stdout] error: failed to write to `/opt/rustwide/target/debug/deps/rmetaO5GpKY/lib.rmeta`: No space left on device (os error 28)
[INFO] [stdout] 
[INFO] [stdout] 
[INFO] [stdout] error: failed to write to `/opt/rustwide/target/debug/deps/rmetasJPA7o/lib.rmeta`: No space left on device (os error 28)
[INFO] [stdout] 
[INFO] [stdout] 
[INFO] [stderr] error: could not compile `cc` (lib) due to 1 previous error
[INFO] [stderr] error: could not compile `memchr` (lib) due to 1 previous error
[INFO] [stdout] error: couldn't create a temp dir: No space left on device (os error 28) at path "/opt/rustwide/target/debug/deps/rmetaBqbBpg"
[INFO] [stdout] 
[INFO] [stdout] 
[INFO] [stderr] error: could not compile `libc` (lib) due to 1 previous error
[INFO] [stdout] error: failed to write to `/opt/rustwide/target/debug/deps/rmetaUI0KiX/lib.rmeta`: No space left on device (os error 28)
[INFO] [stdout] 
[INFO] [stdout] 
[INFO] [stderr] error: could not compile `http` (lib) due to 1 previous error
[INFO] running `Command { std: "docker" "inspect" "85a3238304c6715fff04f51318f7146175d72c68c67ab4504b49083e72cbb584", kill_on_drop: false }`
[INFO] running `Command { std: "docker" "rm" "-f" "85a3238304c6715fff04f51318f7146175d72c68c67ab4504b49083e72cbb584", kill_on_drop: false }`
[INFO] [stdout] 85a3238304c6715fff04f51318f7146175d72c68c67ab4504b49083e72cbb584
