[INFO] cloning repository https://github.com/cosmobobak/aoc2021
[INFO] running `Command { std: "git" "-c" "credential.helper=" "-c" "credential.helper=/workspace/cargo-home/bin/git-credential-null" "clone" "--bare" "https://github.com/cosmobobak/aoc2021" "/workspace/cache/git-repos/https%3A%2F%2Fgithub.com%2Fcosmobobak%2Faoc2021", kill_on_drop: false }`
[INFO] [stderr] Cloning into bare repository '/workspace/cache/git-repos/https%3A%2F%2Fgithub.com%2Fcosmobobak%2Faoc2021'...
[INFO] running `Command { std: "git" "rev-parse" "HEAD", kill_on_drop: false }`
[INFO] [stdout] 17856aaae4b683cd3c7b6416c02d11e143e51e1a
[INFO] documenting cosmobobak/aoc2021 against beta-2025-02-18 for beta-1.86-rustdoc-1
[INFO] running `Command { std: "git" "clone" "/workspace/cache/git-repos/https%3A%2F%2Fgithub.com%2Fcosmobobak%2Faoc2021" "/workspace/builds/worker-2-tc2/source", kill_on_drop: false }`
[INFO] [stderr] Cloning into '/workspace/builds/worker-2-tc2/source'...
[INFO] [stderr] done.
[INFO] validating manifest of git repo https://github.com/cosmobobak/aoc2021 on toolchain beta-2025-02-18
[INFO] running `Command { std: CARGO_HOME="/workspace/cargo-home" RUSTUP_HOME="/workspace/rustup-home" "/workspace/cargo-home/bin/cargo" "+beta-2025-02-18" "metadata" "--manifest-path" "Cargo.toml" "--no-deps", kill_on_drop: false }`
[INFO] started tweaking git repo https://github.com/cosmobobak/aoc2021
[INFO] finished tweaking git repo https://github.com/cosmobobak/aoc2021
[INFO] tweaked toml for git repo https://github.com/cosmobobak/aoc2021 written to /workspace/builds/worker-2-tc2/source/Cargo.toml
[INFO] crate git repo https://github.com/cosmobobak/aoc2021 already has a lockfile, it will not be regenerated
[INFO] running `Command { std: CARGO_HOME="/workspace/cargo-home" RUSTUP_HOME="/workspace/rustup-home" "/workspace/cargo-home/bin/cargo" "+beta-2025-02-18" "fetch" "--manifest-path" "Cargo.toml", kill_on_drop: false }`
[INFO] running `Command { std: "docker" "create" "-v" "/var/lib/crater-agent-workspace/builds/worker-2-tc2/target:/opt/rustwide/target:rw,Z" "-v" "/var/lib/crater-agent-workspace/builds/worker-2-tc2/source:/opt/rustwide/workdir:ro,Z" "-v" "/var/lib/crater-agent-workspace/cargo-home:/opt/rustwide/cargo-home:ro,Z" "-v" "/var/lib/crater-agent-workspace/rustup-home:/opt/rustwide/rustup-home:ro,Z" "-e" "SOURCE_DIR=/opt/rustwide/workdir" "-e" "CARGO_TARGET_DIR=/opt/rustwide/target" "-e" "CARGO_HOME=/opt/rustwide/cargo-home" "-e" "RUSTUP_HOME=/opt/rustwide/rustup-home" "-w" "/opt/rustwide/workdir" "-m" "1610612736" "--user" "0:0" "--network" "none" "ghcr.io/rust-lang/crates-build-env/linux@sha256:3959728d45483eb673ba100a951a6b9f5012970368db2a9e08e0ac9b67c8a5ad" "/opt/rustwide/cargo-home/bin/cargo" "+beta-2025-02-18" "metadata" "--no-deps" "--format-version=1", kill_on_drop: false }`
[INFO] [stdout] 3a17ebd304ed1e573c1d7ddfe2f0dc828cb5fb5e9abd50adb26035ac822e4300
[INFO] running `Command { std: "docker" "start" "-a" "3a17ebd304ed1e573c1d7ddfe2f0dc828cb5fb5e9abd50adb26035ac822e4300", kill_on_drop: false }`
[INFO] running `Command { std: "docker" "inspect" "3a17ebd304ed1e573c1d7ddfe2f0dc828cb5fb5e9abd50adb26035ac822e4300", kill_on_drop: false }`
[INFO] running `Command { std: "docker" "rm" "-f" "3a17ebd304ed1e573c1d7ddfe2f0dc828cb5fb5e9abd50adb26035ac822e4300", kill_on_drop: false }`
[INFO] [stdout] 3a17ebd304ed1e573c1d7ddfe2f0dc828cb5fb5e9abd50adb26035ac822e4300
[INFO] running `Command { std: "docker" "create" "-v" "/var/lib/crater-agent-workspace/builds/worker-2-tc2/target:/opt/rustwide/target:rw,Z" "-v" "/var/lib/crater-agent-workspace/builds/worker-2-tc2/source:/opt/rustwide/workdir:ro,Z" "-v" "/var/lib/crater-agent-workspace/cargo-home:/opt/rustwide/cargo-home:ro,Z" "-v" "/var/lib/crater-agent-workspace/rustup-home:/opt/rustwide/rustup-home:ro,Z" "-e" "SOURCE_DIR=/opt/rustwide/workdir" "-e" "CARGO_TARGET_DIR=/opt/rustwide/target" "-e" "CARGO_INCREMENTAL=0" "-e" "RUST_BACKTRACE=full" "-e" "RUSTFLAGS=--cap-lints=warn" "-e" "RUSTDOCFLAGS=--cap-lints=warn" "-e" "CARGO_HOME=/opt/rustwide/cargo-home" "-e" "RUSTUP_HOME=/opt/rustwide/rustup-home" "-w" "/opt/rustwide/workdir" "-m" "1610612736" "--user" "0:0" "--network" "none" "ghcr.io/rust-lang/crates-build-env/linux@sha256:3959728d45483eb673ba100a951a6b9f5012970368db2a9e08e0ac9b67c8a5ad" "/opt/rustwide/cargo-home/bin/cargo" "+beta-2025-02-18" "doc" "--frozen" "--no-deps" "--document-private-items" "--message-format=json", kill_on_drop: false }`
[INFO] [stdout] 0ef9e2b3ff42c9273731cb08ef7e001c49dae7d3d332c38bc0ee9f6e62023e69
[INFO] running `Command { std: "docker" "start" "-a" "0ef9e2b3ff42c9273731cb08ef7e001c49dae7d3d332c38bc0ee9f6e62023e69", kill_on_drop: false }`
[INFO] [stderr]    Compiling autocfg v1.0.1
[INFO] [stderr]    Compiling crossbeam-utils v0.8.5
[INFO] [stderr]    Compiling libc v0.2.109
[INFO] [stderr]     Checking cfg-if v1.0.0
[INFO] [stderr]     Checking lazy_static v1.4.0
[INFO] [stderr]    Compiling crossbeam-epoch v0.9.5
[INFO] [stderr]    Compiling gmp-mpfr-sys v1.4.7
[INFO] [stderr]    Compiling rayon-core v1.9.1
[INFO] [stderr]     Checking scopeguard v1.1.0
[INFO] [stderr]    Compiling az v1.2.0
[INFO] [stderr]     Checking either v1.6.1
[INFO] [stderr]     Checking hashbrown v0.11.2
[INFO] [stderr]    Compiling rug v1.14.0
[INFO] [stderr]     Checking adqselect v0.1.3
[INFO] [stderr]     Checking partition v0.1.2
[INFO] [stderr]     Checking itertools v0.7.11
[INFO] [stderr]    Compiling memoffset v0.6.5
[INFO] [stderr]    Compiling indexmap v1.7.0
[INFO] [stderr]    Compiling priority-queue v1.2.1
[INFO] [stderr]    Compiling rayon v1.5.1
[INFO] [stderr]     Checking crossbeam-channel v0.5.1
[INFO] [stderr]     Checking num_cpus v1.13.0
[INFO] [stderr]     Checking crossbeam-deque v0.8.1
[INFO] [stderr] error: failed to run custom build command for `gmp-mpfr-sys v1.4.7`
[INFO] [stderr] note: To improve backtraces for build dependencies, set the CARGO_PROFILE_DEV_BUILD_OVERRIDE_DEBUG=true environment variable to enable debug information generation.
[INFO] [stderr] 
[INFO] [stderr] Caused by:
[INFO] [stderr]   process didn't exit successfully: `/opt/rustwide/target/debug/build/gmp-mpfr-sys-767264d25ae958d4/build-script-build` (exit status: 101)
[INFO] [stderr]   --- stdout
[INFO] [stderr]   cargo:rerun-if-env-changed=GMP_MPFR_SYS_CACHE
[INFO] [stderr]   $ mkdir -p "/opt/rustwide/target/debug/build/gmp-mpfr-sys-346bb69be8130437/out/try_extended_key_value_attributes"
[INFO] [stderr]   $ cd "/opt/rustwide/target/debug/build/gmp-mpfr-sys-346bb69be8130437/out/try_extended_key_value_attributes"
[INFO] [stderr]   $ printf '%s' "// try_ext"... > "/opt/rustwide/target/debug/build/gmp-mpfr-sys-346bb69be8130437/out/try_extended_key_value_attributes/try_extended_key_value_attributes.rs"
[INFO] [stderr]   $ cd "/opt/rustwide/target/debug/build/gmp-mpfr-sys-346bb69be8130437/out/try_extended_key_value_attributes" && "/opt/rustwide/rustup-home/toolchains/beta-2025-02-18-x86_64-unknown-linux-gnu/bin/rustc" "try_extended_key_value_attributes.rs" "--emit=dep-info,metadata" >& /dev/null
[INFO] [stderr]   cargo:rustc-cfg=extended_key_value_attributes
[INFO] [stderr]   $ rm -r "/opt/rustwide/target/debug/build/gmp-mpfr-sys-346bb69be8130437/out/try_extended_key_value_attributes"
[INFO] [stderr]   $ mkdir -p "/opt/rustwide/target/debug/build/gmp-mpfr-sys-346bb69be8130437/out/try_unsafe_in_unsafe"
[INFO] [stderr]   $ cd "/opt/rustwide/target/debug/build/gmp-mpfr-sys-346bb69be8130437/out/try_unsafe_in_unsafe"
[INFO] [stderr]   $ printf '%s' "// try_uns"... > "/opt/rustwide/target/debug/build/gmp-mpfr-sys-346bb69be8130437/out/try_unsafe_in_unsafe/try_unsafe_in_unsafe.rs"
[INFO] [stderr]   $ cd "/opt/rustwide/target/debug/build/gmp-mpfr-sys-346bb69be8130437/out/try_unsafe_in_unsafe" && "/opt/rustwide/rustup-home/toolchains/beta-2025-02-18-x86_64-unknown-linux-gnu/bin/rustc" "try_unsafe_in_unsafe.rs" "--emit=dep-info,metadata" >& /dev/null
[INFO] [stderr]   cargo:rustc-cfg=unsafe_in_unsafe
[INFO] [stderr]   $ rm -r "/opt/rustwide/target/debug/build/gmp-mpfr-sys-346bb69be8130437/out/try_unsafe_in_unsafe"
[INFO] [stderr]   $ mkdir -p "/opt/rustwide/target/debug/build/gmp-mpfr-sys-346bb69be8130437/out/lib"
[INFO] [stderr]   $ mkdir -p "/opt/rustwide/target/debug/build/gmp-mpfr-sys-346bb69be8130437/out/include"
[INFO] [stderr]   $ mkdir -p "/opt/rustwide/target/debug/build/gmp-mpfr-sys-346bb69be8130437/out/build"
[INFO] [stderr]   $ ln -s "/opt/rustwide/cargo-home/registry/src/index.crates.io-1949cf8c6b5b557f/gmp-mpfr-sys-1.4.7/gmp-6.2.1-c" "/opt/rustwide/target/debug/build/gmp-mpfr-sys-346bb69be8130437/out/build/gmp-src"
[INFO] [stderr]   $ mkdir -p "/opt/rustwide/target/debug/build/gmp-mpfr-sys-346bb69be8130437/out/build/gmp-build"
[INFO] [stderr]   $ cd "/opt/rustwide/target/debug/build/gmp-mpfr-sys-346bb69be8130437/out/build/gmp-build"
[INFO] [stderr]   $ cd "/opt/rustwide/target/debug/build/gmp-mpfr-sys-346bb69be8130437/out/build/gmp-build" && "sh" "-c" "../gmp-src/configure --enable-fat --disable-shared --with-pic"
[INFO] [stderr]   checking build system type... zen3-pc-linux-gnu
[INFO] [stderr]   checking host system type... zen3-pc-linux-gnu
[INFO] [stderr]   checking for a BSD-compatible install... /usr/bin/install -c
[INFO] [stderr]   checking whether build environment is sane... yes
[INFO] [stderr]   checking for a thread-safe mkdir -p... /usr/bin/mkdir -p
[INFO] [stderr]   checking for gawk... no
[INFO] [stderr]   checking for mawk... mawk
[INFO] [stderr]   checking whether make sets $(MAKE)... yes
[INFO] [stderr]   checking whether make supports nested variables... yes
[INFO] [stderr]   checking whether to enable maintainer-specific portions of Makefiles... no
[INFO] [stderr]   checking ABI=64
[INFO] [stderr]   checking compiler gcc -O2 -pedantic -fomit-frame-pointer -m64 ... yes
[INFO] [stderr]   checking for gcc... gcc
[INFO] [stderr]   checking whether the C compiler works... yes
[INFO] [stderr]   checking for C compiler default output file name... a.out
[INFO] [stderr]   checking for suffix of executables... 
[INFO] [stderr]   checking whether we are cross compiling... no
[INFO] [stderr]   checking for suffix of object files... o
[INFO] [stderr]   checking whether we are using the GNU C compiler... yes
[INFO] [stderr]   checking whether gcc accepts -g... yes
[INFO] [stderr]   checking for gcc option to accept ISO C89... none needed
[INFO] [stderr]   checking whether gcc understands -c and -o together... yes
[INFO] [stderr]   checking for gcc option to accept ISO C99... none needed
[INFO] [stderr]   checking how to run the C preprocessor... gcc -E
[INFO] [stderr] 
[INFO] [stderr]   --- stderr
[INFO] [stderr]   cat: write error: No space left on device
[INFO] [stderr]   cat: write error: No space left on device
[INFO] [stderr]   sed: couldn't flush stdout: No space left on device
[INFO] [stderr]   configure: error: in `/opt/rustwide/target/debug/build/gmp-mpfr-sys-346bb69be8130437/out/build/gmp-build':
[INFO] [stderr]   configure: error: C preprocessor "gcc -E" fails sanity check
[INFO] [stderr]   See `config.log' for more details
[INFO] [stderr] 
[INFO] [stderr]   thread 'main' panicked at /opt/rustwide/cargo-home/registry/src/index.crates.io-1949cf8c6b5b557f/gmp-mpfr-sys-1.4.7/build.rs:1272:13:
[INFO] [stderr]   Program failed with code 1: cd "/opt/rustwide/target/debug/build/gmp-mpfr-sys-346bb69be8130437/out/build/gmp-build" && "sh" "-c" "../gmp-src/configure --enable-fat --disable-shared --with-pic"
[INFO] [stderr]   stack backtrace:
[INFO] [stderr]      0:     0x644647c1bd10 - std::backtrace_rs::backtrace::libunwind::trace::h8ddfbb338e69e199
[INFO] [stderr]                                  at /rustc/f0cb41030579cd1a6f72bd23f38e677052d5d485/library/std/src/../../backtrace/src/backtrace/libunwind.rs:117:9
[INFO] [stderr]      1:     0x644647c1bd10 - std::backtrace_rs::backtrace::trace_unsynchronized::h4b42ed801e8ee862
[INFO] [stderr]                                  at /rustc/f0cb41030579cd1a6f72bd23f38e677052d5d485/library/std/src/../../backtrace/src/backtrace/mod.rs:66:14
[INFO] [stderr]      2:     0x644647c1bd10 - std::sys::backtrace::_print_fmt::hb90198f2c10bf707
[INFO] [stderr]                                  at /rustc/f0cb41030579cd1a6f72bd23f38e677052d5d485/library/std/src/sys/backtrace.rs:66:9
[INFO] [stderr]      3:     0x644647c1bd10 - <std::sys::backtrace::BacktraceLock::print::DisplayBacktrace as core::fmt::Display>::fmt::h0f123f0656f13ecf
[INFO] [stderr]                                  at /rustc/f0cb41030579cd1a6f72bd23f38e677052d5d485/library/std/src/sys/backtrace.rs:39:26
[INFO] [stderr]      4:     0x644647c3ebe3 - core::fmt::rt::Argument::fmt::h12e51c1529489cd8
[INFO] [stderr]                                  at /rustc/f0cb41030579cd1a6f72bd23f38e677052d5d485/library/core/src/fmt/rt.rs:177:76
[INFO] [stderr]      5:     0x644647c3ebe3 - core::fmt::write::h0abcdef7aa759353
[INFO] [stderr]                                  at /rustc/f0cb41030579cd1a6f72bd23f38e677052d5d485/library/core/src/fmt/mod.rs:1449:21
[INFO] [stderr]      6:     0x644647c19033 - std::io::Write::write_fmt::h35f2880f7855f55a
[INFO] [stderr]                                  at /rustc/f0cb41030579cd1a6f72bd23f38e677052d5d485/library/std/src/io/mod.rs:1890:15
[INFO] [stderr]      7:     0x644647c1bb62 - std::sys::backtrace::BacktraceLock::print::h759bdab738e31d9d
[INFO] [stderr]                                  at /rustc/f0cb41030579cd1a6f72bd23f38e677052d5d485/library/std/src/sys/backtrace.rs:42:9
[INFO] [stderr]      8:     0x644647c1cb3f - std::panicking::default_hook::{{closure}}::h0616f7020c8b9e0d
[INFO] [stderr]                                  at /rustc/f0cb41030579cd1a6f72bd23f38e677052d5d485/library/std/src/panicking.rs:298:22
[INFO] [stderr]      9:     0x644647c1c9aa - std::panicking::default_hook::hcb4bf3fe9044f7f6
[INFO] [stderr]                                  at /rustc/f0cb41030579cd1a6f72bd23f38e677052d5d485/library/std/src/panicking.rs:325:9
[INFO] [stderr]     10:     0x644647c1d4e2 - std::panicking::rust_panic_with_hook::h2fd8d6252462d800
[INFO] [stderr]                                  at /rustc/f0cb41030579cd1a6f72bd23f38e677052d5d485/library/std/src/panicking.rs:831:13
[INFO] [stderr]     11:     0x644647c1d28a - std::panicking::begin_panic_handler::{{closure}}::h746cf6ba43e1c73f
[INFO] [stderr]                                  at /rustc/f0cb41030579cd1a6f72bd23f38e677052d5d485/library/std/src/panicking.rs:704:13
[INFO] [stderr]     12:     0x644647c1c229 - std::sys::backtrace::__rust_end_short_backtrace::hba3f7b171935b491
[INFO] [stderr]                                  at /rustc/f0cb41030579cd1a6f72bd23f38e677052d5d485/library/std/src/sys/backtrace.rs:168:18
[INFO] [stderr]     13:     0x644647c1cf1d - rust_begin_unwind
[INFO] [stderr]                                  at /rustc/f0cb41030579cd1a6f72bd23f38e677052d5d485/library/std/src/panicking.rs:695:5
[INFO] [stderr]     14:     0x644647bcf3b0 - core::panicking::panic_fmt::h34cc4efb1683329b
[INFO] [stderr]                                  at /rustc/f0cb41030579cd1a6f72bd23f38e677052d5d485/library/core/src/panicking.rs:75:14
[INFO] [stderr]     15:     0x644647be01d7 - build_script_build::execute::h6a7128cc89c474c9
[INFO] [stderr]     16:     0x644647bdfab8 - build_script_build::configure::h70cdb1db995cc160
[INFO] [stderr]     17:     0x644647bd7de8 - build_script_build::build_gmp::h06ee971c7beeedd1
[INFO] [stderr]     18:     0x644647bd26c6 - build_script_build::compile_libs::hed9ada444d58ddef
[INFO] [stderr]     19:     0x644647bd0a83 - build_script_build::main::h5814e64d7100c72e
[INFO] [stderr]     20:     0x644647be69e3 - core::ops::function::FnOnce::call_once::hf8db05f7f51868c2
[INFO] [stderr]     21:     0x644647bf40b6 - std::sys::backtrace::__rust_begin_short_backtrace::h0fb5844f54c5ab83
[INFO] [stderr]     22:     0x644647bec849 - std::rt::lang_start::{{closure}}::h6632b9a46d6a2978
[INFO] [stderr]     23:     0x644647c157b0 - core::ops::function::impls::<impl core::ops::function::FnOnce<A> for &F>::call_once::h9601c86577723145
[INFO] [stderr]                                  at /rustc/f0cb41030579cd1a6f72bd23f38e677052d5d485/library/core/src/ops/function.rs:284:13
[INFO] [stderr]     24:     0x644647c157b0 - std::panicking::try::do_call::h8817ae430c5825c1
[INFO] [stderr]                                  at /rustc/f0cb41030579cd1a6f72bd23f38e677052d5d485/library/std/src/panicking.rs:587:40
[INFO] [stderr]     25:     0x644647c157b0 - std::panicking::try::ha6c516562438d26b
[INFO] [stderr]                                  at /rustc/f0cb41030579cd1a6f72bd23f38e677052d5d485/library/std/src/panicking.rs:550:19
[INFO] [stderr]     26:     0x644647c157b0 - std::panic::catch_unwind::hd30edb0fa8e1aa42
[INFO] [stderr]                                  at /rustc/f0cb41030579cd1a6f72bd23f38e677052d5d485/library/std/src/panic.rs:358:14
[INFO] [stderr]     27:     0x644647c157b0 - std::rt::lang_start_internal::{{closure}}::h4ce5c96c39e994a5
[INFO] [stderr]                                  at /rustc/f0cb41030579cd1a6f72bd23f38e677052d5d485/library/std/src/rt.rs:168:24
[INFO] [stderr]     28:     0x644647c157b0 - std::panicking::try::do_call::h397fda5d1714972f
[INFO] [stderr]                                  at /rustc/f0cb41030579cd1a6f72bd23f38e677052d5d485/library/std/src/panicking.rs:587:40
[INFO] [stderr]     29:     0x644647c157b0 - std::panicking::try::ha72ffffb1d107af4
[INFO] [stderr]                                  at /rustc/f0cb41030579cd1a6f72bd23f38e677052d5d485/library/std/src/panicking.rs:550:19
[INFO] [stderr]     30:     0x644647c157b0 - std::panic::catch_unwind::ha60eb34d643aa591
[INFO] [stderr]                                  at /rustc/f0cb41030579cd1a6f72bd23f38e677052d5d485/library/std/src/panic.rs:358:14
[INFO] [stderr]     31:     0x644647c157b0 - std::rt::lang_start_internal::h051d1c050856cca6
[INFO] [stderr]                                  at /rustc/f0cb41030579cd1a6f72bd23f38e677052d5d485/library/std/src/rt.rs:164:5
[INFO] [stderr]     32:     0x644647bec831 - std::rt::lang_start::hc028c3066109f7c7
[INFO] [stderr]     33:     0x644647be0d35 - main
[INFO] [stderr]     34:     0x7f7289879d90 - <unknown>
[INFO] [stderr]     35:     0x7f7289879e40 - __libc_start_main
[INFO] [stderr]     36:     0x644647bcf965 - _start
[INFO] [stderr]     37:                0x0 - <unknown>
[INFO] [stderr] warning: build failed, waiting for other jobs to finish...
[INFO] [stdout] error: failed to write to `/opt/rustwide/target/debug/deps/rmetayUPQRS/lib.rmeta`: No space left on device (os error 28)
[INFO] [stdout] 
[INFO] [stdout] 
[INFO] [stderr] error: could not compile `rayon` (lib) due to 1 previous error
[INFO] running `Command { std: "docker" "inspect" "0ef9e2b3ff42c9273731cb08ef7e001c49dae7d3d332c38bc0ee9f6e62023e69", kill_on_drop: false }`
[INFO] running `Command { std: "docker" "rm" "-f" "0ef9e2b3ff42c9273731cb08ef7e001c49dae7d3d332c38bc0ee9f6e62023e69", kill_on_drop: false }`
[INFO] [stdout] 0ef9e2b3ff42c9273731cb08ef7e001c49dae7d3d332c38bc0ee9f6e62023e69
