[INFO] cloning repository https://github.com/contentauth/c2patool
[INFO] running `Command { std: "git" "-c" "credential.helper=" "-c" "credential.helper=/workspace/cargo-home/bin/git-credential-null" "clone" "--bare" "https://github.com/contentauth/c2patool" "/workspace/cache/git-repos/https%3A%2F%2Fgithub.com%2Fcontentauth%2Fc2patool", kill_on_drop: false }`
[INFO] [stderr] Cloning into bare repository '/workspace/cache/git-repos/https%3A%2F%2Fgithub.com%2Fcontentauth%2Fc2patool'...
[INFO] [stderr] error: copy-fd: write returned: No space left on device
[INFO] [stderr] fatal: cannot copy '/usr/share/git-core/templates/hooks/pre-merge-commit.sample' to '/workspace/cache/git-repos/https%3A%2F%2Fgithub.com%2Fcontentauth%2Fc2patool/hooks/pre-merge-commit.sample': No space left on device
[WARN] Retrying crate fetch in 3 seconds (attempt 1)
[INFO] cloning repository https://github.com/contentauth/c2patool
[INFO] running `Command { std: "git" "-c" "credential.helper=" "-c" "credential.helper=/workspace/cargo-home/bin/git-credential-null" "clone" "--bare" "https://github.com/contentauth/c2patool" "/workspace/cache/git-repos/https%3A%2F%2Fgithub.com%2Fcontentauth%2Fc2patool", kill_on_drop: false }`
[INFO] [stderr] Cloning into bare repository '/workspace/cache/git-repos/https%3A%2F%2Fgithub.com%2Fcontentauth%2Fc2patool'...
[INFO] running `Command { std: "git" "rev-parse" "HEAD", kill_on_drop: false }`
[INFO] [stdout] 5061c9b7a6c3c681106107773b83aa738c17d60d
[INFO] documenting contentauth/c2patool against 1.85.0 for beta-1.86-rustdoc-1
[INFO] running `Command { std: "git" "clone" "/workspace/cache/git-repos/https%3A%2F%2Fgithub.com%2Fcontentauth%2Fc2patool" "/workspace/builds/worker-6-tc1/source", kill_on_drop: false }`
[INFO] [stderr] Cloning into '/workspace/builds/worker-6-tc1/source'...
[INFO] [stderr] done.
[INFO] validating manifest of git repo https://github.com/contentauth/c2patool on toolchain 1.85.0
[INFO] running `Command { std: CARGO_HOME="/workspace/cargo-home" RUSTUP_HOME="/workspace/rustup-home" "/workspace/cargo-home/bin/cargo" "+1.85.0" "metadata" "--manifest-path" "Cargo.toml" "--no-deps", kill_on_drop: false }`
[INFO] started tweaking git repo https://github.com/contentauth/c2patool
[INFO] finished tweaking git repo https://github.com/contentauth/c2patool
[INFO] tweaked toml for git repo https://github.com/contentauth/c2patool written to /workspace/builds/worker-6-tc1/source/Cargo.toml
[INFO] crate git repo https://github.com/contentauth/c2patool already has a lockfile, it will not be regenerated
[INFO] running `Command { std: CARGO_HOME="/workspace/cargo-home" RUSTUP_HOME="/workspace/rustup-home" "/workspace/cargo-home/bin/cargo" "+1.85.0" "fetch" "--manifest-path" "Cargo.toml", kill_on_drop: false }`
[INFO] [stderr]     Updating crates.io index
[INFO] [stderr]  Downloading crates ...
[INFO] [stderr]   Downloaded ureq v2.12.0
[INFO] [stderr]   Downloaded parsenic v0.2.1
[INFO] [stderr]   Downloaded id3 v1.14.0
[INFO] [stderr]   Downloaded atree v0.5.2
[INFO] [stderr]   Downloaded httpmock v0.7.0
[INFO] [stderr]   Downloaded async-generic v1.1.2
[INFO] [stderr]   Downloaded fast-xml v0.23.1
[INFO] [stderr]   Downloaded traitful v0.3.0
[INFO] [stderr]   Downloaded konst v0.3.14
[INFO] [stderr]   Downloaded pix v0.13.4
[INFO] [stderr]   Downloaded png_pong v0.9.3
[INFO] [stderr]   Downloaded coset v0.3.8
[INFO] [stderr]   Downloaded jfifdump v0.5.1
[INFO] [stderr]   Downloaded zerocopy-derive v0.8.12
[INFO] [stderr]   Downloaded zerocopy v0.8.12
[INFO] [stderr]   Downloaded byteordered v0.6.0
[INFO] [stderr]   Downloaded extfmt v0.1.1
[INFO] [stderr]   Downloaded async-object-pool v0.1.5
[INFO] [stderr]   Downloaded bitvec-nom2 v0.2.1
[INFO] [stderr]   Downloaded konst_kernel v0.3.12
[INFO] [stderr]   Downloaded rand_core v0.9.0-beta.1
[INFO] [stderr]   Downloaded range-set v0.0.11
[INFO] [stderr]   Downloaded typewit v1.10.1
[INFO] [stderr]   Downloaded riff v2.0.0
[INFO] [stderr]   Downloaded rasn-pkix v0.18.0
[INFO] [stderr]   Downloaded rasn-derive v0.18.0
[INFO] [stderr]   Downloaded rasn-ocsp v0.18.0
[INFO] [stderr]   Downloaded img-parts v0.3.1
[INFO] [stderr]   Downloaded rasn v0.18.0
[INFO] [stderr]   Downloaded c2pa v0.38.0
[INFO] running `Command { std: "docker" "create" "-v" "/var/lib/crater-agent-workspace/builds/worker-6-tc1/target:/opt/rustwide/target:rw,Z" "-v" "/var/lib/crater-agent-workspace/builds/worker-6-tc1/source:/opt/rustwide/workdir:ro,Z" "-v" "/var/lib/crater-agent-workspace/cargo-home:/opt/rustwide/cargo-home:ro,Z" "-v" "/var/lib/crater-agent-workspace/rustup-home:/opt/rustwide/rustup-home:ro,Z" "-e" "SOURCE_DIR=/opt/rustwide/workdir" "-e" "CARGO_TARGET_DIR=/opt/rustwide/target" "-e" "CARGO_HOME=/opt/rustwide/cargo-home" "-e" "RUSTUP_HOME=/opt/rustwide/rustup-home" "-w" "/opt/rustwide/workdir" "-m" "1610612736" "--user" "0:0" "--network" "none" "ghcr.io/rust-lang/crates-build-env/linux@sha256:3959728d45483eb673ba100a951a6b9f5012970368db2a9e08e0ac9b67c8a5ad" "/opt/rustwide/cargo-home/bin/cargo" "+1.85.0" "metadata" "--no-deps" "--format-version=1", kill_on_drop: false }`
[INFO] [stdout] a9e359fb816ba0347fc20ba1e1f6fdd3d6b35722c6cb8d28fbf6e083bb1a7754
[INFO] running `Command { std: "docker" "start" "-a" "a9e359fb816ba0347fc20ba1e1f6fdd3d6b35722c6cb8d28fbf6e083bb1a7754", kill_on_drop: false }`
[INFO] running `Command { std: "docker" "inspect" "a9e359fb816ba0347fc20ba1e1f6fdd3d6b35722c6cb8d28fbf6e083bb1a7754", kill_on_drop: false }`
[INFO] running `Command { std: "docker" "rm" "-f" "a9e359fb816ba0347fc20ba1e1f6fdd3d6b35722c6cb8d28fbf6e083bb1a7754", kill_on_drop: false }`
[INFO] [stdout] a9e359fb816ba0347fc20ba1e1f6fdd3d6b35722c6cb8d28fbf6e083bb1a7754
[INFO] running `Command { std: "docker" "create" "-v" "/var/lib/crater-agent-workspace/builds/worker-6-tc1/target:/opt/rustwide/target:rw,Z" "-v" "/var/lib/crater-agent-workspace/builds/worker-6-tc1/source:/opt/rustwide/workdir:ro,Z" "-v" "/var/lib/crater-agent-workspace/cargo-home:/opt/rustwide/cargo-home:ro,Z" "-v" "/var/lib/crater-agent-workspace/rustup-home:/opt/rustwide/rustup-home:ro,Z" "-e" "SOURCE_DIR=/opt/rustwide/workdir" "-e" "CARGO_TARGET_DIR=/opt/rustwide/target" "-e" "CARGO_INCREMENTAL=0" "-e" "RUST_BACKTRACE=full" "-e" "RUSTFLAGS=--cap-lints=warn" "-e" "RUSTDOCFLAGS=--cap-lints=warn" "-e" "CARGO_HOME=/opt/rustwide/cargo-home" "-e" "RUSTUP_HOME=/opt/rustwide/rustup-home" "-w" "/opt/rustwide/workdir" "-m" "1610612736" "--user" "0:0" "--network" "none" "ghcr.io/rust-lang/crates-build-env/linux@sha256:3959728d45483eb673ba100a951a6b9f5012970368db2a9e08e0ac9b67c8a5ad" "/opt/rustwide/cargo-home/bin/cargo" "+1.85.0" "doc" "--frozen" "--no-deps" "--document-private-items" "--message-format=json", kill_on_drop: false }`
[INFO] [stdout] 9eca36d7a142da40d2a773e05ba93c39a462f252ea107ce9fca07f82f103dadd
[INFO] running `Command { std: "docker" "start" "-a" "9eca36d7a142da40d2a773e05ba93c39a462f252ea107ce9fca07f82f103dadd", kill_on_drop: false }`
[INFO] [stderr]    Compiling proc-macro2 v1.0.92
[INFO] [stderr]    Compiling unicode-ident v1.0.14
[INFO] [stderr]     Checking cfg-if v1.0.0
[INFO] [stderr]    Compiling libc v0.2.167
[INFO] [stderr]    Compiling serde v1.0.215
[INFO] [stderr]    Compiling autocfg v1.4.0
[INFO] [stderr]     Checking memchr v2.7.4
[INFO] [stderr]    Compiling shlex v1.3.0
[INFO] [stderr]    Compiling version_check v0.9.5
[INFO] [stderr]     Checking once_cell v1.20.2
[INFO] [stderr]     Checking itoa v1.0.14
[INFO] [stderr]    Compiling libm v0.2.11
[INFO] [stderr]     Checking bytes v1.9.0
[INFO] [stderr]     Checking byteorder v1.5.0
[INFO] [stderr]    Compiling thiserror v1.0.69
[INFO] [stderr]    Compiling crossbeam-utils v0.8.20
[INFO] [stderr]     Checking equivalent v1.0.1
[INFO] [stderr]     Checking hashbrown v0.15.2
[INFO] [stderr]    Compiling typenum v1.17.0
[INFO] [stderr]     Checking minimal-lexical v0.2.1
[INFO] [stderr]    Compiling syn v1.0.109
[INFO] [stderr]    Compiling cc v1.2.2
[INFO] [stderr]     Checking value-bag v1.10.0
[INFO] [stderr]    Compiling vcpkg v0.2.15
[INFO] [stderr]     Checking simd-adler32 v0.3.7
[INFO] [stderr]     Checking pin-project-lite v0.2.15
[INFO] [stderr]    Compiling generic-array v0.14.7
[INFO] [stderr]     Checking nom v7.1.3
[INFO] [stderr]     Checking const-oid v0.9.6
[INFO] [stderr]    Compiling pkg-config v0.3.31
[INFO] [stderr]    Compiling num-traits v0.2.19
[INFO] [stderr]    Compiling rayon-core v1.12.1
[INFO] [stderr]     Checking log v0.4.22
[INFO] [stderr]    Compiling ahash v0.8.11
[INFO] [stderr]     Checking futures-core v0.3.31
[INFO] [stderr]     Checking adler2 v2.0.0
[INFO] [stderr]    Compiling crunchy v0.2.2
[INFO] [stderr]    Compiling slab v0.4.9
[INFO] [stderr]     Checking miniz_oxide v0.8.0
[INFO] [stderr]     Checking indexmap v2.7.0
[INFO] [stderr]     Checking crc32fast v1.4.2
[INFO] [stderr]     Checking futures-sink v0.3.31
[INFO] [stderr]     Checking ryu v1.0.18
[INFO] [stderr]    Compiling tiny-keccak v2.0.2
[INFO] [stderr]     Checking fnv v1.0.7
[INFO] [stderr]    Compiling num-conv v0.1.0
[INFO] [stderr]     Checking powerfmt v0.2.0
[INFO] [stderr]    Compiling quote v1.0.37
[INFO] [stderr]     Checking smallvec v1.13.2
[INFO] [stderr]    Compiling radium v0.7.0
[INFO] [stderr]    Compiling crossbeam-epoch v0.9.18
[INFO] [stderr]     Checking zeroize v1.8.1
[INFO] [stderr]    Compiling semver v1.0.23
[INFO] [stderr]    Compiling serde_json v1.0.133
[INFO] [stderr]    Compiling time-core v0.1.2
[INFO] [stderr]    Compiling syn v2.0.90
[INFO] [stderr]    Compiling openssl-src v300.4.1+3.4.0
[INFO] [stderr]    Compiling time-macros v0.2.19
[INFO] [stderr]     Checking num-integer v0.1.46
[INFO] [stderr]     Checking deranged v0.3.11
[INFO] [stderr]     Checking http v1.2.0
[INFO] [stderr]    Compiling crossbeam-deque v0.8.5
[INFO] [stderr]    Compiling doc-comment v0.3.3
[INFO] [stderr]     Checking num-bigint v0.4.6
[INFO] [stderr]    Compiling typewit_proc_macros v1.8.1
[INFO] [stderr]    Compiling openssl v0.10.68
[INFO] [stderr]    Compiling either v1.13.0
[INFO] [stderr]     Checking tinyvec_macros v0.1.1
[INFO] [stderr]     Checking rustls-pki-types v1.10.0
[INFO] [stderr]     Checking iana-time-zone v0.1.61
[INFO] [stderr]     Checking foreign-types-shared v0.1.1
[INFO] [stderr]     Checking spin v0.9.8
[INFO] [stderr]    Compiling ucd-trie v0.1.7
[INFO] [stderr]     Checking tap v1.0.1
[INFO] [stderr]     Checking foreign-types v0.3.2
[INFO] [stderr]     Checking getrandom v0.2.15
[INFO] [stderr]     Checking signal-hook-registry v1.4.2
[INFO] [stderr]     Checking socket2 v0.5.8
[INFO] [stderr]     Checking mio v1.0.3
[INFO] [stderr]     Checking rusticata-macros v4.1.0
[INFO] [stderr]     Checking wyz v0.5.1
[INFO] [stderr]     Checking rand_core v0.6.4
[INFO] [stderr]     Checking crypto-common v0.1.6
[INFO] [stderr]     Checking block-buffer v0.10.4
[INFO] [stderr]    Compiling openssl-sys v0.9.104
[INFO] [stderr]    Compiling ring v0.17.8
[INFO] [stderr]    Compiling const-random-macro v0.1.16
[INFO] [stderr]     Checking typewit v1.10.1
[INFO] [stderr]     Checking tinyvec v1.8.0
[INFO] [stderr]     Checking flate2 v1.0.35
[INFO] [stderr]     Checking digest v0.10.7
[INFO] [stderr]     Checking tracing-core v0.1.33
[INFO] [stderr]     Checking futures-io v0.3.31
[INFO] [stderr]    Compiling httparse v1.9.5
[INFO] [stderr]    Compiling heck v0.4.1
[INFO] [stderr]     Checking funty v2.0.0
[INFO] [stderr]    Compiling ident_case v1.0.1
[INFO] [stderr]     Checking pin-utils v0.1.0
[INFO] [stderr]     Checking percent-encoding v2.3.1
[INFO] [stderr]     Checking futures-task v0.3.31
[INFO] [stderr]    Compiling strsim v0.11.1
[INFO] [stderr]     Checking const-random v0.1.18
[INFO] [stderr]    Compiling rustc_version v0.4.1
[INFO] [stderr]     Checking tracing v0.1.41
[INFO] [stderr]     Checking form_urlencoded v1.2.1
[INFO] [stderr]    Compiling rayon v1.10.0
[INFO] [stderr]     Checking konst_kernel v0.3.12
[INFO] [stderr]     Checking http-body v1.0.1
[INFO] [stderr]    Compiling itertools v0.13.0
[INFO] [stderr]     Checking untrusted v0.9.0
[INFO] [stdout] error: linking with `cc` failed: exit status: 1
[INFO] [stdout]   |
[INFO] [stdout]   = note: LC_ALL="C" PATH="/opt/rustwide/rustup-home/toolchains/1.85.0-x86_64-unknown-linux-gnu/lib/rustlib/x86_64-unknown-linux-gnu/bin:/opt/rustwide/cargo-home/bin:/usr/local/sbin:/usr/local/bin:/usr/sbin:/usr/bin:/sbin:/bin" VSLANG="1033" "cc" "-Wl,--version-script=/tmp/rustc1RyN4m/list" "-Wl,--no-undefined-version" "-m64" "/tmp/rustc1RyN4m/symbols.o" "<16 object files omitted>" "/opt/rustwide/target/debug/deps/time_macros-f51c47c135672ed1.1m4dxmc4r8366g8r87b3qec83.rcgu.rmeta" "<1 object files omitted>" "-Wl,--as-needed" "-Wl,-Bstatic" "/opt/rustwide/target/debug/deps/{libtime_core-0fdd2db40f00b69a.rlib}" "/opt/rustwide/rustup-home/toolchains/1.85.0-x86_64-unknown-linux-gnu/lib/rustlib/x86_64-unknown-linux-gnu/lib/{libproc_macro-57e423f2e16d22f0.rlib}" "/opt/rustwide/target/debug/deps/{libnum_conv-600c854359214c15.rlib}" "/opt/rustwide/rustup-home/toolchains/1.85.0-x86_64-unknown-linux-gnu/lib/rustlib/x86_64-unknown-linux-gnu/lib/{libstd-6273572f18644c87.rlib,libpanic_unwind-267e668abf74a283.rlib,libobject-ec6154ccae37a33e.rlib,libmemchr-500edd5521c440d4.rlib,libaddr2line-86d8d9428792e8ef.rlib,libgimli-10f06487503767c2.rlib,librustc_demangle-6a38424de1e5bca5.rlib,libstd_detect-de9763ea1c19dca3.rlib,libhashbrown-a7f5bb2f736d3c49.rlib,librustc_std_workspace_alloc-7e368919bdc4a44c.rlib,libminiz_oxide-376454d49910c786.rlib,libadler-fa99f5692b5dce85.rlib,libunwind-91cafdaf16f7fe40.rlib,libcfg_if-f7ee3f1ea78d9dae.rlib,liblibc-d3a35665f881365a.rlib,liballoc-715bc629a88bca60.rlib,librustc_std_workspace_core-ae70165d1278cff7.rlib,libcore-406129d0e3fbc101.rlib,libcompiler_builtins-1af05515ab19524a.rlib}" "-Wl,-Bdynamic" "-lgcc_s" "-lutil" "-lrt" "-lpthread" "-lm" "-ldl" "-lc" "-Wl,--eh-frame-hdr" "-Wl,-z,noexecstack" "-L" "/opt/rustwide/rustup-home/toolchains/1.85.0-x86_64-unknown-linux-gnu/lib/rustlib/x86_64-unknown-linux-gnu/lib" "-o" "/opt/rustwide/target/debug/deps/libtime_macros-f51c47c135672ed1.so" "-Wl,--gc-sections" "-shared" "-Wl,-z,relro,-z,now" "-nodefaultlibs"
[INFO] [stdout]   = note: some arguments are omitted. use `--verbose` to show all linker arguments
[INFO] [stdout]   = note: /usr/bin/ld: final link failed: No space left on device
[INFO] [stdout]           collect2: error: ld returned 1 exit status
[INFO] [stdout]           
[INFO] [stdout] 
[INFO] [stdout] 
[INFO] [stderr]     Checking subtle v2.6.1
[INFO] [stdout] error: linking with `cc` failed: exit status: 1
[INFO] [stdout]   |
[INFO] [stdout]   = note: LC_ALL="C" PATH="/opt/rustwide/rustup-home/toolchains/1.85.0-x86_64-unknown-linux-gnu/lib/rustlib/x86_64-unknown-linux-gnu/bin:/opt/rustwide/cargo-home/bin:/usr/local/sbin:/usr/local/bin:/usr/sbin:/usr/bin:/sbin:/bin" VSLANG="1033" "cc" "-m64" "/tmp/rustcIfRdC4/symbols.o" "<5 object files omitted>" "-Wl,--as-needed" "-Wl,-Bstatic" "/opt/rustwide/target/debug/deps/{libcc-5d16cb712518edbf.rlib,libshlex-80f95c27390fdc7f.rlib}" "/opt/rustwide/rustup-home/toolchains/1.85.0-x86_64-unknown-linux-gnu/lib/rustlib/x86_64-unknown-linux-gnu/lib/{libstd-6273572f18644c87.rlib,libpanic_unwind-267e668abf74a283.rlib,libobject-ec6154ccae37a33e.rlib,libmemchr-500edd5521c440d4.rlib,libaddr2line-86d8d9428792e8ef.rlib,libgimli-10f06487503767c2.rlib,librustc_demangle-6a38424de1e5bca5.rlib,libstd_detect-de9763ea1c19dca3.rlib,libhashbrown-a7f5bb2f736d3c49.rlib,librustc_std_workspace_alloc-7e368919bdc4a44c.rlib,libminiz_oxide-376454d49910c786.rlib,libadler-fa99f5692b5dce85.rlib,libunwind-91cafdaf16f7fe40.rlib,libcfg_if-f7ee3f1ea78d9dae.rlib,liblibc-d3a35665f881365a.rlib,liballoc-715bc629a88bca60.rlib,librustc_std_workspace_core-ae70165d1278cff7.rlib,libcore-406129d0e3fbc101.rlib,libcompiler_builtins-1af05515ab19524a.rlib}" "-Wl,-Bdynamic" "-lgcc_s" "-lutil" "-lrt" "-lpthread" "-lm" "-ldl" "-lc" "-Wl,--eh-frame-hdr" "-Wl,-z,noexecstack" "-L" "/opt/rustwide/rustup-home/toolchains/1.85.0-x86_64-unknown-linux-gnu/lib/rustlib/x86_64-unknown-linux-gnu/lib" "-o" "/opt/rustwide/target/debug/build/ring-7aa29c005e3cb1e8/build_script_build-7aa29c005e3cb1e8" "-Wl,--gc-sections" "-pie" "-Wl,-z,relro,-z,now" "-nodefaultlibs"
[INFO] [stdout]   = note: some arguments are omitted. use `--verbose` to show all linker arguments
[INFO] [stdout]   = note: /usr/bin/ld: final link failed: No space left on device
[INFO] [stdout]           collect2: error: ld returned 1 exit status
[INFO] [stdout]           
[INFO] [stdout] 
[INFO] [stdout] 
[INFO] [stdout] error: linking with `cc` failed: exit status: 1
[INFO] [stdout]   |
[INFO] [stdout]   = note: LC_ALL="C" PATH="/opt/rustwide/rustup-home/toolchains/1.85.0-x86_64-unknown-linux-gnu/lib/rustlib/x86_64-unknown-linux-gnu/bin:/opt/rustwide/cargo-home/bin:/usr/local/sbin:/usr/local/bin:/usr/sbin:/usr/bin:/sbin:/bin" VSLANG="1033" "cc" "-m64" "/tmp/rustcEFMzEm/symbols.o" "<4 object files omitted>" "-Wl,--as-needed" "-Wl,-Bstatic" "/opt/rustwide/target/debug/deps/{libvcpkg-cdb09004f9128ab0.rlib,libpkg_config-ec5f871582a444a7.rlib,libopenssl_src-fae995c1f5073fd6.rlib,libcc-5d16cb712518edbf.rlib,libshlex-80f95c27390fdc7f.rlib}" "/opt/rustwide/rustup-home/toolchains/1.85.0-x86_64-unknown-linux-gnu/lib/rustlib/x86_64-unknown-linux-gnu/lib/{libstd-6273572f18644c87.rlib,libpanic_unwind-267e668abf74a283.rlib,libobject-ec6154ccae37a33e.rlib,libmemchr-500edd5521c440d4.rlib,libaddr2line-86d8d9428792e8ef.rlib,libgimli-10f06487503767c2.rlib,librustc_demangle-6a38424de1e5bca5.rlib,libstd_detect-de9763ea1c19dca3.rlib,libhashbrown-a7f5bb2f736d3c49.rlib,librustc_std_workspace_alloc-7e368919bdc4a44c.rlib,libminiz_oxide-376454d49910c786.rlib,libadler-fa99f5692b5dce85.rlib,libunwind-91cafdaf16f7fe40.rlib,libcfg_if-f7ee3f1ea78d9dae.rlib,liblibc-d3a35665f881365a.rlib,liballoc-715bc629a88bca60.rlib,librustc_std_workspace_core-ae70165d1278cff7.rlib,libcore-406129d0e3fbc101.rlib,libcompiler_builtins-1af05515ab19524a.rlib}" "-Wl,-Bdynamic" "-lgcc_s" "-lutil" "-lrt" "-lpthread" "-lm" "-ldl" "-lc" "-Wl,--eh-frame-hdr" "-Wl,-z,noexecstack" "-L" "/opt/rustwide/rustup-home/toolchains/1.85.0-x86_64-unknown-linux-gnu/lib/rustlib/x86_64-unknown-linux-gnu/lib" "-o" "/opt/rustwide/target/debug/build/openssl-sys-27dc237926b87b1c/build_script_main-27dc237926b87b1c" "-Wl,--gc-sections" "-pie" "-Wl,-z,relro,-z,now" "-nodefaultlibs"
[INFO] [stdout]   = note: some arguments are omitted. use `--verbose` to show all linker arguments
[INFO] [stdout]   = note: /usr/bin/ld: final link failed: No space left on device
[INFO] [stdout]           collect2: error: ld returned 1 exit status
[INFO] [stdout]           
[INFO] [stdout] 
[INFO] [stdout] 
[INFO] [stderr] error: could not compile `time-macros` (lib) due to 1 previous error
[INFO] [stderr] warning: build failed, waiting for other jobs to finish...
[INFO] [stderr] error: could not compile `ring` (build script) due to 1 previous error
[INFO] [stderr] error: could not compile `openssl-sys` (build script) due to 1 previous error
[INFO] [stdout] error: failed to write to `/opt/rustwide/target/debug/deps/rmetaTcU40b/lib.rmeta`: No space left on device (os error 28)
[INFO] [stdout] 
[INFO] [stdout] 
[INFO] [stderr] error: could not compile `crossbeam-epoch` (lib) due to 1 previous error
[INFO] [stdout] error: couldn't create a temp dir: No space left on device (os error 28) at path "/opt/rustwide/target/debug/deps/rmetazOdcRA"
[INFO] [stdout] 
[INFO] [stdout] 
[INFO] [stderr] error: could not compile `tinyvec` (lib) due to 1 previous error
[INFO] [stdout] error: failed to write to `/opt/rustwide/target/debug/deps/rmetaDS3WOe/lib.rmeta`: No space left on device (os error 28)
[INFO] [stdout] 
[INFO] [stdout] 
[INFO] [stderr] error: could not compile `itertools` (lib) due to 1 previous error
[INFO] [stderr] rustc-LLVM ERROR: IO failure on output stream: No space left on device
[INFO] [stderr] rustc-LLVM ERROR: IO failure on output stream: No space left on device
[INFO] [stderr] error: could not compile `syn` (lib)
[INFO] [stderr] 
[INFO] [stderr] Caused by:
[INFO] [stderr]   No space left on device (os error 28)
[INFO] [stderr] 
[INFO] [stderr] Caused by:
[INFO] [stderr]   failed to parse process output: `/opt/rustwide/rustup-home/toolchains/1.85.0-x86_64-unknown-linux-gnu/bin/rustc --crate-name syn --edition=2018 /opt/rustwide/cargo-home/registry/src/index.crates.io-1949cf8c6b5b557f/syn-1.0.109/src/lib.rs --error-format=json --json=diagnostic-rendered-ansi,artifacts,future-incompat --crate-type lib --emit=dep-info,metadata,link -C embed-bitcode=no --cfg 'feature="clone-impls"' --cfg 'feature="default"' --cfg 'feature="derive"' --cfg 'feature="extra-traits"' --cfg 'feature="full"' --cfg 'feature="parsing"' --cfg 'feature="printing"' --cfg 'feature="proc-macro"' --cfg 'feature="quote"' --cfg 'feature="visit"' --check-cfg 'cfg(docsrs,test)' --check-cfg 'cfg(feature, values("clone-impls", "default", "derive", "extra-traits", "fold", "full", "parsing", "printing", "proc-macro", "quote", "test", "visit", "visit-mut"))' -C metadata=290f4d83b05e0cd8 -C extra-filename=-e89f9ba55856aa40 --out-dir /opt/rustwide/target/debug/deps -L dependency=/opt/rustwide/target/debug/deps --extern proc_macro2=/opt/rustwide/target/debug/deps/libproc_macro2-38e38eb50d2be709.rmeta --extern quote=/opt/rustwide/target/debug/deps/libquote-6e34bcc269e1a5f2.rmeta --extern unicode_ident=/opt/rustwide/target/debug/deps/libunicode_ident-824ffdf5c8ad75db.rmeta --cap-lints allow --cap-lints=warn --cfg syn_disable_nightly_tests` (exit status: 101)
[INFO] [stderr] error: could not compile `syn` (lib)
[INFO] [stderr] 
[INFO] [stderr] Caused by:
[INFO] [stderr]   No space left on device (os error 28)
[INFO] [stderr] 
[INFO] [stderr] Caused by:
[INFO] [stderr]   failed to parse process output: `/opt/rustwide/rustup-home/toolchains/1.85.0-x86_64-unknown-linux-gnu/bin/rustc --crate-name syn --edition=2021 /opt/rustwide/cargo-home/registry/src/index.crates.io-1949cf8c6b5b557f/syn-2.0.90/src/lib.rs --error-format=json --json=diagnostic-rendered-ansi,artifacts,future-incompat --crate-type lib --emit=dep-info,metadata,link -C embed-bitcode=no --cfg 'feature="clone-impls"' --cfg 'feature="default"' --cfg 'feature="derive"' --cfg 'feature="extra-traits"' --cfg 'feature="full"' --cfg 'feature="parsing"' --cfg 'feature="printing"' --cfg 'feature="proc-macro"' --cfg 'feature="visit"' --cfg 'feature="visit-mut"' --check-cfg 'cfg(docsrs,test)' --check-cfg 'cfg(feature, values("clone-impls", "default", "derive", "extra-traits", "fold", "full", "parsing", "printing", "proc-macro", "test", "visit", "visit-mut"))' -C metadata=bcb9d8033a7a2a7e -C extra-filename=-2d0e5c57199213da --out-dir /opt/rustwide/target/debug/deps -L dependency=/opt/rustwide/target/debug/deps --extern proc_macro2=/opt/rustwide/target/debug/deps/libproc_macro2-38e38eb50d2be709.rmeta --extern quote=/opt/rustwide/target/debug/deps/libquote-6e34bcc269e1a5f2.rmeta --extern unicode_ident=/opt/rustwide/target/debug/deps/libunicode_ident-824ffdf5c8ad75db.rmeta --cap-lints allow --cap-lints=warn` (exit status: 101)
[INFO] running `Command { std: "docker" "inspect" "9eca36d7a142da40d2a773e05ba93c39a462f252ea107ce9fca07f82f103dadd", kill_on_drop: false }`
[INFO] running `Command { std: "docker" "rm" "-f" "9eca36d7a142da40d2a773e05ba93c39a462f252ea107ce9fca07f82f103dadd", kill_on_drop: false }`
[INFO] [stdout] 9eca36d7a142da40d2a773e05ba93c39a462f252ea107ce9fca07f82f103dadd
