[INFO] cloning repository https://github.com/YusongWang/searcher-examples
[INFO] running `Command { std: "git" "-c" "credential.helper=" "-c" "credential.helper=/workspace/cargo-home/bin/git-credential-null" "clone" "--bare" "https://github.com/YusongWang/searcher-examples" "/workspace/cache/git-repos/https%3A%2F%2Fgithub.com%2FYusongWang%2Fsearcher-examples", kill_on_drop: false }`
[INFO] [stderr] Cloning into bare repository '/workspace/cache/git-repos/https%3A%2F%2Fgithub.com%2FYusongWang%2Fsearcher-examples'...
[INFO] running `Command { std: "git" "rev-parse" "HEAD", kill_on_drop: false }`
[INFO] [stdout] 9f4412084b905d3936fb41590505638508203041
[INFO] documenting YusongWang/searcher-examples/9f4412084b905d3936fb41590505638508203041 against 1.85.0 for beta-1.86-rustdoc-1
[INFO] running `Command { std: "git" "clone" "/workspace/cache/git-repos/https%3A%2F%2Fgithub.com%2FYusongWang%2Fsearcher-examples" "/workspace/builds/worker-6-tc1/source", kill_on_drop: false }`
[INFO] [stderr] Cloning into '/workspace/builds/worker-6-tc1/source'...
[INFO] [stderr] done.
[INFO] validating manifest of git repo https://github.com/YusongWang/searcher-examples on toolchain 1.85.0
[INFO] running `Command { std: CARGO_HOME="/workspace/cargo-home" RUSTUP_HOME="/workspace/rustup-home" "/workspace/cargo-home/bin/cargo" "+1.85.0" "metadata" "--manifest-path" "Cargo.toml" "--no-deps", kill_on_drop: false }`
[INFO] started tweaking git repo https://github.com/YusongWang/searcher-examples
[INFO] finished tweaking git repo https://github.com/YusongWang/searcher-examples
[INFO] tweaked toml for git repo https://github.com/YusongWang/searcher-examples written to /workspace/builds/worker-6-tc1/source/Cargo.toml
[INFO] crate git repo https://github.com/YusongWang/searcher-examples already has a lockfile, it will not be regenerated
[INFO] running `Command { std: CARGO_HOME="/workspace/cargo-home" RUSTUP_HOME="/workspace/rustup-home" "/workspace/cargo-home/bin/cargo" "+1.85.0" "fetch" "--manifest-path" "Cargo.toml", kill_on_drop: false }`
[INFO] [stderr]     Updating crates.io index
[INFO] [stderr]  Downloading crates ...
[INFO] [stderr]   Downloaded solana-frozen-abi-macro v1.17.20
[INFO] [stderr]   Downloaded solana-config-program v1.17.20
[INFO] [stderr]   Downloaded hyper-native-tls v0.3.0
[INFO] [stderr]   Downloaded ouroboros v0.5.1
[INFO] [stderr]   Downloaded solana-secp256k1-program v1.5.14
[INFO] [stderr]   Downloaded solana-logger v1.17.20
[INFO] [stderr]   Downloaded solana-version v1.17.20
[INFO] [stderr]   Downloaded solana-frozen-abi v1.17.20
[INFO] [stderr]   Downloaded solana-clap-utils v1.17.20
[INFO] [stderr]   Downloaded solana-account-decoder v1.5.8
[INFO] [stderr]   Downloaded solana-budget-program v1.6.0
[INFO] [stderr]   Downloaded solana-client v1.5.5
[INFO] [stderr]   Downloaded solana-stake-program v1.17.20
[INFO] [stderr]   Downloaded solana-program-runtime v1.17.20
[INFO] [stderr]   Downloaded solana-program v1.17.20
[INFO] [stderr]   Downloaded darling_core v0.20.5
[INFO] [stderr]   Downloaded bytemuck v1.14.2
[INFO] [stderr]   Downloaded solana-sdk v1.17.20
[INFO] [stderr]   Downloaded solana_rbpf v0.8.0
[INFO] [stderr]   Downloaded sys-info v0.5.10
[INFO] [stderr]   Downloaded darling v0.20.5
[INFO] [stderr]   Downloaded solana-vote-program v1.17.20
[INFO] [stderr]   Downloaded solana-perf v1.6.0
[INFO] [stderr]   Downloaded solana-runtime v1.5.14
[INFO] [stderr]   Downloaded solana-remote-wallet v1.17.20
[INFO] [stderr]   Downloaded solana-net-utils v1.17.20
[INFO] [stderr]   Downloaded solana-sdk v0.14.0
[INFO] [stderr]   Downloaded ouroboros_macro v0.5.1
[INFO] [stderr]   Downloaded solana-metrics v1.17.20
[INFO] [stderr]   Downloaded spl-token v3.0.1
[INFO] [stderr]   Downloaded influx_db_client v0.3.6
[INFO] [stderr]   Downloaded solana-metrics v0.14.0
[INFO] [stderr]   Downloaded bs58 v0.2.5
[INFO] [stderr]   Downloaded spl-memo v2.0.1
[INFO] [stderr]   Downloaded solana-rayon-threadlimit v1.17.20
[INFO] [stderr]   Downloaded solana-transaction-status v1.5.5
[INFO] [stderr]   Downloaded darling_macro v0.20.5
[INFO] [stderr]   Downloaded solana-measure v1.17.20
[INFO] [stderr]   Downloaded solana-sdk-macro v1.17.20
[INFO] running `Command { std: "docker" "create" "-v" "/var/lib/crater-agent-workspace/builds/worker-6-tc1/target:/opt/rustwide/target:rw,Z" "-v" "/var/lib/crater-agent-workspace/builds/worker-6-tc1/source:/opt/rustwide/workdir:ro,Z" "-v" "/var/lib/crater-agent-workspace/cargo-home:/opt/rustwide/cargo-home:ro,Z" "-v" "/var/lib/crater-agent-workspace/rustup-home:/opt/rustwide/rustup-home:ro,Z" "-e" "SOURCE_DIR=/opt/rustwide/workdir" "-e" "CARGO_TARGET_DIR=/opt/rustwide/target" "-e" "CARGO_HOME=/opt/rustwide/cargo-home" "-e" "RUSTUP_HOME=/opt/rustwide/rustup-home" "-w" "/opt/rustwide/workdir" "-m" "1610612736" "--user" "0:0" "--network" "none" "ghcr.io/rust-lang/crates-build-env/linux@sha256:3959728d45483eb673ba100a951a6b9f5012970368db2a9e08e0ac9b67c8a5ad" "/opt/rustwide/cargo-home/bin/cargo" "+1.85.0" "metadata" "--no-deps" "--format-version=1", kill_on_drop: false }`
[INFO] [stdout] d5aa588f294811e76aee64e9b873f323eb4264c56cd14c1b5d5673863097f62d
[INFO] running `Command { std: "docker" "start" "-a" "d5aa588f294811e76aee64e9b873f323eb4264c56cd14c1b5d5673863097f62d", kill_on_drop: false }`
[INFO] running `Command { std: "docker" "inspect" "d5aa588f294811e76aee64e9b873f323eb4264c56cd14c1b5d5673863097f62d", kill_on_drop: false }`
[INFO] running `Command { std: "docker" "rm" "-f" "d5aa588f294811e76aee64e9b873f323eb4264c56cd14c1b5d5673863097f62d", kill_on_drop: false }`
[INFO] [stdout] d5aa588f294811e76aee64e9b873f323eb4264c56cd14c1b5d5673863097f62d
[INFO] running `Command { std: "docker" "create" "-v" "/var/lib/crater-agent-workspace/builds/worker-6-tc1/target:/opt/rustwide/target:rw,Z" "-v" "/var/lib/crater-agent-workspace/builds/worker-6-tc1/source:/opt/rustwide/workdir:ro,Z" "-v" "/var/lib/crater-agent-workspace/cargo-home:/opt/rustwide/cargo-home:ro,Z" "-v" "/var/lib/crater-agent-workspace/rustup-home:/opt/rustwide/rustup-home:ro,Z" "-e" "SOURCE_DIR=/opt/rustwide/workdir" "-e" "CARGO_TARGET_DIR=/opt/rustwide/target" "-e" "CARGO_INCREMENTAL=0" "-e" "RUST_BACKTRACE=full" "-e" "RUSTFLAGS=--cap-lints=warn" "-e" "RUSTDOCFLAGS=--cap-lints=warn" "-e" "CARGO_HOME=/opt/rustwide/cargo-home" "-e" "RUSTUP_HOME=/opt/rustwide/rustup-home" "-w" "/opt/rustwide/workdir" "-m" "1610612736" "--user" "0:0" "--network" "none" "ghcr.io/rust-lang/crates-build-env/linux@sha256:3959728d45483eb673ba100a951a6b9f5012970368db2a9e08e0ac9b67c8a5ad" "/opt/rustwide/cargo-home/bin/cargo" "+1.85.0" "doc" "--frozen" "--no-deps" "--document-private-items" "--message-format=json", kill_on_drop: false }`
[INFO] [stdout] c3a78cd377f411f690559842a47a7c6822e30badc53c9c3835e7277bae8a8ed7
[INFO] running `Command { std: "docker" "start" "-a" "c3a78cd377f411f690559842a47a7c6822e30badc53c9c3835e7277bae8a8ed7", kill_on_drop: false }`
[INFO] [stderr]    Compiling proc-macro2 v1.0.78
[INFO] [stderr]    Compiling unicode-ident v1.0.12
[INFO] [stderr]    Compiling libc v0.2.153
[INFO] [stderr]    Compiling autocfg v1.1.0
[INFO] [stderr]    Compiling version_check v0.9.4
[INFO] [stderr]    Compiling serde v1.0.196
[INFO] [stderr]    Compiling typenum v1.17.0
[INFO] [stderr]     Checking log v0.4.20
[INFO] [stderr]     Checking once_cell v1.19.0
[INFO] [stderr]     Checking byteorder v1.5.0
[INFO] [stderr]    Compiling generic-array v0.14.7
[INFO] [stderr]     Checking memchr v2.7.1
[INFO] [stderr]     Checking lazy_static v1.4.0
[INFO] [stderr]    Compiling syn v1.0.109
[INFO] [stderr]     Checking either v1.9.0
[INFO] [stderr]     Checking subtle v2.4.1
[INFO] [stderr]     Checking fnv v1.0.7
[INFO] [stderr]     Checking itoa v1.0.10
[INFO] [stderr]     Checking ppv-lite86 v0.2.17
[INFO] [stderr]    Compiling semver v1.0.21
[INFO] [stderr]    Compiling num-traits v0.2.18
[INFO] [stderr]    Compiling jobserver v0.1.27
[INFO] [stderr]    Compiling quote v1.0.35
[INFO] [stderr]     Checking tinyvec_macros v0.1.1
[INFO] [stderr]     Checking tinyvec v1.6.0
[INFO] [stderr]    Compiling cc v1.0.83
[INFO] [stderr]    Compiling syn v2.0.48
[INFO] [stderr]     Checking scopeguard v1.2.0
[INFO] [stderr]    Compiling slab v0.4.9
[INFO] [stderr]    Compiling rustc_version v0.4.0
[INFO] [stderr]     Checking getrandom v0.2.12
[INFO] [stderr]     Checking num_cpus v1.16.0
[INFO] [stderr]     Checking rand_core v0.6.4
[INFO] [stderr]    Compiling getrandom v0.1.16
[INFO] [stderr]     Checking bytes v1.5.0
[INFO] [stderr]    Compiling anyhow v1.0.79
[INFO] [stderr]     Checking unicode-normalization v0.1.22
[INFO] [stderr]     Checking pin-project-lite v0.2.13
[INFO] [stderr]     Checking num-integer v0.1.46
[INFO] [stderr]     Checking rand_core v0.5.1
[INFO] [stderr]     Checking rand_chacha v0.3.1
[INFO] [stderr]    Compiling crossbeam-utils v0.8.19
[INFO] [stderr]    Compiling serde_json v1.0.113
[INFO] [stderr]     Checking ryu v1.0.16
[INFO] [stderr]     Checking rand v0.8.5
[INFO] [stderr]    Compiling crunchy v0.2.2
[INFO] [stderr]    Compiling rustversion v1.0.14
[INFO] [stderr]     Checking futures-core v0.3.30
[INFO] [stderr]     Checking rand_chacha v0.2.2
[INFO] [stderr]    Compiling ahash v0.8.5
[INFO] [stderr]    Compiling equivalent v1.0.1
[INFO] [stderr]    Compiling thiserror v1.0.56
[INFO] [stderr]     Checking block-padding v0.2.1
[INFO] [stderr]     Checking percent-encoding v2.3.1
[INFO] [stderr]     Checking cpufeatures v0.2.12
[INFO] [stderr]     Checking cfg-if v0.1.10
[INFO] [stderr]    Compiling hashbrown v0.14.3
[INFO] [stderr]     Checking crossbeam-epoch v0.9.18
[INFO] [stderr]     Checking rand v0.7.3
[INFO] [stderr]    Compiling num-bigint v0.4.4
[INFO] [stderr]    Compiling indexmap v2.2.2
[INFO] [stderr]    Compiling lock_api v0.4.11
[INFO] [stderr]    Compiling parking_lot_core v0.9.9
[INFO] [stderr]     Checking opaque-debug v0.3.0
[INFO] [stderr]     Checking zerocopy v0.7.32
[INFO] [stderr]    Compiling rayon-core v1.12.1
[INFO] [stderr]     Checking crossbeam-deque v0.8.5
[INFO] [stderr]     Checking unicode-bidi v0.3.15
[INFO] [stderr]    Compiling httparse v1.8.0
[INFO] [stderr]    Compiling paste v1.0.14
[INFO] [stderr]     Checking smallvec v1.13.1
[INFO] [stderr]    Compiling digest v0.9.0
[INFO] [stderr]     Checking ark-std v0.4.0
[INFO] [stderr]    Compiling wasm-bindgen-shared v0.2.91
[INFO] [stderr]    Compiling libsecp256k1-core v0.2.2
[INFO] [stderr]     Checking rayon v1.8.1
[INFO] [stderr]     Checking parking_lot v0.12.1
[INFO] [stderr]     Checking hashbrown v0.13.2
[INFO] [stderr]     Checking itertools v0.10.5
[INFO] [stderr]     Checking base64 v0.12.3
[INFO] [stderr]     Checking arrayref v0.3.7
[INFO] [stderr]    Compiling ahash v0.7.7
[INFO] [stderr]     Checking pin-utils v0.1.0
[INFO] [stderr]    Compiling feature-probe v0.1.1
[INFO] [stderr]    Compiling bumpalo v3.14.0
[INFO] [stderr]     Checking base64 v0.21.7
[INFO] [stderr]    Compiling wasm-bindgen-backend v0.2.91
[INFO] [stderr]    Compiling bv v0.11.1
[INFO] [stderr]    Compiling libsecp256k1-gen-genmult v0.2.1
[INFO] [stderr]    Compiling libsecp256k1-gen-ecmult v0.2.1
[INFO] [stderr]    Compiling blake3 v1.5.0
[INFO] [stderr]     Checking http v0.2.11
[INFO] [stderr]    Compiling solana-frozen-abi-macro v1.17.20
[INFO] [stderr]     Checking signal-hook-registry v1.4.1
[INFO] [stderr]    Compiling serde_derive v1.0.196
[INFO] [stderr]    Compiling zeroize_derive v1.4.2
[INFO] [stderr]    Compiling thiserror-impl v1.0.56
[INFO] [stderr]    Compiling tokio-macros v2.2.0
[INFO] [stderr]    Compiling tracing-attributes v0.1.27
[INFO] [stderr]    Compiling toml v0.5.11
[INFO] [stderr]     Checking mio v0.8.10
[INFO] [stderr]    Compiling ark-serialize-derive v0.4.2
[INFO] [stderr]     Checking zeroize v1.3.0
[INFO] [stderr]    Compiling ark-ff-asm v0.4.2
[INFO] [stderr]    Compiling ark-ff-macros v0.4.2
[INFO] [stderr]    Compiling derivative v2.2.0
[INFO] [stderr]     Checking socket2 v0.5.5
[INFO] [stderr]     Checking bitmaps v2.1.0
[INFO] [stderr]     Checking aho-corasick v1.1.2
[INFO] [stderr]     Checking tracing-core v0.1.32
[INFO] [stderr]    Compiling im v15.1.0
[INFO] [stderr]    Compiling proc-macro-crate v0.1.5
[INFO] [stderr]     Checking try-lock v0.2.5
[INFO] [stderr]    Compiling toml_datetime v0.6.5
[INFO] [stderr]     Checking regex-syntax v0.8.2
[INFO] [stderr]    Compiling winnow v0.5.39
[INFO] [stderr]     Checking tracing v0.1.40
[INFO] [stderr]     Checking sized-chunks v0.6.5
[INFO] [stderr]     Checking tokio v1.36.0
[INFO] [stderr]    Compiling wasm-bindgen-macro-support v0.2.91
[INFO] [stderr]    Compiling futures-macro v0.3.30
[INFO] [stderr]    Compiling libsecp256k1 v0.6.0
[INFO] [stderr]    Compiling borsh-derive-internal v0.10.3
[INFO] [stderr]    Compiling borsh-schema-derive-internal v0.9.3
[INFO] [stderr]    Compiling borsh-schema-derive-internal v0.10.3
[INFO] [stderr]    Compiling borsh-derive-internal v0.9.3
[INFO] [stderr]     Checking rand_xoshiro v0.6.0
[INFO] [stderr]    Compiling solana-frozen-abi v1.17.20
[INFO] [stderr]    Compiling toml_edit v0.19.15
[INFO] [stderr]    Compiling memoffset v0.9.0
[INFO] [stderr]    Compiling wasm-bindgen v0.2.91
[INFO] [stderr]     Checking arrayvec v0.7.4
[INFO] [stderr]     Checking futures-sink v0.3.30
[INFO] [stderr]     Checking regex-automata v0.4.5
[INFO] [stderr]     Checking futures-task v0.3.30
[INFO] [stderr]     Checking keccak v0.1.5
[INFO] [stderr]     Checking futures-io v0.3.30
[INFO] [stderr]     Checking constant_time_eq v0.3.0
[INFO] [stderr]     Checking futures-util v0.3.30
[INFO] [stderr]    Compiling borsh-derive v0.9.3
[INFO] [stderr]    Compiling borsh-derive v0.10.3
[INFO] [stderr]     Checking hashbrown v0.11.2
[INFO] [stderr]    Compiling wasm-bindgen-macro v0.2.91
[INFO] [stderr]    Compiling proc-macro-crate v1.3.1
[INFO] [stderr]    Compiling bytemuck_derive v1.5.0
[INFO] [stderr]    Compiling solana-program v1.17.20
[INFO] [stderr]     Checking memmap2 v0.5.10
[INFO] [stderr]    Compiling bs58 v0.4.0
[INFO] [stderr]     Checking rustc-hash v1.1.0
[INFO] [stderr]     Checking signature v1.6.4
[INFO] [stderr]    Compiling ident_case v1.0.1
[INFO] [stderr]    Compiling strsim v0.10.0
[INFO] [stderr]     Checking ed25519 v1.5.3
[INFO] [stderr]    Compiling solana-sdk-macro v1.17.20
[INFO] [stderr]    Compiling darling_core v0.20.5
[INFO] [stderr]     Checking regex v1.10.3
[INFO] [stderr]     Checking borsh v0.9.3
[INFO] [stderr]     Checking borsh v0.10.3
[INFO] [stderr]     Checking bitflags v2.4.2
[INFO] [stderr]     Checking bincode v1.3.3
[INFO] [stderr]     Checking serde_bytes v0.11.14
[INFO] [stderr]     Checking bytemuck v1.14.2
[INFO] [stderr]    Compiling num-derive v0.3.3
[INFO] [stderr]     Checking atty v0.2.14
[INFO] [stderr]     Checking termcolor v1.4.1
[INFO] [stderr]     Checking crypto-common v0.1.6
[INFO] [stderr]     Checking block-buffer v0.10.4
[INFO] [stderr]     Checking block-buffer v0.9.0
[INFO] [stderr]     Checking digest v0.10.7
[INFO] [stderr]     Checking crypto-mac v0.8.0
[INFO] [stderr]     Checking curve25519-dalek v3.2.1
[INFO] [stderr]     Checking sha2 v0.9.9
[INFO] [stderr]     Checking hmac v0.8.1
[INFO] [stderr]     Checking hmac-drbg v0.3.0
[INFO] [stderr]     Checking ark-serialize v0.4.2
[INFO] [stderr]     Checking sha2 v0.10.8
[INFO] [stderr]     Checking pbkdf2 v0.4.0
[INFO] [stderr]     Checking tiny-bip39 v0.8.2
[INFO] [stderr]     Checking sha3 v0.10.8
[INFO] [stderr]     Checking form_urlencoded v1.2.1
[INFO] [stderr]     Checking ark-ff v0.4.2
[INFO] [stderr]     Checking iovec v0.1.4
[INFO] [stderr]     Checking iana-time-zone v0.1.60
[INFO] [stderr]     Checking tower-service v0.3.2
[INFO] [stderr]     Checking humantime v2.1.0
[INFO] [stderr]     Checking idna v0.5.0
[INFO] [stderr]     Checking chrono v0.4.33
[INFO] [stderr]     Checking ed25519-dalek v1.0.1
[INFO] [stderr]    Compiling ring v0.17.7
[INFO] [stderr]    Compiling semver-parser v0.7.0
[INFO] [stderr]     Checking url v2.5.0
[INFO] [stderr]    Compiling semver v0.9.0
[INFO] [stderr]    Compiling darling_macro v0.20.5
[INFO] [stderr]     Checking env_logger v0.9.3
[INFO] [stderr]     Checking hmac v0.12.1
[INFO] [stderr]    Compiling num_enum_derive v0.6.1
[INFO] [stderr]     Checking want v0.3.1
[INFO] [stderr]     Checking futures-channel v0.3.30
[INFO] [stderr]    Compiling solana-sdk v1.17.20
[INFO] [stderr]     Checking adler v1.0.2
[INFO] [stderr]     Checking derivation-path v0.2.0
[INFO] [stderr]     Checking miniz_oxide v0.7.2
[INFO] [stderr]     Checking solana-logger v1.17.20
[INFO] [stderr]     Checking ed25519-dalek-bip32 v0.2.0
[INFO] [stderr]    Compiling rustc_version v0.2.3
[INFO] [stderr]     Checking pbkdf2 v0.11.0
[INFO] [stderr]     Checking tokio-util v0.7.10
[INFO] [stderr]    Compiling qualifier_attr v0.2.2
[INFO] [stderr]     Checking qstring v0.7.2
[INFO] [stderr]    Compiling darling v0.20.5
[INFO] [stderr]     Checking uriparse v0.6.4
[INFO] [stderr]    Compiling crossbeam-utils v0.7.2
[INFO] [stderr]    Compiling serde_with_macros v2.3.3
[INFO] [stderr]    Compiling maybe-uninit v2.0.0
[INFO] [stderr]     Checking mime v0.3.17
[INFO] [stderr]    Compiling pkg-config v0.3.29
[INFO] [stderr]     Checking assert_matches v1.5.0
[INFO] [stderr]     Checking futures v0.1.31
[INFO] [stderr]     Checking spin v0.9.8
[INFO] [stderr]     Checking untrusted v0.9.0
[INFO] [stderr]     Checking num_enum v0.6.1
[INFO] [stderr]     Checking http-body v0.4.6
[INFO] [stderr]     Checking generic-array v0.12.4
[INFO] [stderr]    Compiling indexmap v1.9.3
[INFO] [stderr]    Compiling crc32fast v1.3.2
[INFO] [stderr]    Compiling rustls v0.21.10
[INFO] [stderr]     Checking httpdate v1.0.3
[INFO] [stderr]     Checking serde_with v2.3.3
[INFO] [stderr]     Checking hashbrown v0.12.3
[INFO] [stderr]     Checking alloc-no-stdlib v2.0.4
[INFO] [stderr]     Checking alloc-stdlib v0.2.2
[INFO] [stderr]     Checking digest v0.8.1
[INFO] [stderr]     Checking flate2 v1.0.28
[INFO] [stderr]     Checking net2 v0.2.39
[INFO] [stderr]     Checking encoding_rs v0.8.33
[INFO] [stderr]     Checking mio v0.6.23
[INFO] [stderr]     Checking brotli-decompressor v2.5.1
[INFO] [stderr]     Checking h2 v0.3.24
[INFO] [stderr]     Checking rustls-pemfile v1.0.4
[INFO] [stderr]    Compiling autocfg v0.1.8
[INFO] [stderr]     Checking sync_wrapper v0.1.2
[INFO] [stderr]     Checking rand_core v0.4.2
[INFO] [stderr]     Checking serde_urlencoded v0.7.1
[INFO] [stderr]     Checking ipnet v2.9.0
[INFO] [stderr]    Compiling vcpkg v0.2.15
[INFO] [stderr]     Checking rustc-demangle v0.1.23
[INFO] [stderr]     Checking byte-tools v0.3.1
[INFO] [stderr]     Checking brotli v3.4.0
[INFO] [stderr]     Checking webpki-roots v0.25.4
[INFO] [stderr]     Checking block-padding v0.1.5
[INFO] [stderr]     Checking bytes v0.4.12
[INFO] [stderr]     Checking crossbeam-channel v0.5.11
[INFO] [stderr]    Compiling num-bigint v0.2.6
[INFO] [stderr]    Compiling rustix v0.38.31
[INFO] [stderr]    Compiling openssl-sys v0.9.102
[INFO] [stderr]     Checking block-buffer v0.7.3
[INFO] [stderr]    Compiling itertools v0.11.0
[INFO] [stderr]    Compiling pin-project-internal v1.1.4
[INFO] [stderr]     Checking gethostname v0.2.3
[INFO] [stderr]    Compiling num-rational v0.2.4
[INFO] [stderr]    Compiling num-complex v0.2.4
[INFO] [stderr]     Checking fake-simd v0.1.2
[INFO] [stderr]    Compiling proc-macro2 v0.4.30
[INFO] [stderr]     Checking linux-raw-sys v0.4.13
[INFO] [stderr]     Checking openssl-probe v0.1.5
[INFO] [stderr]     Checking opaque-debug v0.2.3
[INFO] [stderr]     Checking itoa v0.4.8
[INFO] [stderr]     Checking matches v0.1.10
[INFO] [stderr]    Compiling prost-derive v0.12.6
[INFO] [stderr]     Checking hyper v0.14.28
[INFO] [stderr]     Checking async-compression v0.4.6
[INFO] [stderr]     Checking rand_core v0.3.1
[INFO] [stderr]     Checking pin-project v1.1.4
[INFO] [stderr]    Compiling scroll_derive v0.11.1
[INFO] [stderr]     Checking bytes v0.5.6
[INFO] [stderr]     Checking void v1.0.2
[INFO] [stderr]    Compiling unicode-xid v0.1.0
[INFO] [stderr]     Checking scroll v0.11.0
[INFO] [stderr]     Checking unreachable v1.0.0
[INFO] [stderr]     Checking tokio-executor v0.1.10
[INFO] [stderr]    Compiling parking_lot_core v0.6.3
[INFO] [stderr]    Compiling itertools v0.9.0
[INFO] [stderr]     Checking num-iter v0.1.44
[INFO] [stderr]    Compiling ring v0.16.20
[INFO] [stderr]    Compiling unicase v2.7.0
[INFO] [stderr]    Compiling memoffset v0.5.6
[INFO] [stderr]     Checking ascii v0.9.3
[INFO] [stderr]    Compiling glob v0.3.1
[INFO] [stderr]     Checking ark-poly v0.4.2
[INFO] [stderr]     Checking foreign-types-shared v0.1.1
[INFO] [stderr]     Checking plain v0.2.3
[INFO] [stderr]     Checking bitflags v1.3.2
[INFO] [stderr]    Compiling openssl v0.10.64
[INFO] [stderr]    Compiling syn v0.15.44
[INFO] [stderr]     Checking goblin v0.5.4
[INFO] [stderr]     Checking foreign-types v0.3.2
[INFO] [stderr]     Checking combine v3.8.1
[INFO] [stderr]     Checking num v0.2.1
[INFO] [stderr]    Compiling quote v0.6.13
[INFO] [stderr]     Checking idna v0.1.5
[INFO] [stderr]     Checking sha2 v0.8.2
[INFO] [stderr]     Checking ark-ec v0.4.2
[INFO] [stderr]    Compiling zstd-sys v1.4.18+zstd.1.4.7
[INFO] [stderr]    Compiling rand_chacha v0.1.1
[INFO] [stderr]    Compiling rand_pcg v0.1.2
[INFO] [stderr]     Checking smallvec v0.6.14
[INFO] [stderr]    Compiling parking_lot v0.9.0
[INFO] [stderr]    Compiling enum-iterator-derive v1.3.0
[INFO] [stderr]    Compiling openssl-macros v0.1.1
[INFO] [stderr]    Compiling solana-program-runtime v1.17.20
[INFO] [stderr]     Checking time v0.1.45
[INFO] [stderr]     Checking hash32 v0.2.1
[INFO] [stderr]    Compiling crossbeam-epoch v0.8.2
[INFO] [stderr]    Compiling native-tls v0.2.12
[INFO] [stderr]     Checking spin v0.5.2
[INFO] [stderr]     Checking untrusted v0.7.1
[INFO] [stderr]     Checking percent-encoding v1.0.1
[INFO] [stderr]     Checking ark-bn254 v0.4.0
[INFO] [stderr]     Checking enum-iterator v1.5.0
[INFO] [stderr]     Checking url v1.7.2
[INFO] [stderr]     Checking light-poseidon v0.2.0
[INFO] [stderr]     Checking percentage v0.1.0
[INFO] [stderr]     Checking tokio-io v0.1.13
[INFO] [stderr]    Compiling rand v0.6.5
[INFO] [stderr]     Checking lock_api v0.3.4
[INFO] [stderr]     Checking unicode-width v0.1.11
[INFO] [stderr]     Checking subtle v1.0.0
[INFO] [stderr]     Checking eager v0.1.0
[INFO] [stderr]     Checking pin-project-lite v0.1.12
[INFO] [stderr]    Compiling prettyplease v0.2.16
[INFO] [stderr]    Compiling heck v0.4.1
[INFO] [stderr]    Compiling prost v0.12.6
[INFO] [stderr]     Checking tokio v0.2.25
[INFO] [stderr]     Checking crypto-mac v0.7.0
[INFO] [stderr]     Checking solana_rbpf v0.8.0
[INFO] [stderr]     Checking rand_hc v0.1.0
[INFO] [stderr]     Checking rand_isaac v0.1.1
[INFO] [stderr]     Checking rand_xorshift v0.1.1
[INFO] [stderr]     Checking rand_os v0.1.3
[INFO] [stderr]     Checking rand_jitter v0.1.4
[INFO] [stderr]     Checking tokio-sync v0.1.8
[INFO] [stderr]    Compiling solana-vote-program v1.17.20
[INFO] [stderr]    Compiling zstd-safe v2.0.6+zstd.1.4.7
[INFO] [stderr]    Compiling cfg-if v1.0.0
[INFO] [stderr]    Compiling fixedbitset v0.4.2
[INFO] [stderr]     Checking fastrand v2.0.1
[INFO] [stderr]    Compiling version_check v0.1.5
[INFO] [stderr]    Compiling async-trait v0.1.77
[INFO] [stderr]    Compiling unicase v1.4.2
[INFO] [stderr]     Checking tempfile v3.10.0
[INFO] [stderr]    Compiling petgraph v0.6.4
[INFO] [stderr]     Checking tokio-reactor v0.1.12
[INFO] [stderr]    Compiling mime_guess v2.0.4
[INFO] [stderr]    Compiling prost-types v0.12.6
[INFO] [stderr]     Checking crossbeam-deque v0.7.4
[INFO] [stderr]     Checking hmac v0.7.1
[INFO] [stderr]     Checking webpki v0.21.4
[INFO] [stderr]     Checking http v0.1.21
[INFO] [stderr]     Checking crossbeam-queue v0.2.3
[INFO] [stderr]    Compiling bzip2-sys v0.1.11+1.0.8
[INFO] [stderr]    Compiling axum-core v0.3.4
[INFO] [stderr]    Compiling backtrace v0.3.69
[INFO] [stderr]     Checking solana-rayon-threadlimit v1.17.20
[INFO] [stderr]    Compiling solana-stake-program v1.17.20
[INFO] [stderr]    Compiling num-derive v0.2.5
[INFO] [stderr]     Checking gimli v0.28.1
[INFO] [stderr]    Compiling unicode-xid v0.2.4
[INFO] [stderr]     Checking tower-layer v0.3.2
[INFO] [stderr]    Compiling multimap v0.8.3
[INFO] [stderr]    Compiling failure_derive v0.1.8
[INFO] [stderr]     Checking tokio-util v0.3.1
[INFO] [stderr]    Compiling Inflector v0.11.4
[INFO] [stderr]    Compiling synstructure v0.12.6
[INFO] [stderr]    Compiling prost-build v0.12.6
[INFO] [stderr]     Checking tokio-threadpool v0.1.18
[INFO] [stderr]     Checking hmac-drbg v0.2.0
[INFO] [stderr]     Checking tokio-tcp v0.1.4
[INFO] [stderr]     Checking console v0.15.8
[INFO] [stderr]     Checking sct v0.6.1
[INFO] [stderr]     Checking tokio-current-thread v0.1.7
[INFO] [stderr]     Checking tokio-timer v0.2.13
[INFO] [stderr]     Checking tracing-futures v0.2.5
[INFO] [stderr]     Checking string v0.2.1
[INFO] [stderr]     Checking tokio-buf v0.1.1
[INFO] [stderr]    Compiling hyper v0.12.36
[INFO] [stderr]    Compiling num_enum_derive v0.5.11
[INFO] [stderr]    Compiling axum v0.6.20
[INFO] [stderr]    Compiling blake3 v0.3.8
[INFO] [stderr]     Checking object v0.32.2
[INFO] [stderr]     Checking log v0.3.9
[INFO] [stderr]    Compiling memoffset v0.7.1
[INFO] [stderr]     Checking same-file v1.0.6
[INFO] [stderr]     Checking addr2line v0.21.0
[INFO] [stderr]     Checking safemem v0.3.3
[INFO] [stderr]     Checking base64 v0.9.3
[INFO] [stderr]     Checking walkdir v2.5.0
[INFO] [stderr]     Checking mime v0.2.6
[INFO] [stderr]     Checking tokio v0.1.22
[INFO] [stderr]     Checking http-body v0.1.0
[INFO] [stderr]     Checking h2 v0.1.26
[INFO] [stderr]     Checking h2 v0.2.7
[INFO] [stderr]     Checking rustls v0.18.1
[INFO] [stderr]     Checking num_enum v0.5.11
[INFO] [stderr]    Compiling tonic-build v0.10.2
[INFO] [stderr]    Compiling ouroboros_macro v0.5.1
[INFO] [stderr]     Checking libsecp256k1 v0.3.5
[INFO] [stderr]     Checking tower v0.4.13
[INFO] [stderr]    Compiling dlopen_derive v0.1.4
[INFO] [stderr]     Checking xattr v1.3.1
[INFO] [stderr]     Checking http-body v0.3.1
[INFO] [stderr]     Checking idna v0.2.3
[INFO] [stderr]     Checking want v0.2.0
[INFO] [stderr]     Checking futures-cpupool v0.1.8
[INFO] [stderr]    Compiling solana-runtime v1.5.14
[INFO] [stderr]     Checking sha3 v0.9.1
[INFO] [stderr]     Checking generic-array v0.13.3
[INFO] [stderr]     Checking tokio-io-timeout v1.2.0
[INFO] [stderr]    Compiling async-stream-impl v0.3.5
[INFO] [stderr]    Compiling solana-version v1.17.20
[INFO] [stderr]     Checking socket2 v0.3.19
[INFO] [stderr]     Checking filetime v0.2.23
[INFO] [stderr]     Checking itertools v0.8.2
[INFO] [stderr]     Checking arrayvec v0.5.2
[INFO] [stderr]     Checking ucd-trie v0.1.6
[INFO] [stderr]     Checking constant_time_eq v0.1.5
[INFO] [stderr]     Checking traitobject v0.1.0
[INFO] [stderr]     Checking typeable v0.1.2
[INFO] [stderr]     Checking shell-words v1.1.0
[INFO] [stderr]     Checking bs58 v0.2.5
[INFO] [stderr]     Checking untrusted v0.6.2
[INFO] [stderr]     Checking language-tags v0.2.2
[INFO] [stderr]     Checking stable_deref_trait v1.2.0
[INFO] [stderr]     Checking matchit v0.7.3
[INFO] [stderr]     Checking os_str_bytes v6.6.1
[INFO] [stderr]     Checking hex v0.3.2
[INFO] [stderr]     Checking httpdate v0.3.2
[INFO] [stderr]     Checking hyper v0.10.16
[INFO] [stderr]     Checking hyper v0.13.10
[INFO] [stderr]     Checking async-stream v0.3.5
[INFO] [stderr]     Checking clap_lex v0.2.4
[INFO] [stderr]     Checking ouroboros v0.5.1
[INFO] [stderr]     Checking dialoguer v0.10.4
[INFO] [stderr]     Checking pest v2.7.10
[INFO] [stderr]     Checking solana-sdk v0.14.0
[INFO] [stderr]     Checking tar v0.4.41
[INFO] [stderr]     Checking spl-token v3.0.1
[INFO] [stdout] error[E0599]: no method named `verify` found for struct `PublicKey` in the current scope
[INFO] [stdout]   --> /opt/rustwide/cargo-home/registry/src/index.crates.io-1949cf8c6b5b557f/solana-sdk-0.14.0/src/signature.rs:34:14
[INFO] [stdout]    |
[INFO] [stdout] 32 | /         pubkey
[INFO] [stdout] 33 | |             .unwrap()
[INFO] [stdout] 34 | |             .verify(message_bytes, &signature.unwrap())
[INFO] [stdout]    | |             -^^^^^^ method not found in `PublicKey`
[INFO] [stdout]    | |_____________|
[INFO] [stdout]    |
[INFO] [stdout]    |
[INFO] [stdout]   ::: /opt/rustwide/cargo-home/registry/src/index.crates.io-1949cf8c6b5b557f/signature-1.6.4/src/verifier.rs:14:8
[INFO] [stdout]    |
[INFO] [stdout] 14 |       fn verify(&self, msg: &[u8], signature: &S) -> Result<(), Error>;
[INFO] [stdout]    |          ------ the method is available for `PublicKey` here
[INFO] [stdout]    |
[INFO] [stdout]    = help: items from traits can only be used if the trait is in scope
[INFO] [stdout] help: trait `Verifier` which provides `verify` is implemented but not in scope; perhaps you want to import it
[INFO] [stdout]    |
[INFO] [stdout] 3  + use ed25519_dalek::Verifier;
[INFO] [stdout]    |
[INFO] [stdout] 
[INFO] [stdout] 
[INFO] [stdout] error[E0277]: the trait bound `rand::rngs::OsRng: rand_core::CryptoRng` is not satisfied
[INFO] [stdout]    --> /opt/rustwide/cargo-home/registry/src/index.crates.io-1949cf8c6b5b557f/solana-sdk-0.14.0/src/signature.rs:83:27
[INFO] [stdout]     |
[INFO] [stdout] 83  |         Keypair::generate(&mut rng)
[INFO] [stdout]     |         ----------------- ^^^^^^^^ the trait `rand_core::CryptoRng` is not implemented for `rand::rngs::OsRng`
[INFO] [stdout]     |         |
[INFO] [stdout]     |         required by a bound introduced by this call
[INFO] [stdout]     |
[INFO] [stdout] note: there are multiple different versions of crate `rand_core` in the dependency graph
[INFO] [stdout]    --> /opt/rustwide/cargo-home/registry/src/index.crates.io-1949cf8c6b5b557f/rand_core-0.5.1/src/lib.rs:208:1
[INFO] [stdout]     |
[INFO] [stdout] 208 | pub trait CryptoRng {}
[INFO] [stdout]     | ^^^^^^^^^^^^^^^^^^^ this is the required trait
[INFO] [stdout]     |
[INFO] [stdout]    ::: /opt/rustwide/cargo-home/registry/src/index.crates.io-1949cf8c6b5b557f/solana-sdk-0.14.0/src/signature.rs:5:5
[INFO] [stdout]     |
[INFO] [stdout] 5   | use ed25519_dalek;
[INFO] [stdout]     |     ------------- one version of crate `rand_core` used here, as a dependency of crate `curve25519_dalek`
[INFO] [stdout] ...
[INFO] [stdout] 8   | use rand::rngs::OsRng;
[INFO] [stdout]     |     ---- one version of crate `rand_core` used here, as a dependency of crate `rand_jitter`
[INFO] [stdout]     |
[INFO] [stdout]    ::: /opt/rustwide/cargo-home/registry/src/index.crates.io-1949cf8c6b5b557f/rand_os-0.1.3/src/lib.rs:157:1
[INFO] [stdout]     |
[INFO] [stdout] 157 | pub struct OsRng(imp::OsRng);
[INFO] [stdout]     | ---------------- this type doesn't implement the required trait
[INFO] [stdout]     |
[INFO] [stdout]    ::: /opt/rustwide/cargo-home/registry/src/index.crates.io-1949cf8c6b5b557f/rand_core-0.4.2/src/block.rs:63:1
[INFO] [stdout]     |
[INFO] [stdout] 63  | pub trait BlockRngCore {
[INFO] [stdout]     | ---------------------- this is the found trait
[INFO] [stdout]     = help: you can use `cargo tree` to explore your dependency tree
[INFO] [stdout] note: required by a bound in `ed25519_dalek::Keypair::generate`
[INFO] [stdout]    --> /opt/rustwide/cargo-home/registry/src/index.crates.io-1949cf8c6b5b557f/ed25519-dalek-1.0.1/src/keypair.rs:129:12
[INFO] [stdout]     |
[INFO] [stdout] 127 |     pub fn generate<R>(csprng: &mut R) -> Keypair
[INFO] [stdout]     |            -------- required by a bound in this associated function
[INFO] [stdout] 128 |     where
[INFO] [stdout] 129 |         R: CryptoRng + RngCore,
[INFO] [stdout]     |            ^^^^^^^^^ required by this bound in `Keypair::generate`
[INFO] [stdout] 
[INFO] [stdout] 
[INFO] [stdout] error[E0277]: the trait bound `rand::rngs::OsRng: rand_core::RngCore` is not satisfied
[INFO] [stdout]    --> /opt/rustwide/cargo-home/registry/src/index.crates.io-1949cf8c6b5b557f/solana-sdk-0.14.0/src/signature.rs:83:27
[INFO] [stdout]     |
[INFO] [stdout] 83  |         Keypair::generate(&mut rng)
[INFO] [stdout]     |         ----------------- ^^^^^^^^ the trait `rand_core::RngCore` is not implemented for `rand::rngs::OsRng`
[INFO] [stdout]     |         |
[INFO] [stdout]     |         required by a bound introduced by this call
[INFO] [stdout]     |
[INFO] [stdout] note: there are multiple different versions of crate `rand_core` in the dependency graph
[INFO] [stdout]    --> /opt/rustwide/cargo-home/registry/src/index.crates.io-1949cf8c6b5b557f/rand_core-0.5.1/src/lib.rs:137:1
[INFO] [stdout]     |
[INFO] [stdout] 137 | pub trait RngCore {
[INFO] [stdout]     | ^^^^^^^^^^^^^^^^^ this is the required trait
[INFO] [stdout]     |
[INFO] [stdout]    ::: /opt/rustwide/cargo-home/registry/src/index.crates.io-1949cf8c6b5b557f/solana-sdk-0.14.0/src/signature.rs:5:5
[INFO] [stdout]     |
[INFO] [stdout] 5   | use ed25519_dalek;
[INFO] [stdout]     |     ------------- one version of crate `rand_core` used here, as a dependency of crate `curve25519_dalek`
[INFO] [stdout] ...
[INFO] [stdout] 8   | use rand::rngs::OsRng;
[INFO] [stdout]     |     ---- one version of crate `rand_core` used here, as a dependency of crate `rand_jitter`
[INFO] [stdout]     |
[INFO] [stdout]    ::: /opt/rustwide/cargo-home/registry/src/index.crates.io-1949cf8c6b5b557f/rand_os-0.1.3/src/lib.rs:157:1
[INFO] [stdout]     |
[INFO] [stdout] 157 | pub struct OsRng(imp::OsRng);
[INFO] [stdout]     | ---------------- this type doesn't implement the required trait
[INFO] [stdout]     |
[INFO] [stdout]    ::: /opt/rustwide/cargo-home/registry/src/index.crates.io-1949cf8c6b5b557f/rand_core-0.4.2/src/block.rs:63:1
[INFO] [stdout]     |
[INFO] [stdout] 63  | pub trait BlockRngCore {
[INFO] [stdout]     | ---------------------- this is the found trait
[INFO] [stdout]     = help: you can use `cargo tree` to explore your dependency tree
[INFO] [stdout] note: required by a bound in `ed25519_dalek::Keypair::generate`
[INFO] [stdout]    --> /opt/rustwide/cargo-home/registry/src/index.crates.io-1949cf8c6b5b557f/ed25519-dalek-1.0.1/src/keypair.rs:129:24
[INFO] [stdout]     |
[INFO] [stdout] 127 |     pub fn generate<R>(csprng: &mut R) -> Keypair
[INFO] [stdout]     |            -------- required by a bound in this associated function
[INFO] [stdout] 128 |     where
[INFO] [stdout] 129 |         R: CryptoRng + RngCore,
[INFO] [stdout]     |                        ^^^^^^^ required by this bound in `Keypair::generate`
[INFO] [stdout] 
[INFO] [stdout] 
[INFO] [stdout] error[E0599]: no method named `sign` found for reference `&ed25519_dalek::Keypair` in the current scope
[INFO] [stdout]   --> /opt/rustwide/cargo-home/registry/src/index.crates.io-1949cf8c6b5b557f/solana-sdk-0.14.0/src/signature.rs:92:30
[INFO] [stdout]    |
[INFO] [stdout] 92 |         Signature::new(&self.sign(message).to_bytes())
[INFO] [stdout]    |                              ^^^^
[INFO] [stdout]    |
[INFO] [stdout]    = help: items from traits can only be used if the trait is in scope
[INFO] [stdout] help: trait `Signer` which provides `sign` is implemented but not in scope; perhaps you want to import it
[INFO] [stdout]    |
[INFO] [stdout] 3  + use ed25519_dalek::Signer;
[INFO] [stdout]    |
[INFO] [stdout] help: there is a method `try_sign` with a similar name
[INFO] [stdout]    |
[INFO] [stdout] 92 |         Signature::new(&self.try_sign(message).to_bytes())
[INFO] [stdout]    |                              ~~~~~~~~
[INFO] [stdout] 
[INFO] [stdout] 
[INFO] [stderr]     Checking publicsuffix v1.5.6
[INFO] [stderr]     Checking hyper-timeout v0.4.1
[INFO] [stdout] Some errors have detailed explanations: E0277, E0599.
[INFO] [stdout] 
[INFO] [stdout] For more information about an error, try `rustc --explain E0277`.
[INFO] [stdout] 
[INFO] [stderr] error: could not compile `solana-sdk` (lib) due to 4 previous errors
[INFO] [stderr] warning: build failed, waiting for other jobs to finish...
[INFO] running `Command { std: "docker" "inspect" "c3a78cd377f411f690559842a47a7c6822e30badc53c9c3835e7277bae8a8ed7", kill_on_drop: false }`
[INFO] running `Command { std: "docker" "rm" "-f" "c3a78cd377f411f690559842a47a7c6822e30badc53c9c3835e7277bae8a8ed7", kill_on_drop: false }`
[INFO] [stdout] c3a78cd377f411f690559842a47a7c6822e30badc53c9c3835e7277bae8a8ed7
