[INFO] cloning repository https://github.com/hairtail/post-rs-to-public
[INFO] running `Command { std: "git" "-c" "credential.helper=" "-c" "credential.helper=/workspace/cargo-home/bin/git-credential-null" "clone" "--bare" "https://github.com/hairtail/post-rs-to-public" "/workspace/cache/git-repos/https%3A%2F%2Fgithub.com%2Fhairtail%2Fpost-rs-to-public", kill_on_drop: false }`
[INFO] [stderr] Cloning into bare repository '/workspace/cache/git-repos/https%3A%2F%2Fgithub.com%2Fhairtail%2Fpost-rs-to-public'...
[INFO] running `Command { std: "git" "rev-parse" "HEAD", kill_on_drop: false }`
[INFO] [stdout] a58b164ff83b7b9427480d526211f93a6241fdde
[INFO] documenting hairtail/post-rs-to-public against beta-2025-02-18 for beta-1.86-rustdoc-1
[INFO] running `Command { std: "git" "clone" "/workspace/cache/git-repos/https%3A%2F%2Fgithub.com%2Fhairtail%2Fpost-rs-to-public" "/workspace/builds/worker-6-tc2/source", kill_on_drop: false }`
[INFO] [stderr] Cloning into '/workspace/builds/worker-6-tc2/source'...
[INFO] [stderr] done.
[INFO] [stderr] error: Unable to create '/workspace/builds/worker-6-tc2/source/.git/refs/remotes/origin/HEAD.lock': No such file or directory
[INFO] [stderr] fatal: unable to update refs/remotes/origin/HEAD
[INFO] documenting hairtail/post-rs-to-public against beta-2025-02-18 for beta-1.86-rustdoc-1
[INFO] running `Command { std: "git" "clone" "/workspace/cache/git-repos/https%3A%2F%2Fgithub.com%2Fhairtail%2Fpost-rs-to-public" "/workspace/builds/worker-6-tc2/source", kill_on_drop: false }`
[INFO] [stderr] Cloning into '/workspace/builds/worker-6-tc2/source'...
[INFO] [stderr] error: unable to write symref for HEAD: No space left on device
[INFO] documenting hairtail/post-rs-to-public against beta-2025-02-18 for beta-1.86-rustdoc-1
[INFO] running `Command { std: "git" "clone" "/workspace/cache/git-repos/https%3A%2F%2Fgithub.com%2Fhairtail%2Fpost-rs-to-public" "/workspace/builds/worker-6-tc2/source", kill_on_drop: false }`
[INFO] [stderr] Cloning into '/workspace/builds/worker-6-tc2/source'...
[INFO] [stderr] done.
[INFO] validating manifest of git repo https://github.com/hairtail/post-rs-to-public on toolchain beta-2025-02-18
[INFO] running `Command { std: CARGO_HOME="/workspace/cargo-home" RUSTUP_HOME="/workspace/rustup-home" "/workspace/cargo-home/bin/cargo" "+beta-2025-02-18" "metadata" "--manifest-path" "Cargo.toml" "--no-deps", kill_on_drop: false }`
[INFO] started tweaking git repo https://github.com/hairtail/post-rs-to-public
[INFO] finished tweaking git repo https://github.com/hairtail/post-rs-to-public
[INFO] tweaked toml for git repo https://github.com/hairtail/post-rs-to-public written to /workspace/builds/worker-6-tc2/source/Cargo.toml
[INFO] crate git repo https://github.com/hairtail/post-rs-to-public already has a lockfile, it will not be regenerated
[INFO] running `Command { std: CARGO_HOME="/workspace/cargo-home" RUSTUP_HOME="/workspace/rustup-home" "/workspace/cargo-home/bin/cargo" "+beta-2025-02-18" "fetch" "--manifest-path" "Cargo.toml", kill_on_drop: false }`
[INFO] [stderr] warning: /workspace/builds/worker-6-tc2/source/ffi/Cargo.toml: `crate_type` is deprecated in favor of `crate-type` and will not work in the 2024 edition
[INFO] [stderr] (in the `post` library target)
[INFO] [stderr]     Updating git submodule `https://github.com/spacemeshos/scrypt-jane.git`
[INFO] [stderr]     Updating crates.io index
[INFO] [stderr]     Updating git submodule `https://github.com/tevador/RandomX.git`
[INFO] [stderr]     Blocking waiting for file lock on package cache
[INFO] [stderr]  Downloading crates ...
[INFO] [stderr]   Downloaded duration-str v0.10.0
[INFO] [stderr]   Downloaded ocl-core-vector v0.1.1
[INFO] [stderr]   Downloaded qutex v0.2.4
[INFO] [stderr]   Downloaded range-set v0.0.11
[INFO] [stderr]   Downloaded axum-test v14.10.0
[INFO] [stderr]   Downloaded quanta v0.12.2
[INFO] [stderr]   Downloaded cl-sys v0.4.3
[INFO] [stderr]   Downloaded rcgen v0.12.1
[INFO] [stderr]   Downloaded ocl v0.19.7
[INFO] [stderr]   Downloaded ocl-core v0.11.5
[INFO] [stderr]   Downloaded rust_decimal v1.34.3
[INFO] running `Command { std: "docker" "create" "-v" "/var/lib/crater-agent-workspace/builds/worker-6-tc2/target:/opt/rustwide/target:rw,Z" "-v" "/var/lib/crater-agent-workspace/builds/worker-6-tc2/source:/opt/rustwide/workdir:ro,Z" "-v" "/var/lib/crater-agent-workspace/cargo-home:/opt/rustwide/cargo-home:ro,Z" "-v" "/var/lib/crater-agent-workspace/rustup-home:/opt/rustwide/rustup-home:ro,Z" "-e" "SOURCE_DIR=/opt/rustwide/workdir" "-e" "CARGO_TARGET_DIR=/opt/rustwide/target" "-e" "CARGO_HOME=/opt/rustwide/cargo-home" "-e" "RUSTUP_HOME=/opt/rustwide/rustup-home" "-w" "/opt/rustwide/workdir" "-m" "1610612736" "--user" "0:0" "--network" "none" "ghcr.io/rust-lang/crates-build-env/linux@sha256:3959728d45483eb673ba100a951a6b9f5012970368db2a9e08e0ac9b67c8a5ad" "/opt/rustwide/cargo-home/bin/cargo" "+beta-2025-02-18" "metadata" "--no-deps" "--format-version=1", kill_on_drop: false }`
[INFO] [stdout] 5f69e3931eee1c253809a7fa3579ecf593f26953bfd006dd9d94aa6b6b9c17bf
[INFO] running `Command { std: "docker" "start" "-a" "5f69e3931eee1c253809a7fa3579ecf593f26953bfd006dd9d94aa6b6b9c17bf", kill_on_drop: false }`
[INFO] running `Command { std: "docker" "inspect" "5f69e3931eee1c253809a7fa3579ecf593f26953bfd006dd9d94aa6b6b9c17bf", kill_on_drop: false }`
[INFO] running `Command { std: "docker" "rm" "-f" "5f69e3931eee1c253809a7fa3579ecf593f26953bfd006dd9d94aa6b6b9c17bf", kill_on_drop: false }`
[INFO] [stdout] 5f69e3931eee1c253809a7fa3579ecf593f26953bfd006dd9d94aa6b6b9c17bf
[INFO] running `Command { std: "docker" "create" "-v" "/var/lib/crater-agent-workspace/builds/worker-6-tc2/target:/opt/rustwide/target:rw,Z" "-v" "/var/lib/crater-agent-workspace/builds/worker-6-tc2/source:/opt/rustwide/workdir:ro,Z" "-v" "/var/lib/crater-agent-workspace/cargo-home:/opt/rustwide/cargo-home:ro,Z" "-v" "/var/lib/crater-agent-workspace/rustup-home:/opt/rustwide/rustup-home:ro,Z" "-e" "SOURCE_DIR=/opt/rustwide/workdir" "-e" "CARGO_TARGET_DIR=/opt/rustwide/target" "-e" "CARGO_INCREMENTAL=0" "-e" "RUST_BACKTRACE=full" "-e" "RUSTFLAGS=--cap-lints=warn" "-e" "RUSTDOCFLAGS=--cap-lints=warn" "-e" "CARGO_HOME=/opt/rustwide/cargo-home" "-e" "RUSTUP_HOME=/opt/rustwide/rustup-home" "-w" "/opt/rustwide/workdir" "-m" "1610612736" "--user" "0:0" "--network" "none" "ghcr.io/rust-lang/crates-build-env/linux@sha256:3959728d45483eb673ba100a951a6b9f5012970368db2a9e08e0ac9b67c8a5ad" "/opt/rustwide/cargo-home/bin/cargo" "+beta-2025-02-18" "doc" "--frozen" "--no-deps" "--document-private-items" "--message-format=json", kill_on_drop: false }`
[INFO] [stdout] 9022c84a39a1924168da1adcaa2d494f1bcd86d754b8b2443c7fd8894d75e251
[INFO] running `Command { std: "docker" "start" "-a" "9022c84a39a1924168da1adcaa2d494f1bcd86d754b8b2443c7fd8894d75e251", kill_on_drop: false }`
[INFO] [stderr] warning: /opt/rustwide/workdir/ffi/Cargo.toml: `crate_type` is deprecated in favor of `crate-type` and will not work in the 2024 edition
[INFO] [stderr] (in the `post` library target)
[INFO] [stderr]    Compiling proc-macro2 v1.0.79
[INFO] [stderr]    Compiling unicode-ident v1.0.12
[INFO] [stderr]    Compiling libc v0.2.155
[INFO] [stderr]     Checking cfg-if v1.0.0
[INFO] [stderr]    Compiling glob v0.3.1
[INFO] [stderr]    Compiling rustix v0.38.32
[INFO] [stderr]    Compiling prettyplease v0.2.16
[INFO] [stderr]    Compiling typenum v1.17.0
[INFO] [stderr]    Compiling version_check v0.9.4
[INFO] [stderr]    Compiling linux-raw-sys v0.4.13
[INFO] [stderr]    Compiling bitflags v2.5.0
[INFO] [stderr]    Compiling minimal-lexical v0.2.1
[INFO] [stderr]    Compiling cc v1.0.90
[INFO] [stderr]    Compiling either v1.10.0
[INFO] [stderr]    Compiling memchr v2.7.1
[INFO] [stderr]    Compiling regex-syntax v0.8.2
[INFO] [stderr]    Compiling libloading v0.8.3
[INFO] [stderr]    Compiling crossbeam-utils v0.8.19
[INFO] [stderr]    Compiling home v0.5.9
[INFO] [stderr]    Compiling bindgen v0.69.4
[INFO] [stderr]    Compiling generic-array v0.14.7
[INFO] [stderr]    Compiling itertools v0.12.1
[INFO] [stderr]    Compiling rustc-hash v1.1.0
[INFO] [stderr]    Compiling fnv v1.0.7
[INFO] [stderr]    Compiling shlex v1.3.0
[INFO] [stderr]    Compiling lazy_static v1.4.0
[INFO] [stderr]    Compiling strsim v0.10.0
[INFO] [stderr]    Compiling lazycell v1.3.0
[INFO] [stderr]    Compiling log v0.4.21
[INFO] [stderr]    Compiling ident_case v1.0.1
[INFO] [stderr]    Compiling serde v1.0.203
[INFO] [stderr]    Compiling clang-sys v1.7.0
[INFO] [stderr]     Checking ppv-lite86 v0.2.17
[INFO] [stderr]    Compiling crunchy v0.2.2
[INFO] [stderr]     Checking byteorder v1.5.0
[INFO] [stderr]     Checking predicates-core v1.0.6
[INFO] [stderr]    Compiling quote v1.0.35
[INFO] [stderr]    Compiling nom v7.1.3
[INFO] [stderr]     Checking static_assertions v1.1.0
[INFO] [stderr]    Compiling thiserror v1.0.61
[INFO] [stderr]    Compiling radium v0.7.0
[INFO] [stderr]     Checking getrandom v0.2.12
[INFO] [stderr]    Compiling rayon-core v1.12.1
[INFO] [stderr]     Checking crossbeam-epoch v0.9.18
[INFO] [stderr]     Checking hex v0.4.3
[INFO] [stderr]    Compiling syn v2.0.53
[INFO] [stderr]     Checking rand_core v0.6.4
[INFO] [stderr]    Compiling randomx-rs v1.3.0 (https://github.com/spacemeshos/randomx-rs?rev=d46bcd90e09428883e253b8203d6b311b0a07b91#d46bcd90)
[INFO] [stderr]    Compiling serde_json v1.0.117
[INFO] [stderr]     Checking termtree v0.4.1
[INFO] [stderr]    Compiling blake3 v1.5.1
[INFO] [stderr]     Checking crossbeam-deque v0.8.5
[INFO] [stderr]     Checking anstyle v1.0.6
[INFO] [stderr]    Compiling eyre v0.6.12
[INFO] [stderr]     Checking rand_chacha v0.3.1
[INFO] [stderr]     Checking rustc-hex v2.1.0
[INFO] [stderr]     Checking once_cell v1.19.0
[INFO] [stderr]     Checking tap v1.0.1
[INFO] [stderr]     Checking bytemuck v1.16.0
[INFO] [stderr]     Checking aho-corasick v1.1.3
[INFO] [stderr]     Checking wyz v0.5.1
[INFO] [stderr]     Checking rand v0.8.5
[INFO] [stderr]     Checking predicates v3.1.0
[INFO] [stderr]     Checking predicates-tree v1.0.9
[INFO] [stderr]     Checking uint v0.9.5
[INFO] [stderr]     Checking num_cpus v1.16.0
[INFO] [stderr]     Checking arrayvec v0.7.4
[INFO] [stderr]    Compiling regex-automata v0.4.6
[INFO] [stderr]     Checking base64 v0.22.1
[INFO] [stderr]     Checking funty v2.0.0
[INFO] [stderr]     Checking ryu v1.0.17
[INFO] [stderr]     Checking downcast v0.11.0
[INFO] [stderr]     Checking block-padding v0.3.3
[INFO] [stderr]     Checking crypto-common v0.1.6
[INFO] [stderr]     Checking cpufeatures v0.2.12
[INFO] [stderr]     Checking arrayref v0.3.7
[INFO] [stderr]     Checking fragile v2.0.0
[INFO] [stderr]     Checking inout v0.1.3
[INFO] [stderr]     Checking indenter v0.3.3
[INFO] [stderr]     Checking constant_time_eq v0.3.0
[INFO] [stderr]     Checking itoa v1.0.10
[INFO] [stderr]    Compiling which v4.4.2
[INFO] [stderr]     Checking fixed-hash v0.8.0
[INFO] [stderr]     Checking cipher v0.4.4
[INFO] [stderr]     Checking primitive-types v0.12.2
[INFO] [stderr]     Checking core_affinity v0.8.1
[INFO] [stderr]     Checking aes v0.8.4
[INFO] [stderr]     Checking rayon v1.10.0
[INFO] [stderr]     Checking thread_local v1.1.8
[INFO] [stderr]     Checking bitvec v1.0.1
[INFO] [stderr]     Checking itertools v0.13.0
[INFO] [stderr]    Compiling cexpr v0.6.0
[INFO] [stderr]    Compiling regex v1.10.4
[INFO] [stderr]    Compiling darling_core v0.20.8
[INFO] [stderr]    Compiling serde_derive v1.0.203
[INFO] [stderr]    Compiling thiserror-impl v1.0.61
[INFO] [stderr]    Compiling mockall_derive v0.12.1
[INFO] [stderr] rustc-LLVM ERROR: IO failure on output stream: No space left on device
[INFO] [stderr] error: failed to run custom build command for `randomx-rs v1.3.0 (https://github.com/spacemeshos/randomx-rs?rev=d46bcd90e09428883e253b8203d6b311b0a07b91#d46bcd90)`
[INFO] [stderr] note: To improve backtraces for build dependencies, set the CARGO_PROFILE_DEV_BUILD_OVERRIDE_DEBUG=true environment variable to enable debug information generation.
[INFO] [stderr] 
[INFO] [stderr] Caused by:
[INFO] [stderr]   process didn't exit successfully: `/opt/rustwide/target/debug/build/randomx-rs-0fb932da45074a4d/build-script-build` (exit status: 101)
[INFO] [stderr]   --- stdout
[INFO] [stderr]   status: exit status: 0
[INFO] [stderr]   -- The C compiler identification is GNU 11.4.0
[INFO] [stderr]   -- The CXX compiler identification is GNU 11.4.0
[INFO] [stderr]   -- Detecting C compiler ABI info
[INFO] [stderr]   -- Detecting C compiler ABI info - done
[INFO] [stderr]   -- Check for working C compiler: /usr/bin/cc - skipped
[INFO] [stderr]   -- Detecting C compile features
[INFO] [stderr]   -- Detecting C compile features - done
[INFO] [stderr]   -- Detecting CXX compiler ABI info
[INFO] [stderr]   -- Detecting CXX compiler ABI info - done
[INFO] [stderr]   -- Check for working CXX compiler: /usr/bin/c++ - skipped
[INFO] [stderr]   -- Detecting CXX compile features
[INFO] [stderr]   -- Detecting CXX compile features - done
[INFO] [stderr]   -- Setting default build type: Release
[INFO] [stderr]   -- Performing Test _maes_cxx
[INFO] [stderr]   -- Performing Test _maes_cxx - Success
[INFO] [stderr]   -- Setting CXX flag -maes
[INFO] [stderr]   -- Performing Test _maes_c
[INFO] [stderr]   -- Performing Test _maes_c - Success
[INFO] [stderr]   -- Setting C flag -maes
[INFO] [stderr]   -- Performing Test HAVE_SSSE3
[INFO] [stderr]   -- Performing Test HAVE_SSSE3 - Success
[INFO] [stderr]   -- Performing Test HAVE_AVX2
[INFO] [stderr]   -- Performing Test HAVE_AVX2 - Success
[INFO] [stderr]   -- Looking for pthread.h
[INFO] [stderr]   -- Looking for pthread.h - found
[INFO] [stderr]   -- Performing Test CMAKE_HAVE_LIBC_PTHREAD
[INFO] [stderr]   -- Performing Test CMAKE_HAVE_LIBC_PTHREAD - Success
[INFO] [stderr]   -- Found Threads: TRUE  
[INFO] [stderr]   -- Performing Test HAVE_CXX_ATOMICS
[INFO] [stderr]   -- Performing Test HAVE_CXX_ATOMICS - Success
[INFO] [stderr]   -- Configuring done
[INFO] [stderr]   -- Generating done
[INFO] [stderr]   -- Build files have been written to: /opt/rustwide/target/debug/build/randomx-rs-59eb3f57b9bcb8ba/out/randomx_build
[INFO] [stderr]   status: exit status: 2
[INFO] [stderr]   [  2%] Building CXX object CMakeFiles/randomx.dir/src/aes_hash.cpp.o
[INFO] [stderr]   [  5%] Building C object CMakeFiles/randomx.dir/src/argon2_ref.c.o
[INFO] [stderr]   [  8%] Building C object CMakeFiles/randomx.dir/src/argon2_ssse3.c.o
[INFO] [stderr]   [ 11%] Building C object CMakeFiles/randomx.dir/src/argon2_avx2.c.o
[INFO] [stderr]   [ 14%] Building CXX object CMakeFiles/randomx.dir/src/bytecode_machine.cpp.o
[INFO] [stderr] 
[INFO] [stderr]   --- stderr
[INFO] [stderr]   /tmp/ccOu3hPa.s: Assembler messages:
[INFO] [stderr]   /tmp/ccOu3hPa.s: Fatal error: can't write 40 bytes to section .text of CMakeFiles/randomx.dir/src/bytecode_machine.cpp.o: 'No space left on device'
[INFO] [stderr]   /tmp/ccOu3hPa.s: Fatal error: CMakeFiles/randomx.dir/src/bytecode_machine.cpp.o: No space left on device
[INFO] [stderr]   make[2]: *** [CMakeFiles/randomx.dir/build.make:132: CMakeFiles/randomx.dir/src/bytecode_machine.cpp.o] Error 1
[INFO] [stderr]   make[1]: *** [CMakeFiles/Makefile2:89: CMakeFiles/randomx.dir/all] Error 2
[INFO] [stderr]   make: *** [Makefile:136: all] Error 2
[INFO] [stderr] 
[INFO] [stderr]   thread 'main' panicked at /opt/rustwide/cargo-home/git/checkouts/randomx-rs-04c2dc0fa3604ff0/d46bcd9/build.rs:203:9:
[INFO] [stderr]   assertion failed: m.status.success()
[INFO] [stderr]   stack backtrace:
[INFO] [stderr]      0:     0x5af144522620 - std::backtrace_rs::backtrace::libunwind::trace::h8ddfbb338e69e199
[INFO] [stderr]                                  at /rustc/f0cb41030579cd1a6f72bd23f38e677052d5d485/library/std/src/../../backtrace/src/backtrace/libunwind.rs:117:9
[INFO] [stderr]      1:     0x5af144522620 - std::backtrace_rs::backtrace::trace_unsynchronized::h4b42ed801e8ee862
[INFO] [stderr]                                  at /rustc/f0cb41030579cd1a6f72bd23f38e677052d5d485/library/std/src/../../backtrace/src/backtrace/mod.rs:66:14
[INFO] [stderr]      2:     0x5af144522620 - std::sys::backtrace::_print_fmt::hb90198f2c10bf707
[INFO] [stderr]                                  at /rustc/f0cb41030579cd1a6f72bd23f38e677052d5d485/library/std/src/sys/backtrace.rs:66:9
[INFO] [stderr]      3:     0x5af144522620 - <std::sys::backtrace::BacktraceLock::print::DisplayBacktrace as core::fmt::Display>::fmt::h0f123f0656f13ecf
[INFO] [stderr]                                  at /rustc/f0cb41030579cd1a6f72bd23f38e677052d5d485/library/std/src/sys/backtrace.rs:39:26
[INFO] [stderr]      4:     0x5af144543143 - core::fmt::rt::Argument::fmt::h12e51c1529489cd8
[INFO] [stderr]                                  at /rustc/f0cb41030579cd1a6f72bd23f38e677052d5d485/library/core/src/fmt/rt.rs:177:76
[INFO] [stderr]      5:     0x5af144543143 - core::fmt::write::h0abcdef7aa759353
[INFO] [stderr]                                  at /rustc/f0cb41030579cd1a6f72bd23f38e677052d5d485/library/core/src/fmt/mod.rs:1449:21
[INFO] [stderr]      6:     0x5af14451faf3 - std::io::Write::write_fmt::h35f2880f7855f55a
[INFO] [stderr]                                  at /rustc/f0cb41030579cd1a6f72bd23f38e677052d5d485/library/std/src/io/mod.rs:1890:15
[INFO] [stderr]      7:     0x5af144522472 - std::sys::backtrace::BacktraceLock::print::h759bdab738e31d9d
[INFO] [stderr]                                  at /rustc/f0cb41030579cd1a6f72bd23f38e677052d5d485/library/std/src/sys/backtrace.rs:42:9
[INFO] [stderr]      8:     0x5af1445233cf - std::panicking::default_hook::{{closure}}::h0616f7020c8b9e0d
[INFO] [stderr]                                  at /rustc/f0cb41030579cd1a6f72bd23f38e677052d5d485/library/std/src/panicking.rs:298:22
[INFO] [stderr]      9:     0x5af14452323a - std::panicking::default_hook::hcb4bf3fe9044f7f6
[INFO] [stderr]                                  at /rustc/f0cb41030579cd1a6f72bd23f38e677052d5d485/library/std/src/panicking.rs:325:9
[INFO] [stderr]     10:     0x5af144523d72 - std::panicking::rust_panic_with_hook::h2fd8d6252462d800
[INFO] [stderr]                                  at /rustc/f0cb41030579cd1a6f72bd23f38e677052d5d485/library/std/src/panicking.rs:831:13
[INFO] [stderr]     11:     0x5af144523ae6 - std::panicking::begin_panic_handler::{{closure}}::h746cf6ba43e1c73f
[INFO] [stderr]                                  at /rustc/f0cb41030579cd1a6f72bd23f38e677052d5d485/library/std/src/panicking.rs:697:13
[INFO] [stderr]     12:     0x5af144522b39 - std::sys::backtrace::__rust_end_short_backtrace::hba3f7b171935b491
[INFO] [stderr]                                  at /rustc/f0cb41030579cd1a6f72bd23f38e677052d5d485/library/std/src/sys/backtrace.rs:168:18
[INFO] [stderr]     13:     0x5af1445237ad - rust_begin_unwind
[INFO] [stderr]                                  at /rustc/f0cb41030579cd1a6f72bd23f38e677052d5d485/library/std/src/panicking.rs:695:5
[INFO] [stderr]     14:     0x5af1444f0330 - core::panicking::panic_fmt::h34cc4efb1683329b
[INFO] [stderr]                                  at /rustc/f0cb41030579cd1a6f72bd23f38e677052d5d485/library/core/src/panicking.rs:75:14
[INFO] [stderr]     15:     0x5af1444f03bc - core::panicking::panic::ha33b64a60cf38d21
[INFO] [stderr]                                  at /rustc/f0cb41030579cd1a6f72bd23f38e677052d5d485/library/core/src/panicking.rs:145:5
[INFO] [stderr]     16:     0x5af1444f5c82 - build_script_build::main::h980509a81cea1ffd
[INFO] [stderr]     17:     0x5af1444fa303 - core::ops::function::FnOnce::call_once::h8c2555b39dcca906
[INFO] [stderr]     18:     0x5af1444f1526 - std::sys::backtrace::__rust_begin_short_backtrace::h228f3703b720e4c5
[INFO] [stderr]     19:     0x5af1444f1339 - std::rt::lang_start::{{closure}}::h7bc30d453af204eb
[INFO] [stderr]     20:     0x5af14451bf80 - core::ops::function::impls::<impl core::ops::function::FnOnce<A> for &F>::call_once::h9601c86577723145
[INFO] [stderr]                                  at /rustc/f0cb41030579cd1a6f72bd23f38e677052d5d485/library/core/src/ops/function.rs:284:13
[INFO] [stderr]     21:     0x5af14451bf80 - std::panicking::try::do_call::h8817ae430c5825c1
[INFO] [stderr]                                  at /rustc/f0cb41030579cd1a6f72bd23f38e677052d5d485/library/std/src/panicking.rs:587:40
[INFO] [stderr]     22:     0x5af14451bf80 - std::panicking::try::ha6c516562438d26b
[INFO] [stderr]                                  at /rustc/f0cb41030579cd1a6f72bd23f38e677052d5d485/library/std/src/panicking.rs:550:19
[INFO] [stderr]     23:     0x5af14451bf80 - std::panic::catch_unwind::hd30edb0fa8e1aa42
[INFO] [stderr]                                  at /rustc/f0cb41030579cd1a6f72bd23f38e677052d5d485/library/std/src/panic.rs:358:14
[INFO] [stderr]     24:     0x5af14451bf80 - std::rt::lang_start_internal::{{closure}}::h4ce5c96c39e994a5
[INFO] [stderr]                                  at /rustc/f0cb41030579cd1a6f72bd23f38e677052d5d485/library/std/src/rt.rs:168:24
[INFO] [stderr]     25:     0x5af14451bf80 - std::panicking::try::do_call::h397fda5d1714972f
[INFO] [stderr]                                  at /rustc/f0cb41030579cd1a6f72bd23f38e677052d5d485/library/std/src/panicking.rs:587:40
[INFO] [stderr]     26:     0x5af14451bf80 - std::panicking::try::ha72ffffb1d107af4
[INFO] [stderr]                                  at /rustc/f0cb41030579cd1a6f72bd23f38e677052d5d485/library/std/src/panicking.rs:550:19
[INFO] [stderr]     27:     0x5af14451bf80 - std::panic::catch_unwind::ha60eb34d643aa591
[INFO] [stderr]                                  at /rustc/f0cb41030579cd1a6f72bd23f38e677052d5d485/library/std/src/panic.rs:358:14
[INFO] [stderr]     28:     0x5af14451bf80 - std::rt::lang_start_internal::h051d1c050856cca6
[INFO] [stderr]                                  at /rustc/f0cb41030579cd1a6f72bd23f38e677052d5d485/library/std/src/rt.rs:164:5
[INFO] [stderr]     29:     0x5af1444f1321 - std::rt::lang_start::h9de275ffa747ddf4
[INFO] [stderr]     30:     0x5af1444f9615 - main
[INFO] [stderr]     31:     0x728e9300cd90 - <unknown>
[INFO] [stderr]     32:     0x728e9300ce40 - __libc_start_main
[INFO] [stderr]     33:     0x5af1444f08a5 - _start
[INFO] [stderr]     34:                0x0 - <unknown>
[INFO] [stderr] warning: build failed, waiting for other jobs to finish...
[INFO] [stdout] error: linking with `cc` failed: exit status: 1
[INFO] [stdout]   |
[INFO] [stdout]   = note:  "cc" "-Wl,--version-script=/tmp/rustcAIyIIV/list" "-Wl,--no-undefined-version" "-m64" "/tmp/rustcAIyIIV/symbols.o" "<16 object files omitted>" "/opt/rustwide/target/debug/deps/thiserror_impl-ab45825b2983f702.6rsisi00vcw1grk2ythjpvkcz.rcgu.rmeta" "<1 object files omitted>" "-Wl,--as-needed" "-Wl,-Bstatic" "/opt/rustwide/target/debug/deps/{libsyn-2e91d9cd76558092.rlib,libquote-325175882dfb1620.rlib,libproc_macro2-225f5ef71417add9.rlib,libunicode_ident-772f13ecc3fc189a.rlib}.rlib" "<sysroot>/lib/rustlib/x86_64-unknown-linux-gnu/lib/{libproc_macro-*,libstd-*,libpanic_unwind-*,libobject-*,libmemchr-*,libaddr2line-*,libgimli-*,librustc_demangle-*,libstd_detect-*,libhashbrown-*,librustc_std_workspace_alloc-*,libminiz_oxide-*,libadler2-*,libunwind-*,libcfg_if-*,liblibc-*,liballoc-*,librustc_std_workspace_core-*,libcore-*,libcompiler_builtins-*}.rlib" "-Wl,-Bdynamic" "-lgcc_s" "-lutil" "-lrt" "-lpthread" "-lm" "-ldl" "-lc" "-Wl,--eh-frame-hdr" "-Wl,-z,noexecstack" "-L" "<sysroot>/lib/rustlib/x86_64-unknown-linux-gnu/lib" "-o" "/opt/rustwide/target/debug/deps/libthiserror_impl-ab45825b2983f702.so" "-Wl,--gc-sections" "-shared" "-Wl,-z,relro,-z,now" "-nodefaultlibs"
[INFO] [stdout]   = note: some arguments are omitted. use `--verbose` to show all linker arguments
[INFO] [stdout]   = note: /usr/bin/ld: final link failed: No space left on device
[INFO] [stdout]           collect2: error: ld returned 1 exit status
[INFO] [stdout]           
[INFO] [stdout] 
[INFO] [stdout] 
[INFO] [stderr] error: could not compile `darling_core` (lib)
[INFO] [stderr] 
[INFO] [stderr] Caused by:
[INFO] [stderr]   No space left on device (os error 28)
[INFO] [stderr] 
[INFO] [stderr] Caused by:
[INFO] [stderr]   failed to parse process output: `/opt/rustwide/rustup-home/toolchains/beta-2025-02-18-x86_64-unknown-linux-gnu/bin/rustc --crate-name darling_core --edition=2018 /opt/rustwide/cargo-home/registry/src/index.crates.io-1949cf8c6b5b557f/darling_core-0.20.8/src/lib.rs --error-format=json --json=diagnostic-rendered-ansi,artifacts,future-incompat --crate-type lib --emit=dep-info,metadata,link -C embed-bitcode=no --cfg 'feature="strsim"' --cfg 'feature="suggestions"' --check-cfg 'cfg(docsrs,test)' --check-cfg 'cfg(feature, values("diagnostics", "strsim", "suggestions"))' -C metadata=1438702d563593cd -C extra-filename=-193f86bd99807e52 --out-dir /opt/rustwide/target/debug/deps -L dependency=/opt/rustwide/target/debug/deps --extern fnv=/opt/rustwide/target/debug/deps/libfnv-ce5b1429b6d630b5.rmeta --extern ident_case=/opt/rustwide/target/debug/deps/libident_case-5ff01a002fe2b7d3.rmeta --extern proc_macro2=/opt/rustwide/target/debug/deps/libproc_macro2-225f5ef71417add9.rmeta --extern quote=/opt/rustwide/target/debug/deps/libquote-325175882dfb1620.rmeta --extern strsim=/opt/rustwide/target/debug/deps/libstrsim-152ee565056020fc.rmeta --extern syn=/opt/rustwide/target/debug/deps/libsyn-2e91d9cd76558092.rmeta --cap-lints allow --cap-lints=warn` (exit status: 101)
[INFO] [stderr] error: could not compile `thiserror-impl` (lib) due to 1 previous error
[INFO] running `Command { std: "docker" "inspect" "9022c84a39a1924168da1adcaa2d494f1bcd86d754b8b2443c7fd8894d75e251", kill_on_drop: false }`
[INFO] running `Command { std: "docker" "rm" "-f" "9022c84a39a1924168da1adcaa2d494f1bcd86d754b8b2443c7fd8894d75e251", kill_on_drop: false }`
[INFO] [stdout] 9022c84a39a1924168da1adcaa2d494f1bcd86d754b8b2443c7fd8894d75e251
