[INFO] cloning repository https://github.com/darkwater/patternlock
[INFO] running `Command { std: "git" "-c" "credential.helper=" "-c" "credential.helper=/workspace/cargo-home/bin/git-credential-null" "clone" "--bare" "https://github.com/darkwater/patternlock" "/workspace/cache/git-repos/https%3A%2F%2Fgithub.com%2Fdarkwater%2Fpatternlock", kill_on_drop: false }`
[INFO] [stderr] Cloning into bare repository '/workspace/cache/git-repos/https%3A%2F%2Fgithub.com%2Fdarkwater%2Fpatternlock'...
[INFO] running `Command { std: "git" "rev-parse" "HEAD", kill_on_drop: false }`
[INFO] [stdout] 537bd2738220bb6e0011a3e0c6a3541baf49150d
[INFO] documenting darkwater/patternlock against beta-2025-02-18 for beta-1.86-rustdoc-1
[INFO] running `Command { std: "git" "clone" "/workspace/cache/git-repos/https%3A%2F%2Fgithub.com%2Fdarkwater%2Fpatternlock" "/workspace/builds/worker-7-tc2/source", kill_on_drop: false }`
[INFO] [stderr] Cloning into '/workspace/builds/worker-7-tc2/source'...
[INFO] [stderr] done.
[INFO] validating manifest of git repo https://github.com/darkwater/patternlock on toolchain beta-2025-02-18
[INFO] running `Command { std: CARGO_HOME="/workspace/cargo-home" RUSTUP_HOME="/workspace/rustup-home" "/workspace/cargo-home/bin/cargo" "+beta-2025-02-18" "metadata" "--manifest-path" "Cargo.toml" "--no-deps", kill_on_drop: false }`
[INFO] started tweaking git repo https://github.com/darkwater/patternlock
[INFO] finished tweaking git repo https://github.com/darkwater/patternlock
[INFO] tweaked toml for git repo https://github.com/darkwater/patternlock written to /workspace/builds/worker-7-tc2/source/Cargo.toml
[INFO] crate git repo https://github.com/darkwater/patternlock already has a lockfile, it will not be regenerated
[INFO] running `Command { std: CARGO_HOME="/workspace/cargo-home" RUSTUP_HOME="/workspace/rustup-home" "/workspace/cargo-home/bin/cargo" "+beta-2025-02-18" "fetch" "--manifest-path" "Cargo.toml", kill_on_drop: false }`
[INFO] [stderr] warning: no edition set: defaulting to the 2015 edition while the latest is 2024
[INFO] [stderr]     Blocking waiting for file lock on package cache
[INFO] [stderr]     Updating git repository `https://github.com/mjkoo/epoxy-rs.git`
[INFO] [stderr]     Updating git submodule `https://github.com/gtk-rs/gir.git`
[INFO] [stderr]     Updating git submodule `https://github.com/gtk-rs/gir-files.git`
[INFO] [stderr]     Updating git submodule `https://github.com/gtk-rs/gir`
[INFO] [stderr]     Updating git submodule `https://github.com/gtk-rs/gir-files`
[INFO] [stderr]     Updating git submodule `https://github.com/gtk-rs/gir.git`
[INFO] [stderr]     Updating git submodule `https://github.com/gtk-rs/gir-files.git`
[INFO] [stderr]     Updating git repository `https://github.com/PistonDevelopers/image`
[INFO] [stderr]     Updating git repository `https://github.com/darkwater/screenshot-rs`
[INFO] [stderr]     Updating git submodule `https://github.com/gtk-rs/gir.git`
[INFO] [stderr]     Updating git submodule `https://github.com/gtk-rs/gir-files.git`
[INFO] [stderr]     Updating git submodule `https://github.com/gtk-rs/gir.git`
[INFO] [stderr]     Updating git submodule `https://github.com/gtk-rs/gir-files.git`
[INFO] [stderr]     Updating git submodule `https://github.com/gtk-rs/gir.git`
[INFO] [stderr]     Updating git submodule `https://github.com/gtk-rs/gir-files.git`
[INFO] [stderr]     Updating git repository `https://github.com/servo/rust-xlib`
[INFO] [stderr]     Blocking waiting for file lock on package cache
[INFO] [stderr]     Blocking waiting for file lock on package cache
[INFO] [stderr]  Downloading crates ...
[INFO] [stderr]   Downloaded gl_generator v0.1.0
[INFO] [stderr] error: No space left on device (os error 28)
[INFO] documenting darkwater/patternlock against beta-2025-02-18 for beta-1.86-rustdoc-1
[INFO] running `Command { std: "git" "clone" "/workspace/cache/git-repos/https%3A%2F%2Fgithub.com%2Fdarkwater%2Fpatternlock" "/workspace/builds/worker-7-tc2/source", kill_on_drop: false }`
[INFO] [stderr] Cloning into '/workspace/builds/worker-7-tc2/source'...
[INFO] [stderr] error: failed to write new configuration file /workspace/builds/worker-7-tc2/source/.git/config.lock
[INFO] [stderr] fatal: could not set 'remote.origin.fetch' to '+refs/heads/*:refs/remotes/origin/*'
[INFO] documenting darkwater/patternlock against beta-2025-02-18 for beta-1.86-rustdoc-1
[INFO] running `Command { std: "git" "clone" "/workspace/cache/git-repos/https%3A%2F%2Fgithub.com%2Fdarkwater%2Fpatternlock" "/workspace/builds/worker-7-tc2/source", kill_on_drop: false }`
[INFO] [stderr] Cloning into '/workspace/builds/worker-7-tc2/source'...
[INFO] [stderr] done.
[INFO] validating manifest of git repo https://github.com/darkwater/patternlock on toolchain beta-2025-02-18
[INFO] running `Command { std: CARGO_HOME="/workspace/cargo-home" RUSTUP_HOME="/workspace/rustup-home" "/workspace/cargo-home/bin/cargo" "+beta-2025-02-18" "metadata" "--manifest-path" "Cargo.toml" "--no-deps", kill_on_drop: false }`
[INFO] started tweaking git repo https://github.com/darkwater/patternlock
[INFO] finished tweaking git repo https://github.com/darkwater/patternlock
[INFO] tweaked toml for git repo https://github.com/darkwater/patternlock written to /workspace/builds/worker-7-tc2/source/Cargo.toml
[INFO] crate git repo https://github.com/darkwater/patternlock already has a lockfile, it will not be regenerated
[INFO] running `Command { std: CARGO_HOME="/workspace/cargo-home" RUSTUP_HOME="/workspace/rustup-home" "/workspace/cargo-home/bin/cargo" "+beta-2025-02-18" "fetch" "--manifest-path" "Cargo.toml", kill_on_drop: false }`
[INFO] [stderr] warning: no edition set: defaulting to the 2015 edition while the latest is 2024
[INFO] [stderr]     Blocking waiting for file lock on package cache
[INFO] [stderr]     Blocking waiting for file lock on package cache
[INFO] [stderr]     Blocking waiting for file lock on package cache
[INFO] [stderr]  Downloading crates ...
[INFO] [stderr]   Downloaded gl v0.1.0
[INFO] [stderr]   Downloaded gl_generator v0.1.0
[INFO] running `Command { std: "docker" "create" "-v" "/var/lib/crater-agent-workspace/builds/worker-7-tc2/target:/opt/rustwide/target:rw,Z" "-v" "/var/lib/crater-agent-workspace/builds/worker-7-tc2/source:/opt/rustwide/workdir:ro,Z" "-v" "/var/lib/crater-agent-workspace/cargo-home:/opt/rustwide/cargo-home:ro,Z" "-v" "/var/lib/crater-agent-workspace/rustup-home:/opt/rustwide/rustup-home:ro,Z" "-e" "SOURCE_DIR=/opt/rustwide/workdir" "-e" "CARGO_TARGET_DIR=/opt/rustwide/target" "-e" "CARGO_HOME=/opt/rustwide/cargo-home" "-e" "RUSTUP_HOME=/opt/rustwide/rustup-home" "-w" "/opt/rustwide/workdir" "-m" "1610612736" "--user" "0:0" "--network" "none" "ghcr.io/rust-lang/crates-build-env/linux@sha256:3959728d45483eb673ba100a951a6b9f5012970368db2a9e08e0ac9b67c8a5ad" "/opt/rustwide/cargo-home/bin/cargo" "+beta-2025-02-18" "metadata" "--no-deps" "--format-version=1", kill_on_drop: false }`
[INFO] [stdout] 0dcd3a86f763cad2e5a0605a7f2d0be8d29e14cf1dc17c9418b68f4a0ed6f86f
[INFO] running `Command { std: "docker" "start" "-a" "0dcd3a86f763cad2e5a0605a7f2d0be8d29e14cf1dc17c9418b68f4a0ed6f86f", kill_on_drop: false }`
[INFO] running `Command { std: "docker" "inspect" "0dcd3a86f763cad2e5a0605a7f2d0be8d29e14cf1dc17c9418b68f4a0ed6f86f", kill_on_drop: false }`
[INFO] running `Command { std: "docker" "rm" "-f" "0dcd3a86f763cad2e5a0605a7f2d0be8d29e14cf1dc17c9418b68f4a0ed6f86f", kill_on_drop: false }`
[INFO] [stdout] 0dcd3a86f763cad2e5a0605a7f2d0be8d29e14cf1dc17c9418b68f4a0ed6f86f
[INFO] running `Command { std: "docker" "create" "-v" "/var/lib/crater-agent-workspace/builds/worker-7-tc2/target:/opt/rustwide/target:rw,Z" "-v" "/var/lib/crater-agent-workspace/builds/worker-7-tc2/source:/opt/rustwide/workdir:ro,Z" "-v" "/var/lib/crater-agent-workspace/cargo-home:/opt/rustwide/cargo-home:ro,Z" "-v" "/var/lib/crater-agent-workspace/rustup-home:/opt/rustwide/rustup-home:ro,Z" "-e" "SOURCE_DIR=/opt/rustwide/workdir" "-e" "CARGO_TARGET_DIR=/opt/rustwide/target" "-e" "CARGO_INCREMENTAL=0" "-e" "RUST_BACKTRACE=full" "-e" "RUSTFLAGS=--cap-lints=warn" "-e" "RUSTDOCFLAGS=--cap-lints=warn" "-e" "CARGO_HOME=/opt/rustwide/cargo-home" "-e" "RUSTUP_HOME=/opt/rustwide/rustup-home" "-w" "/opt/rustwide/workdir" "-m" "1610612736" "--user" "0:0" "--network" "none" "ghcr.io/rust-lang/crates-build-env/linux@sha256:3959728d45483eb673ba100a951a6b9f5012970368db2a9e08e0ac9b67c8a5ad" "/opt/rustwide/cargo-home/bin/cargo" "+beta-2025-02-18" "doc" "--frozen" "--no-deps" "--document-private-items" "--message-format=json", kill_on_drop: false }`
[INFO] [stdout] a3af368fafe7fe4ebedd368c09642c0e8660c2c9b3c50228066ed7820f50187b
[INFO] running `Command { std: "docker" "start" "-a" "a3af368fafe7fe4ebedd368c09642c0e8660c2c9b3c50228066ed7820f50187b", kill_on_drop: false }`
[INFO] [stderr] warning: no edition set: defaulting to the 2015 edition while the latest is 2024
[INFO] [stderr]    Compiling pkg-config v0.3.9
[INFO] [stderr]     Checking libc v0.2.20
[INFO] [stderr]     Checking bitflags v0.4.0
[INFO] [stderr]    Compiling bitflags v0.5.0
[INFO] [stderr]    Compiling khronos_api v0.0.8
[INFO] [stderr]    Compiling log v0.3.6
[INFO] [stderr]     Checking num-traits v0.1.37
[INFO] [stderr]    Compiling gdk-pixbuf v0.1.1 (https://github.com/gtk-rs/gdk-pixbuf.git#739fe928)
[INFO] [stderr]    Compiling cairo-rs v0.1.1 (https://github.com/gtk-rs/cairo.git#8be0251d)
[INFO] [stderr]    Compiling gio v0.1.1 (https://github.com/gtk-rs/gio#a7e8f44f)
[INFO] [stderr]     Checking byteorder v1.0.0
[INFO] [stderr]     Checking c_vec v1.2.0
[INFO] [stderr]     Checking adler32 v0.3.0
[INFO] [stderr]    Compiling gdk v0.5.1 (https://github.com/gtk-rs/gdk.git#8b334252)
[INFO] [stderr]     Checking libc v0.1.12
[INFO] [stderr]    Compiling xml-rs v0.1.26
[INFO] [stderr]     Checking bitflags v0.2.1
[INFO] [stderr]     Checking lzw v0.10.0
[INFO] [stderr]     Checking inflate v0.1.1
[INFO] [stderr]    Compiling gtk v0.1.1 (https://github.com/gtk-rs/gtk.git#7a4b9660)
[INFO] [stderr]     Checking deflate v0.7.4
[INFO] [stderr]     Checking bitflags v0.7.0
[INFO] [stdout] error: failed to write to `/opt/rustwide/target/debug/deps/rmeta7ZFJfN/lib.rmeta`: No space left on device (os error 28)
[INFO] [stdout] 
[INFO] [stdout] 
[INFO] [stderr] error: could not compile `khronos_api` (lib) due to 1 previous error
[INFO] [stderr] warning: build failed, waiting for other jobs to finish...
[INFO] [stdout] error: linking with `cc` failed: exit status: 1
[INFO] [stdout]   |
[INFO] [stdout]   = note:  "cc" "-m64" "/tmp/rustcCDIRbm/symbols.o" "<2 object files omitted>" "-Wl,--as-needed" "-Wl,-Bstatic" "<sysroot>/lib/rustlib/x86_64-unknown-linux-gnu/lib/{libstd-*,libpanic_unwind-*,libobject-*,libmemchr-*,libaddr2line-*,libgimli-*,librustc_demangle-*,libstd_detect-*,libhashbrown-*,librustc_std_workspace_alloc-*,libminiz_oxide-*,libadler2-*,libunwind-*,libcfg_if-*,liblibc-*,liballoc-*,librustc_std_workspace_core-*,libcore-*,libcompiler_builtins-*}.rlib" "-Wl,-Bdynamic" "-lgcc_s" "-lutil" "-lrt" "-lpthread" "-lm" "-ldl" "-lc" "-Wl,--eh-frame-hdr" "-Wl,-z,noexecstack" "-L" "<sysroot>/lib/rustlib/x86_64-unknown-linux-gnu/lib" "-o" "/opt/rustwide/target/debug/build/gio-430057b7d47bded7/build_script_build-430057b7d47bded7" "-Wl,--gc-sections" "-pie" "-Wl,-z,relro,-z,now" "-nodefaultlibs"
[INFO] [stdout]   = note: some arguments are omitted. use `--verbose` to show all linker arguments
[INFO] [stdout]   = note: /usr/bin/ld: final link failed: No space left on device
[INFO] [stdout]           collect2: error: ld returned 1 exit status
[INFO] [stdout]           
[INFO] [stdout] 
[INFO] [stdout] 
[INFO] [stdout] error: failed to build archive at `/opt/rustwide/target/debug/deps/liblog-8fcbcedb843cf528.rlib`: couldn't create a directory for the temp file: No space left on device (os error 28) at path "/opt/rustwide/target/debug/deps/.tmp931L9e.temp-archive"
[INFO] [stdout] 
[INFO] [stdout] 
[INFO] [stdout] error: linking with `cc` failed: exit status: 1
[INFO] [stdout]   |
[INFO] [stdout]   = note:  "cc" "-m64" "/tmp/rustcvat6KB/symbols.o" "<2 object files omitted>" "-Wl,--as-needed" "-Wl,-Bstatic" "<sysroot>/lib/rustlib/x86_64-unknown-linux-gnu/lib/{libstd-*,libpanic_unwind-*,libobject-*,libmemchr-*,libaddr2line-*,libgimli-*,librustc_demangle-*,libstd_detect-*,libhashbrown-*,librustc_std_workspace_alloc-*,libminiz_oxide-*,libadler2-*,libunwind-*,libcfg_if-*,liblibc-*,liballoc-*,librustc_std_workspace_core-*,libcore-*,libcompiler_builtins-*}.rlib" "-Wl,-Bdynamic" "-lgcc_s" "-lutil" "-lrt" "-lpthread" "-lm" "-ldl" "-lc" "-Wl,--eh-frame-hdr" "-Wl,-z,noexecstack" "-L" "<sysroot>/lib/rustlib/x86_64-unknown-linux-gnu/lib" "-o" "/opt/rustwide/target/debug/build/gdk-pixbuf-801dfe31a918f0d8/build_script_build-801dfe31a918f0d8" "-Wl,--gc-sections" "-pie" "-Wl,-z,relro,-z,now" "-nodefaultlibs"
[INFO] [stdout]   = note: some arguments are omitted. use `--verbose` to show all linker arguments
[INFO] [stdout]   = note: /usr/bin/ld: final link failed: No space left on device
[INFO] [stdout]           collect2: error: ld returned 1 exit status
[INFO] [stdout]           
[INFO] [stdout] 
[INFO] [stdout] 
[INFO] [stderr] error: could not compile `gio` (build script) due to 1 previous error
[INFO] [stdout] error: linking with `cc` failed: exit status: 1
[INFO] [stdout]   |
[INFO] [stdout]   = note:  "cc" "-m64" "/tmp/rustcSnSgJh/symbols.o" "<2 object files omitted>" "-Wl,--as-needed" "-Wl,-Bstatic" "<sysroot>/lib/rustlib/x86_64-unknown-linux-gnu/lib/{libstd-*,libpanic_unwind-*,libobject-*,libmemchr-*,libaddr2line-*,libgimli-*,librustc_demangle-*,libstd_detect-*,libhashbrown-*,librustc_std_workspace_alloc-*,libminiz_oxide-*,libadler2-*,libunwind-*,libcfg_if-*,liblibc-*,liballoc-*,librustc_std_workspace_core-*,libcore-*,libcompiler_builtins-*}.rlib" "-Wl,-Bdynamic" "-lgcc_s" "-lutil" "-lrt" "-lpthread" "-lm" "-ldl" "-lc" "-Wl,--eh-frame-hdr" "-Wl,-z,noexecstack" "-L" "<sysroot>/lib/rustlib/x86_64-unknown-linux-gnu/lib" "-o" "/opt/rustwide/target/debug/build/gdk-8643b56dea236a03/build_script_build-8643b56dea236a03" "-Wl,--gc-sections" "-pie" "-Wl,-z,relro,-z,now" "-nodefaultlibs"
[INFO] [stdout]   = note: some arguments are omitted. use `--verbose` to show all linker arguments
[INFO] [stdout]   = note: /usr/bin/ld: final link failed: No space left on device
[INFO] [stdout]           collect2: error: ld returned 1 exit status
[INFO] [stdout]           
[INFO] [stdout] 
[INFO] [stdout] 
[INFO] [stderr] error: could not compile `gdk-pixbuf` (build script) due to 1 previous error
[INFO] [stdout] error: linking with `cc` failed: exit status: 1
[INFO] [stdout]   |
[INFO] [stdout]   = note:  "cc" "-m64" "/tmp/rustc7xVB5T/symbols.o" "<2 object files omitted>" "-Wl,--as-needed" "-Wl,-Bstatic" "<sysroot>/lib/rustlib/x86_64-unknown-linux-gnu/lib/{libstd-*,libpanic_unwind-*,libobject-*,libmemchr-*,libaddr2line-*,libgimli-*,librustc_demangle-*,libstd_detect-*,libhashbrown-*,librustc_std_workspace_alloc-*,libminiz_oxide-*,libadler2-*,libunwind-*,libcfg_if-*,liblibc-*,liballoc-*,librustc_std_workspace_core-*,libcore-*,libcompiler_builtins-*}.rlib" "-Wl,-Bdynamic" "-lgcc_s" "-lutil" "-lrt" "-lpthread" "-lm" "-ldl" "-lc" "-Wl,--eh-frame-hdr" "-Wl,-z,noexecstack" "-L" "<sysroot>/lib/rustlib/x86_64-unknown-linux-gnu/lib" "-o" "/opt/rustwide/target/debug/build/cairo-rs-3edcc8dfa76bbaee/build_script_build-3edcc8dfa76bbaee" "-Wl,--gc-sections" "-pie" "-Wl,-z,relro,-z,now" "-nodefaultlibs"
[INFO] [stdout]   = note: some arguments are omitted. use `--verbose` to show all linker arguments
[INFO] [stdout]   = note: /usr/bin/ld: final link failed: No space left on device
[INFO] [stdout]           collect2: error: ld returned 1 exit status
[INFO] [stdout]           
[INFO] [stdout] 
[INFO] [stdout] 
[INFO] [stderr] error: could not compile `gdk` (build script) due to 1 previous error
[INFO] [stderr] error: could not compile `log` (lib) due to 1 previous error
[INFO] [stderr] error: could not compile `cairo-rs` (build script) due to 1 previous error
[INFO] [stderr] rustc-LLVM ERROR: IO failure on output stream: No space left on device
[INFO] [stdout] error: linking with `cc` failed: exit status: 1
[INFO] [stdout]   |
[INFO] [stdout]   = note:  "cc" "-m64" "/tmp/rustcmYnhmX/symbols.o" "<2 object files omitted>" "-Wl,--as-needed" "-Wl,-Bstatic" "<sysroot>/lib/rustlib/x86_64-unknown-linux-gnu/lib/{libstd-*,libpanic_unwind-*,libobject-*,libmemchr-*,libaddr2line-*,libgimli-*,librustc_demangle-*,libstd_detect-*,libhashbrown-*,librustc_std_workspace_alloc-*,libminiz_oxide-*,libadler2-*,libunwind-*,libcfg_if-*,liblibc-*,liballoc-*,librustc_std_workspace_core-*,libcore-*,libcompiler_builtins-*}.rlib" "-Wl,-Bdynamic" "-lgcc_s" "-lutil" "-lrt" "-lpthread" "-lm" "-ldl" "-lc" "-Wl,--eh-frame-hdr" "-Wl,-z,noexecstack" "-L" "<sysroot>/lib/rustlib/x86_64-unknown-linux-gnu/lib" "-o" "/opt/rustwide/target/debug/build/gtk-1de899dfe9d0fa02/build_script_build-1de899dfe9d0fa02" "-Wl,--gc-sections" "-pie" "-Wl,-z,relro,-z,now" "-nodefaultlibs"
[INFO] [stdout]   = note: some arguments are omitted. use `--verbose` to show all linker arguments
[INFO] [stdout]   = note: /usr/bin/ld: final link failed: No space left on device
[INFO] [stdout]           collect2: error: ld returned 1 exit status
[INFO] [stdout]           
[INFO] [stdout] 
[INFO] [stdout] 
[INFO] [stderr] error: could not compile `pkg-config` (lib)
[INFO] [stderr] 
[INFO] [stderr] Caused by:
[INFO] [stderr]   No space left on device (os error 28)
[INFO] [stderr] 
[INFO] [stderr] Caused by:
[INFO] [stderr]   failed to parse process output: `/opt/rustwide/rustup-home/toolchains/beta-2025-02-18-x86_64-unknown-linux-gnu/bin/rustc --crate-name pkg_config --edition=2015 /opt/rustwide/cargo-home/registry/src/index.crates.io-1949cf8c6b5b557f/pkg-config-0.3.9/src/lib.rs --error-format=json --json=diagnostic-rendered-ansi,artifacts,future-incompat --crate-type lib --emit=dep-info,metadata,link -C embed-bitcode=no --check-cfg 'cfg(docsrs,test)' --check-cfg 'cfg(feature, values())' -C metadata=467083d78212478e -C extra-filename=-0de17da2baefc676 --out-dir /opt/rustwide/target/debug/deps -L dependency=/opt/rustwide/target/debug/deps --cap-lints allow --cap-lints=warn` (exit status: 101)
[INFO] [stderr] error: could not compile `gtk` (build script) due to 1 previous error
[INFO] [stdout] error: couldn't create a temp dir: No space left on device (os error 28) at path "/opt/rustwide/target/debug/deps/rmetaQYgY3F"
[INFO] [stdout] 
[INFO] [stdout] 
[INFO] [stdout] error: failed to write to `/opt/rustwide/target/debug/deps/rmetaRhSURE/lib.rmeta`: No space left on device (os error 28)
[INFO] [stdout] 
[INFO] [stdout] 
[INFO] [stderr] error: could not compile `libc` (lib) due to 1 previous error
[INFO] [stderr] error: could not compile `num-traits` (lib) due to 1 previous error
[INFO] [stderr] error: could not parse/generate dep info at: /opt/rustwide/target/debug/deps/deflate-6a9d6f5ebc45d54e.d
[INFO] [stderr] 
[INFO] [stderr] Caused by:
[INFO] [stderr]   failed to write `/opt/rustwide/target/debug/.fingerprint/deflate-6a9d6f5ebc45d54e/dep-lib-deflate`
[INFO] [stderr] 
[INFO] [stderr] Caused by:
[INFO] [stderr]   No space left on device (os error 28)
[INFO] [stdout] error: couldn't create a temp dir: No space left on device (os error 28) at path "/opt/rustwide/target/debug/deps/rmetaOVan0V"
[INFO] [stdout] 
[INFO] [stdout] 
[INFO] [stderr] error: could not compile `xml-rs` (lib) due to 1 previous error
[INFO] running `Command { std: "docker" "inspect" "a3af368fafe7fe4ebedd368c09642c0e8660c2c9b3c50228066ed7820f50187b", kill_on_drop: false }`
[INFO] running `Command { std: "docker" "rm" "-f" "a3af368fafe7fe4ebedd368c09642c0e8660c2c9b3c50228066ed7820f50187b", kill_on_drop: false }`
[INFO] [stdout] a3af368fafe7fe4ebedd368c09642c0e8660c2c9b3c50228066ed7820f50187b
