[INFO] cloning repository https://github.com/caolan/tamawiki
[INFO] running `Command { std: "git" "-c" "credential.helper=" "-c" "credential.helper=/workspace/cargo-home/bin/git-credential-null" "clone" "--bare" "https://github.com/caolan/tamawiki" "/workspace/cache/git-repos/https%3A%2F%2Fgithub.com%2Fcaolan%2Ftamawiki", kill_on_drop: false }`
[INFO] [stderr] Cloning into bare repository '/workspace/cache/git-repos/https%3A%2F%2Fgithub.com%2Fcaolan%2Ftamawiki'...
[INFO] running `Command { std: "git" "rev-parse" "HEAD", kill_on_drop: false }`
[INFO] [stdout] 2315e06f86f7ed99416585f9de1c9480c08654f0
[INFO] documenting caolan/tamawiki/2315e06f86f7ed99416585f9de1c9480c08654f0 against 1.85.0 for beta-1.86-rustdoc-1
[INFO] running `Command { std: "git" "clone" "/workspace/cache/git-repos/https%3A%2F%2Fgithub.com%2Fcaolan%2Ftamawiki" "/workspace/builds/worker-7-tc1/source", kill_on_drop: false }`
[INFO] [stderr] Cloning into '/workspace/builds/worker-7-tc1/source'...
[INFO] [stderr] done.
[INFO] validating manifest of git repo https://github.com/caolan/tamawiki on toolchain 1.85.0
[INFO] running `Command { std: CARGO_HOME="/workspace/cargo-home" RUSTUP_HOME="/workspace/rustup-home" "/workspace/cargo-home/bin/cargo" "+1.85.0" "metadata" "--manifest-path" "Cargo.toml" "--no-deps", kill_on_drop: false }`
[INFO] started tweaking git repo https://github.com/caolan/tamawiki
[INFO] finished tweaking git repo https://github.com/caolan/tamawiki
[INFO] tweaked toml for git repo https://github.com/caolan/tamawiki written to /workspace/builds/worker-7-tc1/source/Cargo.toml
[INFO] crate git repo https://github.com/caolan/tamawiki already has a lockfile, it will not be regenerated
[INFO] running `Command { std: CARGO_HOME="/workspace/cargo-home" RUSTUP_HOME="/workspace/rustup-home" "/workspace/cargo-home/bin/cargo" "+1.85.0" "fetch" "--manifest-path" "Cargo.toml", kill_on_drop: false }`
[INFO] [stderr] warning: no edition set: defaulting to the 2015 edition while the latest is 2024
[INFO] [stderr]     Updating crates.io index
[INFO] [stderr]  Downloading crates ...
[INFO] [stderr]   Downloaded diff v0.1.11
[INFO] [stderr]   Downloaded tokio-dns-unofficial v0.3.1
[INFO] [stderr]   Downloaded bit-vec v0.5.0
[INFO] [stderr]   Downloaded syn v0.15.12
[INFO] [stderr]   Downloaded extprim v1.6.0
[INFO] [stderr]   Downloaded rustfmt v0.10.0
[INFO] [stderr]   Downloaded proptest v0.8.7
[INFO] [stderr]   Downloaded syntex_syntax v0.59.1
[INFO] [stderr]   Downloaded bit-set v0.5.0
[INFO] [stderr]   Downloaded rusty-fork v0.2.1
[INFO] [stderr]   Downloaded strings v0.1.1
[INFO] [stderr]   Downloaded syntex_errors v0.59.1
[INFO] [stderr]   Downloaded syntex_pos v0.59.1
[INFO] [stderr]   Downloaded tokio-tls v0.2.0
[INFO] [stderr]   Downloaded tungstenite v0.6.0
[INFO] [stderr]   Downloaded hyper-staticfile v0.3.0
[INFO] running `Command { std: "docker" "create" "-v" "/var/lib/crater-agent-workspace/builds/worker-7-tc1/target:/opt/rustwide/target:rw,Z" "-v" "/var/lib/crater-agent-workspace/builds/worker-7-tc1/source:/opt/rustwide/workdir:ro,Z" "-v" "/var/lib/crater-agent-workspace/cargo-home:/opt/rustwide/cargo-home:ro,Z" "-v" "/var/lib/crater-agent-workspace/rustup-home:/opt/rustwide/rustup-home:ro,Z" "-e" "SOURCE_DIR=/opt/rustwide/workdir" "-e" "CARGO_TARGET_DIR=/opt/rustwide/target" "-e" "CARGO_HOME=/opt/rustwide/cargo-home" "-e" "RUSTUP_HOME=/opt/rustwide/rustup-home" "-w" "/opt/rustwide/workdir" "-m" "1610612736" "--user" "0:0" "--network" "none" "ghcr.io/rust-lang/crates-build-env/linux@sha256:3959728d45483eb673ba100a951a6b9f5012970368db2a9e08e0ac9b67c8a5ad" "/opt/rustwide/cargo-home/bin/cargo" "+1.85.0" "metadata" "--no-deps" "--format-version=1", kill_on_drop: false }`
[INFO] [stdout] 867fafc09ebcd7c411ee56efcd24c579ae85fb282d845ad84a1a4adf88452a55
[INFO] running `Command { std: "docker" "start" "-a" "867fafc09ebcd7c411ee56efcd24c579ae85fb282d845ad84a1a4adf88452a55", kill_on_drop: false }`
[INFO] running `Command { std: "docker" "inspect" "867fafc09ebcd7c411ee56efcd24c579ae85fb282d845ad84a1a4adf88452a55", kill_on_drop: false }`
[INFO] running `Command { std: "docker" "rm" "-f" "867fafc09ebcd7c411ee56efcd24c579ae85fb282d845ad84a1a4adf88452a55", kill_on_drop: false }`
[INFO] [stdout] 867fafc09ebcd7c411ee56efcd24c579ae85fb282d845ad84a1a4adf88452a55
[INFO] running `Command { std: "docker" "create" "-v" "/var/lib/crater-agent-workspace/builds/worker-7-tc1/target:/opt/rustwide/target:rw,Z" "-v" "/var/lib/crater-agent-workspace/builds/worker-7-tc1/source:/opt/rustwide/workdir:ro,Z" "-v" "/var/lib/crater-agent-workspace/cargo-home:/opt/rustwide/cargo-home:ro,Z" "-v" "/var/lib/crater-agent-workspace/rustup-home:/opt/rustwide/rustup-home:ro,Z" "-e" "SOURCE_DIR=/opt/rustwide/workdir" "-e" "CARGO_TARGET_DIR=/opt/rustwide/target" "-e" "CARGO_INCREMENTAL=0" "-e" "RUST_BACKTRACE=full" "-e" "RUSTFLAGS=--cap-lints=warn" "-e" "RUSTDOCFLAGS=--cap-lints=warn" "-e" "CARGO_HOME=/opt/rustwide/cargo-home" "-e" "RUSTUP_HOME=/opt/rustwide/rustup-home" "-w" "/opt/rustwide/workdir" "-m" "1610612736" "--user" "0:0" "--network" "none" "ghcr.io/rust-lang/crates-build-env/linux@sha256:3959728d45483eb673ba100a951a6b9f5012970368db2a9e08e0ac9b67c8a5ad" "/opt/rustwide/cargo-home/bin/cargo" "+1.85.0" "doc" "--frozen" "--no-deps" "--document-private-items" "--message-format=json", kill_on_drop: false }`
[INFO] [stdout] 2d92667f16c4c3dc7ddab719b9445d11ad4816855ae1fd88085bf44130cc3dae
[INFO] running `Command { std: "docker" "start" "-a" "2d92667f16c4c3dc7ddab719b9445d11ad4816855ae1fd88085bf44130cc3dae", kill_on_drop: false }`
[INFO] [stderr] warning: no edition set: defaulting to the 2015 edition while the latest is 2024
[INFO] [stderr]     Checking libc v0.2.43
[INFO] [stderr]    Compiling version_check v0.1.5
[INFO] [stderr]     Checking cfg-if v0.1.5
[INFO] [stderr]    Compiling proc-macro2 v0.4.20
[INFO] [stderr]    Compiling unicode-xid v0.1.0
[INFO] [stderr]    Compiling semver-parser v0.7.0
[INFO] [stderr]     Checking futures v0.1.25
[INFO] [stderr]     Checking byteorder v1.2.6
[INFO] [stderr]    Compiling serde v1.0.79
[INFO] [stderr]    Compiling cc v1.0.25
[INFO] [stderr]     Checking rand_core v0.3.0
[INFO] [stderr]     Checking scopeguard v0.3.3
[INFO] [stderr]     Checking crossbeam-utils v0.5.0
[INFO] [stderr]    Compiling num-traits v0.2.6
[INFO] [stderr]     Checking slab v0.4.1
[INFO] [stderr]     Checking log v0.4.5
[INFO] [stderr]     Checking void v1.0.2
[INFO] [stderr]    Compiling ryu v0.2.6
[INFO] [stderr]     Checking unreachable v1.0.0
[INFO] [stderr]     Checking stable_deref_trait v1.1.1
[INFO] [stderr]     Checking lazycell v1.2.0
[INFO] [stderr]     Checking smallvec v0.6.5
[INFO] [stderr]     Checking owning_ref v0.3.3
[INFO] [stderr]     Checking rand_core v0.2.2
[INFO] [stderr]    Compiling pkg-config v0.3.14
[INFO] [stderr]    Compiling semver v0.9.0
[INFO] [stderr]     Checking nodrop v0.1.12
[INFO] [stderr]     Checking arrayvec v0.4.7
[INFO] [stderr]     Checking lock_api v0.1.4
[INFO] [stderr]    Compiling lazy_static v1.1.0
[INFO] [stderr]    Compiling memchr v2.1.0
[INFO] [stderr]    Compiling rustc_version v0.2.3
[INFO] [stderr]     Checking memoffset v0.2.1
[INFO] [stderr]     Checking matches v0.1.8
[INFO] [stderr]     Checking iovec v0.1.2
[INFO] [stderr]     Checking rand v0.5.5
[INFO] [stderr]     Checking num_cpus v1.8.0
[INFO] [stderr]     Checking net2 v0.2.33
[INFO] [stderr]     Checking itoa v0.4.3
[INFO] [stderr]     Checking bytes v0.4.10
[INFO] [stderr]     Checking unicode-bidi v0.3.4
[INFO] [stderr]    Compiling log v0.3.9
[INFO] [stderr]    Compiling ucd-util v0.1.1
[INFO] [stderr]    Compiling regex v0.2.11
[INFO] [stderr]     Checking unicode-normalization v0.1.7
[INFO] [stderr]    Compiling typenum v1.10.0
[INFO] [stderr]     Checking mio v0.6.16
[INFO] [stderr]    Compiling aho-corasick v0.6.8
[INFO] [stderr]    Compiling parking_lot_core v0.3.1
[INFO] [stderr]    Compiling extprim v1.6.0
[INFO] [stderr]     Checking crossbeam-epoch v0.5.2
[INFO] [stderr]    Compiling thread_local v0.3.6
[INFO] [stderr]    Compiling regex-syntax v0.5.6
[INFO] [stderr]    Compiling rand v0.4.3
[INFO] [stderr]    Compiling httparse v1.3.3
[INFO] [stderr]    Compiling num-integer v0.1.39
[INFO] [stderr]     Checking percent-encoding v1.0.1
[INFO] [stderr]    Compiling ucd-trie v0.1.1
[INFO] [stderr]    Compiling quote v0.6.8
[INFO] [stderr]     Checking crossbeam-deque v0.6.1
[INFO] [stderr]    Compiling syn v0.15.12
[INFO] [stderr]    Compiling utf8-ranges v1.0.1
[INFO] [stderr]    Compiling term v0.4.6
[INFO] [stderr]     Checking mio-uds v0.6.7
[INFO] [stderr]    Compiling openssl-sys v0.9.36
[INFO] [stderr]     Checking tokio-executor v0.1.5
[INFO] [stderr]     Checking tokio-io v0.1.9
[INFO] [stderr]    Compiling backtrace-sys v0.1.24
[INFO] [stderr]    Compiling pest v2.0.1
[INFO] [stderr]     Checking time v0.1.40
[INFO] [stderr]     Checking unic-common v0.7.0
[INFO] [stderr]    Compiling bitflags v0.9.1
[INFO] [stderr]    Compiling rustfmt v0.10.0
[INFO] [stderr]     Checking tokio-codec v0.1.1
[INFO] [stderr]     Checking tokio-threadpool v0.1.7
[INFO] [stderr]     Checking parking_lot v0.6.4
[INFO] [stderr]     Checking foreign-types-shared v0.1.1
[INFO] [stderr]    Compiling unicode-width v0.1.5
[INFO] [stderr] warning: openssl-sys@0.9.36: /opt/rustwide/target/debug/build/openssl-sys-303e6fdad77130b4/out/expando.c:4:24: error: pasting "RUST_VERSION_OPENSSL_" and "(" does not give a valid preprocessing token
[INFO] [stderr] warning: openssl-sys@0.9.36:     4 | #define VERSION2(n, v) RUST_VERSION_ ## n ## _ ## v
[INFO] [stderr] warning: openssl-sys@0.9.36:       |                        ^~~~~~~~~~~~~
[INFO] [stderr] warning: openssl-sys@0.9.36: /opt/rustwide/target/debug/build/openssl-sys-303e6fdad77130b4/out/expando.c:5:23: note: in expansion of macro 'VERSION2'
[INFO] [stderr] warning: openssl-sys@0.9.36:     5 | #define VERSION(n, v) VERSION2(n, v)
[INFO] [stderr] warning: openssl-sys@0.9.36:       |                       ^~~~~~~~
[INFO] [stderr] warning: openssl-sys@0.9.36: /opt/rustwide/target/debug/build/openssl-sys-303e6fdad77130b4/out/expando.c:7:1: note: in expansion of macro 'VERSION'
[INFO] [stderr] warning: openssl-sys@0.9.36:     7 | VERSION(OPENSSL, OPENSSL_VERSION_NUMBER)
[INFO] [stderr] warning: openssl-sys@0.9.36:       | ^~~~~~~
[INFO] [stderr] error: failed to run custom build command for `openssl-sys v0.9.36`
[INFO] [stderr] note: To improve backtraces for build dependencies, set the CARGO_PROFILE_DEV_BUILD_OVERRIDE_DEBUG=true environment variable to enable debug information generation.
[INFO] [stderr] 
[INFO] [stderr] Caused by:
[INFO] [stderr]   process didn't exit successfully: `/opt/rustwide/target/debug/build/openssl-sys-909e7077b1216e75/build-script-main` (exit status: 101)
[INFO] [stderr]   --- stdout
[INFO] [stderr]   cargo:rerun-if-env-changed=X86_64_UNKNOWN_LINUX_GNU_OPENSSL_LIB_DIR
[INFO] [stderr]   cargo:rerun-if-env-changed=OPENSSL_LIB_DIR
[INFO] [stderr]   cargo:rerun-if-env-changed=X86_64_UNKNOWN_LINUX_GNU_OPENSSL_INCLUDE_DIR
[INFO] [stderr]   cargo:rerun-if-env-changed=OPENSSL_INCLUDE_DIR
[INFO] [stderr]   cargo:rerun-if-env-changed=X86_64_UNKNOWN_LINUX_GNU_OPENSSL_DIR
[INFO] [stderr]   cargo:rerun-if-env-changed=OPENSSL_DIR
[INFO] [stderr]   cargo:rustc-link-lib=ssl
[INFO] [stderr]   cargo:rustc-link-lib=crypto
[INFO] [stderr]   OPT_LEVEL = Some("0")
[INFO] [stderr]   TARGET = Some("x86_64-unknown-linux-gnu")
[INFO] [stderr]   HOST = Some("x86_64-unknown-linux-gnu")
[INFO] [stderr]   CC_x86_64-unknown-linux-gnu = None
[INFO] [stderr]   CC_x86_64_unknown_linux_gnu = None
[INFO] [stderr]   HOST_CC = None
[INFO] [stderr]   CC = None
[INFO] [stderr]   CFLAGS_x86_64-unknown-linux-gnu = None
[INFO] [stderr]   CFLAGS_x86_64_unknown_linux_gnu = None
[INFO] [stderr]   HOST_CFLAGS = None
[INFO] [stderr]   CFLAGS = None
[INFO] [stderr]   DEBUG = Some("true")
[INFO] [stderr]   running: "cc" "-O0" "-ffunction-sections" "-fdata-sections" "-fPIC" "-g" "-fno-omit-frame-pointer" "-m64" "-Wall" "-Wextra" "-E" "/opt/rustwide/target/debug/build/openssl-sys-303e6fdad77130b4/out/expando.c"
[INFO] [stderr]   cargo:warning=/opt/rustwide/target/debug/build/openssl-sys-303e6fdad77130b4/out/expando.c:4:24: error: pasting "RUST_VERSION_OPENSSL_" and "(" does not give a valid preprocessing token
[INFO] [stderr]   cargo:warning=    4 | #define VERSION2(n, v) RUST_VERSION_ ## n ## _ ## v
[INFO] [stderr]   cargo:warning=      |                        ^~~~~~~~~~~~~
[INFO] [stderr]   cargo:warning=/opt/rustwide/target/debug/build/openssl-sys-303e6fdad77130b4/out/expando.c:5:23: note: in expansion of macro 'VERSION2'
[INFO] [stderr]   cargo:warning=    5 | #define VERSION(n, v) VERSION2(n, v)
[INFO] [stderr]   cargo:warning=      |                       ^~~~~~~~
[INFO] [stderr]   cargo:warning=/opt/rustwide/target/debug/build/openssl-sys-303e6fdad77130b4/out/expando.c:7:1: note: in expansion of macro 'VERSION'
[INFO] [stderr]   cargo:warning=    7 | VERSION(OPENSSL, OPENSSL_VERSION_NUMBER)
[INFO] [stderr]   cargo:warning=      | ^~~~~~~
[INFO] [stderr]   exit status: 1
[INFO] [stderr] 
[INFO] [stderr]   --- stderr
[INFO] [stderr] 
[INFO] [stderr]   thread 'main' panicked at /opt/rustwide/cargo-home/registry/src/index.crates.io-1949cf8c6b5b557f/openssl-sys-0.9.36/build/main.rs:428:13:
[INFO] [stderr] 
[INFO] [stderr]   Header expansion error:
[INFO] [stderr]   Error { kind: ToolExecError, message: "Command \"cc\" \"-O0\" \"-ffunction-sections\" \"-fdata-sections\" \"-fPIC\" \"-g\" \"-fno-omit-frame-pointer\" \"-m64\" \"-Wall\" \"-Wextra\" \"-E\" \"/opt/rustwide/target/debug/build/openssl-sys-303e6fdad77130b4/out/expando.c\" with args \"cc\" did not execute successfully (status code exit status: 1)." }
[INFO] [stderr] 
[INFO] [stderr]   Failed to find OpenSSL development headers.
[INFO] [stderr] 
[INFO] [stderr]   You can try fixing this setting the `OPENSSL_DIR` environment variable
[INFO] [stderr]   pointing to your OpenSSL installation or installing OpenSSL headers package
[INFO] [stderr]   specific to your distribution:
[INFO] [stderr] 
[INFO] [stderr]       # On Ubuntu
[INFO] [stderr]       sudo apt-get install libssl-dev
[INFO] [stderr]       # On Arch Linux
[INFO] [stderr]       sudo pacman -S openssl
[INFO] [stderr]       # On Fedora
[INFO] [stderr]       sudo dnf install openssl-devel
[INFO] [stderr] 
[INFO] [stderr]   See rust-openssl README for more information:
[INFO] [stderr] 
[INFO] [stderr]       https://github.com/sfackler/rust-openssl#linux
[INFO] [stderr] 
[INFO] [stderr]   stack backtrace:
[INFO] [stderr]      0:     0x5d766efacb8a - std::backtrace_rs::backtrace::libunwind::trace::h88deb10bd0145eb8
[INFO] [stderr]                                  at /rustc/4d91de4e48198da2e33413efdcd9cd2cc0c46688/library/std/src/../../backtrace/src/backtrace/libunwind.rs:116:5
[INFO] [stderr]      1:     0x5d766efacb8a - std::backtrace_rs::backtrace::trace_unsynchronized::he1036f5481c14dff
[INFO] [stderr]                                  at /rustc/4d91de4e48198da2e33413efdcd9cd2cc0c46688/library/std/src/../../backtrace/src/backtrace/mod.rs:66:5
[INFO] [stderr]      2:     0x5d766efacb8a - std::sys::backtrace::_print_fmt::hecc345b6e70c4b20
[INFO] [stderr]                                  at /rustc/4d91de4e48198da2e33413efdcd9cd2cc0c46688/library/std/src/sys/backtrace.rs:66:9
[INFO] [stderr]      3:     0x5d766efacb8a - <std::sys::backtrace::BacktraceLock::print::DisplayBacktrace as core::fmt::Display>::fmt::he089f96442833f67
[INFO] [stderr]                                  at /rustc/4d91de4e48198da2e33413efdcd9cd2cc0c46688/library/std/src/sys/backtrace.rs:39:26
[INFO] [stderr]      4:     0x5d766efcf743 - core::fmt::rt::Argument::fmt::h1f77cded99c71a14
[INFO] [stderr]                                  at /rustc/4d91de4e48198da2e33413efdcd9cd2cc0c46688/library/core/src/fmt/rt.rs:177:76
[INFO] [stderr]      5:     0x5d766efcf743 - core::fmt::write::h2f210ed4c94745cb
[INFO] [stderr]                                  at /rustc/4d91de4e48198da2e33413efdcd9cd2cc0c46688/library/core/src/fmt/mod.rs:1440:21
[INFO] [stderr]      6:     0x5d766efa99e3 - std::io::Write::write_fmt::h7de08171ab770fb2
[INFO] [stderr]                                  at /rustc/4d91de4e48198da2e33413efdcd9cd2cc0c46688/library/std/src/io/mod.rs:1887:15
[INFO] [stderr]      7:     0x5d766efac9d2 - std::sys::backtrace::BacktraceLock::print::h810fbd31421329e6
[INFO] [stderr]                                  at /rustc/4d91de4e48198da2e33413efdcd9cd2cc0c46688/library/std/src/sys/backtrace.rs:42:9
[INFO] [stderr]      8:     0x5d766efadc70 - std::panicking::default_hook::{{closure}}::hbaad47ed9dc6356d
[INFO] [stderr]                                  at /rustc/4d91de4e48198da2e33413efdcd9cd2cc0c46688/library/std/src/panicking.rs:295:22
[INFO] [stderr]      9:     0x5d766efada50 - std::panicking::default_hook::h24e207139139d40a
[INFO] [stderr]                                  at /rustc/4d91de4e48198da2e33413efdcd9cd2cc0c46688/library/std/src/panicking.rs:322:9
[INFO] [stderr]     10:     0x5d766efae3d2 - std::panicking::rust_panic_with_hook::ha9131beeb2ddc506
[INFO] [stderr]                                  at /rustc/4d91de4e48198da2e33413efdcd9cd2cc0c46688/library/std/src/panicking.rs:828:13
[INFO] [stderr]     11:     0x5d766efae17a - std::panicking::begin_panic_handler::{{closure}}::h1bba0eaeb6da506f
[INFO] [stderr]                                  at /rustc/4d91de4e48198da2e33413efdcd9cd2cc0c46688/library/std/src/panicking.rs:701:13
[INFO] [stderr]     12:     0x5d766efad089 - std::sys::backtrace::__rust_end_short_backtrace::h1d1ca3eade483f4c
[INFO] [stderr]                                  at /rustc/4d91de4e48198da2e33413efdcd9cd2cc0c46688/library/std/src/sys/backtrace.rs:168:18
[INFO] [stderr]     13:     0x5d766efade0d - rust_begin_unwind
[INFO] [stderr]                                  at /rustc/4d91de4e48198da2e33413efdcd9cd2cc0c46688/library/std/src/panicking.rs:692:5
[INFO] [stderr]     14:     0x5d766ef2b850 - core::panicking::panic_fmt::h896a0727a1a943f9
[INFO] [stderr]                                  at /rustc/4d91de4e48198da2e33413efdcd9cd2cc0c46688/library/core/src/panicking.rs:75:14
[INFO] [stderr]     15:     0x5d766ef33211 - build_script_main::validate_headers::h3a09edc657ce61d3
[INFO] [stderr]     16:     0x5d766ef39e42 - build_script_main::imp::try_pkg_config::he241e7eb3a84d26a
[INFO] [stderr]     17:     0x5d766ef38bc8 - build_script_main::imp::find_openssl_dir::h2e2e6317da78941a
[INFO] [stderr]     18:     0x5d766ef389d2 - build_script_main::imp::get_openssl::{{closure}}::h1c8b8c57a689fe8f
[INFO] [stderr]     19:     0x5d766ef3b473 - core::option::Option<T>::unwrap_or_else::hb67440e3c6749937
[INFO] [stderr]     20:     0x5d766ef387f0 - build_script_main::imp::get_openssl::he218958c8ec3b2f0
[INFO] [stderr]     21:     0x5d766ef30dc4 - build_script_main::main::h94b666984db6a869
[INFO] [stderr]     22:     0x5d766ef35173 - core::ops::function::FnOnce::call_once::haa3d05b65d1a5c8c
[INFO] [stderr]     23:     0x5d766ef347e6 - std::sys::backtrace::__rust_begin_short_backtrace::h3087da8e50323a8e
[INFO] [stderr]     24:     0x5d766ef36d29 - std::rt::lang_start::{{closure}}::h44b03f892d2d656c
[INFO] [stderr]     25:     0x5d766efa5f17 - core::ops::function::impls::<impl core::ops::function::FnOnce<A> for &F>::call_once::ha29694188d478cce
[INFO] [stderr]                                  at /rustc/4d91de4e48198da2e33413efdcd9cd2cc0c46688/library/core/src/ops/function.rs:284:13
[INFO] [stderr]     26:     0x5d766efa5f17 - std::panicking::try::do_call::h146aeebcd3824393
[INFO] [stderr]                                  at /rustc/4d91de4e48198da2e33413efdcd9cd2cc0c46688/library/std/src/panicking.rs:584:40
[INFO] [stderr]     27:     0x5d766efa5f17 - std::panicking::try::hf3596e381ccb2229
[INFO] [stderr]                                  at /rustc/4d91de4e48198da2e33413efdcd9cd2cc0c46688/library/std/src/panicking.rs:547:19
[INFO] [stderr]     28:     0x5d766efa5f17 - std::panic::catch_unwind::h7b076e21cb40b9bf
[INFO] [stderr]                                  at /rustc/4d91de4e48198da2e33413efdcd9cd2cc0c46688/library/std/src/panic.rs:358:14
[INFO] [stderr]     29:     0x5d766efa5f17 - std::rt::lang_start_internal::{{closure}}::h481008de4850e7c0
[INFO] [stderr]                                  at /rustc/4d91de4e48198da2e33413efdcd9cd2cc0c46688/library/std/src/rt.rs:174:48
[INFO] [stderr]     30:     0x5d766efa5f17 - std::panicking::try::do_call::h865e627c98d1c4cc
[INFO] [stderr]                                  at /rustc/4d91de4e48198da2e33413efdcd9cd2cc0c46688/library/std/src/panicking.rs:584:40
[INFO] [stderr]     31:     0x5d766efa5f17 - std::panicking::try::hf53b8617a1069bb3
[INFO] [stderr]                                  at /rustc/4d91de4e48198da2e33413efdcd9cd2cc0c46688/library/std/src/panicking.rs:547:19
[INFO] [stderr]     32:     0x5d766efa5f17 - std::panic::catch_unwind::h9d30caa3add162e9
[INFO] [stderr]                                  at /rustc/4d91de4e48198da2e33413efdcd9cd2cc0c46688/library/std/src/panic.rs:358:14
[INFO] [stderr]     33:     0x5d766efa5f17 - std::rt::lang_start_internal::hbb268f70c879621d
[INFO] [stderr]                                  at /rustc/4d91de4e48198da2e33413efdcd9cd2cc0c46688/library/std/src/rt.rs:174:20
[INFO] [stderr]     34:     0x5d766ef36d07 - std::rt::lang_start::habbf60d581818d2a
[INFO] [stderr]     35:     0x5d766ef34265 - main
[INFO] [stderr]     36:     0x7c3cd1553d90 - <unknown>
[INFO] [stderr]     37:     0x7c3cd1553e40 - __libc_start_main
[INFO] [stderr]     38:     0x5d766ef2bea5 - _start
[INFO] [stderr]     39:                0x0 - <unknown>
[INFO] [stderr] warning: build failed, waiting for other jobs to finish...
[INFO] running `Command { std: "docker" "inspect" "2d92667f16c4c3dc7ddab719b9445d11ad4816855ae1fd88085bf44130cc3dae", kill_on_drop: false }`
[INFO] running `Command { std: "docker" "rm" "-f" "2d92667f16c4c3dc7ddab719b9445d11ad4816855ae1fd88085bf44130cc3dae", kill_on_drop: false }`
[INFO] [stdout] 2d92667f16c4c3dc7ddab719b9445d11ad4816855ae1fd88085bf44130cc3dae
