[INFO] cloning repository https://github.com/yagehu/csv2json
[INFO] running `Command { std: "git" "-c" "credential.helper=" "-c" "credential.helper=/workspace/cargo-home/bin/git-credential-null" "clone" "--bare" "https://github.com/yagehu/csv2json" "/workspace/cache/git-repos/https%3A%2F%2Fgithub.com%2Fyagehu%2Fcsv2json", kill_on_drop: false }`
[INFO] [stderr] Cloning into bare repository '/workspace/cache/git-repos/https%3A%2F%2Fgithub.com%2Fyagehu%2Fcsv2json'...
[INFO] running `Command { std: "git" "rev-parse" "HEAD", kill_on_drop: false }`
[INFO] [stdout] 6c79bed56a60d736d72650c44b6002533b8b987d
[INFO] testing yagehu/csv2json against beta-2025-02-28 for beta-1.86-3
[INFO] running `Command { std: "git" "clone" "/workspace/cache/git-repos/https%3A%2F%2Fgithub.com%2Fyagehu%2Fcsv2json" "/workspace/builds/worker-0-tc2/source", kill_on_drop: false }`
[INFO] [stderr] Cloning into '/workspace/builds/worker-0-tc2/source'...
[INFO] [stderr] done.
[INFO] validating manifest of git repo https://github.com/yagehu/csv2json on toolchain beta-2025-02-28
[INFO] running `Command { std: CARGO_HOME="/workspace/cargo-home" RUSTUP_HOME="/workspace/rustup-home" "/workspace/cargo-home/bin/cargo" "+beta-2025-02-28" "metadata" "--manifest-path" "Cargo.toml" "--no-deps", kill_on_drop: false }`
[INFO] started tweaking git repo https://github.com/yagehu/csv2json
[INFO] finished tweaking git repo https://github.com/yagehu/csv2json
[INFO] tweaked toml for git repo https://github.com/yagehu/csv2json written to /workspace/builds/worker-0-tc2/source/Cargo.toml
[INFO] crate git repo https://github.com/yagehu/csv2json already has a lockfile, it will not be regenerated
[INFO] running `Command { std: CARGO_HOME="/workspace/cargo-home" RUSTUP_HOME="/workspace/rustup-home" "/workspace/cargo-home/bin/cargo" "+beta-2025-02-28" "fetch" "--manifest-path" "Cargo.toml", kill_on_drop: false }`
[INFO] running `Command { std: "docker" "create" "-v" "/var/lib/crater-agent-workspace/builds/worker-0-tc2/target:/opt/rustwide/target:rw,Z" "-v" "/var/lib/crater-agent-workspace/builds/worker-0-tc2/source:/opt/rustwide/workdir:ro,Z" "-v" "/var/lib/crater-agent-workspace/cargo-home:/opt/rustwide/cargo-home:ro,Z" "-v" "/var/lib/crater-agent-workspace/rustup-home:/opt/rustwide/rustup-home:ro,Z" "-e" "SOURCE_DIR=/opt/rustwide/workdir" "-e" "CARGO_TARGET_DIR=/opt/rustwide/target" "-e" "CARGO_HOME=/opt/rustwide/cargo-home" "-e" "RUSTUP_HOME=/opt/rustwide/rustup-home" "-w" "/opt/rustwide/workdir" "-m" "1610612736" "--user" "0:0" "--network" "none" "ghcr.io/rust-lang/crates-build-env/linux@sha256:3959728d45483eb673ba100a951a6b9f5012970368db2a9e08e0ac9b67c8a5ad" "/opt/rustwide/cargo-home/bin/cargo" "+beta-2025-02-28" "metadata" "--no-deps" "--format-version=1", kill_on_drop: false }`
[INFO] [stdout] a611d1b1a17d198c7046b46095c55af6f34063848ad4428861e429c74816697b
[INFO] running `Command { std: "docker" "start" "-a" "a611d1b1a17d198c7046b46095c55af6f34063848ad4428861e429c74816697b", kill_on_drop: false }`
[INFO] running `Command { std: "docker" "inspect" "a611d1b1a17d198c7046b46095c55af6f34063848ad4428861e429c74816697b", kill_on_drop: false }`
[INFO] running `Command { std: "docker" "rm" "-f" "a611d1b1a17d198c7046b46095c55af6f34063848ad4428861e429c74816697b", kill_on_drop: false }`
[INFO] [stdout] a611d1b1a17d198c7046b46095c55af6f34063848ad4428861e429c74816697b
[INFO] running `Command { std: "docker" "create" "-v" "/var/lib/crater-agent-workspace/builds/worker-0-tc2/target:/opt/rustwide/target:rw,Z" "-v" "/var/lib/crater-agent-workspace/builds/worker-0-tc2/source:/opt/rustwide/workdir:ro,Z" "-v" "/var/lib/crater-agent-workspace/cargo-home:/opt/rustwide/cargo-home:ro,Z" "-v" "/var/lib/crater-agent-workspace/rustup-home:/opt/rustwide/rustup-home:ro,Z" "-e" "SOURCE_DIR=/opt/rustwide/workdir" "-e" "CARGO_TARGET_DIR=/opt/rustwide/target" "-e" "CARGO_INCREMENTAL=0" "-e" "RUST_BACKTRACE=full" "-e" "RUSTFLAGS=--cap-lints=warn" "-e" "RUSTDOCFLAGS=--cap-lints=warn" "-e" "CARGO_HOME=/opt/rustwide/cargo-home" "-e" "RUSTUP_HOME=/opt/rustwide/rustup-home" "-w" "/opt/rustwide/workdir" "-m" "1610612736" "--user" "0:0" "--network" "none" "ghcr.io/rust-lang/crates-build-env/linux@sha256:3959728d45483eb673ba100a951a6b9f5012970368db2a9e08e0ac9b67c8a5ad" "/opt/rustwide/cargo-home/bin/cargo" "+beta-2025-02-28" "build" "--frozen" "--message-format=json", kill_on_drop: false }`
[INFO] [stdout] f18e7f31918eebfe543fba1673467e432a141c42f4fc32f72c5052d143ad35e0
[INFO] running `Command { std: "docker" "start" "-a" "f18e7f31918eebfe543fba1673467e432a141c42f4fc32f72c5052d143ad35e0", kill_on_drop: false }`
[INFO] [stderr]    Compiling libc v0.2.126
[INFO] [stderr]    Compiling once_cell v1.12.0
[INFO] [stderr]    Compiling proc-macro2 v1.0.40
[INFO] [stderr]    Compiling quote v1.0.20
[INFO] [stderr]    Compiling unicode-ident v1.0.1
[INFO] [stderr]    Compiling syn v1.0.98
[INFO] [stderr]    Compiling pin-project-lite v0.2.9
[INFO] [stderr]    Compiling smallvec v1.8.1
[INFO] [stderr]    Compiling lock_api v0.4.7
[INFO] [stderr]    Compiling bytes v1.1.0
[INFO] [stderr]    Compiling futures-core v0.3.21
[INFO] [stderr]    Compiling scopeguard v1.1.0
[INFO] [stderr]    Compiling parking_lot_core v0.9.3
[INFO] [stderr]    Compiling serde v1.0.137
[INFO] [stderr]    Compiling generic-array v0.14.5
[INFO] [stderr]    Compiling itoa v1.0.2
[INFO] [stderr]    Compiling subtle v2.4.1
[INFO] [stderr]    Compiling spin v0.5.2
[INFO] [stderr]    Compiling futures-task v0.3.21
[INFO] [stderr]    Compiling untrusted v0.7.1
[INFO] [stderr]    Compiling futures-util v0.3.21
[INFO] [stderr]    Compiling tracing-core v0.1.28
[INFO] [stderr]    Compiling regex-syntax v0.6.26
[INFO] [stderr]    Compiling pin-utils v0.1.0
[INFO] [stderr]    Compiling futures-sink v0.3.21
[INFO] [stderr]    Compiling tinyvec_macros v0.1.0
[INFO] [stderr]    Compiling jobserver v0.1.24
[INFO] [stderr]    Compiling socket2 v0.4.4
[INFO] [stderr]    Compiling cc v1.0.73
[INFO] [stderr]    Compiling parking_lot v0.12.1
[INFO] [stderr]    Compiling num_cpus v1.13.1
[INFO] [stderr]    Compiling signal-hook-registry v1.4.0
[INFO] [stderr]    Compiling getrandom v0.2.7
[INFO] [stderr]    Compiling crypto-common v0.1.3
[INFO] [stderr]    Compiling block-buffer v0.10.2
[INFO] [stderr]    Compiling mio v0.8.4
[INFO] [stderr]    Compiling ahash v0.7.6
[INFO] [stderr]    Compiling digest v0.10.3
[INFO] [stderr]    Compiling percent-encoding v2.1.0
[INFO] [stderr]    Compiling rustls v0.20.6
[INFO] [stderr]    Compiling hashbrown v0.12.1
[INFO] [stderr]    Compiling rand_core v0.6.3
[INFO] [stderr]    Compiling tinyvec v1.6.0
[INFO] [stderr]    Compiling tokio v1.19.2
[INFO] [stderr]    Compiling ryu v1.0.10
[INFO] [stderr]    Compiling ring v0.16.20
[INFO] [stderr]    Compiling matches v0.1.9
[INFO] [stderr]    Compiling rand_chacha v0.3.1
[INFO] [stderr]    Compiling unicode-bidi v0.3.8
[INFO] [stderr]    Compiling paste v1.0.7
[INFO] [stderr]    Compiling unicode-normalization v0.1.20
[INFO] [stderr]    Compiling serde_json v1.0.81
[INFO] [stderr]    Compiling form_urlencoded v1.0.1
[INFO] [stderr]    Compiling zstd-sys v2.0.1+zstd.1.5.2
[INFO] [stderr]    Compiling parking_lot_core v0.8.5
[INFO] [stderr]    Compiling fnv v1.0.7
[INFO] [stderr]    Compiling http v0.2.8
[INFO] [stderr]    Compiling regex v1.5.6
[INFO] [stderr]    Compiling idna v0.2.3
[INFO] [stderr]    Compiling num-integer v0.1.45
[INFO] [stderr]    Compiling instant v0.1.12
[INFO] [stderr]    Compiling crossbeam-utils v0.8.10
[INFO] [stderr]    Compiling futures-channel v0.3.21
[INFO] [stderr]    Compiling url v2.2.2
[INFO] [stderr]    Compiling indexmap v1.9.1
[INFO] [stderr]    Compiling bytestring v1.1.0
[INFO] [stderr]    Compiling zstd-safe v5.0.2+zstd.1.5.2
[INFO] [stderr]    Compiling actix-rt v2.7.0
[INFO] [stderr]    Compiling crc32fast v1.3.2
[INFO] [stderr]    Compiling webpki v0.22.0
[INFO] [stderr]    Compiling sct v0.7.0
[INFO] [stderr]    Compiling minimal-lexical v0.2.1
[INFO] [stderr]    Compiling local-waker v0.1.3
[INFO] [stderr]    Compiling crossbeam-queue v0.3.5
[INFO] [stderr]    Compiling alloc-no-stdlib v2.0.3
[INFO] [stderr]    Compiling nom v7.1.1
[INFO] [stderr]    Compiling alloc-stdlib v0.2.1
[INFO] [stderr]    Compiling parking_lot v0.11.2
[INFO] [stderr]    Compiling serde_derive v1.0.137
[INFO] [stderr]    Compiling tracing-attributes v0.1.21
[INFO] [stderr]    Compiling thiserror-impl v1.0.31
[INFO] [stderr]    Compiling regex-automata v0.1.10
[INFO] [stderr]    Compiling rand v0.8.5
[INFO] [stderr]    Compiling hmac v0.12.1
[INFO] [stderr]    Compiling dirs-sys v0.3.7
[INFO] [stderr]    Compiling tracing v0.1.35
[INFO] [stderr]    Compiling httparse v1.7.1
[INFO] [stderr]    Compiling tokio-util v0.7.3
[INFO] [stderr]    Compiling num_threads v0.1.6
[INFO] [stderr]    Compiling unicode_categories v0.1.1
[INFO] [stderr]    Compiling time-macros v0.2.4
[INFO] [stderr]    Compiling encoding_rs v0.8.31
[INFO] [stderr]    Compiling crc-catalog v2.1.0
[INFO] [stderr]    Compiling firestorm v0.5.1
[INFO] [stderr]    Compiling adler v1.0.2
[INFO] [stderr]    Compiling crc v3.0.0
[INFO] [stderr]    Compiling miniz_oxide v0.5.3
[INFO] [stderr]    Compiling thiserror v1.0.31
[INFO] [stderr]    Compiling tokio-rustls v0.23.4
[INFO] [stderr]    Compiling dirs v4.0.0
[INFO] [stderr]    Compiling hkdf v0.12.3
[INFO] [stderr]    Compiling futures-intrusive v0.4.0
[INFO] [stderr]    Compiling chrono v0.4.19
[INFO] [stderr]    Compiling brotli-decompressor v2.3.2
[INFO] [stderr]    Compiling actix-utils v3.0.0
[INFO] [stderr]    Compiling webpki-roots v0.22.3
[INFO] [stderr]    Compiling atoi v1.0.0
[INFO] [stderr]    Compiling rustls-pemfile v1.0.0
[INFO] [stderr]    Compiling stringprep v0.1.2
[INFO] [stderr]    Compiling actix-service v2.0.2
[INFO] [stderr]    Compiling time v0.3.11
[INFO] [stderr]    Compiling hashlink v0.8.0
[INFO] [stderr]    Compiling sha-1 v0.10.0
[INFO] [stderr]    Compiling md-5 v0.10.1
[INFO] [stderr]    Compiling cookie v0.16.0
[INFO] [stderr]    Compiling whoami v1.2.1
[INFO] [stderr]    Compiling event-listener v2.5.2
[INFO] [stderr]    Compiling hex v0.4.3
[INFO] [stderr]    Compiling convert_case v0.4.0
[INFO] [stderr]    Compiling slab v0.4.6
[INFO] [stderr]    Compiling byteorder v1.4.3
[INFO] [stderr]    Compiling h2 v0.3.13
[INFO] [stderr]    Compiling brotli v3.3.4
[INFO] [stderr]    Compiling flate2 v1.0.24
[INFO] [stderr]    Compiling derive_more v0.99.17
[INFO] [stderr]    Compiling sqlx-rt v0.6.0
[INFO] [stderr]    Compiling actix-codec v0.5.0
[INFO] [stderr]    Compiling tokio-stream v0.1.9
[INFO] [stderr]    Compiling pin-project-internal v1.0.10
[INFO] [stderr]    Compiling either v1.6.1
[INFO] [stderr]    Compiling itertools v0.10.3
[INFO] [stderr]    Compiling actix-router v0.5.0
[INFO] [stderr]    Compiling local-channel v0.1.3
[INFO] [stderr]    Compiling sha2 v0.10.2
[INFO] [stderr]    Compiling sha1 v0.10.1
[INFO] [stderr]    Compiling bitflags v1.3.2
[INFO] [stderr]    Compiling mime v0.3.16
[INFO] [stderr]    Compiling language-tags v0.3.2
[INFO] [stderr]    Compiling uuid v1.1.2
[INFO] [stderr]    Compiling httpdate v1.0.2
[INFO] [stderr]    Compiling actix-web-codegen v4.0.1
[INFO] [stderr]    Compiling heck v0.4.0
[INFO] [stderr]    Compiling pin-project v1.0.10
[INFO] [stderr]    Compiling serde_urlencoded v0.7.1
[INFO] [stderr]    Compiling sqlformat v0.1.8
[INFO] [stderr]    Compiling actix-server v2.1.1
[INFO] [stderr]    Compiling matchers v0.1.0
[INFO] [stderr]    Compiling actix-macros v0.2.3
[INFO] [stderr]    Compiling tracing-log v0.1.3
[INFO] [stderr]    Compiling sharded-slab v0.1.4
[INFO] [stderr]    Compiling thread_local v1.1.4
[INFO] [stderr]    Compiling anyhow v1.0.58
[INFO] [stderr]    Compiling dotenv v0.15.0
[INFO] [stderr]    Compiling ansi_term v0.12.1
[INFO] [stderr]    Compiling tracing-futures v0.2.5
[INFO] [stderr]    Compiling tracing-subscriber v0.3.11
[INFO] [stderr]    Compiling bstr v0.2.17
[INFO] [stderr]    Compiling uuid v0.8.2
[INFO] [stderr]    Compiling gethostname v0.2.3
[INFO] [stderr]    Compiling csv-core v0.1.10
[INFO] [stderr]    Compiling itoa v0.4.8
[INFO] [stderr]    Compiling csv v1.1.6
[INFO] [stderr]    Compiling tracing-bunyan-formatter v0.3.3
[INFO] [stderr]    Compiling sqlx-core v0.6.0
[INFO] [stderr]    Compiling sqlx-macros v0.6.0
[INFO] [stderr]    Compiling sqlx v0.6.0
[INFO] [stderr]    Compiling zstd v0.11.2+zstd.1.5.2
[INFO] [stderr]    Compiling actix-http v3.1.0
[INFO] [stderr]    Compiling actix-web v4.1.0
[INFO] [stderr]    Compiling tracing-actix-web v0.5.1
[INFO] [stderr]    Compiling csv2json v0.1.0 (/opt/rustwide/workdir)
[INFO] [stderr]     Finished `dev` profile [unoptimized + debuginfo] target(s) in 35.37s
[INFO] running `Command { std: "docker" "inspect" "f18e7f31918eebfe543fba1673467e432a141c42f4fc32f72c5052d143ad35e0", kill_on_drop: false }`
[INFO] running `Command { std: "docker" "rm" "-f" "f18e7f31918eebfe543fba1673467e432a141c42f4fc32f72c5052d143ad35e0", kill_on_drop: false }`
[INFO] [stdout] f18e7f31918eebfe543fba1673467e432a141c42f4fc32f72c5052d143ad35e0
[INFO] running `Command { std: "docker" "create" "-v" "/var/lib/crater-agent-workspace/builds/worker-0-tc2/target:/opt/rustwide/target:rw,Z" "-v" "/var/lib/crater-agent-workspace/builds/worker-0-tc2/source:/opt/rustwide/workdir:ro,Z" "-v" "/var/lib/crater-agent-workspace/cargo-home:/opt/rustwide/cargo-home:ro,Z" "-v" "/var/lib/crater-agent-workspace/rustup-home:/opt/rustwide/rustup-home:ro,Z" "-e" "SOURCE_DIR=/opt/rustwide/workdir" "-e" "CARGO_TARGET_DIR=/opt/rustwide/target" "-e" "CARGO_INCREMENTAL=0" "-e" "RUST_BACKTRACE=full" "-e" "RUSTFLAGS=--cap-lints=warn" "-e" "RUSTDOCFLAGS=--cap-lints=warn" "-e" "CARGO_HOME=/opt/rustwide/cargo-home" "-e" "RUSTUP_HOME=/opt/rustwide/rustup-home" "-w" "/opt/rustwide/workdir" "-m" "1610612736" "--user" "0:0" "--network" "none" "ghcr.io/rust-lang/crates-build-env/linux@sha256:3959728d45483eb673ba100a951a6b9f5012970368db2a9e08e0ac9b67c8a5ad" "/opt/rustwide/cargo-home/bin/cargo" "+beta-2025-02-28" "test" "--frozen" "--no-run" "--message-format=json", kill_on_drop: false }`
[INFO] [stdout] 95d6f6313ad0dbdc6abe9e48017e6a8b1188dc7aa1bcc68c82d7ca836f01c357
[INFO] running `Command { std: "docker" "start" "-a" "95d6f6313ad0dbdc6abe9e48017e6a8b1188dc7aa1bcc68c82d7ca836f01c357", kill_on_drop: false }`
[INFO] [stderr]    Compiling tokio-macros v1.8.0
[INFO] [stderr]    Compiling tokio v1.19.2
[INFO] [stderr]    Compiling futures-channel v0.3.21
[INFO] [stderr]    Compiling try-lock v0.2.3
[INFO] [stderr]    Compiling http-body v0.4.5
[INFO] [stderr]    Compiling tower-service v0.3.2
[INFO] [stderr]    Compiling ipnet v2.5.0
[INFO] [stderr]    Compiling want v0.3.0
[INFO] [stderr]    Compiling actix-rt v2.7.0
[INFO] [stderr]    Compiling tokio-rustls v0.23.4
[INFO] [stderr]    Compiling tokio-stream v0.1.9
[INFO] [stderr]    Compiling sqlx-rt v0.6.0
[INFO] [stderr]    Compiling sqlx-core v0.6.0
[INFO] [stderr]    Compiling tokio-util v0.7.3
[INFO] [stderr]    Compiling actix-server v2.1.1
[INFO] [stderr]    Compiling h2 v0.3.13
[INFO] [stderr]    Compiling actix-codec v0.5.0
[INFO] [stderr]    Compiling sqlx-macros v0.6.0
[INFO] [stderr]    Compiling actix-http v3.1.0
[INFO] [stderr]    Compiling hyper v0.14.19
[INFO] [stderr]    Compiling actix-web v4.1.0
[INFO] [stderr]    Compiling hyper-rustls v0.23.0
[INFO] [stderr]    Compiling reqwest v0.11.11
[INFO] [stderr]    Compiling sqlx v0.6.0
[INFO] [stderr]    Compiling tracing-actix-web v0.5.1
[INFO] [stderr]    Compiling csv2json v0.1.0 (/opt/rustwide/workdir)
[INFO] [stderr]     Finished `test` profile [unoptimized + debuginfo] target(s) in 16.40s
[INFO] running `Command { std: "docker" "inspect" "95d6f6313ad0dbdc6abe9e48017e6a8b1188dc7aa1bcc68c82d7ca836f01c357", kill_on_drop: false }`
[INFO] running `Command { std: "docker" "rm" "-f" "95d6f6313ad0dbdc6abe9e48017e6a8b1188dc7aa1bcc68c82d7ca836f01c357", kill_on_drop: false }`
[INFO] [stdout] 95d6f6313ad0dbdc6abe9e48017e6a8b1188dc7aa1bcc68c82d7ca836f01c357
[INFO] running `Command { std: "docker" "create" "-v" "/var/lib/crater-agent-workspace/builds/worker-0-tc2/target:/opt/rustwide/target:rw,Z" "-v" "/var/lib/crater-agent-workspace/builds/worker-0-tc2/source:/opt/rustwide/workdir:ro,Z" "-v" "/var/lib/crater-agent-workspace/cargo-home:/opt/rustwide/cargo-home:ro,Z" "-v" "/var/lib/crater-agent-workspace/rustup-home:/opt/rustwide/rustup-home:ro,Z" "-e" "SOURCE_DIR=/opt/rustwide/workdir" "-e" "CARGO_TARGET_DIR=/opt/rustwide/target" "-e" "CARGO_INCREMENTAL=0" "-e" "RUST_BACKTRACE=full" "-e" "RUSTFLAGS=--cap-lints=warn" "-e" "RUSTDOCFLAGS=--cap-lints=warn" "-e" "CARGO_HOME=/opt/rustwide/cargo-home" "-e" "RUSTUP_HOME=/opt/rustwide/rustup-home" "-w" "/opt/rustwide/workdir" "-m" "1610612736" "--user" "0:0" "--network" "none" "ghcr.io/rust-lang/crates-build-env/linux@sha256:3959728d45483eb673ba100a951a6b9f5012970368db2a9e08e0ac9b67c8a5ad" "/opt/rustwide/cargo-home/bin/cargo" "+beta-2025-02-28" "test" "--frozen", kill_on_drop: false }`
[INFO] [stdout] 1e694082b516048fafd49af40e185c6b8640e0dac9cbe37370dad0e9ae16295c
[INFO] running `Command { std: "docker" "start" "-a" "1e694082b516048fafd49af40e185c6b8640e0dac9cbe37370dad0e9ae16295c", kill_on_drop: false }`
[INFO] [stderr]     Finished `test` profile [unoptimized + debuginfo] target(s) in 0.24s
[INFO] [stderr]      Running unittests src/lib.rs (/opt/rustwide/target/debug/deps/csv2json-121068e223c4bcb8)
[INFO] [stdout] 
[INFO] [stdout] running 0 tests
[INFO] [stdout] 
[INFO] [stdout] test result: ok. 0 passed; 0 failed; 0 ignored; 0 measured; 0 filtered out; finished in 0.00s
[INFO] [stdout] 
[INFO] [stderr]      Running unittests src/main.rs (/opt/rustwide/target/debug/deps/csv2json-f10d4ee9f040016a)
[INFO] [stdout] 
[INFO] [stdout] running 0 tests
[INFO] [stdout] 
[INFO] [stdout] test result: ok. 0 passed; 0 failed; 0 ignored; 0 measured; 0 filtered out; finished in 0.00s
[INFO] [stdout] 
[INFO] [stderr]      Running tests/api/main.rs (/opt/rustwide/target/debug/deps/api-f9871272df9cc54f)
[INFO] [stdout] 
[INFO] [stdout] running 3 tests
[INFO] [stdout] test create_document::line_break_ok ... FAILED
[INFO] [stdout] test get_document::not_found_errs ... FAILED
[INFO] [stdout] test get_document::ok ... FAILED
[INFO] [stdout] 
[INFO] [stdout] failures:
[INFO] [stdout] 
[INFO] [stdout] ---- create_document::line_break_ok stdout ----
[INFO] [stdout] 
[INFO] [stdout] thread 'create_document::line_break_ok' panicked at tests/api/main.rs:53:14:
[INFO] [stdout] Failed to connect to Postgres: Io(Os { code: 111, kind: ConnectionRefused, message: "Connection refused" })
[INFO] [stdout] stack backtrace:
[INFO] [stdout]    0:     0x56690c6b81e0 - std::backtrace_rs::backtrace::libunwind::trace::hbdc173d6b02f109a
[INFO] [stdout]                                at /rustc/42212a5c45ab623e38a36a74ea288a2b0277b911/library/std/src/../../backtrace/src/backtrace/libunwind.rs:117:9
[INFO] [stdout]    1:     0x56690c6b81e0 - std::backtrace_rs::backtrace::trace_unsynchronized::hbf2455cd8fabe77b
[INFO] [stdout]                                at /rustc/42212a5c45ab623e38a36a74ea288a2b0277b911/library/std/src/../../backtrace/src/backtrace/mod.rs:66:14
[INFO] [stdout]    2:     0x56690c6b81e0 - std::sys::backtrace::_print_fmt::h310d04dbb3341536
[INFO] [stdout]                                at /rustc/42212a5c45ab623e38a36a74ea288a2b0277b911/library/std/src/sys/backtrace.rs:66:9
[INFO] [stdout]    3:     0x56690c6b81e0 - <std::sys::backtrace::BacktraceLock::print::DisplayBacktrace as core::fmt::Display>::fmt::h109c0a3e31db436f
[INFO] [stdout]                                at /rustc/42212a5c45ab623e38a36a74ea288a2b0277b911/library/std/src/sys/backtrace.rs:39:26
[INFO] [stdout]    4:     0x56690c6e5343 - core::fmt::rt::Argument::fmt::hd720e0c1f088b034
[INFO] [stdout]                                at /rustc/42212a5c45ab623e38a36a74ea288a2b0277b911/library/core/src/fmt/rt.rs:177:76
[INFO] [stdout]    5:     0x56690c6e5343 - core::fmt::write::hd3671829af6364f1
[INFO] [stdout]                                at /rustc/42212a5c45ab623e38a36a74ea288a2b0277b911/library/core/src/fmt/mod.rs:1449:21
[INFO] [stdout]    6:     0x56690c6b4793 - std::io::Write::write_fmt::hb8a67d04d85c214e
[INFO] [stdout]                                at /rustc/42212a5c45ab623e38a36a74ea288a2b0277b911/library/std/src/io/mod.rs:1890:15
[INFO] [stdout]    7:     0x56690c6b8032 - std::sys::backtrace::BacktraceLock::print::h0c74b492af7c203e
[INFO] [stdout]                                at /rustc/42212a5c45ab623e38a36a74ea288a2b0277b911/library/std/src/sys/backtrace.rs:42:9
[INFO] [stdout]    8:     0x56690c6b960f - std::panicking::default_hook::{{closure}}::ha3187647a2c71f3f
[INFO] [stdout]                                at /rustc/42212a5c45ab623e38a36a74ea288a2b0277b911/library/std/src/panicking.rs:298:22
[INFO] [stdout]    9:     0x56690c6b9428 - std::panicking::default_hook::hd30ec41e71bae477
[INFO] [stdout]                                at /rustc/42212a5c45ab623e38a36a74ea288a2b0277b911/library/std/src/panicking.rs:322:9
[INFO] [stdout]   10:     0x56690ba58395 - <alloc::boxed::Box<F,A> as core::ops::function::Fn<Args>>::call::h820f658ddaf0181b
[INFO] [stdout]                                at /rustc/42212a5c45ab623e38a36a74ea288a2b0277b911/library/alloc/src/boxed.rs:1990:9
[INFO] [stdout]   11:     0x56690ba58395 - test::test_main::{{closure}}::hbb4df7f5323acfb7
[INFO] [stdout]                                at /rustc/42212a5c45ab623e38a36a74ea288a2b0277b911/library/test/src/lib.rs:135:21
[INFO] [stdout]   12:     0x56690c6ba083 - <alloc::boxed::Box<F,A> as core::ops::function::Fn<Args>>::call::hb0f28446cb5c48d4
[INFO] [stdout]                                at /rustc/42212a5c45ab623e38a36a74ea288a2b0277b911/library/alloc/src/boxed.rs:1990:9
[INFO] [stdout]   13:     0x56690c6ba083 - std::panicking::rust_panic_with_hook::h27266a0abed10aa3
[INFO] [stdout]                                at /rustc/42212a5c45ab623e38a36a74ea288a2b0277b911/library/std/src/panicking.rs:839:13
[INFO] [stdout]   14:     0x56690c6b9d5a - std::panicking::begin_panic_handler::{{closure}}::h3b855edddb50a621
[INFO] [stdout]                                at /rustc/42212a5c45ab623e38a36a74ea288a2b0277b911/library/std/src/panicking.rs:704:13
[INFO] [stdout]   15:     0x56690c6b86f9 - std::sys::backtrace::__rust_end_short_backtrace::hd74a78f3727f3f2f
[INFO] [stdout]                                at /rustc/42212a5c45ab623e38a36a74ea288a2b0277b911/library/std/src/sys/backtrace.rs:168:18
[INFO] [stdout]   16:     0x56690c6b99ed - rust_begin_unwind
[INFO] [stdout]                                at /rustc/42212a5c45ab623e38a36a74ea288a2b0277b911/library/std/src/panicking.rs:695:5
[INFO] [stdout]   17:     0x56690b9b6620 - core::panicking::panic_fmt::hfb8006ac977ca2c2
[INFO] [stdout]                                at /rustc/42212a5c45ab623e38a36a74ea288a2b0277b911/library/core/src/panicking.rs:75:14
[INFO] [stdout]   18:     0x56690b9b6ac6 - core::result::unwrap_failed::h0f2a4ebb099b60a5
[INFO] [stdout]                                at /rustc/42212a5c45ab623e38a36a74ea288a2b0277b911/library/core/src/result.rs:1704:5
[INFO] [stdout]   19:     0x56690b9f5041 - core::result::Result<T,E>::expect::h12bf973ddd528bf2
[INFO] [stdout]                                at /rustc/42212a5c45ab623e38a36a74ea288a2b0277b911/library/core/src/result.rs:1061:23
[INFO] [stdout]   20:     0x56690b9fabb5 - api::TestApp::spawn::{{closure}}::h70e0ee9f14dd929c
[INFO] [stdout]                                at /opt/rustwide/workdir/tests/api/main.rs:51:24
[INFO] [stdout]   21:     0x56690b9fba27 - api::create_document::line_break_ok::{{closure}}::hf85f097fce60851c
[INFO] [stdout]                                at /opt/rustwide/workdir/tests/api/create_document.rs:7:32
[INFO] [stdout]   22:     0x56690b9ddf9d - <core::pin::Pin<P> as core::future::future::Future>::poll::ha418102c51727422
[INFO] [stdout]                                at /rustc/42212a5c45ab623e38a36a74ea288a2b0277b911/library/core/src/future/future.rs:124:9
[INFO] [stdout]   23:     0x56690ba1740f - tokio::runtime::basic_scheduler::CoreGuard::block_on::{{closure}}::{{closure}}::{{closure}}::h3ba3b7d041a03037
[INFO] [stdout]                                at /opt/rustwide/cargo-home/registry/src/index.crates.io-1949cf8c6b5b557f/tokio-1.19.2/src/runtime/basic_scheduler.rs:508:48
[INFO] [stdout]   24:     0x56690b9eda53 - tokio::coop::with_budget::{{closure}}::hdd85540a37ab4a2e
[INFO] [stdout]                                at /opt/rustwide/cargo-home/registry/src/index.crates.io-1949cf8c6b5b557f/tokio-1.19.2/src/coop.rs:102:9
[INFO] [stdout]   25:     0x56690ba0c405 - std::thread::local::LocalKey<T>::try_with::hfea8f57365005e0a
[INFO] [stdout]                                at /rustc/42212a5c45ab623e38a36a74ea288a2b0277b911/library/std/src/thread/local.rs:310:12
[INFO] [stdout]   26:     0x56690ba0b24e - std::thread::local::LocalKey<T>::with::h8cfeaf83ac452991
[INFO] [stdout]                                at /rustc/42212a5c45ab623e38a36a74ea288a2b0277b911/library/std/src/thread/local.rs:274:15
[INFO] [stdout]   27:     0x56690ba16fa9 - tokio::coop::with_budget::h3902fe790710ad1b
[INFO] [stdout]                                at /opt/rustwide/cargo-home/registry/src/index.crates.io-1949cf8c6b5b557f/tokio-1.19.2/src/coop.rs:95:5
[INFO] [stdout]   28:     0x56690ba16fa9 - tokio::coop::budget::h93a7408d5be37e9b
[INFO] [stdout]                                at /opt/rustwide/cargo-home/registry/src/index.crates.io-1949cf8c6b5b557f/tokio-1.19.2/src/coop.rs:72:5
[INFO] [stdout]   29:     0x56690ba16fa9 - tokio::runtime::basic_scheduler::CoreGuard::block_on::{{closure}}::{{closure}}::h026c33b77bd07083
[INFO] [stdout]                                at /opt/rustwide/cargo-home/registry/src/index.crates.io-1949cf8c6b5b557f/tokio-1.19.2/src/runtime/basic_scheduler.rs:508:25
[INFO] [stdout]   30:     0x56690ba12c00 - tokio::runtime::basic_scheduler::Context::enter::hb5334ceb82fa425e
[INFO] [stdout]                                at /opt/rustwide/cargo-home/registry/src/index.crates.io-1949cf8c6b5b557f/tokio-1.19.2/src/runtime/basic_scheduler.rs:362:19
[INFO] [stdout]   31:     0x56690ba15f57 - tokio::runtime::basic_scheduler::CoreGuard::block_on::{{closure}}::h72cb6479f9c75187
[INFO] [stdout]                                at /opt/rustwide/cargo-home/registry/src/index.crates.io-1949cf8c6b5b557f/tokio-1.19.2/src/runtime/basic_scheduler.rs:507:36
[INFO] [stdout]   32:     0x56690ba153e4 - tokio::runtime::basic_scheduler::CoreGuard::enter::{{closure}}::hd819e721caff2e20
[INFO] [stdout]                                at /opt/rustwide/cargo-home/registry/src/index.crates.io-1949cf8c6b5b557f/tokio-1.19.2/src/runtime/basic_scheduler.rs:565:57
[INFO] [stdout]   33:     0x56690b9efa8d - tokio::macros::scoped_tls::ScopedKey<T>::set::h55a55b5e90b6de23
[INFO] [stdout]                                at /opt/rustwide/cargo-home/registry/src/index.crates.io-1949cf8c6b5b557f/tokio-1.19.2/src/macros/scoped_tls.rs:61:9
[INFO] [stdout]   34:     0x56690ba14dbc - tokio::runtime::basic_scheduler::CoreGuard::enter::h5f8e28f4d5df4117
[INFO] [stdout]                                at /opt/rustwide/cargo-home/registry/src/index.crates.io-1949cf8c6b5b557f/tokio-1.19.2/src/runtime/basic_scheduler.rs:565:27
[INFO] [stdout]   35:     0x56690ba1541a - tokio::runtime::basic_scheduler::CoreGuard::block_on::he5fa60350b176228
[INFO] [stdout]                                at /opt/rustwide/cargo-home/registry/src/index.crates.io-1949cf8c6b5b557f/tokio-1.19.2/src/runtime/basic_scheduler.rs:498:9
[INFO] [stdout]   36:     0x56690ba11770 - tokio::runtime::basic_scheduler::BasicScheduler::block_on::h0ee9bac37c4763a4
[INFO] [stdout]                                at /opt/rustwide/cargo-home/registry/src/index.crates.io-1949cf8c6b5b557f/tokio-1.19.2/src/runtime/basic_scheduler.rs:174:24
[INFO] [stdout]   37:     0x56690b9e4aea - tokio::runtime::Runtime::block_on::h14af2be21433b4ab
[INFO] [stdout]                                at /opt/rustwide/cargo-home/registry/src/index.crates.io-1949cf8c6b5b557f/tokio-1.19.2/src/runtime/mod.rs:480:46
[INFO] [stdout]   38:     0x56690b9fb77a - api::create_document::line_break_ok::hb1640762047c1013
[INFO] [stdout]                                at /opt/rustwide/workdir/tests/api/create_document.rs:20:5
[INFO] [stdout]   39:     0x56690b9fb5f7 - api::create_document::line_break_ok::{{closure}}::h34a67e9ad0214fdf
[INFO] [stdout]                                at /opt/rustwide/workdir/tests/api/create_document.rs:6:25
[INFO] [stdout]   40:     0x56690b9e0566 - core::ops::function::FnOnce::call_once::h82847b9ba0020604
[INFO] [stdout]                                at /rustc/42212a5c45ab623e38a36a74ea288a2b0277b911/library/core/src/ops/function.rs:250:5
[INFO] [stdout]   41:     0x56690ba5dafb - core::ops::function::FnOnce::call_once::hfc980b37ee564fd5
[INFO] [stdout]                                at /rustc/42212a5c45ab623e38a36a74ea288a2b0277b911/library/core/src/ops/function.rs:250:5
[INFO] [stdout]   42:     0x56690ba5dafb - test::__rust_begin_short_backtrace::h368b4ea047339665
[INFO] [stdout]                                at /rustc/42212a5c45ab623e38a36a74ea288a2b0277b911/library/test/src/lib.rs:637:18
[INFO] [stdout]   43:     0x56690ba5ca08 - test::run_test_in_process::{{closure}}::hc337d402eb5d3b20
[INFO] [stdout]                                at /rustc/42212a5c45ab623e38a36a74ea288a2b0277b911/library/test/src/lib.rs:660:60
[INFO] [stdout]   44:     0x56690ba5ca08 - <core::panic::unwind_safe::AssertUnwindSafe<F> as core::ops::function::FnOnce<()>>::call_once::h784eea0510033d16
[INFO] [stdout]                                at /rustc/42212a5c45ab623e38a36a74ea288a2b0277b911/library/core/src/panic/unwind_safe.rs:272:9
[INFO] [stdout]   45:     0x56690ba5ca08 - std::panicking::try::do_call::h4ac543f5ac9f601e
[INFO] [stdout]                                at /rustc/42212a5c45ab623e38a36a74ea288a2b0277b911/library/std/src/panicking.rs:587:40
[INFO] [stdout]   46:     0x56690ba5ca08 - std::panicking::try::h7cd25d12e6b32f31
[INFO] [stdout]                                at /rustc/42212a5c45ab623e38a36a74ea288a2b0277b911/library/std/src/panicking.rs:550:19
[INFO] [stdout]   47:     0x56690ba5ca08 - std::panic::catch_unwind::h9241e8b503f17ed6
[INFO] [stdout]                                at /rustc/42212a5c45ab623e38a36a74ea288a2b0277b911/library/std/src/panic.rs:358:14
[INFO] [stdout]   48:     0x56690ba5ca08 - test::run_test_in_process::h9d79244bd07cbf67
[INFO] [stdout]                                at /rustc/42212a5c45ab623e38a36a74ea288a2b0277b911/library/test/src/lib.rs:660:27
[INFO] [stdout]   49:     0x56690ba5ca08 - test::run_test::{{closure}}::h8956dbf4000fc27f
[INFO] [stdout]                                at /rustc/42212a5c45ab623e38a36a74ea288a2b0277b911/library/test/src/lib.rs:581:43
[INFO] [stdout]   50:     0x56690ba209c5 - test::run_test::{{closure}}::h85a46de4136d4def
[INFO] [stdout]                                at /rustc/42212a5c45ab623e38a36a74ea288a2b0277b911/library/test/src/lib.rs:611:41
[INFO] [stdout]   51:     0x56690ba209c5 - std::sys::backtrace::__rust_begin_short_backtrace::h9975729e3d3e75dd
[INFO] [stdout]                                at /rustc/42212a5c45ab623e38a36a74ea288a2b0277b911/library/std/src/sys/backtrace.rs:152:18
[INFO] [stdout]   52:     0x56690ba2433a - std::thread::Builder::spawn_unchecked_::{{closure}}::{{closure}}::hc76cda43ecf21eb7
[INFO] [stdout]                                at /rustc/42212a5c45ab623e38a36a74ea288a2b0277b911/library/std/src/thread/mod.rs:559:17
[INFO] [stdout]   53:     0x56690ba2433a - <core::panic::unwind_safe::AssertUnwindSafe<F> as core::ops::function::FnOnce<()>>::call_once::h3a15156e6031d8d5
[INFO] [stdout]                                at /rustc/42212a5c45ab623e38a36a74ea288a2b0277b911/library/core/src/panic/unwind_safe.rs:272:9
[INFO] [stdout]   54:     0x56690ba2433a - std::panicking::try::do_call::hd3fff24e2b851346
[INFO] [stdout]                                at /rustc/42212a5c45ab623e38a36a74ea288a2b0277b911/library/std/src/panicking.rs:587:40
[INFO] [stdout]   55:     0x56690ba2433a - std::panicking::try::h4f63a178c8d2fcee
[INFO] [stdout]                                at /rustc/42212a5c45ab623e38a36a74ea288a2b0277b911/library/std/src/panicking.rs:550:19
[INFO] [stdout]   56:     0x56690ba2433a - std::panic::catch_unwind::ha465bcd87c32e925
[INFO] [stdout]                                at /rustc/42212a5c45ab623e38a36a74ea288a2b0277b911/library/std/src/panic.rs:358:14
[INFO] [stdout]   57:     0x56690ba2433a - std::thread::Builder::spawn_unchecked_::{{closure}}::hb5abd0121f0c5f39
[INFO] [stdout]                                at /rustc/42212a5c45ab623e38a36a74ea288a2b0277b911/library/std/src/thread/mod.rs:557:30
[INFO] [stdout]   58:     0x56690ba2433a - core::ops::function::FnOnce::call_once{{vtable.shim}}::h004882719769312d
[INFO] [stdout]                                at /rustc/42212a5c45ab623e38a36a74ea288a2b0277b911/library/core/src/ops/function.rs:250:5
[INFO] [stdout]   59:     0x56690c6be1cb - <alloc::boxed::Box<F,A> as core::ops::function::FnOnce<Args>>::call_once::h7c6d7f466cecdb42
[INFO] [stdout]                                at /rustc/42212a5c45ab623e38a36a74ea288a2b0277b911/library/alloc/src/boxed.rs:1976:9
[INFO] [stdout]   60:     0x56690c6be1cb - <alloc::boxed::Box<F,A> as core::ops::function::FnOnce<Args>>::call_once::had600e8c8715c12c
[INFO] [stdout]                                at /rustc/42212a5c45ab623e38a36a74ea288a2b0277b911/library/alloc/src/boxed.rs:1976:9
[INFO] [stdout]   61:     0x56690c6be1cb - std::sys::pal::unix::thread::Thread::new::thread_start::h671b94df33d4fdac
[INFO] [stdout]                                at /rustc/42212a5c45ab623e38a36a74ea288a2b0277b911/library/std/src/sys/pal/unix/thread.rs:106:17
[INFO] [stdout]   62:     0x7c340a44fac3 - <unknown>
[INFO] [stdout]   63:     0x7c340a4e0a04 - clone
[INFO] [stdout]   64:                0x0 - <unknown>
[INFO] [stdout] 
[INFO] [stdout] ---- get_document::not_found_errs stdout ----
[INFO] [stdout] 
[INFO] [stdout] thread 'get_document::not_found_errs' panicked at tests/api/main.rs:53:14:
[INFO] [stdout] Failed to connect to Postgres: Io(Os { code: 111, kind: ConnectionRefused, message: "Connection refused" })
[INFO] [stdout] stack backtrace:
[INFO] [stdout]    0:     0x56690c6b81e0 - std::backtrace_rs::backtrace::libunwind::trace::hbdc173d6b02f109a
[INFO] [stdout]                                at /rustc/42212a5c45ab623e38a36a74ea288a2b0277b911/library/std/src/../../backtrace/src/backtrace/libunwind.rs:117:9
[INFO] [stdout]    1:     0x56690c6b81e0 - std::backtrace_rs::backtrace::trace_unsynchronized::hbf2455cd8fabe77b
[INFO] [stdout]                                at /rustc/42212a5c45ab623e38a36a74ea288a2b0277b911/library/std/src/../../backtrace/src/backtrace/mod.rs:66:14
[INFO] [stdout]    2:     0x56690c6b81e0 - std::sys::backtrace::_print_fmt::h310d04dbb3341536
[INFO] [stdout]                                at /rustc/42212a5c45ab623e38a36a74ea288a2b0277b911/library/std/src/sys/backtrace.rs:66:9
[INFO] [stdout]    3:     0x56690c6b81e0 - <std::sys::backtrace::BacktraceLock::print::DisplayBacktrace as core::fmt::Display>::fmt::h109c0a3e31db436f
[INFO] [stdout]                                at /rustc/42212a5c45ab623e38a36a74ea288a2b0277b911/library/std/src/sys/backtrace.rs:39:26
[INFO] [stdout]    4:     0x56690c6e5343 - core::fmt::rt::Argument::fmt::hd720e0c1f088b034
[INFO] [stdout]                                at /rustc/42212a5c45ab623e38a36a74ea288a2b0277b911/library/core/src/fmt/rt.rs:177:76
[INFO] [stdout]    5:     0x56690c6e5343 - core::fmt::write::hd3671829af6364f1
[INFO] [stdout]                                at /rustc/42212a5c45ab623e38a36a74ea288a2b0277b911/library/core/src/fmt/mod.rs:1449:21
[INFO] [stdout]    6:     0x56690c6b4793 - std::io::Write::write_fmt::hb8a67d04d85c214e
[INFO] [stdout]                                at /rustc/42212a5c45ab623e38a36a74ea288a2b0277b911/library/std/src/io/mod.rs:1890:15
[INFO] [stdout]    7:     0x56690c6b8032 - std::sys::backtrace::BacktraceLock::print::h0c74b492af7c203e
[INFO] [stdout]                                at /rustc/42212a5c45ab623e38a36a74ea288a2b0277b911/library/std/src/sys/backtrace.rs:42:9
[INFO] [stdout]    8:     0x56690c6b960f - std::panicking::default_hook::{{closure}}::ha3187647a2c71f3f
[INFO] [stdout]                                at /rustc/42212a5c45ab623e38a36a74ea288a2b0277b911/library/std/src/panicking.rs:298:22
[INFO] [stdout]    9:     0x56690c6b9428 - std::panicking::default_hook::hd30ec41e71bae477
[INFO] [stdout]                                at /rustc/42212a5c45ab623e38a36a74ea288a2b0277b911/library/std/src/panicking.rs:322:9
[INFO] [stdout]   10:     0x56690ba58395 - <alloc::boxed::Box<F,A> as core::ops::function::Fn<Args>>::call::h820f658ddaf0181b
[INFO] [stdout]                                at /rustc/42212a5c45ab623e38a36a74ea288a2b0277b911/library/alloc/src/boxed.rs:1990:9
[INFO] [stdout]   11:     0x56690ba58395 - test::test_main::{{closure}}::hbb4df7f5323acfb7
[INFO] [stdout]                                at /rustc/42212a5c45ab623e38a36a74ea288a2b0277b911/library/test/src/lib.rs:135:21
[INFO] [stdout]   12:     0x56690c6ba083 - <alloc::boxed::Box<F,A> as core::ops::function::Fn<Args>>::call::hb0f28446cb5c48d4
[INFO] [stdout]                                at /rustc/42212a5c45ab623e38a36a74ea288a2b0277b911/library/alloc/src/boxed.rs:1990:9
[INFO] [stdout]   13:     0x56690c6ba083 - std::panicking::rust_panic_with_hook::h27266a0abed10aa3
[INFO] [stdout]                                at /rustc/42212a5c45ab623e38a36a74ea288a2b0277b911/library/std/src/panicking.rs:839:13
[INFO] [stdout]   14:     0x56690c6b9d5a - std::panicking::begin_panic_handler::{{closure}}::h3b855edddb50a621
[INFO] [stdout]                                at /rustc/42212a5c45ab623e38a36a74ea288a2b0277b911/library/std/src/panicking.rs:704:13
[INFO] [stdout]   15:     0x56690c6b86f9 - std::sys::backtrace::__rust_end_short_backtrace::hd74a78f3727f3f2f
[INFO] [stdout]                                at /rustc/42212a5c45ab623e38a36a74ea288a2b0277b911/library/std/src/sys/backtrace.rs:168:18
[INFO] [stdout]   16:     0x56690c6b99ed - rust_begin_unwind
[INFO] [stdout]                                at /rustc/42212a5c45ab623e38a36a74ea288a2b0277b911/library/std/src/panicking.rs:695:5
[INFO] [stdout]   17:     0x56690b9b6620 - core::panicking::panic_fmt::hfb8006ac977ca2c2
[INFO] [stdout]                                at /rustc/42212a5c45ab623e38a36a74ea288a2b0277b911/library/core/src/panicking.rs:75:14
[INFO] [stdout]   18:     0x56690b9b6ac6 - core::result::unwrap_failed::h0f2a4ebb099b60a5
[INFO] [stdout]                                at /rustc/42212a5c45ab623e38a36a74ea288a2b0277b911/library/core/src/result.rs:1704:5
[INFO] [stdout]   19:     0x56690b9f5041 - core::result::Result<T,E>::expect::h12bf973ddd528bf2
[INFO] [stdout]                                at /rustc/42212a5c45ab623e38a36a74ea288a2b0277b911/library/core/src/result.rs:1061:23
[INFO] [stdout]   20:     0x56690b9fabb5 - api::TestApp::spawn::{{closure}}::h70e0ee9f14dd929c
[INFO] [stdout]                                at /opt/rustwide/workdir/tests/api/main.rs:51:24
[INFO] [stdout]   21:     0x56690b9fe861 - api::get_document::not_found_errs::{{closure}}::h750dff00a05650f1
[INFO] [stdout]                                at /opt/rustwide/workdir/tests/api/get_document.rs:52:32
[INFO] [stdout]   22:     0x56690b9ddfdd - <core::pin::Pin<P> as core::future::future::Future>::poll::hafdeba5417732578
[INFO] [stdout]                                at /rustc/42212a5c45ab623e38a36a74ea288a2b0277b911/library/core/src/future/future.rs:124:9
[INFO] [stdout]   23:     0x56690ba173cf - tokio::runtime::basic_scheduler::CoreGuard::block_on::{{closure}}::{{closure}}::{{closure}}::h19f095a83d704423
[INFO] [stdout]                                at /opt/rustwide/cargo-home/registry/src/index.crates.io-1949cf8c6b5b557f/tokio-1.19.2/src/runtime/basic_scheduler.rs:508:48
[INFO] [stdout]   24:     0x56690b9ed923 - tokio::coop::with_budget::{{closure}}::hc631a08c6dae3c52
[INFO] [stdout]                                at /opt/rustwide/cargo-home/registry/src/index.crates.io-1949cf8c6b5b557f/tokio-1.19.2/src/coop.rs:102:9
[INFO] [stdout]   25:     0x56690ba0c305 - std::thread::local::LocalKey<T>::try_with::hd0a3cfe7f141bb70
[INFO] [stdout]                                at /rustc/42212a5c45ab623e38a36a74ea288a2b0277b911/library/std/src/thread/local.rs:310:12
[INFO] [stdout]   26:     0x56690ba0b37e - std::thread::local::LocalKey<T>::with::haa745cf72f5dc051
[INFO] [stdout]                                at /rustc/42212a5c45ab623e38a36a74ea288a2b0277b911/library/std/src/thread/local.rs:274:15
[INFO] [stdout]   27:     0x56690ba17199 - tokio::coop::with_budget::h5b9ca52ddbd98adf
[INFO] [stdout]                                at /opt/rustwide/cargo-home/registry/src/index.crates.io-1949cf8c6b5b557f/tokio-1.19.2/src/coop.rs:95:5
[INFO] [stdout]   28:     0x56690ba17199 - tokio::coop::budget::hcc733ba9d514ff61
[INFO] [stdout]                                at /opt/rustwide/cargo-home/registry/src/index.crates.io-1949cf8c6b5b557f/tokio-1.19.2/src/coop.rs:72:5
[INFO] [stdout]   29:     0x56690ba17199 - tokio::runtime::basic_scheduler::CoreGuard::block_on::{{closure}}::{{closure}}::h8583e468411166c1
[INFO] [stdout]                                at /opt/rustwide/cargo-home/registry/src/index.crates.io-1949cf8c6b5b557f/tokio-1.19.2/src/runtime/basic_scheduler.rs:508:25
[INFO] [stdout]   30:     0x56690ba122b0 - tokio::runtime::basic_scheduler::Context::enter::h045e148ec98cb221
[INFO] [stdout]                                at /opt/rustwide/cargo-home/registry/src/index.crates.io-1949cf8c6b5b557f/tokio-1.19.2/src/runtime/basic_scheduler.rs:362:19
[INFO] [stdout]   31:     0x56690ba15667 - tokio::runtime::basic_scheduler::CoreGuard::block_on::{{closure}}::h45ea6d784651fde3
[INFO] [stdout]                                at /opt/rustwide/cargo-home/registry/src/index.crates.io-1949cf8c6b5b557f/tokio-1.19.2/src/runtime/basic_scheduler.rs:507:36
[INFO] [stdout]   32:     0x56690ba153a4 - tokio::runtime::basic_scheduler::CoreGuard::enter::{{closure}}::h5d834238340ecaa4
[INFO] [stdout]                                at /opt/rustwide/cargo-home/registry/src/index.crates.io-1949cf8c6b5b557f/tokio-1.19.2/src/runtime/basic_scheduler.rs:565:57
[INFO] [stdout]   33:     0x56690b9efc8d - tokio::macros::scoped_tls::ScopedKey<T>::set::hcd14191b349035af
[INFO] [stdout]                                at /opt/rustwide/cargo-home/registry/src/index.crates.io-1949cf8c6b5b557f/tokio-1.19.2/src/macros/scoped_tls.rs:61:9
[INFO] [stdout]   34:     0x56690ba149fc - tokio::runtime::basic_scheduler::CoreGuard::enter::h364b7e7d3a9f50a8
[INFO] [stdout]                                at /opt/rustwide/cargo-home/registry/src/index.crates.io-1949cf8c6b5b557f/tokio-1.19.2/src/runtime/basic_scheduler.rs:565:27
[INFO] [stdout]   35:     0x56690ba1540a - tokio::runtime::basic_scheduler::CoreGuard::block_on::h675f1f57522bbae6
[INFO] [stdout]                                at /opt/rustwide/cargo-home/registry/src/index.crates.io-1949cf8c6b5b557f/tokio-1.19.2/src/runtime/basic_scheduler.rs:498:9
[INFO] [stdout]   36:     0x56690ba11bb0 - tokio::runtime::basic_scheduler::BasicScheduler::block_on::hddd832dbc6835998
[INFO] [stdout]                                at /opt/rustwide/cargo-home/registry/src/index.crates.io-1949cf8c6b5b557f/tokio-1.19.2/src/runtime/basic_scheduler.rs:174:24
[INFO] [stdout]   37:     0x56690b9e4eaa - tokio::runtime::Runtime::block_on::hccf0ef7b29885fa9
[INFO] [stdout]                                at /opt/rustwide/cargo-home/registry/src/index.crates.io-1949cf8c6b5b557f/tokio-1.19.2/src/runtime/mod.rs:480:46
[INFO] [stdout]   38:     0x56690b9fe60a - api::get_document::not_found_errs::h174d05a781da79a2
[INFO] [stdout]                                at /opt/rustwide/workdir/tests/api/get_document.rs:66:5
[INFO] [stdout]   39:     0x56690b9fe487 - api::get_document::not_found_errs::{{closure}}::h34dcf14882aefa56
[INFO] [stdout]                                at /opt/rustwide/workdir/tests/api/get_document.rs:51:26
[INFO] [stdout]   40:     0x56690b9e05a6 - core::ops::function::FnOnce::call_once::h8c3dc2f4ed7137c0
[INFO] [stdout]                                at /rustc/42212a5c45ab623e38a36a74ea288a2b0277b911/library/core/src/ops/function.rs:250:5
[INFO] [stdout]   41:     0x56690ba5dafb - core::ops::function::FnOnce::call_once::hfc980b37ee564fd5
[INFO] [stdout]                                at /rustc/42212a5c45ab623e38a36a74ea288a2b0277b911/library/core/src/ops/function.rs:250:5
[INFO] [stdout]   42:     0x56690ba5dafb - test::__rust_begin_short_backtrace::h368b4ea047339665
[INFO] [stdout]                                at /rustc/42212a5c45ab623e38a36a74ea288a2b0277b911/library/test/src/lib.rs:637:18
[INFO] [stdout]   43:     0x56690ba5ca08 - test::run_test_in_process::{{closure}}::hc337d402eb5d3b20
[INFO] [stdout]                                at /rustc/42212a5c45ab623e38a36a74ea288a2b0277b911/library/test/src/lib.rs:660:60
[INFO] [stdout]   44:     0x56690ba5ca08 - <core::panic::unwind_safe::AssertUnwindSafe<F> as core::ops::function::FnOnce<()>>::call_once::h784eea0510033d16
[INFO] [stdout]                                at /rustc/42212a5c45ab623e38a36a74ea288a2b0277b911/library/core/src/panic/unwind_safe.rs:272:9
[INFO] [stdout]   45:     0x56690ba5ca08 - std::panicking::try::do_call::h4ac543f5ac9f601e
[INFO] [stdout]                                at /rustc/42212a5c45ab623e38a36a74ea288a2b0277b911/library/std/src/panicking.rs:587:40
[INFO] [stdout]   46:     0x56690ba5ca08 - std::panicking::try::h7cd25d12e6b32f31
[INFO] [stdout]                                at /rustc/42212a5c45ab623e38a36a74ea288a2b0277b911/library/std/src/panicking.rs:550:19
[INFO] [stdout]   47:     0x56690ba5ca08 - std::panic::catch_unwind::h9241e8b503f17ed6
[INFO] [stdout]                                at /rustc/42212a5c45ab623e38a36a74ea288a2b0277b911/library/std/src/panic.rs:358:14
[INFO] [stdout]   48:     0x56690ba5ca08 - test::run_test_in_process::h9d79244bd07cbf67
[INFO] [stdout]                                at /rustc/42212a5c45ab623e38a36a74ea288a2b0277b911/library/test/src/lib.rs:660:27
[INFO] [stdout]   49:     0x56690ba5ca08 - test::run_test::{{closure}}::h8956dbf4000fc27f
[INFO] [stdout]                                at /rustc/42212a5c45ab623e38a36a74ea288a2b0277b911/library/test/src/lib.rs:581:43
[INFO] [stdout]   50:     0x56690ba209c5 - test::run_test::{{closure}}::h85a46de4136d4def
[INFO] [stdout]                                at /rustc/42212a5c45ab623e38a36a74ea288a2b0277b911/library/test/src/lib.rs:611:41
[INFO] [stdout]   51:     0x56690ba209c5 - std::sys::backtrace::__rust_begin_short_backtrace::h9975729e3d3e75dd
[INFO] [stdout]                                at /rustc/42212a5c45ab623e38a36a74ea288a2b0277b911/library/std/src/sys/backtrace.rs:152:18
[INFO] [stdout]   52:     0x56690ba2433a - std::thread::Builder::spawn_unchecked_::{{closure}}::{{closure}}::hc76cda43ecf21eb7
[INFO] [stdout]                                at /rustc/42212a5c45ab623e38a36a74ea288a2b0277b911/library/std/src/thread/mod.rs:559:17
[INFO] [stdout]   53:     0x56690ba2433a - <core::panic::unwind_safe::AssertUnwindSafe<F> as core::ops::function::FnOnce<()>>::call_once::h3a15156e6031d8d5
[INFO] [stdout]                                at /rustc/42212a5c45ab623e38a36a74ea288a2b0277b911/library/core/src/panic/unwind_safe.rs:272:9
[INFO] [stdout]   54:     0x56690ba2433a - std::panicking::try::do_call::hd3fff24e2b851346
[INFO] [stdout]                                at /rustc/42212a5c45ab623e38a36a74ea288a2b0277b911/library/std/src/panicking.rs:587:40
[INFO] [stdout]   55:     0x56690ba2433a - std::panicking::try::h4f63a178c8d2fcee
[INFO] [stdout]                                at /rustc/42212a5c45ab623e38a36a74ea288a2b0277b911/library/std/src/panicking.rs:550:19
[INFO] [stdout]   56:     0x56690ba2433a - std::panic::catch_unwind::ha465bcd87c32e925
[INFO] [stdout]                                at /rustc/42212a5c45ab623e38a36a74ea288a2b0277b911/library/std/src/panic.rs:358:14
[INFO] [stdout]   57:     0x56690ba2433a - std::thread::Builder::spawn_unchecked_::{{closure}}::hb5abd0121f0c5f39
[INFO] [stdout]                                at /rustc/42212a5c45ab623e38a36a74ea288a2b0277b911/library/std/src/thread/mod.rs:557:30
[INFO] [stdout]   58:     0x56690ba2433a - core::ops::function::FnOnce::call_once{{vtable.shim}}::h004882719769312d
[INFO] [stdout]                                at /rustc/42212a5c45ab623e38a36a74ea288a2b0277b911/library/core/src/ops/function.rs:250:5
[INFO] [stdout]   59:     0x56690c6be1cb - <alloc::boxed::Box<F,A> as core::ops::function::FnOnce<Args>>::call_once::h7c6d7f466cecdb42
[INFO] [stdout]                                at /rustc/42212a5c45ab623e38a36a74ea288a2b0277b911/library/alloc/src/boxed.rs:1976:9
[INFO] [stdout]   60:     0x56690c6be1cb - <alloc::boxed::Box<F,A> as core::ops::function::FnOnce<Args>>::call_once::had600e8c8715c12c
[INFO] [stdout]                                at /rustc/42212a5c45ab623e38a36a74ea288a2b0277b911/library/alloc/src/boxed.rs:1976:9
[INFO] [stdout]   61:     0x56690c6be1cb - std::sys::pal::unix::thread::Thread::new::thread_start::h671b94df33d4fdac
[INFO] [stdout]                                at /rustc/42212a5c45ab623e38a36a74ea288a2b0277b911/library/std/src/sys/pal/unix/thread.rs:106:17
[INFO] [stdout]   62:     0x7c340a44fac3 - <unknown>
[INFO] [stdout]   63:     0x7c340a4e0a04 - clone
[INFO] [stdout]   64:                0x0 - <unknown>
[INFO] [stdout] 
[INFO] [stdout] ---- get_document::ok stdout ----
[INFO] [stdout] 
[INFO] [stdout] thread 'get_document::ok' panicked at tests/api/main.rs:53:14:
[INFO] [stdout] Failed to connect to Postgres: Io(Os { code: 111, kind: ConnectionRefused, message: "Connection refused" })
[INFO] [stdout] stack backtrace:
[INFO] [stdout]    0:     0x56690c6b81e0 - std::backtrace_rs::backtrace::libunwind::trace::hbdc173d6b02f109a
[INFO] [stdout]                                at /rustc/42212a5c45ab623e38a36a74ea288a2b0277b911/library/std/src/../../backtrace/src/backtrace/libunwind.rs:117:9
[INFO] [stdout]    1:     0x56690c6b81e0 - std::backtrace_rs::backtrace::trace_unsynchronized::hbf2455cd8fabe77b
[INFO] [stdout]                                at /rustc/42212a5c45ab623e38a36a74ea288a2b0277b911/library/std/src/../../backtrace/src/backtrace/mod.rs:66:14
[INFO] [stdout]    2:     0x56690c6b81e0 - std::sys::backtrace::_print_fmt::h310d04dbb3341536
[INFO] [stdout]                                at /rustc/42212a5c45ab623e38a36a74ea288a2b0277b911/library/std/src/sys/backtrace.rs:66:9
[INFO] [stdout]    3:     0x56690c6b81e0 - <std::sys::backtrace::BacktraceLock::print::DisplayBacktrace as core::fmt::Display>::fmt::h109c0a3e31db436f
[INFO] [stdout]                                at /rustc/42212a5c45ab623e38a36a74ea288a2b0277b911/library/std/src/sys/backtrace.rs:39:26
[INFO] [stdout]    4:     0x56690c6e5343 - core::fmt::rt::Argument::fmt::hd720e0c1f088b034
[INFO] [stdout]                                at /rustc/42212a5c45ab623e38a36a74ea288a2b0277b911/library/core/src/fmt/rt.rs:177:76
[INFO] [stdout]    5:     0x56690c6e5343 - core::fmt::write::hd3671829af6364f1
[INFO] [stdout]                                at /rustc/42212a5c45ab623e38a36a74ea288a2b0277b911/library/core/src/fmt/mod.rs:1449:21
[INFO] [stdout]    6:     0x56690c6b4793 - std::io::Write::write_fmt::hb8a67d04d85c214e
[INFO] [stdout]                                at /rustc/42212a5c45ab623e38a36a74ea288a2b0277b911/library/std/src/io/mod.rs:1890:15
[INFO] [stdout]    7:     0x56690c6b8032 - std::sys::backtrace::BacktraceLock::print::h0c74b492af7c203e
[INFO] [stdout]                                at /rustc/42212a5c45ab623e38a36a74ea288a2b0277b911/library/std/src/sys/backtrace.rs:42:9
[INFO] [stdout]    8:     0x56690c6b960f - std::panicking::default_hook::{{closure}}::ha3187647a2c71f3f
[INFO] [stdout]                                at /rustc/42212a5c45ab623e38a36a74ea288a2b0277b911/library/std/src/panicking.rs:298:22
[INFO] [stdout]    9:     0x56690c6b9428 - std::panicking::default_hook::hd30ec41e71bae477
[INFO] [stdout]                                at /rustc/42212a5c45ab623e38a36a74ea288a2b0277b911/library/std/src/panicking.rs:322:9
[INFO] [stdout]   10:     0x56690ba58395 - <alloc::boxed::Box<F,A> as core::ops::function::Fn<Args>>::call::h820f658ddaf0181b
[INFO] [stdout]                                at /rustc/42212a5c45ab623e38a36a74ea288a2b0277b911/library/alloc/src/boxed.rs:1990:9
[INFO] [stdout]   11:     0x56690ba58395 - test::test_main::{{closure}}::hbb4df7f5323acfb7
[INFO] [stdout]                                at /rustc/42212a5c45ab623e38a36a74ea288a2b0277b911/library/test/src/lib.rs:135:21
[INFO] [stdout]   12:     0x56690c6ba083 - <alloc::boxed::Box<F,A> as core::ops::function::Fn<Args>>::call::hb0f28446cb5c48d4
[INFO] [stdout]                                at /rustc/42212a5c45ab623e38a36a74ea288a2b0277b911/library/alloc/src/boxed.rs:1990:9
[INFO] [stdout]   13:     0x56690c6ba083 - std::panicking::rust_panic_with_hook::h27266a0abed10aa3
[INFO] [stdout]                                at /rustc/42212a5c45ab623e38a36a74ea288a2b0277b911/library/std/src/panicking.rs:839:13
[INFO] [stdout]   14:     0x56690c6b9d5a - std::panicking::begin_panic_handler::{{closure}}::h3b855edddb50a621
[INFO] [stdout]                                at /rustc/42212a5c45ab623e38a36a74ea288a2b0277b911/library/std/src/panicking.rs:704:13
[INFO] [stdout]   15:     0x56690c6b86f9 - std::sys::backtrace::__rust_end_short_backtrace::hd74a78f3727f3f2f
[INFO] [stdout]                                at /rustc/42212a5c45ab623e38a36a74ea288a2b0277b911/library/std/src/sys/backtrace.rs:168:18
[INFO] [stdout]   16:     0x56690c6b99ed - rust_begin_unwind
[INFO] [stdout]                                at /rustc/42212a5c45ab623e38a36a74ea288a2b0277b911/library/std/src/panicking.rs:695:5
[INFO] [stdout]   17:     0x56690b9b6620 - core::panicking::panic_fmt::hfb8006ac977ca2c2
[INFO] [stdout]                                at /rustc/42212a5c45ab623e38a36a74ea288a2b0277b911/library/core/src/panicking.rs:75:14
[INFO] [stdout]   18:     0x56690b9b6ac6 - core::result::unwrap_failed::h0f2a4ebb099b60a5
[INFO] [stdout]                                at /rustc/42212a5c45ab623e38a36a74ea288a2b0277b911/library/core/src/result.rs:1704:5
[INFO] [stdout]   19:     0x56690b9f5041 - core::result::Result<T,E>::expect::h12bf973ddd528bf2
[INFO] [stdout]                                at /rustc/42212a5c45ab623e38a36a74ea288a2b0277b911/library/core/src/result.rs:1061:23
[INFO] [stdout]   20:     0x56690b9fabb5 - api::TestApp::spawn::{{closure}}::h70e0ee9f14dd929c
[INFO] [stdout]                                at /opt/rustwide/workdir/tests/api/main.rs:51:24
[INFO] [stdout]   21:     0x56690b9fcd37 - api::get_document::ok::{{closure}}::h997cc981a247614a
[INFO] [stdout]                                at /opt/rustwide/workdir/tests/api/get_document.rs:8:32
[INFO] [stdout]   22:     0x56690b9de05d - <core::pin::Pin<P> as core::future::future::Future>::poll::hdf7547414e14ce65
[INFO] [stdout]                                at /rustc/42212a5c45ab623e38a36a74ea288a2b0277b911/library/core/src/future/future.rs:124:9
[INFO] [stdout]   23:     0x56690ba1744f - tokio::runtime::basic_scheduler::CoreGuard::block_on::{{closure}}::{{closure}}::{{closure}}::haadc4a08660d6c05
[INFO] [stdout]                                at /opt/rustwide/cargo-home/registry/src/index.crates.io-1949cf8c6b5b557f/tokio-1.19.2/src/runtime/basic_scheduler.rs:508:48
[INFO] [stdout]   24:     0x56690b9ed463 - tokio::coop::with_budget::{{closure}}::h09d59c68d5197684
[INFO] [stdout]                                at /opt/rustwide/cargo-home/registry/src/index.crates.io-1949cf8c6b5b557f/tokio-1.19.2/src/coop.rs:102:9
[INFO] [stdout]   25:     0x56690ba0bc05 - std::thread::local::LocalKey<T>::try_with::h7902e22af0626501
[INFO] [stdout]                                at /rustc/42212a5c45ab623e38a36a74ea288a2b0277b911/library/std/src/thread/local.rs:310:12
[INFO] [stdout]   26:     0x56690ba0b45e - std::thread::local::LocalKey<T>::with::hd438faae008ba492
[INFO] [stdout]                                at /rustc/42212a5c45ab623e38a36a74ea288a2b0277b911/library/std/src/thread/local.rs:274:15
[INFO] [stdout]   27:     0x56690ba172c9 - tokio::coop::with_budget::h212aec1abba04922
[INFO] [stdout]                                at /opt/rustwide/cargo-home/registry/src/index.crates.io-1949cf8c6b5b557f/tokio-1.19.2/src/coop.rs:95:5
[INFO] [stdout]   28:     0x56690ba172c9 - tokio::coop::budget::ha2d629f8d97ae7d6
[INFO] [stdout]                                at /opt/rustwide/cargo-home/registry/src/index.crates.io-1949cf8c6b5b557f/tokio-1.19.2/src/coop.rs:72:5
[INFO] [stdout]   29:     0x56690ba172c9 - tokio::runtime::basic_scheduler::CoreGuard::block_on::{{closure}}::{{closure}}::hbfa6fb67ed1314ec
[INFO] [stdout]                                at /opt/rustwide/cargo-home/registry/src/index.crates.io-1949cf8c6b5b557f/tokio-1.19.2/src/runtime/basic_scheduler.rs:508:25
[INFO] [stdout]   30:     0x56690ba125e0 - tokio::runtime::basic_scheduler::Context::enter::h525283640a26c77d
[INFO] [stdout]                                at /opt/rustwide/cargo-home/registry/src/index.crates.io-1949cf8c6b5b557f/tokio-1.19.2/src/runtime/basic_scheduler.rs:362:19
[INFO] [stdout]   31:     0x56690ba16847 - tokio::runtime::basic_scheduler::CoreGuard::block_on::{{closure}}::h7b4c27a7de01d420
[INFO] [stdout]                                at /opt/rustwide/cargo-home/registry/src/index.crates.io-1949cf8c6b5b557f/tokio-1.19.2/src/runtime/basic_scheduler.rs:507:36
[INFO] [stdout]   32:     0x56690ba153c4 - tokio::runtime::basic_scheduler::CoreGuard::enter::{{closure}}::h9ea563d30133c705
[INFO] [stdout]                                at /opt/rustwide/cargo-home/registry/src/index.crates.io-1949cf8c6b5b557f/tokio-1.19.2/src/runtime/basic_scheduler.rs:565:57
[INFO] [stdout]   33:     0x56690b9efb8d - tokio::macros::scoped_tls::ScopedKey<T>::set::h9192a106afbe2660
[INFO] [stdout]                                at /opt/rustwide/cargo-home/registry/src/index.crates.io-1949cf8c6b5b557f/tokio-1.19.2/src/macros/scoped_tls.rs:61:9
[INFO] [stdout]   34:     0x56690ba1517c - tokio::runtime::basic_scheduler::CoreGuard::enter::hf92014c55080b17b
[INFO] [stdout]                                at /opt/rustwide/cargo-home/registry/src/index.crates.io-1949cf8c6b5b557f/tokio-1.19.2/src/runtime/basic_scheduler.rs:565:27
[INFO] [stdout]   35:     0x56690ba153fa - tokio::runtime::basic_scheduler::CoreGuard::block_on::h5c9e746308f16992
[INFO] [stdout]                                at /opt/rustwide/cargo-home/registry/src/index.crates.io-1949cf8c6b5b557f/tokio-1.19.2/src/runtime/basic_scheduler.rs:498:9
[INFO] [stdout]   36:     0x56690ba11330 - tokio::runtime::basic_scheduler::BasicScheduler::block_on::h0698ebebc5a8985e
[INFO] [stdout]                                at /opt/rustwide/cargo-home/registry/src/index.crates.io-1949cf8c6b5b557f/tokio-1.19.2/src/runtime/basic_scheduler.rs:174:24
[INFO] [stdout]   37:     0x56690b9e4cca - tokio::runtime::Runtime::block_on::h2b883138d411bd32
[INFO] [stdout]                                at /opt/rustwide/cargo-home/registry/src/index.crates.io-1949cf8c6b5b557f/tokio-1.19.2/src/runtime/mod.rs:480:46
[INFO] [stdout]   38:     0x56690b9fca3a - api::get_document::ok::hc6870b6ebf0b7bf5
[INFO] [stdout]                                at /opt/rustwide/workdir/tests/api/get_document.rs:47:5
[INFO] [stdout]   39:     0x56690b9fc8b7 - api::get_document::ok::{{closure}}::h28fea12c27c784c0
[INFO] [stdout]                                at /opt/rustwide/workdir/tests/api/get_document.rs:7:14
[INFO] [stdout]   40:     0x56690b9e0066 - core::ops::function::FnOnce::call_once::h172ca3c7307d2fc3
[INFO] [stdout]                                at /rustc/42212a5c45ab623e38a36a74ea288a2b0277b911/library/core/src/ops/function.rs:250:5
[INFO] [stdout]   41:     0x56690ba5dafb - core::ops::function::FnOnce::call_once::hfc980b37ee564fd5
[INFO] [stdout]                                at /rustc/42212a5c45ab623e38a36a74ea288a2b0277b911/library/core/src/ops/function.rs:250:5
[INFO] [stdout]   42:     0x56690ba5dafb - test::__rust_begin_short_backtrace::h368b4ea047339665
[INFO] [stdout]                                at /rustc/42212a5c45ab623e38a36a74ea288a2b0277b911/library/test/src/lib.rs:637:18
[INFO] [stdout]   43:     0x56690ba5ca08 - test::run_test_in_process::{{closure}}::hc337d402eb5d3b20
[INFO] [stdout]                                at /rustc/42212a5c45ab623e38a36a74ea288a2b0277b911/library/test/src/lib.rs:660:60
[INFO] [stdout]   44:     0x56690ba5ca08 - <core::panic::unwind_safe::AssertUnwindSafe<F> as core::ops::function::FnOnce<()>>::call_once::h784eea0510033d16
[INFO] [stdout]                                at /rustc/42212a5c45ab623e38a36a74ea288a2b0277b911/library/core/src/panic/unwind_safe.rs:272:9
[INFO] [stdout]   45:     0x56690ba5ca08 - std::panicking::try::do_call::h4ac543f5ac9f601e
[INFO] [stdout]                                at /rustc/42212a5c45ab623e38a36a74ea288a2b0277b911/library/std/src/panicking.rs:587:40
[INFO] [stdout]   46:     0x56690ba5ca08 - std::panicking::try::h7cd25d12e6b32f31
[INFO] [stdout]                                at /rustc/42212a5c45ab623e38a36a74ea288a2b0277b911/library/std/src/panicking.rs:550:19
[INFO] [stdout]   47:     0x56690ba5ca08 - std::panic::catch_unwind::h9241e8b503f17ed6
[INFO] [stdout]                                at /rustc/42212a5c45ab623e38a36a74ea288a2b0277b911/library/std/src/panic.rs:358:14
[INFO] [stdout]   48:     0x56690ba5ca08 - test::run_test_in_process::h9d79244bd07cbf67
[INFO] [stdout]                                at /rustc/42212a5c45ab623e38a36a74ea288a2b0277b911/library/test/src/lib.rs:660:27
[INFO] [stdout]   49:     0x56690ba5ca08 - test::run_test::{{closure}}::h8956dbf4000fc27f
[INFO] [stdout]                                at /rustc/42212a5c45ab623e38a36a74ea288a2b0277b911/library/test/src/lib.rs:581:43
[INFO] [stdout]   50:     0x56690ba209c5 - test::run_test::{{closure}}::h85a46de4136d4def
[INFO] [stdout]                                at /rustc/42212a5c45ab623e38a36a74ea288a2b0277b911/library/test/src/lib.rs:611:41
[INFO] [stdout]   51:     0x56690ba209c5 - std::sys::backtrace::__rust_begin_short_backtrace::h9975729e3d3e75dd
[INFO] [stdout]                                at /rustc/42212a5c45ab623e38a36a74ea288a2b0277b911/library/std/src/sys/backtrace.rs:152:18
[INFO] [stdout]   52:     0x56690ba2433a - std::thread::Builder::spawn_unchecked_::{{closure}}::{{closure}}::hc76cda43ecf21eb7
[INFO] [stdout]                                at /rustc/42212a5c45ab623e38a36a74ea288a2b0277b911/library/std/src/thread/mod.rs:559:17
[INFO] [stdout]   53:     0x56690ba2433a - <core::panic::unwind_safe::AssertUnwindSafe<F> as core::ops::function::FnOnce<()>>::call_once::h3a15156e6031d8d5
[INFO] [stdout]                                at /rustc/42212a5c45ab623e38a36a74ea288a2b0277b911/library/core/src/panic/unwind_safe.rs:272:9
[INFO] [stdout]   54:     0x56690ba2433a - std::panicking::try::do_call::hd3fff24e2b851346
[INFO] [stdout]                                at /rustc/42212a5c45ab623e38a36a74ea288a2b0277b911/library/std/src/panicking.rs:587:40
[INFO] [stdout]   55:     0x56690ba2433a - std::panicking::try::h4f63a178c8d2fcee
[INFO] [stdout]                                at /rustc/42212a5c45ab623e38a36a74ea288a2b0277b911/library/std/src/panicking.rs:550:19
[INFO] [stdout]   56:     0x56690ba2433a - std::panic::catch_unwind::ha465bcd87c32e925
[INFO] [stdout]                                at /rustc/42212a5c45ab623e38a36a74ea288a2b0277b911/library/std/src/panic.rs:358:14
[INFO] [stdout]   57:     0x56690ba2433a - std::thread::Builder::spawn_unchecked_::{{closure}}::hb5abd0121f0c5f39
[INFO] [stdout]                                at /rustc/42212a5c45ab623e38a36a74ea288a2b0277b911/library/std/src/thread/mod.rs:557:30
[INFO] [stdout]   58:     0x56690ba2433a - core::ops::function::FnOnce::call_once{{vtable.shim}}::h004882719769312d
[INFO] [stdout]                                at /rustc/42212a5c45ab623e38a36a74ea288a2b0277b911/library/core/src/ops/function.rs:250:5
[INFO] [stdout]   59:     0x56690c6be1cb - <alloc::boxed::Box<F,A> as core::ops::function::FnOnce<Args>>::call_once::h7c6d7f466cecdb42
[INFO] [stdout]                                at /rustc/42212a5c45ab623e38a36a74ea288a2b0277b911/library/alloc/src/boxed.rs:1976:9
[INFO] [stdout]   60:     0x56690c6be1cb - <alloc::boxed::Box<F,A> as core::ops::function::FnOnce<Args>>::call_once::had600e8c8715c12c
[INFO] [stdout]                                at /rustc/42212a5c45ab623e38a36a74ea288a2b0277b911/library/alloc/src/boxed.rs:1976:9
[INFO] [stdout]   61:     0x56690c6be1cb - std::sys::pal::unix::thread::Thread::new::thread_start::h671b94df33d4fdac
[INFO] [stdout]                                at /rustc/42212a5c45ab623e38a36a74ea288a2b0277b911/library/std/src/sys/pal/unix/thread.rs:106:17
[INFO] [stdout]   62:     0x7c340a44fac3 - <unknown>
[INFO] [stdout]   63:     0x7c340a4e0a04 - clone
[INFO] [stdout]   64:                0x0 - <unknown>
[INFO] [stdout] 
[INFO] [stdout] 
[INFO] [stdout] failures:
[INFO] [stdout]     create_document::line_break_ok
[INFO] [stdout]     get_document::not_found_errs
[INFO] [stdout]     get_document::ok
[INFO] [stdout] 
[INFO] [stdout] test result: FAILED. 0 passed; 3 failed; 0 ignored; 0 measured; 0 filtered out; finished in 0.05s
[INFO] [stdout] 
[INFO] [stderr] error: test failed, to rerun pass `--test api`
[INFO] running `Command { std: "docker" "inspect" "1e694082b516048fafd49af40e185c6b8640e0dac9cbe37370dad0e9ae16295c", kill_on_drop: false }`
[INFO] running `Command { std: "docker" "rm" "-f" "1e694082b516048fafd49af40e185c6b8640e0dac9cbe37370dad0e9ae16295c", kill_on_drop: false }`
[INFO] [stdout] 1e694082b516048fafd49af40e185c6b8640e0dac9cbe37370dad0e9ae16295c
