[INFO] cloning repository https://github.com/plumenator/Blind-71-in-Rust
[INFO] running `Command { std: "git" "-c" "credential.helper=" "-c" "credential.helper=/workspace/cargo-home/bin/git-credential-null" "clone" "--bare" "https://github.com/plumenator/Blind-71-in-Rust" "/workspace/cache/git-repos/https%3A%2F%2Fgithub.com%2Fplumenator%2FBlind-71-in-Rust", kill_on_drop: false }`
[INFO] [stderr] Cloning into bare repository '/workspace/cache/git-repos/https%3A%2F%2Fgithub.com%2Fplumenator%2FBlind-71-in-Rust'...
[INFO] running `Command { std: "git" "rev-parse" "HEAD", kill_on_drop: false }`
[INFO] [stdout] 20310c6e0fbd44a4580851510be250af316e6cec
[INFO] testing plumenator/Blind-71-in-Rust against 1.85.0 for beta-1.86-3
[INFO] running `Command { std: "git" "clone" "/workspace/cache/git-repos/https%3A%2F%2Fgithub.com%2Fplumenator%2FBlind-71-in-Rust" "/workspace/builds/worker-3-tc1/source", kill_on_drop: false }`
[INFO] [stderr] Cloning into '/workspace/builds/worker-3-tc1/source'...
[INFO] [stderr] done.
[INFO] validating manifest of git repo https://github.com/plumenator/Blind-71-in-Rust on toolchain 1.85.0
[INFO] running `Command { std: CARGO_HOME="/workspace/cargo-home" RUSTUP_HOME="/workspace/rustup-home" "/workspace/cargo-home/bin/cargo" "+1.85.0" "metadata" "--manifest-path" "Cargo.toml" "--no-deps", kill_on_drop: false }`
[INFO] removed /workspace/builds/worker-3-tc1/source/.cargo/config.toml
[INFO] started tweaking git repo https://github.com/plumenator/Blind-71-in-Rust
[INFO] finished tweaking git repo https://github.com/plumenator/Blind-71-in-Rust
[INFO] tweaked toml for git repo https://github.com/plumenator/Blind-71-in-Rust written to /workspace/builds/worker-3-tc1/source/Cargo.toml
[INFO] crate git repo https://github.com/plumenator/Blind-71-in-Rust already has a lockfile, it will not be regenerated
[INFO] running `Command { std: CARGO_HOME="/workspace/cargo-home" RUSTUP_HOME="/workspace/rustup-home" "/workspace/cargo-home/bin/cargo" "+1.85.0" "fetch" "--manifest-path" "Cargo.toml", kill_on_drop: false }`
[INFO] running `Command { std: "docker" "create" "-v" "/var/lib/crater-agent-workspace/builds/worker-3-tc1/target:/opt/rustwide/target:rw,Z" "-v" "/var/lib/crater-agent-workspace/builds/worker-3-tc1/source:/opt/rustwide/workdir:ro,Z" "-v" "/var/lib/crater-agent-workspace/cargo-home:/opt/rustwide/cargo-home:ro,Z" "-v" "/var/lib/crater-agent-workspace/rustup-home:/opt/rustwide/rustup-home:ro,Z" "-e" "SOURCE_DIR=/opt/rustwide/workdir" "-e" "CARGO_TARGET_DIR=/opt/rustwide/target" "-e" "CARGO_HOME=/opt/rustwide/cargo-home" "-e" "RUSTUP_HOME=/opt/rustwide/rustup-home" "-w" "/opt/rustwide/workdir" "-m" "1610612736" "--user" "0:0" "--network" "none" "ghcr.io/rust-lang/crates-build-env/linux@sha256:3959728d45483eb673ba100a951a6b9f5012970368db2a9e08e0ac9b67c8a5ad" "/opt/rustwide/cargo-home/bin/cargo" "+1.85.0" "metadata" "--no-deps" "--format-version=1", kill_on_drop: false }`
[INFO] [stdout] 9f5c9ee54b0b3f0f1c9dd1ae652b7eddbb8360ce60dad550f3c4169556692116
[INFO] running `Command { std: "docker" "start" "-a" "9f5c9ee54b0b3f0f1c9dd1ae652b7eddbb8360ce60dad550f3c4169556692116", kill_on_drop: false }`
[INFO] running `Command { std: "docker" "inspect" "9f5c9ee54b0b3f0f1c9dd1ae652b7eddbb8360ce60dad550f3c4169556692116", kill_on_drop: false }`
[INFO] running `Command { std: "docker" "rm" "-f" "9f5c9ee54b0b3f0f1c9dd1ae652b7eddbb8360ce60dad550f3c4169556692116", kill_on_drop: false }`
[INFO] [stdout] 9f5c9ee54b0b3f0f1c9dd1ae652b7eddbb8360ce60dad550f3c4169556692116
[INFO] running `Command { std: "docker" "create" "-v" "/var/lib/crater-agent-workspace/builds/worker-3-tc1/target:/opt/rustwide/target:rw,Z" "-v" "/var/lib/crater-agent-workspace/builds/worker-3-tc1/source:/opt/rustwide/workdir:ro,Z" "-v" "/var/lib/crater-agent-workspace/cargo-home:/opt/rustwide/cargo-home:ro,Z" "-v" "/var/lib/crater-agent-workspace/rustup-home:/opt/rustwide/rustup-home:ro,Z" "-e" "SOURCE_DIR=/opt/rustwide/workdir" "-e" "CARGO_TARGET_DIR=/opt/rustwide/target" "-e" "CARGO_INCREMENTAL=0" "-e" "RUST_BACKTRACE=full" "-e" "RUSTFLAGS=--cap-lints=warn" "-e" "RUSTDOCFLAGS=--cap-lints=warn" "-e" "CARGO_HOME=/opt/rustwide/cargo-home" "-e" "RUSTUP_HOME=/opt/rustwide/rustup-home" "-w" "/opt/rustwide/workdir" "-m" "1610612736" "--user" "0:0" "--network" "none" "ghcr.io/rust-lang/crates-build-env/linux@sha256:3959728d45483eb673ba100a951a6b9f5012970368db2a9e08e0ac9b67c8a5ad" "/opt/rustwide/cargo-home/bin/cargo" "+1.85.0" "build" "--frozen" "--message-format=json", kill_on_drop: false }`
[INFO] [stdout] 1737bb918278cefa6669d6b5902fc433394877349b647a291748bfb4ef34bd69
[INFO] running `Command { std: "docker" "start" "-a" "1737bb918278cefa6669d6b5902fc433394877349b647a291748bfb4ef34bd69", kill_on_drop: false }`
[INFO] [stderr]    Compiling blind-71 v0.1.0 (/opt/rustwide/workdir)
[INFO] [stderr]     Finished `dev` profile [unoptimized + debuginfo] target(s) in 0.67s
[INFO] running `Command { std: "docker" "inspect" "1737bb918278cefa6669d6b5902fc433394877349b647a291748bfb4ef34bd69", kill_on_drop: false }`
[INFO] running `Command { std: "docker" "rm" "-f" "1737bb918278cefa6669d6b5902fc433394877349b647a291748bfb4ef34bd69", kill_on_drop: false }`
[INFO] [stdout] 1737bb918278cefa6669d6b5902fc433394877349b647a291748bfb4ef34bd69
[INFO] running `Command { std: "docker" "create" "-v" "/var/lib/crater-agent-workspace/builds/worker-3-tc1/target:/opt/rustwide/target:rw,Z" "-v" "/var/lib/crater-agent-workspace/builds/worker-3-tc1/source:/opt/rustwide/workdir:ro,Z" "-v" "/var/lib/crater-agent-workspace/cargo-home:/opt/rustwide/cargo-home:ro,Z" "-v" "/var/lib/crater-agent-workspace/rustup-home:/opt/rustwide/rustup-home:ro,Z" "-e" "SOURCE_DIR=/opt/rustwide/workdir" "-e" "CARGO_TARGET_DIR=/opt/rustwide/target" "-e" "CARGO_INCREMENTAL=0" "-e" "RUST_BACKTRACE=full" "-e" "RUSTFLAGS=--cap-lints=warn" "-e" "RUSTDOCFLAGS=--cap-lints=warn" "-e" "CARGO_HOME=/opt/rustwide/cargo-home" "-e" "RUSTUP_HOME=/opt/rustwide/rustup-home" "-w" "/opt/rustwide/workdir" "-m" "1610612736" "--user" "0:0" "--network" "none" "ghcr.io/rust-lang/crates-build-env/linux@sha256:3959728d45483eb673ba100a951a6b9f5012970368db2a9e08e0ac9b67c8a5ad" "/opt/rustwide/cargo-home/bin/cargo" "+1.85.0" "test" "--frozen" "--no-run" "--message-format=json", kill_on_drop: false }`
[INFO] [stdout] 6c6b576eb502b1ac90d85ea70af320501ea24ee83d3b4c6719e5c777afbcc14d
[INFO] running `Command { std: "docker" "start" "-a" "6c6b576eb502b1ac90d85ea70af320501ea24ee83d3b4c6719e5c777afbcc14d", kill_on_drop: false }`
[INFO] [stderr]    Compiling blind-71 v0.1.0 (/opt/rustwide/workdir)
[INFO] [stderr]     Finished `test` profile [unoptimized + debuginfo] target(s) in 1.23s
[INFO] running `Command { std: "docker" "inspect" "6c6b576eb502b1ac90d85ea70af320501ea24ee83d3b4c6719e5c777afbcc14d", kill_on_drop: false }`
[INFO] running `Command { std: "docker" "rm" "-f" "6c6b576eb502b1ac90d85ea70af320501ea24ee83d3b4c6719e5c777afbcc14d", kill_on_drop: false }`
[INFO] [stdout] 6c6b576eb502b1ac90d85ea70af320501ea24ee83d3b4c6719e5c777afbcc14d
[INFO] running `Command { std: "docker" "create" "-v" "/var/lib/crater-agent-workspace/builds/worker-3-tc1/target:/opt/rustwide/target:rw,Z" "-v" "/var/lib/crater-agent-workspace/builds/worker-3-tc1/source:/opt/rustwide/workdir:ro,Z" "-v" "/var/lib/crater-agent-workspace/cargo-home:/opt/rustwide/cargo-home:ro,Z" "-v" "/var/lib/crater-agent-workspace/rustup-home:/opt/rustwide/rustup-home:ro,Z" "-e" "SOURCE_DIR=/opt/rustwide/workdir" "-e" "CARGO_TARGET_DIR=/opt/rustwide/target" "-e" "CARGO_INCREMENTAL=0" "-e" "RUST_BACKTRACE=full" "-e" "RUSTFLAGS=--cap-lints=warn" "-e" "RUSTDOCFLAGS=--cap-lints=warn" "-e" "CARGO_HOME=/opt/rustwide/cargo-home" "-e" "RUSTUP_HOME=/opt/rustwide/rustup-home" "-w" "/opt/rustwide/workdir" "-m" "1610612736" "--user" "0:0" "--network" "none" "ghcr.io/rust-lang/crates-build-env/linux@sha256:3959728d45483eb673ba100a951a6b9f5012970368db2a9e08e0ac9b67c8a5ad" "/opt/rustwide/cargo-home/bin/cargo" "+1.85.0" "test" "--frozen", kill_on_drop: false }`
[INFO] [stdout] 58c5c736b1c26e955b169c90c0fe2cc20fe8e26f8147ab86e86e69ea28396fef
[INFO] running `Command { std: "docker" "start" "-a" "58c5c736b1c26e955b169c90c0fe2cc20fe8e26f8147ab86e86e69ea28396fef", kill_on_drop: false }`
[INFO] [stderr]     Finished `test` profile [unoptimized + debuginfo] target(s) in 0.01s
[INFO] [stderr]      Running unittests src/lib.rs (/opt/rustwide/target/debug/deps/blind_71-bfd30b71bfecff13)
[INFO] [stdout] 
[INFO] [stdout] running 44 tests
[INFO] [stdout] test clone_graph::tests::ex3 ... ok
[INFO] [stdout] test best_time_to_buy_and_sell_stock::test::ex1 ... ok
[INFO] [stdout] test best_time_to_buy_and_sell_stock::test::ex3 ... ok
[INFO] [stdout] test clone_graph::tests::ex4 ... ok
[INFO] [stdout] test clone_graph::tests::ex1 ... ok
[INFO] [stdout] test best_time_to_buy_and_sell_stock::test::ex4 ... ok
[INFO] [stdout] test contains_duplicate::test::ex1 ... ok
[INFO] [stdout] test best_time_to_buy_and_sell_stock::test::ex2 ... ok
[INFO] [stdout] test clone_graph::tests::ex2 ... ok
[INFO] [stdout] test contains_duplicate::test::ex2 ... ok
[INFO] [stdout] test contains_duplicate::test::ex3 ... ok
[INFO] [stdout] test contains_duplicate::test::ex4 ... ok
[INFO] [stdout] test find_minimum_in_rotated_sorted_array::tests::ex1 ... ok
[INFO] [stdout] test find_minimum_in_rotated_sorted_array::tests::ex2 ... ok
[INFO] [stdout] test find_minimum_in_rotated_sorted_array::tests::ex3 ... ok
[INFO] [stdout] test find_minimum_in_rotated_sorted_array::tests::ex4 ... ok
[INFO] [stdout] test find_minimum_in_rotated_sorted_array::tests::ex5 ... ok
[INFO] [stdout] test maximum_product_subarray::tests::ex1 ... ok
[INFO] [stdout] test maximum_product_subarray::tests::ex2 ... ok
[INFO] [stdout] test maximum_product_subarray::tests::ex4 ... ok
[INFO] [stdout] test maximum_product_subarray::tests::ex3 ... ok
[INFO] [stdout] test maximum_product_subarray::tests::ex5 ... ok
[INFO] [stdout] test maximum_product_subarray::tests::ex6 ... ok
[INFO] [stdout] test maximum_product_subarray::tests::ex7 ... ok
[INFO] [stdout] test find_minimum_in_rotated_sorted_array::tests::ex6 ... ok
[INFO] [stdout] test search_in_rotated_sorted_array::tests::ex1 ... ok
[INFO] [stdout] test maximum_subarray::tests::ex1 ... ok
[INFO] [stdout] test search_in_rotated_sorted_array::tests::ex3 ... ok
[INFO] [stdout] test search_in_rotated_sorted_array::tests::ex2 ... ok
[INFO] [stdout] test search_in_rotated_sorted_array::tests::ex4 ... ok
[INFO] [stdout] test search_in_rotated_sorted_array::tests::ex5 ... ok
[INFO] [stdout] test search_in_rotated_sorted_array::tests::ex6 ... ok
[INFO] [stdout] test three_sum::tests::ex2 ... ok
[INFO] [stdout] test three_sum::tests::ex3 ... ok
[INFO] [stdout] test two_sum::test::ex1 ... ok
[INFO] [stdout] test clone_graph::tests::ex5 ... ok
[INFO] [stdout] test maximum_subarray::tests::ex2 ... ok
[INFO] [stdout] test maximum_subarray::tests::ex3 ... ok
[INFO] [stdout] test product_of_array_except_self::test::ex1 ... ok
[INFO] [stdout] test product_of_array_except_self::test::ex2 ... ok
[INFO] [stdout] test two_sum::test::ex2 ... ok
[INFO] [stdout] test two_sum::test::ex3 ... ok
[INFO] [stdout] test maximum_product_subarray::tests::ex8 ... ok
[INFO] [stdout] test three_sum::tests::ex1 ... FAILED
[INFO] [stdout] 
[INFO] [stdout] failures:
[INFO] [stdout] 
[INFO] [stdout] ---- three_sum::tests::ex1 stdout ----
[INFO] [stdout] 
[INFO] [stdout] thread 'three_sum::tests::ex1' panicked at src/three_sum.rs:86:9:
[INFO] [stdout] assertion `left == right` failed
[INFO] [stdout]   left: [[-1, 0, 1], [-1, -1, 2]]
[INFO] [stdout]  right: [[-1, -1, 2], [-1, 0, 1]]
[INFO] [stdout] stack backtrace:
[INFO] [stdout]    0:     0x6266c73d92ca - std::backtrace_rs::backtrace::libunwind::trace::h88deb10bd0145eb8
[INFO] [stdout]                                at /rustc/4d91de4e48198da2e33413efdcd9cd2cc0c46688/library/std/src/../../backtrace/src/backtrace/libunwind.rs:116:5
[INFO] [stdout]    1:     0x6266c73d92ca - std::backtrace_rs::backtrace::trace_unsynchronized::he1036f5481c14dff
[INFO] [stdout]                                at /rustc/4d91de4e48198da2e33413efdcd9cd2cc0c46688/library/std/src/../../backtrace/src/backtrace/mod.rs:66:5
[INFO] [stdout]    2:     0x6266c73d92ca - std::sys::backtrace::_print_fmt::hecc345b6e70c4b20
[INFO] [stdout]                                at /rustc/4d91de4e48198da2e33413efdcd9cd2cc0c46688/library/std/src/sys/backtrace.rs:66:9
[INFO] [stdout]    3:     0x6266c73d92ca - <std::sys::backtrace::BacktraceLock::print::DisplayBacktrace as core::fmt::Display>::fmt::he089f96442833f67
[INFO] [stdout]                                at /rustc/4d91de4e48198da2e33413efdcd9cd2cc0c46688/library/std/src/sys/backtrace.rs:39:26
[INFO] [stdout]    4:     0x6266c73fec83 - core::fmt::rt::Argument::fmt::h1f77cded99c71a14
[INFO] [stdout]                                at /rustc/4d91de4e48198da2e33413efdcd9cd2cc0c46688/library/core/src/fmt/rt.rs:177:76
[INFO] [stdout]    5:     0x6266c73fec83 - core::fmt::write::h2f210ed4c94745cb
[INFO] [stdout]                                at /rustc/4d91de4e48198da2e33413efdcd9cd2cc0c46688/library/core/src/fmt/mod.rs:1440:21
[INFO] [stdout]    6:     0x6266c73d63e3 - std::io::Write::write_fmt::he723b56f7e0bd522
[INFO] [stdout]                                at /rustc/4d91de4e48198da2e33413efdcd9cd2cc0c46688/library/std/src/io/mod.rs:1887:15
[INFO] [stdout]    7:     0x6266c73d9112 - std::sys::backtrace::BacktraceLock::print::h810fbd31421329e6
[INFO] [stdout]                                at /rustc/4d91de4e48198da2e33413efdcd9cd2cc0c46688/library/std/src/sys/backtrace.rs:42:9
[INFO] [stdout]    8:     0x6266c73da800 - std::panicking::default_hook::{{closure}}::hbaad47ed9dc6356d
[INFO] [stdout]                                at /rustc/4d91de4e48198da2e33413efdcd9cd2cc0c46688/library/std/src/panicking.rs:295:22
[INFO] [stdout]    9:     0x6266c73da59d - std::panicking::default_hook::h24e207139139d40a
[INFO] [stdout]                                at /rustc/4d91de4e48198da2e33413efdcd9cd2cc0c46688/library/std/src/panicking.rs:319:9
[INFO] [stdout]   10:     0x6266c73a4293 - <alloc::boxed::Box<F,A> as core::ops::function::Fn<Args>>::call::h63353c459bb27956
[INFO] [stdout]                                at /rustc/4d91de4e48198da2e33413efdcd9cd2cc0c46688/library/alloc/src/boxed.rs:2007:9
[INFO] [stdout]   11:     0x6266c73a4293 - test::test_main::{{closure}}::hd5af4d6c4e32fe08
[INFO] [stdout]                                at /rustc/4d91de4e48198da2e33413efdcd9cd2cc0c46688/library/test/src/lib.rs:134:21
[INFO] [stdout]   12:     0x6266c73db033 - <alloc::boxed::Box<F,A> as core::ops::function::Fn<Args>>::call::h3af32c23caf5c679
[INFO] [stdout]                                at /rustc/4d91de4e48198da2e33413efdcd9cd2cc0c46688/library/alloc/src/boxed.rs:2007:9
[INFO] [stdout]   13:     0x6266c73db033 - std::panicking::rust_panic_with_hook::ha9131beeb2ddc506
[INFO] [stdout]                                at /rustc/4d91de4e48198da2e33413efdcd9cd2cc0c46688/library/std/src/panicking.rs:836:13
[INFO] [stdout]   14:     0x6266c73dad0a - std::panicking::begin_panic_handler::{{closure}}::h1bba0eaeb6da506f
[INFO] [stdout]                                at /rustc/4d91de4e48198da2e33413efdcd9cd2cc0c46688/library/std/src/panicking.rs:701:13
[INFO] [stdout]   15:     0x6266c73d97c9 - std::sys::backtrace::__rust_end_short_backtrace::h1d1ca3eade483f4c
[INFO] [stdout]                                at /rustc/4d91de4e48198da2e33413efdcd9cd2cc0c46688/library/std/src/sys/backtrace.rs:168:18
[INFO] [stdout]   16:     0x6266c73da99d - rust_begin_unwind
[INFO] [stdout]                                at /rustc/4d91de4e48198da2e33413efdcd9cd2cc0c46688/library/std/src/panicking.rs:692:5
[INFO] [stdout]   17:     0x6266c7320cb0 - core::panicking::panic_fmt::h896a0727a1a943f9
[INFO] [stdout]                                at /rustc/4d91de4e48198da2e33413efdcd9cd2cc0c46688/library/core/src/panicking.rs:75:14
[INFO] [stdout]   18:     0x6266c7321072 - core::panicking::assert_failed_inner::ha51bf8fa7906dee4
[INFO] [stdout]   19:     0x6266c7367d68 - core::panicking::assert_failed::hf49c9d41bff241e4
[INFO] [stdout]                                at /rustc/4d91de4e48198da2e33413efdcd9cd2cc0c46688/library/core/src/panicking.rs:364:5
[INFO] [stdout]   20:     0x6266c735df6c - blind_71::three_sum::tests::ex1::he3af4d9d3e67056d
[INFO] [stdout]                                at /opt/rustwide/workdir/src/three_sum.rs:86:9
[INFO] [stdout]   21:     0x6266c735dc47 - blind_71::three_sum::tests::ex1::{{closure}}::hdb0031b03b0052bb
[INFO] [stdout]                                at /opt/rustwide/workdir/src/three_sum.rs:85:13
[INFO] [stdout]   22:     0x6266c7332436 - core::ops::function::FnOnce::call_once::h7ad0b49cb7a8a933
[INFO] [stdout]                                at /rustc/4d91de4e48198da2e33413efdcd9cd2cc0c46688/library/core/src/ops/function.rs:250:5
[INFO] [stdout]   23:     0x6266c73a9a3b - core::ops::function::FnOnce::call_once::h8acc80b5a33ff319
[INFO] [stdout]                                at /rustc/4d91de4e48198da2e33413efdcd9cd2cc0c46688/library/core/src/ops/function.rs:250:5
[INFO] [stdout]   24:     0x6266c73a9a3b - test::__rust_begin_short_backtrace::h52b6da716ad42b7d
[INFO] [stdout]                                at /rustc/4d91de4e48198da2e33413efdcd9cd2cc0c46688/library/test/src/lib.rs:632:18
[INFO] [stdout]   25:     0x6266c73a8973 - test::run_test_in_process::{{closure}}::h2580047890abbefe
[INFO] [stdout]                                at /rustc/4d91de4e48198da2e33413efdcd9cd2cc0c46688/library/test/src/lib.rs:655:60
[INFO] [stdout]   26:     0x6266c73a8973 - <core::panic::unwind_safe::AssertUnwindSafe<F> as core::ops::function::FnOnce<()>>::call_once::h936f8c89d0a99c40
[INFO] [stdout]                                at /rustc/4d91de4e48198da2e33413efdcd9cd2cc0c46688/library/core/src/panic/unwind_safe.rs:272:9
[INFO] [stdout]   27:     0x6266c73a8973 - std::panicking::try::do_call::h868682cc368697f9
[INFO] [stdout]                                at /rustc/4d91de4e48198da2e33413efdcd9cd2cc0c46688/library/std/src/panicking.rs:584:40
[INFO] [stdout]   28:     0x6266c73a8973 - std::panicking::try::h0356ffc38cbb5501
[INFO] [stdout]                                at /rustc/4d91de4e48198da2e33413efdcd9cd2cc0c46688/library/std/src/panicking.rs:547:19
[INFO] [stdout]   29:     0x6266c73a8973 - std::panic::catch_unwind::h74edf102a3082536
[INFO] [stdout]                                at /rustc/4d91de4e48198da2e33413efdcd9cd2cc0c46688/library/std/src/panic.rs:358:14
[INFO] [stdout]   30:     0x6266c73a8973 - test::run_test_in_process::hc27d69576b7224e4
[INFO] [stdout]                                at /rustc/4d91de4e48198da2e33413efdcd9cd2cc0c46688/library/test/src/lib.rs:655:27
[INFO] [stdout]   31:     0x6266c73a8973 - test::run_test::{{closure}}::h9f3bfaf910429adb
[INFO] [stdout]                                at /rustc/4d91de4e48198da2e33413efdcd9cd2cc0c46688/library/test/src/lib.rs:576:43
[INFO] [stdout]   32:     0x6266c736c6a5 - test::run_test::{{closure}}::h3d537cdce8ec5816
[INFO] [stdout]                                at /rustc/4d91de4e48198da2e33413efdcd9cd2cc0c46688/library/test/src/lib.rs:606:41
[INFO] [stdout]   33:     0x6266c736c6a5 - std::sys::backtrace::__rust_begin_short_backtrace::hb51d9a6c67ec382d
[INFO] [stdout]                                at /rustc/4d91de4e48198da2e33413efdcd9cd2cc0c46688/library/std/src/sys/backtrace.rs:152:18
[INFO] [stdout]   34:     0x6266c73700e6 - std::thread::Builder::spawn_unchecked_::{{closure}}::{{closure}}::h5738f3abb9603fe6
[INFO] [stdout]                                at /rustc/4d91de4e48198da2e33413efdcd9cd2cc0c46688/library/std/src/thread/mod.rs:564:17
[INFO] [stdout]   35:     0x6266c73700e6 - <core::panic::unwind_safe::AssertUnwindSafe<F> as core::ops::function::FnOnce<()>>::call_once::h5e9f4b56e45e8108
[INFO] [stdout]                                at /rustc/4d91de4e48198da2e33413efdcd9cd2cc0c46688/library/core/src/panic/unwind_safe.rs:272:9
[INFO] [stdout]   36:     0x6266c73700e6 - std::panicking::try::do_call::ha36db853b2f34e23
[INFO] [stdout]                                at /rustc/4d91de4e48198da2e33413efdcd9cd2cc0c46688/library/std/src/panicking.rs:584:40
[INFO] [stdout]   37:     0x6266c73700e6 - std::panicking::try::h57e1aa33a0efb1be
[INFO] [stdout]                                at /rustc/4d91de4e48198da2e33413efdcd9cd2cc0c46688/library/std/src/panicking.rs:547:19
[INFO] [stdout]   38:     0x6266c73700e6 - std::panic::catch_unwind::hdb71a6103024936e
[INFO] [stdout]                                at /rustc/4d91de4e48198da2e33413efdcd9cd2cc0c46688/library/std/src/panic.rs:358:14
[INFO] [stdout]   39:     0x6266c73700e6 - std::thread::Builder::spawn_unchecked_::{{closure}}::h8caa22218f423ab1
[INFO] [stdout]                                at /rustc/4d91de4e48198da2e33413efdcd9cd2cc0c46688/library/std/src/thread/mod.rs:562:30
[INFO] [stdout]   40:     0x6266c73700e6 - core::ops::function::FnOnce::call_once{{vtable.shim}}::hb3b44780e9c053e5
[INFO] [stdout]                                at /rustc/4d91de4e48198da2e33413efdcd9cd2cc0c46688/library/core/src/ops/function.rs:250:5
[INFO] [stdout]   41:     0x6266c73dee9b - <alloc::boxed::Box<F,A> as core::ops::function::FnOnce<Args>>::call_once::h2649f14f1b1c150d
[INFO] [stdout]                                at /rustc/4d91de4e48198da2e33413efdcd9cd2cc0c46688/library/alloc/src/boxed.rs:1993:9
[INFO] [stdout]   42:     0x6266c73dee9b - <alloc::boxed::Box<F,A> as core::ops::function::FnOnce<Args>>::call_once::hb2ade58cb34e1bc4
[INFO] [stdout]                                at /rustc/4d91de4e48198da2e33413efdcd9cd2cc0c46688/library/alloc/src/boxed.rs:1993:9
[INFO] [stdout]   43:     0x6266c73dee9b - std::sys::pal::unix::thread::Thread::new::thread_start::ha07e360225fa3528
[INFO] [stdout]                                at /rustc/4d91de4e48198da2e33413efdcd9cd2cc0c46688/library/std/src/sys/pal/unix/thread.rs:106:17
[INFO] [stdout]   44:     0x7a0ff904cac3 - <unknown>
[INFO] [stdout]   45:     0x7a0ff90dda04 - clone
[INFO] [stdout]   46:                0x0 - <unknown>
[INFO] [stdout] 
[INFO] [stdout] 
[INFO] [stdout] failures:
[INFO] [stdout]     three_sum::tests::ex1
[INFO] [stdout] 
[INFO] [stdout] test result: FAILED. 43 passed; 1 failed; 0 ignored; 0 measured; 0 filtered out; finished in 0.07s
[INFO] [stdout] 
[INFO] [stderr] error: test failed, to rerun pass `--lib`
[INFO] running `Command { std: "docker" "inspect" "58c5c736b1c26e955b169c90c0fe2cc20fe8e26f8147ab86e86e69ea28396fef", kill_on_drop: false }`
[INFO] running `Command { std: "docker" "rm" "-f" "58c5c736b1c26e955b169c90c0fe2cc20fe8e26f8147ab86e86e69ea28396fef", kill_on_drop: false }`
[INFO] [stdout] 58c5c736b1c26e955b169c90c0fe2cc20fe8e26f8147ab86e86e69ea28396fef
