[INFO] cloning repository https://github.com/playit-cloud/playit-agent
[INFO] running `Command { std: "git" "-c" "credential.helper=" "-c" "credential.helper=/workspace/cargo-home/bin/git-credential-null" "clone" "--bare" "https://github.com/playit-cloud/playit-agent" "/workspace/cache/git-repos/https%3A%2F%2Fgithub.com%2Fplayit-cloud%2Fplayit-agent", kill_on_drop: false }`
[INFO] [stderr] Cloning into bare repository '/workspace/cache/git-repos/https%3A%2F%2Fgithub.com%2Fplayit-cloud%2Fplayit-agent'...
[INFO] running `Command { std: "git" "rev-parse" "HEAD", kill_on_drop: false }`
[INFO] [stdout] c6e6b6f9075f0614a00de002eda9ec0d720cc900
[INFO] testing playit-cloud/playit-agent against 1.85.0 for beta-1.86-3
[INFO] running `Command { std: "git" "clone" "/workspace/cache/git-repos/https%3A%2F%2Fgithub.com%2Fplayit-cloud%2Fplayit-agent" "/workspace/builds/worker-5-tc1/source", kill_on_drop: false }`
[INFO] [stderr] Cloning into '/workspace/builds/worker-5-tc1/source'...
[INFO] [stderr] done.
[INFO] validating manifest of git repo https://github.com/playit-cloud/playit-agent on toolchain 1.85.0
[INFO] running `Command { std: CARGO_HOME="/workspace/cargo-home" RUSTUP_HOME="/workspace/rustup-home" "/workspace/cargo-home/bin/cargo" "+1.85.0" "metadata" "--manifest-path" "Cargo.toml" "--no-deps", kill_on_drop: false }`
[INFO] removed /workspace/builds/worker-5-tc1/source/.cargo/config
[INFO] started tweaking git repo https://github.com/playit-cloud/playit-agent
[INFO] finished tweaking git repo https://github.com/playit-cloud/playit-agent
[INFO] tweaked toml for git repo https://github.com/playit-cloud/playit-agent written to /workspace/builds/worker-5-tc1/source/Cargo.toml
[INFO] crate git repo https://github.com/playit-cloud/playit-agent already has a lockfile, it will not be regenerated
[INFO] running `Command { std: CARGO_HOME="/workspace/cargo-home" RUSTUP_HOME="/workspace/rustup-home" "/workspace/cargo-home/bin/cargo" "+1.85.0" "fetch" "--manifest-path" "Cargo.toml", kill_on_drop: false }`
[INFO] [stderr] warning: virtual workspace defaulting to `resolver = "1"` despite one or more workspace members being on edition 2021 which implies `resolver = "2"`
[INFO] [stderr] note: to keep the current resolver, specify `workspace.resolver = "1"` in the workspace root's manifest
[INFO] [stderr] note: to use the edition 2021 resolver, specify `workspace.resolver = "2"` in the workspace root's manifest
[INFO] [stderr] note: for more details see https://doc.rust-lang.org/cargo/reference/resolver.html#resolver-versions
[INFO] [stderr]     Updating crates.io index
[INFO] [stderr]  Downloading crates ...
[INFO] [stderr]   Downloaded time-core v0.1.2
[INFO] [stderr]   Downloaded num-conv v0.1.0
[INFO] [stderr]   Downloaded equivalent v1.0.2
[INFO] [stderr]   Downloaded redox_users v0.4.6
[INFO] [stderr]   Downloaded zerofrom v0.1.5
[INFO] [stderr]   Downloaded sync_wrapper v1.0.2
[INFO] [stderr]   Downloaded tower-layer v0.3.3
[INFO] [stderr]   Downloaded windows-targets v0.52.6
[INFO] [stderr]   Downloaded cfg_aliases v0.2.1
[INFO] [stderr]   Downloaded http-body v1.0.1
[INFO] [stderr]   Downloaded option-ext v0.2.0
[INFO] [stderr]   Downloaded crossbeam-deque v0.8.6
[INFO] [stderr]   Downloaded message-encoding v0.2.7
[INFO] [stderr]   Downloaded dirs-sys v0.4.1
[INFO] [stderr]   Downloaded anstyle-wincon v3.0.7
[INFO] [stderr]   Downloaded signal-hook v0.3.17
[INFO] [stderr]   Downloaded clap v4.5.30
[INFO] [stderr]   Downloaded tokio-util v0.7.13
[INFO] [stderr]   Downloaded hyper v1.6.0
[INFO] [stderr]   Downloaded chrono v0.4.39
[INFO] [stderr]   Downloaded crossterm v0.28.1
[INFO] [stderr]   Downloaded clap_builder v4.5.30
[INFO] [stderr]   Downloaded quinn-proto v0.11.9
[INFO] [stderr]   Downloaded reqwest v0.12.12
[INFO] [stderr]   Downloaded webpki-roots v0.26.8
[INFO] [stderr]   Downloaded gimli v0.31.1
[INFO] [stderr]   Downloaded rustls-webpki v0.102.8
[INFO] [stderr]   Downloaded tracing-subscriber v0.3.19
[INFO] [stderr]   Downloaded rustls v0.23.23
[INFO] [stderr]   Downloaded object v0.36.7
[INFO] [stderr]   Downloaded winnow v0.7.2
[INFO] [stderr]   Downloaded serde_json v1.0.138
[INFO] [stderr]   Downloaded zerocopy v0.7.35
[INFO] [stderr]   Downloaded windows_x86_64_gnullvm v0.52.6
[INFO] [stderr]   Downloaded windows_aarch64_gnullvm v0.52.6
[INFO] [stderr]   Downloaded hashbrown v0.15.2
[INFO] [stderr]   Downloaded windows_i686_gnullvm v0.52.6
[INFO] [stderr]   Downloaded toml_edit v0.22.24
[INFO] [stderr]   Downloaded unsafe-libyaml v0.2.11
[INFO] [stderr]   Downloaded async-compression v0.4.18
[INFO] [stderr]   Downloaded http v1.2.0
[INFO] [stderr]   Downloaded tower v0.5.2
[INFO] [stderr]   Downloaded cc v1.2.14
[INFO] [stderr]   Downloaded bumpalo v3.17.0
[INFO] [stderr]   Downloaded mio v1.0.3
[INFO] [stderr]   Downloaded core-foundation-sys v0.8.7
[INFO] [stderr]   Downloaded web-sys v0.3.77
[INFO] [stderr]   Downloaded iana-time-zone v0.1.61
[INFO] [stderr]   Downloaded quinn v0.11.6
[INFO] [stderr]   Downloaded rustls-pki-types v1.11.0
[INFO] [stderr]   Downloaded libc v0.2.169
[INFO] [stderr]   Downloaded backtrace v0.3.74
[INFO] [stderr]   Downloaded indexmap v2.7.1
[INFO] [stderr]   Downloaded tokio v1.43.0
[INFO] [stderr]   Downloaded serde v1.0.217
[INFO] [stderr]   Downloaded windows_x86_64_gnu v0.52.6
[INFO] [stderr]   Downloaded windows_i686_gnu v0.52.6
[INFO] [stderr]   Downloaded windows_x86_64_msvc v0.52.6
[INFO] [stderr]   Downloaded windows_aarch64_msvc v0.52.6
[INFO] [stderr]   Downloaded windows_i686_msvc v0.52.6
[INFO] [stderr]   Downloaded signal-hook-mio v0.2.4
[INFO] [stderr]   Downloaded dotenv v0.15.0
[INFO] [stderr]   Downloaded serde_yaml v0.9.34+deprecated
[INFO] [stderr]   Downloaded winres v0.1.12
[INFO] [stderr]   Downloaded hyper-util v0.1.10
[INFO] [stderr]   Downloaded js-sys v0.3.77
[INFO] [stderr]   Downloaded miniz_oxide v0.8.4
[INFO] [stderr]   Downloaded socket2 v0.5.8
[INFO] [stderr]   Downloaded unicode-ident v1.0.16
[INFO] [stderr]   Downloaded serde_derive v1.0.217
[INFO] [stderr]   Downloaded dirs v5.0.1
[INFO] [stderr]   Downloaded anstyle-query v1.1.2
[INFO] [stderr]   Downloaded utf8parse v0.2.2
[INFO] [stderr]   Downloaded anstream v0.6.18
[INFO] [stderr]   Downloaded anstyle v1.0.10
[INFO] [stderr]   Downloaded clap_lex v0.7.4
[INFO] [stderr]   Downloaded heck v0.5.0
[INFO] [stderr]   Downloaded crossterm_winapi v0.9.1
[INFO] [stderr]   Downloaded tinyvec v1.8.1
[INFO] [stderr]   Downloaded tokio-rustls v0.26.1
[INFO] [stderr]   Downloaded uuid v1.13.2
[INFO] [stderr]   Downloaded wasm-bindgen v0.2.100
[INFO] [stderr]   Downloaded addr2line v0.24.2
[INFO] [stderr]   Downloaded bitflags v2.8.0
[INFO] [stderr]   Downloaded toml v0.8.20
[INFO] [stderr]   Downloaded time v0.3.37
[INFO] [stderr]   Downloaded log v0.4.25
[INFO] [stderr]   Downloaded cpufeatures v0.2.17
[INFO] [stderr]   Downloaded anstyle-parse v0.2.6
[INFO] [stderr]   Downloaded colorchoice v1.0.3
[INFO] [stderr]   Downloaded is_terminal_polyfill v1.70.1
[INFO] [stderr]   Downloaded strsim v0.11.1
[INFO] [stderr]   Downloaded clap_derive v4.5.28
[INFO] [stderr]   Downloaded crossbeam-epoch v0.9.18
[INFO] [stderr]   Downloaded ring v0.17.9
[INFO] [stderr]   Downloaded crossbeam v0.8.4
[INFO] [stderr]   Downloaded sha2 v0.10.8
[INFO] [stderr]   Downloaded hyper-rustls v0.27.5
[INFO] [stderr]   Downloaded quinn-udp v0.5.10
[INFO] [stderr]   Downloaded thiserror-impl v2.0.11
[INFO] [stderr]   Downloaded thiserror v2.0.11
[INFO] [stderr]   Downloaded rustls-pemfile v2.2.0
[INFO] [stderr]   Downloaded litemap v0.7.4
[INFO] [stderr]   Downloaded zerocopy-derive v0.7.35
[INFO] [stderr]   Downloaded wasm-bindgen-backend v0.2.100
[INFO] [stderr]   Downloaded wasm-bindgen-macro-support v0.2.100
[INFO] [stderr]   Downloaded wasm-bindgen-macro v0.2.100
[INFO] [stderr]   Downloaded redox_syscall v0.5.8
[INFO] [stderr]   Downloaded tracing-attributes v0.1.28
[INFO] [stderr]   Downloaded thiserror v1.0.69
[INFO] [stderr]   Downloaded time-macros v0.2.19
[INFO] [stderr]   Downloaded valuable v0.1.1
[INFO] [stderr]   Downloaded crossbeam-queue v0.3.12
[INFO] [stderr]   Downloaded libredox v0.1.3
[INFO] [stderr]   Downloaded flate2 v1.0.35
[INFO] [stderr]   Downloaded http-body-util v0.1.2
[INFO] [stderr]   Downloaded rustc-hash v2.1.1
[INFO] [stderr]   Downloaded futures-macro v0.3.31
[INFO] [stderr]   Downloaded wasm-bindgen-futures v0.4.50
[INFO] [stderr]   Downloaded windows-result v0.2.0
[INFO] [stderr]   Downloaded windows-strings v0.1.0
[INFO] [stderr]   Downloaded windows-registry v0.2.0
[INFO] [stderr]   Downloaded web-time v1.1.0
[INFO] [stderr]   Downloaded untrusted v0.9.0
[INFO] [stderr]   Downloaded zeroize v1.8.1
[INFO] [stderr]   Downloaded ppv-lite86 v0.2.20
[INFO] [stderr]   Downloaded rustversion v1.0.19
[INFO] [stderr]   Downloaded wasm-bindgen-shared v0.2.100
[INFO] [stderr]   Downloaded zerofrom-derive v0.1.5
[INFO] [stderr]   Downloaded subtle v2.6.1
[INFO] [stderr]   Downloaded tokio-macros v2.5.0
[INFO] [stderr]   Downloaded thiserror-impl v1.0.69
[INFO] [stderr]   Downloaded powerfmt v0.2.0
[INFO] [stderr]   Downloaded tracing-appender v0.2.3
[INFO] [stderr]   Downloaded serde_spanned v0.6.8
[INFO] [stderr]   Downloaded toml_datetime v0.6.8
[INFO] [stderr]   Downloaded deranged v0.3.11
[INFO] [stderr]   Downloaded windows-sys v0.59.0
[INFO] running `Command { std: "docker" "create" "-v" "/var/lib/crater-agent-workspace/builds/worker-5-tc1/target:/opt/rustwide/target:rw,Z" "-v" "/var/lib/crater-agent-workspace/builds/worker-5-tc1/source:/opt/rustwide/workdir:ro,Z" "-v" "/var/lib/crater-agent-workspace/cargo-home:/opt/rustwide/cargo-home:ro,Z" "-v" "/var/lib/crater-agent-workspace/rustup-home:/opt/rustwide/rustup-home:ro,Z" "-e" "SOURCE_DIR=/opt/rustwide/workdir" "-e" "CARGO_TARGET_DIR=/opt/rustwide/target" "-e" "CARGO_HOME=/opt/rustwide/cargo-home" "-e" "RUSTUP_HOME=/opt/rustwide/rustup-home" "-w" "/opt/rustwide/workdir" "-m" "1610612736" "--user" "0:0" "--network" "none" "ghcr.io/rust-lang/crates-build-env/linux@sha256:3959728d45483eb673ba100a951a6b9f5012970368db2a9e08e0ac9b67c8a5ad" "/opt/rustwide/cargo-home/bin/cargo" "+1.85.0" "metadata" "--no-deps" "--format-version=1", kill_on_drop: false }`
[INFO] [stdout] 9f1657bc8917faf755990f1e958404eae34f92e91ec73df88bbf2bb4db13bc24
[INFO] running `Command { std: "docker" "start" "-a" "9f1657bc8917faf755990f1e958404eae34f92e91ec73df88bbf2bb4db13bc24", kill_on_drop: false }`
[INFO] running `Command { std: "docker" "inspect" "9f1657bc8917faf755990f1e958404eae34f92e91ec73df88bbf2bb4db13bc24", kill_on_drop: false }`
[INFO] running `Command { std: "docker" "rm" "-f" "9f1657bc8917faf755990f1e958404eae34f92e91ec73df88bbf2bb4db13bc24", kill_on_drop: false }`
[INFO] [stdout] 9f1657bc8917faf755990f1e958404eae34f92e91ec73df88bbf2bb4db13bc24
[INFO] running `Command { std: "docker" "create" "-v" "/var/lib/crater-agent-workspace/builds/worker-5-tc1/target:/opt/rustwide/target:rw,Z" "-v" "/var/lib/crater-agent-workspace/builds/worker-5-tc1/source:/opt/rustwide/workdir:ro,Z" "-v" "/var/lib/crater-agent-workspace/cargo-home:/opt/rustwide/cargo-home:ro,Z" "-v" "/var/lib/crater-agent-workspace/rustup-home:/opt/rustwide/rustup-home:ro,Z" "-e" "SOURCE_DIR=/opt/rustwide/workdir" "-e" "CARGO_TARGET_DIR=/opt/rustwide/target" "-e" "CARGO_INCREMENTAL=0" "-e" "RUST_BACKTRACE=full" "-e" "RUSTFLAGS=--cap-lints=warn" "-e" "RUSTDOCFLAGS=--cap-lints=warn" "-e" "CARGO_HOME=/opt/rustwide/cargo-home" "-e" "RUSTUP_HOME=/opt/rustwide/rustup-home" "-w" "/opt/rustwide/workdir" "-m" "1610612736" "--user" "0:0" "--network" "none" "ghcr.io/rust-lang/crates-build-env/linux@sha256:3959728d45483eb673ba100a951a6b9f5012970368db2a9e08e0ac9b67c8a5ad" "/opt/rustwide/cargo-home/bin/cargo" "+1.85.0" "build" "--frozen" "--message-format=json", kill_on_drop: false }`
[INFO] [stdout] b84827dd844cce1ea82554b640f8c43b7eef8e334d7803fe058f70079af3e0a0
[INFO] running `Command { std: "docker" "start" "-a" "b84827dd844cce1ea82554b640f8c43b7eef8e334d7803fe058f70079af3e0a0", kill_on_drop: false }`
[INFO] [stderr] warning: virtual workspace defaulting to `resolver = "1"` despite one or more workspace members being on edition 2021 which implies `resolver = "2"`
[INFO] [stderr] note: to keep the current resolver, specify `workspace.resolver = "1"` in the workspace root's manifest
[INFO] [stderr] note: to use the edition 2021 resolver, specify `workspace.resolver = "2"` in the workspace root's manifest
[INFO] [stderr] note: for more details see https://doc.rust-lang.org/cargo/reference/resolver.html#resolver-versions
[INFO] [stderr]    Compiling proc-macro2 v1.0.93
[INFO] [stderr]    Compiling unicode-ident v1.0.16
[INFO] [stderr]    Compiling libc v0.2.169
[INFO] [stderr]    Compiling autocfg v1.4.0
[INFO] [stderr]    Compiling smallvec v1.14.0
[INFO] [stderr]    Compiling log v0.4.25
[INFO] [stderr]    Compiling stable_deref_trait v1.2.0
[INFO] [stderr]    Compiling serde v1.0.217
[INFO] [stderr]    Compiling bytes v1.10.0
[INFO] [stderr]    Compiling pin-project-lite v0.2.16
[INFO] [stderr]    Compiling itoa v1.0.14
[INFO] [stderr]    Compiling futures-core v0.3.31
[INFO] [stderr]    Compiling once_cell v1.20.3
[INFO] [stderr]    Compiling shlex v1.3.0
[INFO] [stderr]    Compiling litemap v0.7.4
[INFO] [stderr]    Compiling writeable v0.5.5
[INFO] [stderr]    Compiling typenum v1.17.0
[INFO] [stderr]    Compiling subtle v2.6.1
[INFO] [stderr]    Compiling version_check v0.9.5
[INFO] [stderr]    Compiling cc v1.2.14
[INFO] [stderr]    Compiling tracing-core v0.1.33
[INFO] [stderr]    Compiling crossbeam-utils v0.8.21
[INFO] [stderr]    Compiling futures-task v0.3.31
[INFO] [stderr]    Compiling icu_locid_transform_data v1.5.0
[INFO] [stderr]    Compiling rustls-pki-types v1.11.0
[INFO] [stderr]    Compiling httparse v1.10.0
[INFO] [stderr]    Compiling byteorder v1.5.0
[INFO] [stderr]    Compiling untrusted v0.9.0
[INFO] [stderr]    Compiling icu_properties_data v1.5.0
[INFO] [stderr]    Compiling rustls v0.23.23
[INFO] [stderr]    Compiling write16 v1.0.0
[INFO] [stderr]    Compiling lock_api v0.4.12
[INFO] [stderr]    Compiling slab v0.4.9
[INFO] [stderr]    Compiling generic-array v0.14.7
[INFO] [stderr]    Compiling utf8_iter v1.0.4
[INFO] [stderr]    Compiling utf16_iter v1.0.5
[INFO] [stderr]    Compiling icu_normalizer_data v1.5.0
[INFO] [stderr]    Compiling futures-channel v0.3.31
[INFO] [stderr]    Compiling adler2 v2.0.0
[INFO] [stderr]    Compiling zeroize v1.8.1
[INFO] [stderr]    Compiling tower-service v0.3.3
[INFO] [stderr]    Compiling ryu v1.0.19
[INFO] [stderr]    Compiling miniz_oxide v0.8.4
[INFO] [stderr]    Compiling http v1.2.0
[INFO] [stderr]    Compiling crc32fast v1.4.2
[INFO] [stderr]    Compiling hashbrown v0.15.2
[INFO] [stderr]    Compiling memchr v2.7.4
[INFO] [stderr]    Compiling serde_json v1.0.138
[INFO] [stderr]    Compiling equivalent v1.0.2
[INFO] [stderr]    Compiling webpki-roots v0.26.8
[INFO] [stderr]    Compiling sync_wrapper v1.0.2
[INFO] [stderr]    Compiling futures-sink v0.3.31
[INFO] [stderr]    Compiling tower-layer v0.3.3
[INFO] [stderr]    Compiling rustls-pemfile v2.2.0
[INFO] [stderr]    Compiling quote v1.0.38
[INFO] [stderr]    Compiling crossbeam-channel v0.5.14
[INFO] [stderr]    Compiling thiserror v1.0.69
[INFO] [stderr]    Compiling lazy_static v1.5.0
[INFO] [stderr]    Compiling ipnet v2.11.0
[INFO] [stderr]    Compiling powerfmt v0.2.0
[INFO] [stderr]    Compiling winnow v0.7.2
[INFO] [stderr]    Compiling syn v2.0.98
[INFO] [stderr]    Compiling flate2 v1.0.35
[INFO] [stderr]    Compiling cpufeatures v0.2.17
[INFO] [stderr]    Compiling deranged v0.3.11
[INFO] [stderr]    Compiling sharded-slab v0.1.7
[INFO] [stderr]    Compiling tracing-log v0.2.0
[INFO] [stderr]    Compiling http-body v1.0.1
[INFO] [stderr]    Compiling indexmap v2.7.1
[INFO] [stderr]    Compiling message-encoding v0.2.7
[INFO] [stderr]    Compiling num-traits v0.2.19
[INFO] [stderr]    Compiling thread_local v1.1.8
[INFO] [stderr]    Compiling hex v0.4.3
[INFO] [stderr]    Compiling option-ext v0.2.0
[INFO] [stderr]    Compiling signal-hook v0.3.17
[INFO] [stderr]    Compiling time-core v0.1.2
[INFO] [stderr]    Compiling num-conv v0.1.0
[INFO] [stderr]    Compiling utf8parse v0.2.2
[INFO] [stderr]    Compiling crossbeam-epoch v0.9.18
[INFO] [stderr]    Compiling is_terminal_polyfill v1.70.1
[INFO] [stderr]    Compiling signal-hook-registry v1.4.2
[INFO] [stderr]    Compiling parking_lot_core v0.9.10
[INFO] [stderr]    Compiling mio v1.0.3
[INFO] [stderr]    Compiling socket2 v0.5.8
[INFO] [stderr]    Compiling getrandom v0.2.15
[INFO] [stderr]    Compiling block-buffer v0.10.4
[INFO] [stderr]    Compiling crypto-common v0.1.6
[INFO] [stderr]    Compiling anstyle-parse v0.2.6
[INFO] [stderr]    Compiling time v0.3.37
[INFO] [stderr]    Compiling digest v0.10.7
[INFO] [stderr]    Compiling dirs-sys v0.4.1
[INFO] [stderr]    Compiling rand_core v0.6.4
[INFO] [stderr]    Compiling tracing-subscriber v0.3.19
[INFO] [stderr]    Compiling anstyle v1.0.10
[INFO] [stderr]    Compiling colorchoice v1.0.3
[INFO] [stderr]    Compiling parking_lot v0.12.3
[INFO] [stderr]    Compiling ring v0.17.9
[INFO] [stderr]    Compiling anstyle-query v1.1.2
[INFO] [stderr]    Compiling hmac v0.12.1
[INFO] [stderr]    Compiling sha2 v0.10.8
[INFO] [stderr]    Compiling rustix v0.38.44
[INFO] [stderr]    Compiling dirs v5.0.1
[INFO] [stderr]    Compiling anstream v0.6.18
[INFO] [stderr]    Compiling crossbeam-deque v0.8.6
[INFO] [stderr]    Compiling crossbeam-queue v0.3.12
[INFO] [stderr]    Compiling linux-raw-sys v0.4.15
[INFO] [stderr]    Compiling bitflags v2.8.0
[INFO] [stderr]    Compiling iana-time-zone v0.1.61
[INFO] [stderr]    Compiling clap_lex v0.7.4
[INFO] [stderr]    Compiling strsim v0.11.1
[INFO] [stderr]    Compiling heck v0.5.0
[INFO] [stderr]    Compiling crossbeam v0.8.4
[INFO] [stderr]    Compiling signal-hook-mio v0.2.4
[INFO] [stderr]    Compiling unsafe-libyaml v0.2.11
[INFO] [stderr]    Compiling playit-cli v0.15.26 (/opt/rustwide/workdir/packages/agent_cli)
[INFO] [stderr]    Compiling dotenv v0.15.0
[INFO] [stderr]    Compiling clap_builder v4.5.30
[INFO] [stderr]    Compiling crossterm v0.28.1
[INFO] [stderr]    Compiling synstructure v0.13.1
[INFO] [stderr]    Compiling zerofrom-derive v0.1.5
[INFO] [stderr]    Compiling yoke-derive v0.7.5
[INFO] [stderr]    Compiling serde_derive v1.0.217
[INFO] [stderr]    Compiling zerovec-derive v0.10.3
[INFO] [stderr]    Compiling displaydoc v0.2.5
[INFO] [stderr]    Compiling tokio-macros v2.5.0
[INFO] [stderr]    Compiling icu_provider_macros v1.5.0
[INFO] [stderr]    Compiling futures-macro v0.3.31
[INFO] [stderr]    Compiling tracing-attributes v0.1.28
[INFO] [stderr]    Compiling zerocopy-derive v0.7.35
[INFO] [stderr]    Compiling thiserror-impl v1.0.69
[INFO] [stderr]    Compiling clap_derive v4.5.28
[INFO] [stderr]    Compiling tokio v1.43.0
[INFO] [stderr]    Compiling futures-util v0.3.31
[INFO] [stderr]    Compiling tracing v0.1.41
[INFO] [stderr]    Compiling tracing-appender v0.2.3
[INFO] [stderr]    Compiling zerocopy v0.7.35
[INFO] [stderr]    Compiling zerofrom v0.1.5
[INFO] [stderr]    Compiling yoke v0.7.5
[INFO] [stderr]    Compiling rustls-webpki v0.102.8
[INFO] [stderr]    Compiling zerovec v0.10.4
[INFO] [stderr]    Compiling ppv-lite86 v0.2.20
[INFO] [stderr]    Compiling clap v4.5.30
[INFO] [stderr]    Compiling rand_chacha v0.3.1
[INFO] [stderr]    Compiling rand v0.8.5
[INFO] [stderr]    Compiling http-body-util v0.1.2
[INFO] [stderr]    Compiling tinystr v0.7.6
[INFO] [stderr]    Compiling icu_collections v1.5.0
[INFO] [stderr]    Compiling icu_locid v1.5.0
[INFO] [stderr]    Compiling icu_provider v1.5.0
[INFO] [stderr]    Compiling icu_locid_transform v1.5.0
[INFO] [stderr]    Compiling icu_properties v1.5.1
[INFO] [stderr]    Compiling hyper v1.6.0
[INFO] [stderr]    Compiling tokio-rustls v0.26.1
[INFO] [stderr]    Compiling async-compression v0.4.18
[INFO] [stderr]    Compiling tower v0.5.2
[INFO] [stderr]    Compiling tokio-util v0.7.13
[INFO] [stderr]    Compiling serde_spanned v0.6.8
[INFO] [stderr]    Compiling serde_urlencoded v0.7.1
[INFO] [stderr]    Compiling toml_datetime v0.6.8
[INFO] [stderr]    Compiling toml_edit v0.22.24
[INFO] [stderr]    Compiling uuid v1.13.2
[INFO] [stderr]    Compiling playit-agent-proto v1.2.0 (/opt/rustwide/workdir/packages/agent_proto)
[INFO] [stderr]    Compiling chrono v0.4.39
[INFO] [stderr]    Compiling serde_yaml v0.9.34+deprecated
[INFO] [stderr]    Compiling hyper-util v0.1.10
[INFO] [stderr]    Compiling icu_normalizer v1.5.0
[INFO] [stderr]    Compiling idna_adapter v1.2.0
[INFO] [stderr]    Compiling idna v1.0.3
[INFO] [stderr]    Compiling hyper-rustls v0.27.5
[INFO] [stderr]    Compiling url v2.5.4
[INFO] [stderr]    Compiling reqwest v0.12.12
[INFO] [stderr]    Compiling toml v0.8.20
[INFO] [stderr]    Compiling playit-api-client v0.1.1 (/opt/rustwide/workdir/packages/api_client)
[INFO] [stderr]    Compiling playit-ping-monitor v0.1.0 (/opt/rustwide/workdir/packages/ping_monitor)
[INFO] [stderr]    Compiling playit-agent-core v0.18.0 (/opt/rustwide/workdir/packages/agent_core)
[INFO] [stdout] warning: unused imports: `HashMap` and `hash_map`
[INFO] [stdout]  --> packages/agent_core/src/network/udp/clients.rs:1:36
[INFO] [stdout]   |
[INFO] [stdout] 1 | use std::{collections::{btree_map, hash_map, BTreeMap, HashMap}, future::Future, net::{Ipv4Addr, Ipv6Addr, SocketAddr, SocketAddrV4}, syn...
[INFO] [stdout]   |                                    ^^^^^^^^            ^^^^^^^
[INFO] [stdout]   |
[INFO] [stdout]   = note: `#[warn(unused_imports)]` on by default
[INFO] [stdout] 
[INFO] [stdout] 
[INFO] [stdout] warning: unused import: `tracing::Instrument`
[INFO] [stdout]  --> packages/agent_core/src/network/udp/clients.rs:6:5
[INFO] [stdout]   |
[INFO] [stdout] 6 | use tracing::Instrument;
[INFO] [stdout]   |     ^^^^^^^^^^^^^^^^^^^
[INFO] [stdout] 
[INFO] [stdout] 
[INFO] [stdout] warning: unreachable statement
[INFO] [stdout]    --> packages/agent_cli/src/autorun.rs:188:5
[INFO] [stdout]     |
[INFO] [stdout] 79  | /     loop {
[INFO] [stdout] 80  | |         tokio::time::sleep(Duration::from_secs(3)).await;
[INFO] [stdout] 81  | |
[INFO] [stdout] 82  | |         let account_tunnels_res = api.agents_rundata().await;
[INFO] [stdout] ...   |
[INFO] [stdout] 185 | |         ui.write_screen(msg).await;
[INFO] [stdout] 186 | |     }
[INFO] [stdout]     | |_____- any code following this expression is unreachable
[INFO] [stdout] 187 |
[INFO] [stdout] 188 |       let _ = runner.await;
[INFO] [stdout]     |       ^^^^^^^^^^^^^^^^^^^^^ unreachable statement
[INFO] [stdout]     |
[INFO] [stdout]     = note: `#[warn(unreachable_code)]` on by default
[INFO] [stdout] 
[INFO] [stdout] 
[INFO] [stdout] warning: unused variable: `signal`
[INFO] [stdout]   --> packages/agent_cli/src/autorun.rs:72:9
[INFO] [stdout]    |
[INFO] [stdout] 72 |     let signal = runner.keep_running();
[INFO] [stdout]    |         ^^^^^^ help: if this is intentional, prefix it with an underscore: `_signal`
[INFO] [stdout]    |
[INFO] [stdout]    = note: `#[warn(unused_variables)]` on by default
[INFO] [stdout] 
[INFO] [stdout] 
[INFO] [stdout] warning: unused variable: `runner`
[INFO] [stdout]   --> packages/agent_cli/src/autorun.rs:73:9
[INFO] [stdout]    |
[INFO] [stdout] 73 |     let runner = tokio::spawn(runner.run());
[INFO] [stdout]    |         ^^^^^^ help: if this is intentional, prefix it with an underscore: `_runner`
[INFO] [stdout] 
[INFO] [stdout] 
[INFO] [stdout] warning: field `public_address` is never read
[INFO] [stdout]    --> packages/agent_cli/src/main.rs:364:5
[INFO] [stdout]     |
[INFO] [stdout] 358 | struct TunnelOption {
[INFO] [stdout]     |        ------------ field in this struct
[INFO] [stdout] ...
[INFO] [stdout] 364 |     public_address: Option<TunnelAlloc>,
[INFO] [stdout]     |     ^^^^^^^^^^^^^^
[INFO] [stdout]     |
[INFO] [stdout]     = note: `#[warn(dead_code)]` on by default
[INFO] [stdout] 
[INFO] [stdout] 
[INFO] [stdout] warning: fields `address` and `port` are never read
[INFO] [stdout]    --> packages/agent_cli/src/main.rs:368:5
[INFO] [stdout]     |
[INFO] [stdout] 367 | struct TunnelAlloc {
[INFO] [stdout]     |        ----------- fields in this struct
[INFO] [stdout] 368 |     address: String,
[INFO] [stdout]     |     ^^^^^^^
[INFO] [stdout] 369 |     port: u16,
[INFO] [stdout]     |     ^^^^
[INFO] [stdout] 
[INFO] [stdout] 
[INFO] [stderr]     Finished `dev` profile [unoptimized + debuginfo] target(s) in 46.78s
[INFO] running `Command { std: "docker" "inspect" "b84827dd844cce1ea82554b640f8c43b7eef8e334d7803fe058f70079af3e0a0", kill_on_drop: false }`
[INFO] running `Command { std: "docker" "rm" "-f" "b84827dd844cce1ea82554b640f8c43b7eef8e334d7803fe058f70079af3e0a0", kill_on_drop: false }`
[INFO] [stdout] b84827dd844cce1ea82554b640f8c43b7eef8e334d7803fe058f70079af3e0a0
[INFO] running `Command { std: "docker" "create" "-v" "/var/lib/crater-agent-workspace/builds/worker-5-tc1/target:/opt/rustwide/target:rw,Z" "-v" "/var/lib/crater-agent-workspace/builds/worker-5-tc1/source:/opt/rustwide/workdir:ro,Z" "-v" "/var/lib/crater-agent-workspace/cargo-home:/opt/rustwide/cargo-home:ro,Z" "-v" "/var/lib/crater-agent-workspace/rustup-home:/opt/rustwide/rustup-home:ro,Z" "-e" "SOURCE_DIR=/opt/rustwide/workdir" "-e" "CARGO_TARGET_DIR=/opt/rustwide/target" "-e" "CARGO_INCREMENTAL=0" "-e" "RUST_BACKTRACE=full" "-e" "RUSTFLAGS=--cap-lints=warn" "-e" "RUSTDOCFLAGS=--cap-lints=warn" "-e" "CARGO_HOME=/opt/rustwide/cargo-home" "-e" "RUSTUP_HOME=/opt/rustwide/rustup-home" "-w" "/opt/rustwide/workdir" "-m" "1610612736" "--user" "0:0" "--network" "none" "ghcr.io/rust-lang/crates-build-env/linux@sha256:3959728d45483eb673ba100a951a6b9f5012970368db2a9e08e0ac9b67c8a5ad" "/opt/rustwide/cargo-home/bin/cargo" "+1.85.0" "test" "--frozen" "--no-run" "--message-format=json", kill_on_drop: false }`
[INFO] [stdout] 40c5ddf2c90686a52497b57fed36e018d8fdd4809e126a1c46a6044fcf6b74c7
[INFO] running `Command { std: "docker" "start" "-a" "40c5ddf2c90686a52497b57fed36e018d8fdd4809e126a1c46a6044fcf6b74c7", kill_on_drop: false }`
[INFO] [stderr] warning: virtual workspace defaulting to `resolver = "1"` despite one or more workspace members being on edition 2021 which implies `resolver = "2"`
[INFO] [stderr] note: to keep the current resolver, specify `workspace.resolver = "1"` in the workspace root's manifest
[INFO] [stderr] note: to use the edition 2021 resolver, specify `workspace.resolver = "2"` in the workspace root's manifest
[INFO] [stderr] note: for more details see https://doc.rust-lang.org/cargo/reference/resolver.html#resolver-versions
[INFO] [stderr]    Compiling playit-agent-proto v1.2.0 (/opt/rustwide/workdir/packages/agent_proto)
[INFO] [stderr]    Compiling playit-api-client v0.1.1 (/opt/rustwide/workdir/packages/api_client)
[INFO] [stderr]    Compiling playit-ping-monitor v0.1.0 (/opt/rustwide/workdir/packages/ping_monitor)
[INFO] [stderr]    Compiling playit-agent-core v0.18.0 (/opt/rustwide/workdir/packages/agent_core)
[INFO] [stdout] warning: unused imports: `HashMap` and `hash_map`
[INFO] [stdout]  --> packages/agent_core/src/network/udp/clients.rs:1:36
[INFO] [stdout]   |
[INFO] [stdout] 1 | use std::{collections::{btree_map, hash_map, BTreeMap, HashMap}, future::Future, net::{Ipv4Addr, Ipv6Addr, SocketAddr, SocketAddrV4}, syn...
[INFO] [stdout]   |                                    ^^^^^^^^            ^^^^^^^
[INFO] [stdout]   |
[INFO] [stdout]   = note: `#[warn(unused_imports)]` on by default
[INFO] [stdout] 
[INFO] [stdout] 
[INFO] [stdout] warning: unused import: `tracing::Instrument`
[INFO] [stdout]  --> packages/agent_core/src/network/udp/clients.rs:6:5
[INFO] [stdout]   |
[INFO] [stdout] 6 | use tracing::Instrument;
[INFO] [stdout]   |     ^^^^^^^^^^^^^^^^^^^
[INFO] [stdout] 
[INFO] [stdout] 
[INFO] [stderr]    Compiling playit-cli v0.15.26 (/opt/rustwide/workdir/packages/agent_cli)
[INFO] [stdout] warning: unused imports: `HashMap` and `hash_map`
[INFO] [stdout]  --> packages/agent_core/src/network/udp/clients.rs:1:36
[INFO] [stdout]   |
[INFO] [stdout] 1 | use std::{collections::{btree_map, hash_map, BTreeMap, HashMap}, future::Future, net::{Ipv4Addr, Ipv6Addr, SocketAddr, SocketAddrV4}, syn...
[INFO] [stdout]   |                                    ^^^^^^^^            ^^^^^^^
[INFO] [stdout]   |
[INFO] [stdout]   = note: `#[warn(unused_imports)]` on by default
[INFO] [stdout] 
[INFO] [stdout] 
[INFO] [stdout] warning: unused import: `tracing::Instrument`
[INFO] [stdout]  --> packages/agent_core/src/network/udp/clients.rs:6:5
[INFO] [stdout]   |
[INFO] [stdout] 6 | use tracing::Instrument;
[INFO] [stdout]   |     ^^^^^^^^^^^^^^^^^^^
[INFO] [stdout] 
[INFO] [stdout] 
[INFO] [stdout] warning: unreachable statement
[INFO] [stdout]    --> packages/agent_cli/src/autorun.rs:188:5
[INFO] [stdout]     |
[INFO] [stdout] 79  | /     loop {
[INFO] [stdout] 80  | |         tokio::time::sleep(Duration::from_secs(3)).await;
[INFO] [stdout] 81  | |
[INFO] [stdout] 82  | |         let account_tunnels_res = api.agents_rundata().await;
[INFO] [stdout] ...   |
[INFO] [stdout] 185 | |         ui.write_screen(msg).await;
[INFO] [stdout] 186 | |     }
[INFO] [stdout]     | |_____- any code following this expression is unreachable
[INFO] [stdout] 187 |
[INFO] [stdout] 188 |       let _ = runner.await;
[INFO] [stdout]     |       ^^^^^^^^^^^^^^^^^^^^^ unreachable statement
[INFO] [stdout]     |
[INFO] [stdout]     = note: `#[warn(unreachable_code)]` on by default
[INFO] [stdout] 
[INFO] [stdout] 
[INFO] [stdout] warning: unused variable: `signal`
[INFO] [stdout]   --> packages/agent_cli/src/autorun.rs:72:9
[INFO] [stdout]    |
[INFO] [stdout] 72 |     let signal = runner.keep_running();
[INFO] [stdout]    |         ^^^^^^ help: if this is intentional, prefix it with an underscore: `_signal`
[INFO] [stdout]    |
[INFO] [stdout]    = note: `#[warn(unused_variables)]` on by default
[INFO] [stdout] 
[INFO] [stdout] 
[INFO] [stdout] warning: unused variable: `runner`
[INFO] [stdout]   --> packages/agent_cli/src/autorun.rs:73:9
[INFO] [stdout]    |
[INFO] [stdout] 73 |     let runner = tokio::spawn(runner.run());
[INFO] [stdout]    |         ^^^^^^ help: if this is intentional, prefix it with an underscore: `_runner`
[INFO] [stdout] 
[INFO] [stdout] 
[INFO] [stdout] warning: field `public_address` is never read
[INFO] [stdout]    --> packages/agent_cli/src/main.rs:364:5
[INFO] [stdout]     |
[INFO] [stdout] 358 | struct TunnelOption {
[INFO] [stdout]     |        ------------ field in this struct
[INFO] [stdout] ...
[INFO] [stdout] 364 |     public_address: Option<TunnelAlloc>,
[INFO] [stdout]     |     ^^^^^^^^^^^^^^
[INFO] [stdout]     |
[INFO] [stdout]     = note: `#[warn(dead_code)]` on by default
[INFO] [stdout] 
[INFO] [stdout] 
[INFO] [stdout] warning: fields `address` and `port` are never read
[INFO] [stdout]    --> packages/agent_cli/src/main.rs:368:5
[INFO] [stdout]     |
[INFO] [stdout] 367 | struct TunnelAlloc {
[INFO] [stdout]     |        ----------- fields in this struct
[INFO] [stdout] 368 |     address: String,
[INFO] [stdout]     |     ^^^^^^^
[INFO] [stdout] 369 |     port: u16,
[INFO] [stdout]     |     ^^^^
[INFO] [stdout] 
[INFO] [stdout] 
[INFO] [stderr]     Finished `test` profile [unoptimized + debuginfo] target(s) in 11.45s
[INFO] running `Command { std: "docker" "inspect" "40c5ddf2c90686a52497b57fed36e018d8fdd4809e126a1c46a6044fcf6b74c7", kill_on_drop: false }`
[INFO] running `Command { std: "docker" "rm" "-f" "40c5ddf2c90686a52497b57fed36e018d8fdd4809e126a1c46a6044fcf6b74c7", kill_on_drop: false }`
[INFO] [stdout] 40c5ddf2c90686a52497b57fed36e018d8fdd4809e126a1c46a6044fcf6b74c7
[INFO] running `Command { std: "docker" "create" "-v" "/var/lib/crater-agent-workspace/builds/worker-5-tc1/target:/opt/rustwide/target:rw,Z" "-v" "/var/lib/crater-agent-workspace/builds/worker-5-tc1/source:/opt/rustwide/workdir:ro,Z" "-v" "/var/lib/crater-agent-workspace/cargo-home:/opt/rustwide/cargo-home:ro,Z" "-v" "/var/lib/crater-agent-workspace/rustup-home:/opt/rustwide/rustup-home:ro,Z" "-e" "SOURCE_DIR=/opt/rustwide/workdir" "-e" "CARGO_TARGET_DIR=/opt/rustwide/target" "-e" "CARGO_INCREMENTAL=0" "-e" "RUST_BACKTRACE=full" "-e" "RUSTFLAGS=--cap-lints=warn" "-e" "RUSTDOCFLAGS=--cap-lints=warn" "-e" "CARGO_HOME=/opt/rustwide/cargo-home" "-e" "RUSTUP_HOME=/opt/rustwide/rustup-home" "-w" "/opt/rustwide/workdir" "-m" "1610612736" "--user" "0:0" "--network" "none" "ghcr.io/rust-lang/crates-build-env/linux@sha256:3959728d45483eb673ba100a951a6b9f5012970368db2a9e08e0ac9b67c8a5ad" "/opt/rustwide/cargo-home/bin/cargo" "+1.85.0" "test" "--frozen", kill_on_drop: false }`
[INFO] [stdout] e59fb501f22e61849a18b34d3e88ae4bd65ec7fee27f8a9226a0c63e71bdc485
[INFO] running `Command { std: "docker" "start" "-a" "e59fb501f22e61849a18b34d3e88ae4bd65ec7fee27f8a9226a0c63e71bdc485", kill_on_drop: false }`
[INFO] [stderr] warning: virtual workspace defaulting to `resolver = "1"` despite one or more workspace members being on edition 2021 which implies `resolver = "2"`
[INFO] [stderr] note: to keep the current resolver, specify `workspace.resolver = "1"` in the workspace root's manifest
[INFO] [stderr] note: to use the edition 2021 resolver, specify `workspace.resolver = "2"` in the workspace root's manifest
[INFO] [stderr] note: for more details see https://doc.rust-lang.org/cargo/reference/resolver.html#resolver-versions
[INFO] [stderr] warning: unused imports: `HashMap` and `hash_map`
[INFO] [stderr]  --> packages/agent_core/src/network/udp/clients.rs:1:36
[INFO] [stderr]   |
[INFO] [stderr] 1 | use std::{collections::{btree_map, hash_map, BTreeMap, HashMap}, future::Future, net::{Ipv4Addr, Ipv6Addr, SocketAddr, SocketAddrV4}, syn...
[INFO] [stderr]   |                                    ^^^^^^^^            ^^^^^^^
[INFO] [stderr]   |
[INFO] [stderr]   = note: `#[warn(unused_imports)]` on by default
[INFO] [stderr] 
[INFO] [stderr] warning: unused import: `tracing::Instrument`
[INFO] [stderr]  --> packages/agent_core/src/network/udp/clients.rs:6:5
[INFO] [stderr]   |
[INFO] [stderr] 6 | use tracing::Instrument;
[INFO] [stderr]   |     ^^^^^^^^^^^^^^^^^^^
[INFO] [stderr] 
[INFO] [stderr] warning: `playit-agent-core` (lib) generated 2 warnings (run `cargo fix --lib -p playit-agent-core` to apply 2 suggestions)
[INFO] [stderr] warning: `playit-agent-core` (lib test) generated 2 warnings (2 duplicates)
[INFO] [stderr] warning: unreachable statement
[INFO] [stderr]    --> packages/agent_cli/src/autorun.rs:188:5
[INFO] [stderr]     |
[INFO] [stderr] 79  | /     loop {
[INFO] [stderr] 80  | |         tokio::time::sleep(Duration::from_secs(3)).await;
[INFO] [stderr] 81  | |
[INFO] [stderr] 82  | |         let account_tunnels_res = api.agents_rundata().await;
[INFO] [stderr] ...   |
[INFO] [stderr] 185 | |         ui.write_screen(msg).await;
[INFO] [stderr] 186 | |     }
[INFO] [stderr]     | |_____- any code following this expression is unreachable
[INFO] [stderr] 187 |
[INFO] [stderr] 188 |       let _ = runner.await;
[INFO] [stderr]     |       ^^^^^^^^^^^^^^^^^^^^^ unreachable statement
[INFO] [stderr]     |
[INFO] [stderr]     = note: `#[warn(unreachable_code)]` on by default
[INFO] [stderr] 
[INFO] [stderr] warning: unused variable: `signal`
[INFO] [stderr]   --> packages/agent_cli/src/autorun.rs:72:9
[INFO] [stderr]    |
[INFO] [stderr] 72 |     let signal = runner.keep_running();
[INFO] [stderr]    |         ^^^^^^ help: if this is intentional, prefix it with an underscore: `_signal`
[INFO] [stderr]    |
[INFO] [stderr]    = note: `#[warn(unused_variables)]` on by default
[INFO] [stderr] 
[INFO] [stderr] warning: unused variable: `runner`
[INFO] [stderr]   --> packages/agent_cli/src/autorun.rs:73:9
[INFO] [stderr]    |
[INFO] [stderr] 73 |     let runner = tokio::spawn(runner.run());
[INFO] [stderr]    |         ^^^^^^ help: if this is intentional, prefix it with an underscore: `_runner`
[INFO] [stderr] 
[INFO] [stderr] warning: field `public_address` is never read
[INFO] [stderr]    --> packages/agent_cli/src/main.rs:364:5
[INFO] [stderr]     |
[INFO] [stderr] 358 | struct TunnelOption {
[INFO] [stderr]     |        ------------ field in this struct
[INFO] [stderr] ...
[INFO] [stderr] 364 |     public_address: Option<TunnelAlloc>,
[INFO] [stderr]     |     ^^^^^^^^^^^^^^
[INFO] [stderr]     |
[INFO] [stderr]     = note: `#[warn(dead_code)]` on by default
[INFO] [stderr] 
[INFO] [stderr] warning: fields `address` and `port` are never read
[INFO] [stderr]    --> packages/agent_cli/src/main.rs:368:5
[INFO] [stderr]     |
[INFO] [stderr] 367 | struct TunnelAlloc {
[INFO] [stderr]     |        ----------- fields in this struct
[INFO] [stderr] 368 |     address: String,
[INFO] [stderr]     |     ^^^^^^^
[INFO] [stderr] 369 |     port: u16,
[INFO] [stderr]     |     ^^^^
[INFO] [stderr] 
[INFO] [stderr] warning: `playit-cli` (bin "playit-cli" test) generated 5 warnings
[INFO] [stderr]     Finished `test` profile [unoptimized + debuginfo] target(s) in 0.58s
[INFO] [stderr]      Running unittests src/lib.rs (/opt/rustwide/target/debug/deps/playit_agent_core-14b97e9cc070d685)
[INFO] [stdout] 
[INFO] [stdout] running 7 tests
[INFO] [stdout] test agent_control::udp_proto::test::test_serialize_v4 ... ok
[INFO] [stdout] test network::proxy_protocol::test::test_parse_header ... ok
[INFO] [stdout] test test::test ... ok
[INFO] [stdout] test agent_control::udp_proto::test::test_parse ... ok
[INFO] [stdout] test agent_control::udp_proto::test::test_serialize_v6 ... ok
[INFO] [stdout] [2m2025-03-02T10:15:53.593290Z[0m [31mERROR[0m [2mplayit_agent_core::utils::name_lookup[0m[2m:[0m failed to perform hostname lookup [3merror[0m[2m=[0mCustom { kind: Uncategorized, error: "failed to lookup address information: Temporary failure in name resolution" } [3mname[0m[2m=[0mcontrol.playit.gg:5523
[INFO] [stdout] test utils::id_slab::test::test ... ok
[INFO] [stdout] test utils::name_lookup::test::test_lookup ... FAILED
[INFO] [stdout] 
[INFO] [stdout] failures:
[INFO] [stdout] 
[INFO] [stdout] ---- utils::name_lookup::test::test_lookup stdout ----
[INFO] [stdout] 
[INFO] [stdout] thread 'utils::name_lookup::test::test_lookup' panicked at packages/agent_core/src/utils/name_lookup.rs:47:9:
[INFO] [stdout] assertion failed: !address_lookup("control.playit.gg", 5523).await.is_empty()
[INFO] [stdout] stack backtrace:
[INFO] [stdout]    0:     0x61156aec9b9a - std::backtrace_rs::backtrace::libunwind::trace::h88deb10bd0145eb8
[INFO] [stdout]                                at /rustc/4d91de4e48198da2e33413efdcd9cd2cc0c46688/library/std/src/../../backtrace/src/backtrace/libunwind.rs:116:5
[INFO] [stdout]    1:     0x61156aec9b9a - std::backtrace_rs::backtrace::trace_unsynchronized::he1036f5481c14dff
[INFO] [stdout]                                at /rustc/4d91de4e48198da2e33413efdcd9cd2cc0c46688/library/std/src/../../backtrace/src/backtrace/mod.rs:66:5
[INFO] [stdout]    2:     0x61156aec9b9a - std::sys::backtrace::_print_fmt::hecc345b6e70c4b20
[INFO] [stdout]                                at /rustc/4d91de4e48198da2e33413efdcd9cd2cc0c46688/library/std/src/sys/backtrace.rs:66:9
[INFO] [stdout]    3:     0x61156aec9b9a - <std::sys::backtrace::BacktraceLock::print::DisplayBacktrace as core::fmt::Display>::fmt::he089f96442833f67
[INFO] [stdout]                                at /rustc/4d91de4e48198da2e33413efdcd9cd2cc0c46688/library/std/src/sys/backtrace.rs:39:26
[INFO] [stdout]    4:     0x61156aef26a3 - core::fmt::rt::Argument::fmt::h1f77cded99c71a14
[INFO] [stdout]                                at /rustc/4d91de4e48198da2e33413efdcd9cd2cc0c46688/library/core/src/fmt/rt.rs:177:76
[INFO] [stdout]    5:     0x61156aef26a3 - core::fmt::write::h2f210ed4c94745cb
[INFO] [stdout]                                at /rustc/4d91de4e48198da2e33413efdcd9cd2cc0c46688/library/core/src/fmt/mod.rs:1440:21
[INFO] [stdout]    6:     0x61156aec6643 - std::io::Write::write_fmt::he723b56f7e0bd522
[INFO] [stdout]                                at /rustc/4d91de4e48198da2e33413efdcd9cd2cc0c46688/library/std/src/io/mod.rs:1887:15
[INFO] [stdout]    7:     0x61156aec99e2 - std::sys::backtrace::BacktraceLock::print::h810fbd31421329e6
[INFO] [stdout]                                at /rustc/4d91de4e48198da2e33413efdcd9cd2cc0c46688/library/std/src/sys/backtrace.rs:42:9
[INFO] [stdout]    8:     0x61156aecb0d0 - std::panicking::default_hook::{{closure}}::hbaad47ed9dc6356d
[INFO] [stdout]                                at /rustc/4d91de4e48198da2e33413efdcd9cd2cc0c46688/library/std/src/panicking.rs:295:22
[INFO] [stdout]    9:     0x61156aecae6d - std::panicking::default_hook::h24e207139139d40a
[INFO] [stdout]                                at /rustc/4d91de4e48198da2e33413efdcd9cd2cc0c46688/library/std/src/panicking.rs:319:9
[INFO] [stdout]   10:     0x61156ada68f3 - <alloc::boxed::Box<F,A> as core::ops::function::Fn<Args>>::call::h63353c459bb27956
[INFO] [stdout]                                at /rustc/4d91de4e48198da2e33413efdcd9cd2cc0c46688/library/alloc/src/boxed.rs:2007:9
[INFO] [stdout]   11:     0x61156ada68f3 - test::test_main::{{closure}}::hd5af4d6c4e32fe08
[INFO] [stdout]                                at /rustc/4d91de4e48198da2e33413efdcd9cd2cc0c46688/library/test/src/lib.rs:134:21
[INFO] [stdout]   12:     0x61156aecb903 - <alloc::boxed::Box<F,A> as core::ops::function::Fn<Args>>::call::h3af32c23caf5c679
[INFO] [stdout]                                at /rustc/4d91de4e48198da2e33413efdcd9cd2cc0c46688/library/alloc/src/boxed.rs:2007:9
[INFO] [stdout]   13:     0x61156aecb903 - std::panicking::rust_panic_with_hook::ha9131beeb2ddc506
[INFO] [stdout]                                at /rustc/4d91de4e48198da2e33413efdcd9cd2cc0c46688/library/std/src/panicking.rs:836:13
[INFO] [stdout]   14:     0x61156aecb5a6 - std::panicking::begin_panic_handler::{{closure}}::h1bba0eaeb6da506f
[INFO] [stdout]                                at /rustc/4d91de4e48198da2e33413efdcd9cd2cc0c46688/library/std/src/panicking.rs:694:13
[INFO] [stdout]   15:     0x61156aeca099 - std::sys::backtrace::__rust_end_short_backtrace::h1d1ca3eade483f4c
[INFO] [stdout]                                at /rustc/4d91de4e48198da2e33413efdcd9cd2cc0c46688/library/std/src/sys/backtrace.rs:168:18
[INFO] [stdout]   16:     0x61156aecb26d - rust_begin_unwind
[INFO] [stdout]                                at /rustc/4d91de4e48198da2e33413efdcd9cd2cc0c46688/library/std/src/panicking.rs:692:5
[INFO] [stdout]   17:     0x61156ad0d380 - core::panicking::panic_fmt::h896a0727a1a943f9
[INFO] [stdout]                                at /rustc/4d91de4e48198da2e33413efdcd9cd2cc0c46688/library/core/src/panicking.rs:75:14
[INFO] [stdout]   18:     0x61156ad0d40c - core::panicking::panic::h06336e0c962d4a4a
[INFO] [stdout]                                at /rustc/4d91de4e48198da2e33413efdcd9cd2cc0c46688/library/core/src/panicking.rs:145:5
[INFO] [stdout]   19:     0x61156ad189a7 - playit_agent_core::utils::name_lookup::test::test_lookup::{{closure}}::h2e9a50a522288058
[INFO] [stdout]                                at /opt/rustwide/workdir/packages/agent_core/src/utils/name_lookup.rs:47:9
[INFO] [stdout]   20:     0x61156ad16692 - <core::pin::Pin<P> as core::future::future::Future>::poll::hcb87a900114dbd68
[INFO] [stdout]                                at /rustc/4d91de4e48198da2e33413efdcd9cd2cc0c46688/library/core/src/future/future.rs:124:9
[INFO] [stdout]   21:     0x61156ad1664d - <core::pin::Pin<P> as core::future::future::Future>::poll::h5e8a8f7682d54bcd
[INFO] [stdout]                                at /rustc/4d91de4e48198da2e33413efdcd9cd2cc0c46688/library/core/src/future/future.rs:124:9
[INFO] [stdout]   22:     0x61156ad2704f - tokio::runtime::scheduler::current_thread::CoreGuard::block_on::{{closure}}::{{closure}}::{{closure}}::h0865aa5bb447fa82
[INFO] [stdout]                                at /opt/rustwide/cargo-home/registry/src/index.crates.io-1949cf8c6b5b557f/tokio-1.43.0/src/runtime/scheduler/current_thread/mod.rs:729:57
[INFO] [stdout]   23:     0x61156ad26dd5 - tokio::runtime::coop::with_budget::h82008d133d2b2e5c
[INFO] [stdout]                                at /opt/rustwide/cargo-home/registry/src/index.crates.io-1949cf8c6b5b557f/tokio-1.43.0/src/runtime/coop.rs:107:5
[INFO] [stdout]   24:     0x61156ad26dd5 - tokio::runtime::coop::budget::h22d275f3ea725ae0
[INFO] [stdout]                                at /opt/rustwide/cargo-home/registry/src/index.crates.io-1949cf8c6b5b557f/tokio-1.43.0/src/runtime/coop.rs:73:5
[INFO] [stdout]   25:     0x61156ad26dd5 - tokio::runtime::scheduler::current_thread::CoreGuard::block_on::{{closure}}::{{closure}}::h0a527e519495be31
[INFO] [stdout]                                at /opt/rustwide/cargo-home/registry/src/index.crates.io-1949cf8c6b5b557f/tokio-1.43.0/src/runtime/scheduler/current_thread/mod.rs:729:25
[INFO] [stdout]   26:     0x61156ad242c0 - tokio::runtime::scheduler::current_thread::Context::enter::h0087b7a963bfc972
[INFO] [stdout]                                at /opt/rustwide/cargo-home/registry/src/index.crates.io-1949cf8c6b5b557f/tokio-1.43.0/src/runtime/scheduler/current_thread/mod.rs:428:19
[INFO] [stdout]   27:     0x61156ad25d9e - tokio::runtime::scheduler::current_thread::CoreGuard::block_on::{{closure}}::h576be0533dd36e28
[INFO] [stdout]                                at /opt/rustwide/cargo-home/registry/src/index.crates.io-1949cf8c6b5b557f/tokio-1.43.0/src/runtime/scheduler/current_thread/mod.rs:728:36
[INFO] [stdout]   28:     0x61156ad25a94 - tokio::runtime::scheduler::current_thread::CoreGuard::enter::{{closure}}::h3dbc4268143a77e3
[INFO] [stdout]                                at /opt/rustwide/cargo-home/registry/src/index.crates.io-1949cf8c6b5b557f/tokio-1.43.0/src/runtime/scheduler/current_thread/mod.rs:807:68
[INFO] [stdout]   29:     0x61156ad1cd6b - tokio::runtime::context::scoped::Scoped<T>::set::h0cef75aad95ff263
[INFO] [stdout]                                at /opt/rustwide/cargo-home/registry/src/index.crates.io-1949cf8c6b5b557f/tokio-1.43.0/src/runtime/context/scoped.rs:40:9
[INFO] [stdout]   30:     0x61156ad1caa9 - tokio::runtime::context::set_scheduler::{{closure}}::ha24a099d3fc28413
[INFO] [stdout]                                at /opt/rustwide/cargo-home/registry/src/index.crates.io-1949cf8c6b5b557f/tokio-1.43.0/src/runtime/context.rs:180:26
[INFO] [stdout]   31:     0x61156ad0f222 - std::thread::local::LocalKey<T>::try_with::hd36f5b71ecb59eed
[INFO] [stdout]                                at /rustc/4d91de4e48198da2e33413efdcd9cd2cc0c46688/library/std/src/thread/local.rs:308:12
[INFO] [stdout]   32:     0x61156ad0e46a - std::thread::local::LocalKey<T>::with::h0d010eb25bf8cc83
[INFO] [stdout]                                at /rustc/4d91de4e48198da2e33413efdcd9cd2cc0c46688/library/std/src/thread/local.rs:272:9
[INFO] [stdout]   33:     0x61156ad1ca1d - tokio::runtime::context::set_scheduler::h2937f88feed12cd6
[INFO] [stdout]                                at /opt/rustwide/cargo-home/registry/src/index.crates.io-1949cf8c6b5b557f/tokio-1.43.0/src/runtime/context.rs:180:9
[INFO] [stdout]   34:     0x61156ad25420 - tokio::runtime::scheduler::current_thread::CoreGuard::enter::h2372e96c4b45a255
[INFO] [stdout]                                at /opt/rustwide/cargo-home/registry/src/index.crates.io-1949cf8c6b5b557f/tokio-1.43.0/src/runtime/scheduler/current_thread/mod.rs:807:27
[INFO] [stdout]   35:     0x61156ad25ad3 - tokio::runtime::scheduler::current_thread::CoreGuard::block_on::h86d7e3d3c112686d
[INFO] [stdout]                                at /opt/rustwide/cargo-home/registry/src/index.crates.io-1949cf8c6b5b557f/tokio-1.43.0/src/runtime/scheduler/current_thread/mod.rs:716:19
[INFO] [stdout]   36:     0x61156ad2388f - tokio::runtime::scheduler::current_thread::CurrentThread::block_on::{{closure}}::h30f0a3fc3f30afda
[INFO] [stdout]                                at /opt/rustwide/cargo-home/registry/src/index.crates.io-1949cf8c6b5b557f/tokio-1.43.0/src/runtime/scheduler/current_thread/mod.rs:196:28
[INFO] [stdout]   37:     0x61156ad10376 - tokio::runtime::context::runtime::enter_runtime::h00530d3492061bf9
[INFO] [stdout]                                at /opt/rustwide/cargo-home/registry/src/index.crates.io-1949cf8c6b5b557f/tokio-1.43.0/src/runtime/context/runtime.rs:65:16
[INFO] [stdout]   38:     0x61156ad23631 - tokio::runtime::scheduler::current_thread::CurrentThread::block_on::h87667d1a1d6e06dc
[INFO] [stdout]                                at /opt/rustwide/cargo-home/registry/src/index.crates.io-1949cf8c6b5b557f/tokio-1.43.0/src/runtime/scheduler/current_thread/mod.rs:184:9
[INFO] [stdout]   39:     0x61156ad1cff3 - tokio::runtime::runtime::Runtime::block_on_inner::h8de2444017e8813a
[INFO] [stdout]                                at /opt/rustwide/cargo-home/registry/src/index.crates.io-1949cf8c6b5b557f/tokio-1.43.0/src/runtime/runtime.rs:368:47
[INFO] [stdout]   40:     0x61156ad1d2f7 - tokio::runtime::runtime::Runtime::block_on::hfad0dc6d0b93b99f
[INFO] [stdout]                                at /opt/rustwide/cargo-home/registry/src/index.crates.io-1949cf8c6b5b557f/tokio-1.43.0/src/runtime/runtime.rs:342:13
[INFO] [stdout]   41:     0x61156ad185be - playit_agent_core::utils::name_lookup::test::test_lookup::hbba617f8fd98c7b1
[INFO] [stdout]                                at /opt/rustwide/workdir/packages/agent_core/src/utils/name_lookup.rs:48:9
[INFO] [stdout]   42:     0x61156ad18467 - playit_agent_core::utils::name_lookup::test::test_lookup::{{closure}}::h097ea81e399f0699
[INFO] [stdout]                                at /opt/rustwide/workdir/packages/agent_core/src/utils/name_lookup.rs:45:27
[INFO] [stdout]   43:     0x61156ad14b76 - core::ops::function::FnOnce::call_once::h3bd8933f66e45fc9
[INFO] [stdout]                                at /rustc/4d91de4e48198da2e33413efdcd9cd2cc0c46688/library/core/src/ops/function.rs:250:5
[INFO] [stdout]   44:     0x61156adac09b - core::ops::function::FnOnce::call_once::h8acc80b5a33ff319
[INFO] [stdout]                                at /rustc/4d91de4e48198da2e33413efdcd9cd2cc0c46688/library/core/src/ops/function.rs:250:5
[INFO] [stdout]   45:     0x61156adac09b - test::__rust_begin_short_backtrace::h52b6da716ad42b7d
[INFO] [stdout]                                at /rustc/4d91de4e48198da2e33413efdcd9cd2cc0c46688/library/test/src/lib.rs:632:18
[INFO] [stdout]   46:     0x61156adaafd3 - test::run_test_in_process::{{closure}}::h2580047890abbefe
[INFO] [stdout]                                at /rustc/4d91de4e48198da2e33413efdcd9cd2cc0c46688/library/test/src/lib.rs:655:60
[INFO] [stdout]   47:     0x61156adaafd3 - <core::panic::unwind_safe::AssertUnwindSafe<F> as core::ops::function::FnOnce<()>>::call_once::h936f8c89d0a99c40
[INFO] [stdout]                                at /rustc/4d91de4e48198da2e33413efdcd9cd2cc0c46688/library/core/src/panic/unwind_safe.rs:272:9
[INFO] [stdout]   48:     0x61156adaafd3 - std::panicking::try::do_call::h868682cc368697f9
[INFO] [stdout]                                at /rustc/4d91de4e48198da2e33413efdcd9cd2cc0c46688/library/std/src/panicking.rs:584:40
[INFO] [stdout]   49:     0x61156adaafd3 - std::panicking::try::h0356ffc38cbb5501
[INFO] [stdout]                                at /rustc/4d91de4e48198da2e33413efdcd9cd2cc0c46688/library/std/src/panicking.rs:547:19
[INFO] [stdout]   50:     0x61156adaafd3 - std::panic::catch_unwind::h74edf102a3082536
[INFO] [stdout]                                at /rustc/4d91de4e48198da2e33413efdcd9cd2cc0c46688/library/std/src/panic.rs:358:14
[INFO] [stdout]   51:     0x61156adaafd3 - test::run_test_in_process::hc27d69576b7224e4
[INFO] [stdout]                                at /rustc/4d91de4e48198da2e33413efdcd9cd2cc0c46688/library/test/src/lib.rs:655:27
[INFO] [stdout]   52:     0x61156adaafd3 - test::run_test::{{closure}}::h9f3bfaf910429adb
[INFO] [stdout]                                at /rustc/4d91de4e48198da2e33413efdcd9cd2cc0c46688/library/test/src/lib.rs:576:43
[INFO] [stdout]   53:     0x61156ad6ed05 - test::run_test::{{closure}}::h3d537cdce8ec5816
[INFO] [stdout]                                at /rustc/4d91de4e48198da2e33413efdcd9cd2cc0c46688/library/test/src/lib.rs:606:41
[INFO] [stdout]   54:     0x61156ad6ed05 - std::sys::backtrace::__rust_begin_short_backtrace::hb51d9a6c67ec382d
[INFO] [stdout]                                at /rustc/4d91de4e48198da2e33413efdcd9cd2cc0c46688/library/std/src/sys/backtrace.rs:152:18
[INFO] [stdout]   55:     0x61156ad72746 - std::thread::Builder::spawn_unchecked_::{{closure}}::{{closure}}::h5738f3abb9603fe6
[INFO] [stdout]                                at /rustc/4d91de4e48198da2e33413efdcd9cd2cc0c46688/library/std/src/thread/mod.rs:564:17
[INFO] [stdout]   56:     0x61156ad72746 - <core::panic::unwind_safe::AssertUnwindSafe<F> as core::ops::function::FnOnce<()>>::call_once::h5e9f4b56e45e8108
[INFO] [stdout]                                at /rustc/4d91de4e48198da2e33413efdcd9cd2cc0c46688/library/core/src/panic/unwind_safe.rs:272:9
[INFO] [stdout]   57:     0x61156ad72746 - std::panicking::try::do_call::ha36db853b2f34e23
[INFO] [stdout]                                at /rustc/4d91de4e48198da2e33413efdcd9cd2cc0c46688/library/std/src/panicking.rs:584:40
[INFO] [stdout]   58:     0x61156ad72746 - std::panicking::try::h57e1aa33a0efb1be
[INFO] [stdout]                                at /rustc/4d91de4e48198da2e33413efdcd9cd2cc0c46688/library/std/src/panicking.rs:547:19
[INFO] [stdout]   59:     0x61156ad72746 - std::panic::catch_unwind::hdb71a6103024936e
[INFO] [stdout]                                at /rustc/4d91de4e48198da2e33413efdcd9cd2cc0c46688/library/std/src/panic.rs:358:14
[INFO] [stdout]   60:     0x61156ad72746 - std::thread::Builder::spawn_unchecked_::{{closure}}::h8caa22218f423ab1
[INFO] [stdout]                                at /rustc/4d91de4e48198da2e33413efdcd9cd2cc0c46688/library/std/src/thread/mod.rs:562:30
[INFO] [stdout]   61:     0x61156ad72746 - core::ops::function::FnOnce::call_once{{vtable.shim}}::hb3b44780e9c053e5
[INFO] [stdout]                                at /rustc/4d91de4e48198da2e33413efdcd9cd2cc0c46688/library/core/src/ops/function.rs:250:5
[INFO] [stdout]   62:     0x61156aecf9fb - <alloc::boxed::Box<F,A> as core::ops::function::FnOnce<Args>>::call_once::h2649f14f1b1c150d
[INFO] [stdout]                                at /rustc/4d91de4e48198da2e33413efdcd9cd2cc0c46688/library/alloc/src/boxed.rs:1993:9
[INFO] [stdout]   63:     0x61156aecf9fb - <alloc::boxed::Box<F,A> as core::ops::function::FnOnce<Args>>::call_once::hb2ade58cb34e1bc4
[INFO] [stdout]                                at /rustc/4d91de4e48198da2e33413efdcd9cd2cc0c46688/library/alloc/src/boxed.rs:1993:9
[INFO] [stdout]   64:     0x61156aecf9fb - std::sys::pal::unix::thread::Thread::new::thread_start::ha07e360225fa3528
[INFO] [stdout]                                at /rustc/4d91de4e48198da2e33413efdcd9cd2cc0c46688/library/std/src/sys/pal/unix/thread.rs:106:17
[INFO] [stdout]   65:     0x79b77d091ac3 - <unknown>
[INFO] [stdout]   66:     0x79b77d122a04 - clone
[INFO] [stdout]   67:                0x0 - <unknown>
[INFO] [stdout] 
[INFO] [stdout] 
[INFO] [stdout] failures:
[INFO] [stdout]     utils::name_lookup::test::test_lookup
[INFO] [stdout] 
[INFO] [stdout] test result: FAILED. 6 passed; 1 failed; 0 ignored; 0 measured; 0 filtered out; finished in 0.12s
[INFO] [stdout] 
[INFO] [stderr] error: test failed, to rerun pass `-p playit-agent-core --lib`
[INFO] running `Command { std: "docker" "inspect" "e59fb501f22e61849a18b34d3e88ae4bd65ec7fee27f8a9226a0c63e71bdc485", kill_on_drop: false }`
[INFO] running `Command { std: "docker" "rm" "-f" "e59fb501f22e61849a18b34d3e88ae4bd65ec7fee27f8a9226a0c63e71bdc485", kill_on_drop: false }`
[INFO] [stdout] e59fb501f22e61849a18b34d3e88ae4bd65ec7fee27f8a9226a0c63e71bdc485
