[INFO] cloning repository https://github.com/mathiversen/html-parser
[INFO] running `Command { std: "git" "-c" "credential.helper=" "-c" "credential.helper=/workspace/cargo-home/bin/git-credential-null" "clone" "--bare" "https://github.com/mathiversen/html-parser" "/workspace/cache/git-repos/https%3A%2F%2Fgithub.com%2Fmathiversen%2Fhtml-parser", kill_on_drop: false }`
[INFO] [stderr] Cloning into bare repository '/workspace/cache/git-repos/https%3A%2F%2Fgithub.com%2Fmathiversen%2Fhtml-parser'...
[INFO] running `Command { std: "git" "rev-parse" "HEAD", kill_on_drop: false }`
[INFO] [stdout] 2a01e727d4b89e3f446544f0c2b5ec272786c4f6
[INFO] testing mathiversen/html-parser against 1.85.0 for beta-1.86-3
[INFO] running `Command { std: "git" "clone" "/workspace/cache/git-repos/https%3A%2F%2Fgithub.com%2Fmathiversen%2Fhtml-parser" "/workspace/builds/worker-1-tc1/source", kill_on_drop: false }`
[INFO] [stderr] Cloning into '/workspace/builds/worker-1-tc1/source'...
[INFO] [stderr] done.
[INFO] validating manifest of git repo https://github.com/mathiversen/html-parser on toolchain 1.85.0
[INFO] running `Command { std: CARGO_HOME="/workspace/cargo-home" RUSTUP_HOME="/workspace/rustup-home" "/workspace/cargo-home/bin/cargo" "+1.85.0" "metadata" "--manifest-path" "Cargo.toml" "--no-deps", kill_on_drop: false }`
[INFO] started tweaking git repo https://github.com/mathiversen/html-parser
[INFO] removed 0 missing examples
[INFO] finished tweaking git repo https://github.com/mathiversen/html-parser
[INFO] tweaked toml for git repo https://github.com/mathiversen/html-parser written to /workspace/builds/worker-1-tc1/source/Cargo.toml
[INFO] crate git repo https://github.com/mathiversen/html-parser already has a lockfile, it will not be regenerated
[INFO] running `Command { std: CARGO_HOME="/workspace/cargo-home" RUSTUP_HOME="/workspace/rustup-home" "/workspace/cargo-home/bin/cargo" "+1.85.0" "fetch" "--manifest-path" "Cargo.toml", kill_on_drop: false }`
[INFO] [stderr]     Updating crates.io index
[INFO] [stderr]  Downloading crates ...
[INFO] [stderr]   Downloaded thiserror-impl v1.0.40
[INFO] [stderr]   Downloaded thiserror v1.0.40
[INFO] [stderr]   Downloaded unicode-ident v1.0.8
[INFO] [stderr]   Downloaded windows-targets v0.48.0
[INFO] [stderr]   Downloaded plotters-svg v0.3.3
[INFO] [stderr]   Downloaded doc-comment v0.3.3
[INFO] [stderr]   Downloaded windows-targets v0.42.2
[INFO] [stderr]   Downloaded colorchoice v1.0.0
[INFO] [stderr]   Downloaded utf8parse v0.2.1
[INFO] [stderr]   Downloaded anstyle-parse v0.2.0
[INFO] [stderr]   Downloaded anes v0.1.6
[INFO] [stderr]   Downloaded anstream v0.3.2
[INFO] [stderr]   Downloaded anstyle v1.0.0
[INFO] [stderr]   Downloaded clap_derive v4.2.0
[INFO] [stderr]   Downloaded security-framework v2.8.2
[INFO] [stderr]   Downloaded criterion v0.4.0
[INFO] [stderr]   Downloaded pest v2.6.0
[INFO] [stderr]   Downloaded plotters v0.3.4
[INFO] [stderr]   Downloaded reqwest v0.11.17
[INFO] [stderr]   Downloaded h2 v0.3.18
[INFO] [stderr]   Downloaded hyper v0.14.26
[INFO] [stderr]   Downloaded clap_builder v4.2.7
[INFO] [stderr]   Downloaded clap v3.2.25
[INFO] [stderr]   Downloaded regex v1.8.1
[INFO] [stderr]   Downloaded openssl v0.10.52
[INFO] [stderr]   Downloaded rustls v0.20.8
[INFO] [stderr]   Downloaded idna v0.3.0
[INFO] [stderr]   Downloaded regex-syntax v0.7.1
[INFO] [stderr]   Downloaded rustix v0.37.19
[INFO] [stderr]   Downloaded windows_aarch64_gnullvm v0.48.0
[INFO] [stderr]   Downloaded windows_x86_64_gnullvm v0.48.0
[INFO] [stderr]   Downloaded windows_aarch64_gnullvm v0.42.2
[INFO] [stderr]   Downloaded windows_x86_64_gnullvm v0.42.2
[INFO] [stderr]   Downloaded webpki-roots v0.22.6
[INFO] [stderr]   Downloaded syn v2.0.15
[INFO] [stderr]   Downloaded wasm-bindgen v0.2.85
[INFO] [stderr]   Downloaded serde_json v1.0.96
[INFO] [stderr]   Downloaded tokio-util v0.7.8
[INFO] [stderr]   Downloaded mio v0.8.6
[INFO] [stderr]   Downloaded js-sys v0.3.62
[INFO] [stderr]   Downloaded insta v1.29.0
[INFO] [stderr]   Downloaded bumpalo v3.12.2
[INFO] [stderr]   Downloaded serde v1.0.163
[INFO] [stderr]   Downloaded clap v4.2.7
[INFO] [stderr]   Downloaded windows_aarch64_msvc v0.42.2
[INFO] [stderr]   Downloaded windows_aarch64_msvc v0.48.0
[INFO] [stderr]   Downloaded windows_x86_64_msvc v0.42.2
[INFO] [stderr]   Downloaded tokio v1.28.1
[INFO] [stderr]   Downloaded web-sys v0.3.62
[INFO] [stderr]   Downloaded windows_i686_gnu v0.48.0
[INFO] [stderr]   Downloaded windows_i686_msvc v0.48.0
[INFO] [stderr]   Downloaded windows_i686_gnu v0.42.2
[INFO] [stderr]   Downloaded windows_i686_msvc v0.42.2
[INFO] [stderr]   Downloaded windows_x86_64_gnu v0.42.2
[INFO] [stderr]   Downloaded libc v0.2.144
[INFO] [stderr]   Downloaded windows_x86_64_gnu v0.48.0
[INFO] [stderr]   Downloaded windows_x86_64_msvc v0.48.0
[INFO] [stderr]   Downloaded ucd-trie v0.1.5
[INFO] [stderr]   Downloaded pest_meta v2.6.0
[INFO] [stderr]   Downloaded tracing-core v0.1.30
[INFO] [stderr]   Downloaded base64 v0.21.0
[INFO] [stderr]   Downloaded openssl-sys v0.9.87
[INFO] [stderr]   Downloaded url v2.3.1
[INFO] [stderr]   Downloaded wasm-bindgen-shared v0.2.85
[INFO] [stderr]   Downloaded cc v1.0.79
[INFO] [stderr]   Downloaded anstyle-wincon v1.0.1
[INFO] [stderr]   Downloaded heck v0.4.1
[INFO] [stderr]   Downloaded linux-raw-sys v0.3.7
[INFO] [stderr]   Downloaded half v1.8.2
[INFO] [stderr]   Downloaded textwrap v0.16.0
[INFO] [stderr]   Downloaded plotters-backend v0.3.4
[INFO] [stderr]   Downloaded crossbeam-epoch v0.9.14
[INFO] [stderr]   Downloaded crossbeam-utils v0.8.15
[INFO] [stderr]   Downloaded console v0.15.5
[INFO] [stderr]   Downloaded similar v2.2.1
[INFO] [stderr]   Downloaded hyper-rustls v0.23.2
[INFO] [stderr]   Downloaded ipnet v2.7.2
[INFO] [stderr]   Downloaded schannel v0.1.21
[INFO] [stderr]   Downloaded security-framework-sys v2.8.0
[INFO] [stderr]   Downloaded form_urlencoded v1.1.0
[INFO] [stderr]   Downloaded once_cell v1.17.1
[INFO] [stderr]   Downloaded wasm-bindgen-backend v0.2.85
[INFO] [stderr]   Downloaded encoding_rs v0.8.32
[INFO] [stderr]   Downloaded wasm-bindgen-macro-support v0.2.85
[INFO] [stderr]   Downloaded ryu v1.0.13
[INFO] [stderr]   Downloaded serde_derive v1.0.163
[INFO] [stderr]   Downloaded io-lifetimes v1.0.10
[INFO] [stderr]   Downloaded tempfile v3.5.0
[INFO] [stderr]   Downloaded proc-macro2 v1.0.56
[INFO] [stderr]   Downloaded quote v1.0.27
[INFO] [stderr]   Downloaded clap_lex v0.4.1
[INFO] [stderr]   Downloaded ciborium-ll v0.2.1
[INFO] [stderr]   Downloaded ciborium v0.2.1
[INFO] [stderr]   Downloaded cast v0.3.0
[INFO] [stderr]   Downloaded criterion-plot v0.5.0
[INFO] [stderr]   Downloaded oorandom v11.1.3
[INFO] [stderr]   Downloaded either v1.8.1
[INFO] [stderr]   Downloaded tinytemplate v1.2.1
[INFO] [stderr]   Downloaded indoc v2.0.1
[INFO] [stderr]   Downloaded cpufeatures v0.2.7
[INFO] [stderr]   Downloaded rustls-pemfile v1.0.2
[INFO] [stderr]   Downloaded wasm-bindgen-macro v0.2.85
[INFO] [stderr]   Downloaded itoa v1.0.6
[INFO] [stderr]   Downloaded is-terminal v0.4.7
[INFO] [stderr]   Downloaded os_str_bytes v6.5.0
[INFO] [stderr]   Downloaded memoffset v0.8.0
[INFO] [stderr]   Downloaded same-file v1.0.6
[INFO] [stderr]   Downloaded walkdir v2.3.3
[INFO] [stderr]   Downloaded pest_generator v2.6.0
[INFO] [stderr]   Downloaded pest_derive v2.6.0
[INFO] [stderr]   Downloaded errno v0.3.1
[INFO] [stderr]   Downloaded hermit-abi v0.3.1
[INFO] [stderr]   Downloaded anstyle-query v1.0.0
[INFO] [stderr]   Downloaded wasm-bindgen-futures v0.4.35
[INFO] [stderr]   Downloaded ciborium-io v0.2.1
[INFO] [stderr]   Downloaded windows-sys v0.45.0
[INFO] running `Command { std: "docker" "create" "-v" "/var/lib/crater-agent-workspace/builds/worker-1-tc1/target:/opt/rustwide/target:rw,Z" "-v" "/var/lib/crater-agent-workspace/builds/worker-1-tc1/source:/opt/rustwide/workdir:ro,Z" "-v" "/var/lib/crater-agent-workspace/cargo-home:/opt/rustwide/cargo-home:ro,Z" "-v" "/var/lib/crater-agent-workspace/rustup-home:/opt/rustwide/rustup-home:ro,Z" "-e" "SOURCE_DIR=/opt/rustwide/workdir" "-e" "CARGO_TARGET_DIR=/opt/rustwide/target" "-e" "CARGO_HOME=/opt/rustwide/cargo-home" "-e" "RUSTUP_HOME=/opt/rustwide/rustup-home" "-w" "/opt/rustwide/workdir" "-m" "1610612736" "--user" "0:0" "--network" "none" "ghcr.io/rust-lang/crates-build-env/linux@sha256:3959728d45483eb673ba100a951a6b9f5012970368db2a9e08e0ac9b67c8a5ad" "/opt/rustwide/cargo-home/bin/cargo" "+1.85.0" "metadata" "--no-deps" "--format-version=1", kill_on_drop: false }`
[INFO] [stdout] 8589a70726730e460618650ca2a0a1c4cff02908278420a47c8025e0eb471814
[INFO] running `Command { std: "docker" "start" "-a" "8589a70726730e460618650ca2a0a1c4cff02908278420a47c8025e0eb471814", kill_on_drop: false }`
[INFO] running `Command { std: "docker" "inspect" "8589a70726730e460618650ca2a0a1c4cff02908278420a47c8025e0eb471814", kill_on_drop: false }`
[INFO] running `Command { std: "docker" "rm" "-f" "8589a70726730e460618650ca2a0a1c4cff02908278420a47c8025e0eb471814", kill_on_drop: false }`
[INFO] [stdout] 8589a70726730e460618650ca2a0a1c4cff02908278420a47c8025e0eb471814
[INFO] running `Command { std: "docker" "create" "-v" "/var/lib/crater-agent-workspace/builds/worker-1-tc1/target:/opt/rustwide/target:rw,Z" "-v" "/var/lib/crater-agent-workspace/builds/worker-1-tc1/source:/opt/rustwide/workdir:ro,Z" "-v" "/var/lib/crater-agent-workspace/cargo-home:/opt/rustwide/cargo-home:ro,Z" "-v" "/var/lib/crater-agent-workspace/rustup-home:/opt/rustwide/rustup-home:ro,Z" "-e" "SOURCE_DIR=/opt/rustwide/workdir" "-e" "CARGO_TARGET_DIR=/opt/rustwide/target" "-e" "CARGO_INCREMENTAL=0" "-e" "RUST_BACKTRACE=full" "-e" "RUSTFLAGS=--cap-lints=warn" "-e" "RUSTDOCFLAGS=--cap-lints=warn" "-e" "CARGO_HOME=/opt/rustwide/cargo-home" "-e" "RUSTUP_HOME=/opt/rustwide/rustup-home" "-w" "/opt/rustwide/workdir" "-m" "1610612736" "--user" "0:0" "--network" "none" "ghcr.io/rust-lang/crates-build-env/linux@sha256:3959728d45483eb673ba100a951a6b9f5012970368db2a9e08e0ac9b67c8a5ad" "/opt/rustwide/cargo-home/bin/cargo" "+1.85.0" "build" "--frozen" "--message-format=json", kill_on_drop: false }`
[INFO] [stdout] 834521bdfbc2df3d81989377220f3e0d22aafba1522bc5080e7061685c41d70e
[INFO] running `Command { std: "docker" "start" "-a" "834521bdfbc2df3d81989377220f3e0d22aafba1522bc5080e7061685c41d70e", kill_on_drop: false }`
[INFO] [stderr]    Compiling proc-macro2 v1.0.56
[INFO] [stderr]    Compiling unicode-ident v1.0.8
[INFO] [stderr]    Compiling quote v1.0.27
[INFO] [stderr]    Compiling thiserror v1.0.40
[INFO] [stderr]    Compiling ucd-trie v0.1.5
[INFO] [stderr]    Compiling once_cell v1.17.1
[INFO] [stderr]    Compiling serde v1.0.163
[INFO] [stderr]    Compiling doc-comment v0.3.3
[INFO] [stderr]    Compiling serde_json v1.0.96
[INFO] [stderr]    Compiling ryu v1.0.13
[INFO] [stderr]    Compiling itoa v1.0.6
[INFO] [stderr]    Compiling syn v2.0.15
[INFO] [stderr]    Compiling thiserror-impl v1.0.40
[INFO] [stderr]    Compiling serde_derive v1.0.163
[INFO] [stderr]    Compiling pest v2.6.0
[INFO] [stderr]    Compiling pest_meta v2.6.0
[INFO] [stderr]    Compiling pest_generator v2.6.0
[INFO] [stderr]    Compiling pest_derive v2.6.0
[INFO] [stderr]    Compiling html_parser v0.7.0 (/opt/rustwide/workdir)
[INFO] [stderr]     Finished `dev` profile [unoptimized + debuginfo] target(s) in 22.20s
[INFO] running `Command { std: "docker" "inspect" "834521bdfbc2df3d81989377220f3e0d22aafba1522bc5080e7061685c41d70e", kill_on_drop: false }`
[INFO] running `Command { std: "docker" "rm" "-f" "834521bdfbc2df3d81989377220f3e0d22aafba1522bc5080e7061685c41d70e", kill_on_drop: false }`
[INFO] [stdout] 834521bdfbc2df3d81989377220f3e0d22aafba1522bc5080e7061685c41d70e
[INFO] running `Command { std: "docker" "create" "-v" "/var/lib/crater-agent-workspace/builds/worker-1-tc1/target:/opt/rustwide/target:rw,Z" "-v" "/var/lib/crater-agent-workspace/builds/worker-1-tc1/source:/opt/rustwide/workdir:ro,Z" "-v" "/var/lib/crater-agent-workspace/cargo-home:/opt/rustwide/cargo-home:ro,Z" "-v" "/var/lib/crater-agent-workspace/rustup-home:/opt/rustwide/rustup-home:ro,Z" "-e" "SOURCE_DIR=/opt/rustwide/workdir" "-e" "CARGO_TARGET_DIR=/opt/rustwide/target" "-e" "CARGO_INCREMENTAL=0" "-e" "RUST_BACKTRACE=full" "-e" "RUSTFLAGS=--cap-lints=warn" "-e" "RUSTDOCFLAGS=--cap-lints=warn" "-e" "CARGO_HOME=/opt/rustwide/cargo-home" "-e" "RUSTUP_HOME=/opt/rustwide/rustup-home" "-w" "/opt/rustwide/workdir" "-m" "1610612736" "--user" "0:0" "--network" "none" "ghcr.io/rust-lang/crates-build-env/linux@sha256:3959728d45483eb673ba100a951a6b9f5012970368db2a9e08e0ac9b67c8a5ad" "/opt/rustwide/cargo-home/bin/cargo" "+1.85.0" "test" "--frozen" "--no-run" "--message-format=json", kill_on_drop: false }`
[INFO] [stdout] b74dc899459e159b3dbc634683a380b3b7036d2bdc00a4214d231a89d4794db4
[INFO] running `Command { std: "docker" "start" "-a" "b74dc899459e159b3dbc634683a380b3b7036d2bdc00a4214d231a89d4794db4", kill_on_drop: false }`
[INFO] [stderr]    Compiling libc v0.2.144
[INFO] [stderr]    Compiling once_cell v1.17.1
[INFO] [stderr]    Compiling cc v1.0.79
[INFO] [stderr]    Compiling log v0.4.17
[INFO] [stderr]    Compiling bitflags v1.3.2
[INFO] [stderr]    Compiling pin-project-lite v0.2.9
[INFO] [stderr]    Compiling bytes v1.4.0
[INFO] [stderr]    Compiling tokio v1.28.1
[INFO] [stderr]    Compiling futures-core v0.3.28
[INFO] [stderr]    Compiling pkg-config v0.3.27
[INFO] [stderr]    Compiling indexmap v1.9.3
[INFO] [stderr]    Compiling slab v0.4.8
[INFO] [stderr]    Compiling untrusted v0.7.1
[INFO] [stderr]    Compiling hashbrown v0.12.3
[INFO] [stderr]    Compiling futures-task v0.3.28
[INFO] [stderr]    Compiling crossbeam-utils v0.8.15
[INFO] [stderr]    Compiling memchr v2.5.0
[INFO] [stderr]    Compiling io-lifetimes v1.0.10
[INFO] [stderr]    Compiling spin v0.5.2
[INFO] [stderr]    Compiling memoffset v0.8.0
[INFO] [stderr]    Compiling rustix v0.37.19
[INFO] [stderr]    Compiling tracing-core v0.1.30
[INFO] [stderr]    Compiling futures-util v0.3.28
[INFO] [stderr]    Compiling fnv v1.0.7
[INFO] [stderr]    Compiling http v0.2.9
[INFO] [stderr]    Compiling crossbeam-epoch v0.9.14
[INFO] [stderr]    Compiling futures-io v0.3.28
[INFO] [stderr]    Compiling futures-channel v0.3.28
[INFO] [stderr]    Compiling futures-sink v0.3.28
[INFO] [stderr]    Compiling foreign-types-shared v0.1.1
[INFO] [stderr]    Compiling tracing v0.1.37
[INFO] [stderr]    Compiling openssl v0.10.52
[INFO] [stderr]    Compiling linux-raw-sys v0.3.7
[INFO] [stderr]    Compiling httparse v1.8.0
[INFO] [stderr]    Compiling foreign-types v0.3.2
[INFO] [stderr]    Compiling openssl-macros v0.1.1
[INFO] [stderr]    Compiling native-tls v0.2.11
[INFO] [stderr]    Compiling tinyvec_macros v0.1.1
[INFO] [stderr]    Compiling try-lock v0.2.4
[INFO] [stderr]    Compiling rustls v0.20.8
[INFO] [stderr]    Compiling want v0.3.0
[INFO] [stderr]    Compiling tinyvec v1.6.0
[INFO] [stderr]    Compiling num-traits v0.2.15
[INFO] [stderr]    Compiling utf8parse v0.2.1
[INFO] [stderr]    Compiling openssl-probe v0.1.5
[INFO] [stderr]    Compiling rayon-core v1.11.0
[INFO] [stderr]    Compiling httpdate v1.0.2
[INFO] [stderr]    Compiling ring v0.16.20
[INFO] [stderr]    Compiling openssl-sys v0.9.87
[INFO] [stderr]    Compiling tower-service v0.3.2
[INFO] [stderr]    Compiling percent-encoding v2.2.0
[INFO] [stderr]    Compiling either v1.8.1
[INFO] [stderr]    Compiling anstyle-parse v0.2.0
[INFO] [stderr]    Compiling crossbeam-deque v0.8.3
[INFO] [stderr]    Compiling form_urlencoded v1.1.0
[INFO] [stderr]    Compiling pest_meta v2.6.0
[INFO] [stderr]    Compiling crossbeam-channel v0.5.8
[INFO] [stderr]    Compiling colorchoice v1.0.0
[INFO] [stderr]    Compiling ciborium-io v0.2.1
[INFO] [stderr]    Compiling plotters-backend v0.3.4
[INFO] [stderr]    Compiling anstyle-query v1.0.0
[INFO] [stderr]    Compiling anstyle v1.0.0
[INFO] [stderr]    Compiling half v1.8.2
[INFO] [stderr]    Compiling unicode-bidi v0.3.13
[INFO] [stderr]    Compiling os_str_bytes v6.5.0
[INFO] [stderr]    Compiling lazy_static v1.4.0
[INFO] [stderr]    Compiling itertools v0.10.5
[INFO] [stderr]    Compiling strsim v0.10.0
[INFO] [stderr]    Compiling plotters-svg v0.3.3
[INFO] [stderr]    Compiling same-file v1.0.6
[INFO] [stderr]    Compiling ciborium-ll v0.2.1
[INFO] [stderr]    Compiling unicode-normalization v0.1.22
[INFO] [stderr]    Compiling clap_lex v0.2.4
[INFO] [stderr]    Compiling heck v0.4.1
[INFO] [stderr]    Compiling num_cpus v1.15.0
[INFO] [stderr]    Compiling mio v0.8.6
[INFO] [stderr]    Compiling socket2 v0.4.9
[INFO] [stderr]    Compiling http-body v0.4.5
[INFO] [stderr]    Compiling idna v0.3.0
[INFO] [stderr]    Compiling pest_generator v2.6.0
[INFO] [stderr]    Compiling regex-syntax v0.7.1
[INFO] [stderr]    Compiling cast v0.3.0
[INFO] [stderr]    Compiling textwrap v0.16.0
[INFO] [stderr]    Compiling linked-hash-map v0.5.6
[INFO] [stderr]    Compiling base64 v0.21.0
[INFO] [stderr]    Compiling clap_lex v0.4.1
[INFO] [stderr]    Compiling url v2.3.1
[INFO] [stderr]    Compiling yaml-rust v0.4.5
[INFO] [stderr]    Compiling plotters v0.3.4
[INFO] [stderr]    Compiling clap v3.2.25
[INFO] [stderr]    Compiling rayon v1.7.0
[INFO] [stderr]    Compiling rustls-pemfile v1.0.2
[INFO] [stderr]    Compiling clap_derive v4.2.0
[INFO] [stderr]    Compiling pest_derive v2.6.0
[INFO] [stderr]    Compiling ciborium v0.2.1
[INFO] [stderr]    Compiling criterion-plot v0.5.0
[INFO] [stderr]    Compiling atty v0.2.14
[INFO] [stderr]    Compiling console v0.15.5
[INFO] [stderr]    Compiling walkdir v2.3.3
[INFO] [stderr]    Compiling serde_urlencoded v0.7.1
[INFO] [stderr]    Compiling tinytemplate v1.2.1
[INFO] [stderr]    Compiling regex v1.8.1
[INFO] [stderr]    Compiling encoding_rs v0.8.32
[INFO] [stderr]    Compiling mime v0.3.17
[INFO] [stderr]    Compiling is-terminal v0.4.7
[INFO] [stderr]    Compiling anstream v0.3.2
[INFO] [stderr]    Compiling similar v2.2.1
[INFO] [stderr]    Compiling ipnet v2.7.2
[INFO] [stderr]    Compiling oorandom v11.1.3
[INFO] [stderr]    Compiling clap_builder v4.2.7
[INFO] [stderr]    Compiling anes v0.1.6
[INFO] [stderr]    Compiling fastrand v1.9.0
[INFO] [stderr]    Compiling indoc v2.0.1
[INFO] [stderr]    Compiling tempfile v3.5.0
[INFO] [stderr]    Compiling html_parser v0.7.0 (/opt/rustwide/workdir)
[INFO] [stderr]    Compiling insta v1.29.0
[INFO] [stderr]    Compiling webpki v0.22.0
[INFO] [stderr]    Compiling sct v0.7.0
[INFO] [stderr]    Compiling tokio-util v0.7.8
[INFO] [stderr]    Compiling criterion v0.4.0
[INFO] [stderr]    Compiling webpki-roots v0.22.6
[INFO] [stderr]    Compiling h2 v0.3.18
[INFO] [stderr]    Compiling tokio-native-tls v0.3.1
[INFO] [stderr]    Compiling clap v4.2.7
[INFO] [stderr]    Compiling hyper v0.14.26
[INFO] [stderr]    Compiling tokio-rustls v0.23.4
[INFO] [stderr]    Compiling hyper-tls v0.5.0
[INFO] [stderr]    Compiling hyper-rustls v0.23.2
[INFO] [stderr]    Compiling reqwest v0.11.17
[INFO] [stderr]     Finished `test` profile [unoptimized + debuginfo] target(s) in 1m 13s
[INFO] running `Command { std: "docker" "inspect" "b74dc899459e159b3dbc634683a380b3b7036d2bdc00a4214d231a89d4794db4", kill_on_drop: false }`
[INFO] running `Command { std: "docker" "rm" "-f" "b74dc899459e159b3dbc634683a380b3b7036d2bdc00a4214d231a89d4794db4", kill_on_drop: false }`
[INFO] [stdout] b74dc899459e159b3dbc634683a380b3b7036d2bdc00a4214d231a89d4794db4
[INFO] running `Command { std: "docker" "create" "-v" "/var/lib/crater-agent-workspace/builds/worker-1-tc1/target:/opt/rustwide/target:rw,Z" "-v" "/var/lib/crater-agent-workspace/builds/worker-1-tc1/source:/opt/rustwide/workdir:ro,Z" "-v" "/var/lib/crater-agent-workspace/cargo-home:/opt/rustwide/cargo-home:ro,Z" "-v" "/var/lib/crater-agent-workspace/rustup-home:/opt/rustwide/rustup-home:ro,Z" "-e" "SOURCE_DIR=/opt/rustwide/workdir" "-e" "CARGO_TARGET_DIR=/opt/rustwide/target" "-e" "CARGO_INCREMENTAL=0" "-e" "RUST_BACKTRACE=full" "-e" "RUSTFLAGS=--cap-lints=warn" "-e" "RUSTDOCFLAGS=--cap-lints=warn" "-e" "CARGO_HOME=/opt/rustwide/cargo-home" "-e" "RUSTUP_HOME=/opt/rustwide/rustup-home" "-w" "/opt/rustwide/workdir" "-m" "1610612736" "--user" "0:0" "--network" "none" "ghcr.io/rust-lang/crates-build-env/linux@sha256:3959728d45483eb673ba100a951a6b9f5012970368db2a9e08e0ac9b67c8a5ad" "/opt/rustwide/cargo-home/bin/cargo" "+1.85.0" "test" "--frozen", kill_on_drop: false }`
[INFO] [stdout] 4847b0f27a799ff5fd1f0a02df07d2486153fcf8217fd7fec522eb15a87fbe42
[INFO] running `Command { std: "docker" "start" "-a" "4847b0f27a799ff5fd1f0a02df07d2486153fcf8217fd7fec522eb15a87fbe42", kill_on_drop: false }`
[INFO] [stderr]     Finished `test` profile [unoptimized + debuginfo] target(s) in 0.44s
[INFO] [stderr]      Running unittests src/lib.rs (/opt/rustwide/target/debug/deps/html_parser-2e91d352e4f84da0)
[INFO] [stdout] 
[INFO] [stdout] running 1 test
[INFO] [stdout] test dom::node::tests::node_utillity_functions ... ok
[INFO] [stdout] 
[INFO] [stdout] test result: ok. 1 passed; 0 failed; 0 ignored; 0 measured; 0 filtered out; finished in 0.00s
[INFO] [stdout] 
[INFO] [stderr]      Running tests/bin.rs (/opt/rustwide/target/debug/deps/bin-cef3127591209213)
[INFO] [stdout] 
[INFO] [stdout] running 1 test
[INFO] [stdout] test it_prints_out_processing_error ... FAILED
[INFO] [stdout] 
[INFO] [stdout] failures:
[INFO] [stdout] 
[INFO] [stdout] ---- it_prints_out_processing_error stdout ----
[INFO] [stdout] 
[INFO] [stdout] thread 'it_prints_out_processing_error' panicked at tests/bin.rs:23:10:
[INFO] [stdout] called `Result::unwrap()` on an `Err` value: Os { code: 2, kind: NotFound, message: "No such file or directory" }
[INFO] [stdout] stack backtrace:
[INFO] [stdout]    0:     0x55d800cc954a - std::backtrace_rs::backtrace::libunwind::trace::h88deb10bd0145eb8
[INFO] [stdout]                                at /rustc/4d91de4e48198da2e33413efdcd9cd2cc0c46688/library/std/src/../../backtrace/src/backtrace/libunwind.rs:116:5
[INFO] [stdout]    1:     0x55d800cc954a - std::backtrace_rs::backtrace::trace_unsynchronized::he1036f5481c14dff
[INFO] [stdout]                                at /rustc/4d91de4e48198da2e33413efdcd9cd2cc0c46688/library/std/src/../../backtrace/src/backtrace/mod.rs:66:5
[INFO] [stdout]    2:     0x55d800cc954a - std::sys::backtrace::_print_fmt::hecc345b6e70c4b20
[INFO] [stdout]                                at /rustc/4d91de4e48198da2e33413efdcd9cd2cc0c46688/library/std/src/sys/backtrace.rs:66:9
[INFO] [stdout]    3:     0x55d800cc954a - <std::sys::backtrace::BacktraceLock::print::DisplayBacktrace as core::fmt::Display>::fmt::he089f96442833f67
[INFO] [stdout]                                at /rustc/4d91de4e48198da2e33413efdcd9cd2cc0c46688/library/std/src/sys/backtrace.rs:39:26
[INFO] [stdout]    4:     0x55d800cef1e3 - core::fmt::rt::Argument::fmt::h1f77cded99c71a14
[INFO] [stdout]                                at /rustc/4d91de4e48198da2e33413efdcd9cd2cc0c46688/library/core/src/fmt/rt.rs:177:76
[INFO] [stdout]    5:     0x55d800cef1e3 - core::fmt::write::h2f210ed4c94745cb
[INFO] [stdout]                                at /rustc/4d91de4e48198da2e33413efdcd9cd2cc0c46688/library/core/src/fmt/mod.rs:1440:21
[INFO] [stdout]    6:     0x55d800cc64a3 - std::io::Write::write_fmt::he723b56f7e0bd522
[INFO] [stdout]                                at /rustc/4d91de4e48198da2e33413efdcd9cd2cc0c46688/library/std/src/io/mod.rs:1887:15
[INFO] [stdout]    7:     0x55d800cc9392 - std::sys::backtrace::BacktraceLock::print::h810fbd31421329e6
[INFO] [stdout]                                at /rustc/4d91de4e48198da2e33413efdcd9cd2cc0c46688/library/std/src/sys/backtrace.rs:42:9
[INFO] [stdout]    8:     0x55d800ccaa80 - std::panicking::default_hook::{{closure}}::hbaad47ed9dc6356d
[INFO] [stdout]                                at /rustc/4d91de4e48198da2e33413efdcd9cd2cc0c46688/library/std/src/panicking.rs:295:22
[INFO] [stdout]    9:     0x55d800cca81d - std::panicking::default_hook::h24e207139139d40a
[INFO] [stdout]                                at /rustc/4d91de4e48198da2e33413efdcd9cd2cc0c46688/library/std/src/panicking.rs:319:9
[INFO] [stdout]   10:     0x55d800c888a3 - <alloc::boxed::Box<F,A> as core::ops::function::Fn<Args>>::call::h63353c459bb27956
[INFO] [stdout]                                at /rustc/4d91de4e48198da2e33413efdcd9cd2cc0c46688/library/alloc/src/boxed.rs:2007:9
[INFO] [stdout]   11:     0x55d800c888a3 - test::test_main::{{closure}}::hd5af4d6c4e32fe08
[INFO] [stdout]                                at /rustc/4d91de4e48198da2e33413efdcd9cd2cc0c46688/library/test/src/lib.rs:134:21
[INFO] [stdout]   12:     0x55d800ccb2b3 - <alloc::boxed::Box<F,A> as core::ops::function::Fn<Args>>::call::h3af32c23caf5c679
[INFO] [stdout]                                at /rustc/4d91de4e48198da2e33413efdcd9cd2cc0c46688/library/alloc/src/boxed.rs:2007:9
[INFO] [stdout]   13:     0x55d800ccb2b3 - std::panicking::rust_panic_with_hook::ha9131beeb2ddc506
[INFO] [stdout]                                at /rustc/4d91de4e48198da2e33413efdcd9cd2cc0c46688/library/std/src/panicking.rs:836:13
[INFO] [stdout]   14:     0x55d800ccaf8a - std::panicking::begin_panic_handler::{{closure}}::h1bba0eaeb6da506f
[INFO] [stdout]                                at /rustc/4d91de4e48198da2e33413efdcd9cd2cc0c46688/library/std/src/panicking.rs:701:13
[INFO] [stdout]   15:     0x55d800cc9a49 - std::sys::backtrace::__rust_end_short_backtrace::h1d1ca3eade483f4c
[INFO] [stdout]                                at /rustc/4d91de4e48198da2e33413efdcd9cd2cc0c46688/library/std/src/sys/backtrace.rs:168:18
[INFO] [stdout]   16:     0x55d800ccac1d - rust_begin_unwind
[INFO] [stdout]                                at /rustc/4d91de4e48198da2e33413efdcd9cd2cc0c46688/library/std/src/panicking.rs:692:5
[INFO] [stdout]   17:     0x55d800c4acf0 - core::panicking::panic_fmt::h896a0727a1a943f9
[INFO] [stdout]                                at /rustc/4d91de4e48198da2e33413efdcd9cd2cc0c46688/library/core/src/panicking.rs:75:14
[INFO] [stdout]   18:     0x55d800c4b096 - core::result::unwrap_failed::h1b5ed8541c7bebd6
[INFO] [stdout]                                at /rustc/4d91de4e48198da2e33413efdcd9cd2cc0c46688/library/core/src/result.rs:1704:5
[INFO] [stdout]   19:     0x55d800c4f1e5 - core::result::Result<T,E>::unwrap::h139c69c0c4cc4a94
[INFO] [stdout]                                at /rustc/4d91de4e48198da2e33413efdcd9cd2cc0c46688/library/core/src/result.rs:1109:23
[INFO] [stdout]   20:     0x55d800c4f1e5 - bin::it_prints_out_processing_error::hfd8dd2fe975265d5
[INFO] [stdout]                                at /opt/rustwide/workdir/tests/bin.rs:19:18
[INFO] [stdout]   21:     0x55d800c4eedc - bin::it_prints_out_processing_error::{{closure}}::h374c3f3883d57535
[INFO] [stdout]                                at /opt/rustwide/workdir/tests/bin.rs:8:40
[INFO] [stdout]   22:     0x55d800c4c136 - core::ops::function::FnOnce::call_once::h71bc3b0a367de82d
[INFO] [stdout]                                at /rustc/4d91de4e48198da2e33413efdcd9cd2cc0c46688/library/core/src/ops/function.rs:250:5
[INFO] [stdout]   23:     0x55d800c8e04b - core::ops::function::FnOnce::call_once::h8acc80b5a33ff319
[INFO] [stdout]                                at /rustc/4d91de4e48198da2e33413efdcd9cd2cc0c46688/library/core/src/ops/function.rs:250:5
[INFO] [stdout]   24:     0x55d800c8e04b - test::__rust_begin_short_backtrace::h52b6da716ad42b7d
[INFO] [stdout]                                at /rustc/4d91de4e48198da2e33413efdcd9cd2cc0c46688/library/test/src/lib.rs:632:18
[INFO] [stdout]   25:     0x55d800c8cf83 - test::run_test_in_process::{{closure}}::h2580047890abbefe
[INFO] [stdout]                                at /rustc/4d91de4e48198da2e33413efdcd9cd2cc0c46688/library/test/src/lib.rs:655:60
[INFO] [stdout]   26:     0x55d800c8cf83 - <core::panic::unwind_safe::AssertUnwindSafe<F> as core::ops::function::FnOnce<()>>::call_once::h936f8c89d0a99c40
[INFO] [stdout]                                at /rustc/4d91de4e48198da2e33413efdcd9cd2cc0c46688/library/core/src/panic/unwind_safe.rs:272:9
[INFO] [stdout]   27:     0x55d800c8cf83 - std::panicking::try::do_call::h868682cc368697f9
[INFO] [stdout]                                at /rustc/4d91de4e48198da2e33413efdcd9cd2cc0c46688/library/std/src/panicking.rs:584:40
[INFO] [stdout]   28:     0x55d800c8cf83 - std::panicking::try::h0356ffc38cbb5501
[INFO] [stdout]                                at /rustc/4d91de4e48198da2e33413efdcd9cd2cc0c46688/library/std/src/panicking.rs:547:19
[INFO] [stdout]   29:     0x55d800c8cf83 - std::panic::catch_unwind::h74edf102a3082536
[INFO] [stdout]                                at /rustc/4d91de4e48198da2e33413efdcd9cd2cc0c46688/library/std/src/panic.rs:358:14
[INFO] [stdout]   30:     0x55d800c8cf83 - test::run_test_in_process::hc27d69576b7224e4
[INFO] [stdout]                                at /rustc/4d91de4e48198da2e33413efdcd9cd2cc0c46688/library/test/src/lib.rs:655:27
[INFO] [stdout]   31:     0x55d800c8cf83 - test::run_test::{{closure}}::h9f3bfaf910429adb
[INFO] [stdout]                                at /rustc/4d91de4e48198da2e33413efdcd9cd2cc0c46688/library/test/src/lib.rs:576:43
[INFO] [stdout]   32:     0x55d800c50cb5 - test::run_test::{{closure}}::h3d537cdce8ec5816
[INFO] [stdout]                                at /rustc/4d91de4e48198da2e33413efdcd9cd2cc0c46688/library/test/src/lib.rs:606:41
[INFO] [stdout]   33:     0x55d800c50cb5 - std::sys::backtrace::__rust_begin_short_backtrace::hb51d9a6c67ec382d
[INFO] [stdout]                                at /rustc/4d91de4e48198da2e33413efdcd9cd2cc0c46688/library/std/src/sys/backtrace.rs:152:18
[INFO] [stdout]   34:     0x55d800c546f6 - std::thread::Builder::spawn_unchecked_::{{closure}}::{{closure}}::h5738f3abb9603fe6
[INFO] [stdout]                                at /rustc/4d91de4e48198da2e33413efdcd9cd2cc0c46688/library/std/src/thread/mod.rs:564:17
[INFO] [stdout]   35:     0x55d800c546f6 - <core::panic::unwind_safe::AssertUnwindSafe<F> as core::ops::function::FnOnce<()>>::call_once::h5e9f4b56e45e8108
[INFO] [stdout]                                at /rustc/4d91de4e48198da2e33413efdcd9cd2cc0c46688/library/core/src/panic/unwind_safe.rs:272:9
[INFO] [stdout]   36:     0x55d800c546f6 - std::panicking::try::do_call::ha36db853b2f34e23
[INFO] [stdout]                                at /rustc/4d91de4e48198da2e33413efdcd9cd2cc0c46688/library/std/src/panicking.rs:584:40
[INFO] [stdout]   37:     0x55d800c546f6 - std::panicking::try::h57e1aa33a0efb1be
[INFO] [stdout]                                at /rustc/4d91de4e48198da2e33413efdcd9cd2cc0c46688/library/std/src/panicking.rs:547:19
[INFO] [stdout]   38:     0x55d800c546f6 - std::panic::catch_unwind::hdb71a6103024936e
[INFO] [stdout]                                at /rustc/4d91de4e48198da2e33413efdcd9cd2cc0c46688/library/std/src/panic.rs:358:14
[INFO] [stdout]   39:     0x55d800c546f6 - std::thread::Builder::spawn_unchecked_::{{closure}}::h8caa22218f423ab1
[INFO] [stdout]                                at /rustc/4d91de4e48198da2e33413efdcd9cd2cc0c46688/library/std/src/thread/mod.rs:562:30
[INFO] [stdout]   40:     0x55d800c546f6 - core::ops::function::FnOnce::call_once{{vtable.shim}}::hb3b44780e9c053e5
[INFO] [stdout]                                at /rustc/4d91de4e48198da2e33413efdcd9cd2cc0c46688/library/core/src/ops/function.rs:250:5
[INFO] [stdout]   41:     0x55d800ccf34b - <alloc::boxed::Box<F,A> as core::ops::function::FnOnce<Args>>::call_once::h2649f14f1b1c150d
[INFO] [stdout]                                at /rustc/4d91de4e48198da2e33413efdcd9cd2cc0c46688/library/alloc/src/boxed.rs:1993:9
[INFO] [stdout]   42:     0x55d800ccf34b - <alloc::boxed::Box<F,A> as core::ops::function::FnOnce<Args>>::call_once::hb2ade58cb34e1bc4
[INFO] [stdout]                                at /rustc/4d91de4e48198da2e33413efdcd9cd2cc0c46688/library/alloc/src/boxed.rs:1993:9
[INFO] [stdout]   43:     0x55d800ccf34b - std::sys::pal::unix::thread::Thread::new::thread_start::ha07e360225fa3528
[INFO] [stdout]                                at /rustc/4d91de4e48198da2e33413efdcd9cd2cc0c46688/library/std/src/sys/pal/unix/thread.rs:106:17
[INFO] [stdout]   44:     0x7d4449faeac3 - <unknown>
[INFO] [stdout]   45:     0x7d444a03fa04 - clone
[INFO] [stdout]   46:                0x0 - <unknown>
[INFO] [stdout] 
[INFO] [stdout] 
[INFO] [stdout] failures:
[INFO] [stdout]     it_prints_out_processing_error
[INFO] [stdout] 
[INFO] [stdout] test result: FAILED. 0 passed; 1 failed; 0 ignored; 0 measured; 0 filtered out; finished in 0.10s
[INFO] [stdout] 
[INFO] [stderr] error: test failed, to rerun pass `--test bin`
[INFO] running `Command { std: "docker" "inspect" "4847b0f27a799ff5fd1f0a02df07d2486153fcf8217fd7fec522eb15a87fbe42", kill_on_drop: false }`
[INFO] running `Command { std: "docker" "rm" "-f" "4847b0f27a799ff5fd1f0a02df07d2486153fcf8217fd7fec522eb15a87fbe42", kill_on_drop: false }`
[INFO] [stdout] 4847b0f27a799ff5fd1f0a02df07d2486153fcf8217fd7fec522eb15a87fbe42
