[INFO] cloning repository https://github.com/sdelvalle57/vf_rust
[INFO] running `Command { std: "git" "-c" "credential.helper=" "-c" "credential.helper=/workspace/cargo-home/bin/git-credential-null" "clone" "--bare" "https://github.com/sdelvalle57/vf_rust" "/workspace/cache/git-repos/https%3A%2F%2Fgithub.com%2Fsdelvalle57%2Fvf_rust", kill_on_drop: false }`
[INFO] [stderr] Cloning into bare repository '/workspace/cache/git-repos/https%3A%2F%2Fgithub.com%2Fsdelvalle57%2Fvf_rust'...
[INFO] running `Command { std: "git" "rev-parse" "HEAD", kill_on_drop: false }`
[INFO] [stdout] d0ade0399c6f5950f69ce0a543433239a046c50c
[INFO] testing sdelvalle57/vf_rust against beta-2025-02-28 for beta-1.86-3
[INFO] running `Command { std: "git" "clone" "/workspace/cache/git-repos/https%3A%2F%2Fgithub.com%2Fsdelvalle57%2Fvf_rust" "/workspace/builds/worker-7-tc2/source", kill_on_drop: false }`
[INFO] [stderr] Cloning into '/workspace/builds/worker-7-tc2/source'...
[INFO] [stderr] done.
[INFO] validating manifest of git repo https://github.com/sdelvalle57/vf_rust on toolchain beta-2025-02-28
[INFO] running `Command { std: CARGO_HOME="/workspace/cargo-home" RUSTUP_HOME="/workspace/rustup-home" "/workspace/cargo-home/bin/cargo" "+beta-2025-02-28" "metadata" "--manifest-path" "Cargo.toml" "--no-deps", kill_on_drop: false }`
[INFO] started tweaking git repo https://github.com/sdelvalle57/vf_rust
[INFO] finished tweaking git repo https://github.com/sdelvalle57/vf_rust
[INFO] tweaked toml for git repo https://github.com/sdelvalle57/vf_rust written to /workspace/builds/worker-7-tc2/source/Cargo.toml
[INFO] crate git repo https://github.com/sdelvalle57/vf_rust already has a lockfile, it will not be regenerated
[INFO] running `Command { std: CARGO_HOME="/workspace/cargo-home" RUSTUP_HOME="/workspace/rustup-home" "/workspace/cargo-home/bin/cargo" "+beta-2025-02-28" "fetch" "--manifest-path" "Cargo.toml", kill_on_drop: false }`
[INFO] running `Command { std: "docker" "create" "-v" "/var/lib/crater-agent-workspace/builds/worker-7-tc2/target:/opt/rustwide/target:rw,Z" "-v" "/var/lib/crater-agent-workspace/builds/worker-7-tc2/source:/opt/rustwide/workdir:ro,Z" "-v" "/var/lib/crater-agent-workspace/cargo-home:/opt/rustwide/cargo-home:ro,Z" "-v" "/var/lib/crater-agent-workspace/rustup-home:/opt/rustwide/rustup-home:ro,Z" "-e" "SOURCE_DIR=/opt/rustwide/workdir" "-e" "CARGO_TARGET_DIR=/opt/rustwide/target" "-e" "CARGO_HOME=/opt/rustwide/cargo-home" "-e" "RUSTUP_HOME=/opt/rustwide/rustup-home" "-w" "/opt/rustwide/workdir" "-m" "1610612736" "--user" "0:0" "--network" "none" "ghcr.io/rust-lang/crates-build-env/linux@sha256:3959728d45483eb673ba100a951a6b9f5012970368db2a9e08e0ac9b67c8a5ad" "/opt/rustwide/cargo-home/bin/cargo" "+beta-2025-02-28" "metadata" "--no-deps" "--format-version=1", kill_on_drop: false }`
[INFO] [stdout] 3d570ff24e11052ff8e659fbbf068c67ecfbb68c737ee1cf19ef80aabc8d421e
[INFO] running `Command { std: "docker" "start" "-a" "3d570ff24e11052ff8e659fbbf068c67ecfbb68c737ee1cf19ef80aabc8d421e", kill_on_drop: false }`
[INFO] running `Command { std: "docker" "inspect" "3d570ff24e11052ff8e659fbbf068c67ecfbb68c737ee1cf19ef80aabc8d421e", kill_on_drop: false }`
[INFO] running `Command { std: "docker" "rm" "-f" "3d570ff24e11052ff8e659fbbf068c67ecfbb68c737ee1cf19ef80aabc8d421e", kill_on_drop: false }`
[INFO] [stdout] 3d570ff24e11052ff8e659fbbf068c67ecfbb68c737ee1cf19ef80aabc8d421e
[INFO] running `Command { std: "docker" "create" "-v" "/var/lib/crater-agent-workspace/builds/worker-7-tc2/target:/opt/rustwide/target:rw,Z" "-v" "/var/lib/crater-agent-workspace/builds/worker-7-tc2/source:/opt/rustwide/workdir:ro,Z" "-v" "/var/lib/crater-agent-workspace/cargo-home:/opt/rustwide/cargo-home:ro,Z" "-v" "/var/lib/crater-agent-workspace/rustup-home:/opt/rustwide/rustup-home:ro,Z" "-e" "SOURCE_DIR=/opt/rustwide/workdir" "-e" "CARGO_TARGET_DIR=/opt/rustwide/target" "-e" "CARGO_INCREMENTAL=0" "-e" "RUST_BACKTRACE=full" "-e" "RUSTFLAGS=--cap-lints=warn" "-e" "RUSTDOCFLAGS=--cap-lints=warn" "-e" "CARGO_HOME=/opt/rustwide/cargo-home" "-e" "RUSTUP_HOME=/opt/rustwide/rustup-home" "-w" "/opt/rustwide/workdir" "-m" "1610612736" "--user" "0:0" "--network" "none" "ghcr.io/rust-lang/crates-build-env/linux@sha256:3959728d45483eb673ba100a951a6b9f5012970368db2a9e08e0ac9b67c8a5ad" "/opt/rustwide/cargo-home/bin/cargo" "+beta-2025-02-28" "build" "--frozen" "--message-format=json", kill_on_drop: false }`
[INFO] [stdout] cf3ff084b8ec75f9b0ffa0f58cc00d0d3e4cd2ab25ff3270ce2222be58c121fb
[INFO] running `Command { std: "docker" "start" "-a" "cf3ff084b8ec75f9b0ffa0f58cc00d0d3e4cd2ab25ff3270ce2222be58c121fb", kill_on_drop: false }`
[INFO] [stderr]    Compiling proc-macro2 v1.0.86
[INFO] [stderr]    Compiling unicode-ident v1.0.12
[INFO] [stderr]    Compiling libc v0.2.158
[INFO] [stderr]    Compiling autocfg v1.3.0
[INFO] [stderr]    Compiling version_check v0.9.5
[INFO] [stderr]    Compiling pin-project-lite v0.2.14
[INFO] [stderr]    Compiling memchr v2.7.4
[INFO] [stderr]    Compiling serde v1.0.208
[INFO] [stderr]    Compiling parking_lot_core v0.9.10
[INFO] [stderr]    Compiling byteorder v1.5.0
[INFO] [stderr]    Compiling itoa v1.0.11
[INFO] [stderr]    Compiling log v0.4.22
[INFO] [stderr]    Compiling smallvec v1.13.2
[INFO] [stderr]    Compiling futures-core v0.3.30
[INFO] [stderr]    Compiling scopeguard v1.2.0
[INFO] [stderr]    Compiling fnv v1.0.7
[INFO] [stderr]    Compiling bytes v1.7.1
[INFO] [stderr]    Compiling futures-sink v0.3.30
[INFO] [stderr]    Compiling typenum v1.17.0
[INFO] [stderr]    Compiling shlex v1.3.0
[INFO] [stderr]    Compiling equivalent v1.0.1
[INFO] [stderr]    Compiling hashbrown v0.14.5
[INFO] [stderr]    Compiling once_cell v1.19.0
[INFO] [stderr]    Compiling ryu v1.0.18
[INFO] [stderr]    Compiling percent-encoding v2.3.1
[INFO] [stderr]    Compiling pkg-config v0.3.30
[INFO] [stderr]    Compiling futures-task v0.3.30
[INFO] [stderr]    Compiling syn v1.0.109
[INFO] [stderr]    Compiling lock_api v0.4.12
[INFO] [stderr]    Compiling slab v0.4.9
[INFO] [stderr]    Compiling num-traits v0.2.19
[INFO] [stderr]    Compiling pin-utils v0.1.0
[INFO] [stderr]    Compiling serde_json v1.0.125
[INFO] [stderr]    Compiling tinyvec_macros v0.1.1
[INFO] [stderr]    Compiling paste v1.0.15
[INFO] [stderr]    Compiling tracing-core v0.1.32
[INFO] [stderr]    Compiling tinyvec v1.8.0
[INFO] [stderr]    Compiling generic-array v0.14.7
[INFO] [stderr]    Compiling aho-corasick v1.1.3
[INFO] [stderr]    Compiling futures-util v0.3.30
[INFO] [stderr]    Compiling form_urlencoded v1.2.1
[INFO] [stderr]    Compiling time-core v0.1.2
[INFO] [stderr]    Compiling num-conv v0.1.0
[INFO] [stderr]    Compiling powerfmt v0.2.0
[INFO] [stderr]    Compiling quote v1.0.36
[INFO] [stderr]    Compiling getrandom v0.1.16
[INFO] [stderr]    Compiling zstd-safe v7.2.1
[INFO] [stderr]    Compiling alloc-no-stdlib v2.0.4
[INFO] [stderr]    Compiling indexmap v2.4.0
[INFO] [stderr]    Compiling regex-syntax v0.8.4
[INFO] [stderr]    Compiling local-waker v0.1.4
[INFO] [stderr]    Compiling alloc-stdlib v0.2.2
[INFO] [stderr]    Compiling syn v2.0.75
[INFO] [stderr]    Compiling time-macros v0.2.18
[INFO] [stderr]    Compiling deranged v0.3.11
[INFO] [stderr]    Compiling http v0.2.12
[INFO] [stderr]    Compiling ahash v0.8.11
[INFO] [stderr]    Compiling getrandom v0.2.15
[INFO] [stderr]    Compiling jobserver v0.1.32
[INFO] [stderr]    Compiling socket2 v0.5.7
[INFO] [stderr]    Compiling signal-hook-registry v1.4.2
[INFO] [stderr]    Compiling cc v1.1.13
[INFO] [stderr]    Compiling parking_lot v0.12.3
[INFO] [stderr]    Compiling mio v1.0.2
[INFO] [stderr]    Compiling rand_core v0.6.4
[INFO] [stderr]    Compiling unicode-normalization v0.1.23
[INFO] [stderr]    Compiling strsim v0.11.1
[INFO] [stderr]    Compiling bitflags v2.6.0
[INFO] [stderr]    Compiling httparse v1.9.4
[INFO] [stderr]    Compiling adler2 v2.0.0
[INFO] [stderr]    Compiling regex-lite v0.1.6
[INFO] [stderr]    Compiling unicode-bidi v0.3.15
[INFO] [stderr]    Compiling crypto-common v0.1.6
[INFO] [stderr]    Compiling block-buffer v0.10.4
[INFO] [stderr]    Compiling ident_case v1.0.1
[INFO] [stderr]    Compiling miniz_oxide v0.8.0
[INFO] [stderr]    Compiling tracing v0.1.40
[INFO] [stderr]    Compiling actix-service v2.0.2
[INFO] [stderr]    Compiling digest v0.10.7
[INFO] [stderr]    Compiling brotli-decompressor v4.0.1
[INFO] [stderr]    Compiling idna v0.5.0
[INFO] [stderr]    Compiling actix-utils v3.0.1
[INFO] [stderr]    Compiling bytestring v1.3.1
[INFO] [stderr]    Compiling proc-macro-error-attr v1.0.4
[INFO] [stderr]    Compiling time v0.3.36
[INFO] [stderr]    Compiling cookie v0.16.2
[INFO] [stderr]    Compiling crc32fast v1.4.2
[INFO] [stderr]    Compiling cpufeatures v0.2.13
[INFO] [stderr]    Compiling either v1.13.0
[INFO] [stderr]    Compiling zstd-sys v2.0.13+zstd.1.5.6
[INFO] [stderr]    Compiling convert_case v0.4.0
[INFO] [stderr]    Compiling regex-automata v0.4.7
[INFO] [stderr]    Compiling flate2 v1.0.32
[INFO] [stderr]    Compiling sha1 v0.10.6
[INFO] [stderr]    Compiling url v2.5.2
[INFO] [stderr]    Compiling rand_core v0.5.1
[INFO] [stderr]    Compiling local-channel v0.1.5
[INFO] [stderr]    Compiling proc-macro-error v1.0.4
[INFO] [stderr]    Compiling encoding_rs v0.8.34
[INFO] [stderr]    Compiling language-tags v0.3.2
[INFO] [stderr]    Compiling void v1.0.2
[INFO] [stderr]    Compiling iana-time-zone v0.1.60
[INFO] [stderr]    Compiling thiserror v1.0.63
[INFO] [stderr]    Compiling brotli v6.0.0
[INFO] [stderr]    Compiling mime v0.3.17
[INFO] [stderr]    Compiling httpdate v1.0.3
[INFO] [stderr]    Compiling base64 v0.22.1
[INFO] [stderr]    Compiling chrono v0.4.38
[INFO] [stderr]    Compiling unreachable v1.0.0
[INFO] [stderr]    Compiling uuid v0.8.2
[INFO] [stderr]    Compiling num-integer v0.1.46
[INFO] [stderr]    Compiling smartstring v1.0.1
[INFO] [stderr]    Compiling indexmap v1.9.3
[INFO] [stderr]    Compiling pq-sys v0.4.8
[INFO] [stderr]    Compiling heck v0.5.0
[INFO] [stderr]    Compiling impl-more v0.1.6
[INFO] [stderr]    Compiling ascii v0.9.3
[INFO] [stderr]    Compiling num-bigint v0.4.6
[INFO] [stderr]    Compiling derive_utils v0.11.2
[INFO] [stderr]    Compiling actix-router v0.5.3
[INFO] [stderr]    Compiling combine v3.8.1
[INFO] [stderr]    Compiling scheduled-thread-pool v0.2.7
[INFO] [stderr]    Compiling csv-core v0.1.11
[INFO] [stderr]    Compiling futures-channel v0.3.30
[INFO] [stderr]    Compiling static_assertions v1.1.0
[INFO] [stderr]    Compiling linked-hash-map v0.5.6
[INFO] [stderr]    Compiling futures-io v0.3.30
[INFO] [stderr]    Compiling lazy_static v1.5.0
[INFO] [stderr]    Compiling hex v0.4.3
[INFO] [stderr]    Compiling hashbrown v0.12.3
[INFO] [stderr]    Compiling base64 v0.13.1
[INFO] [stderr]    Compiling futures v0.3.30
[INFO] [stderr]    Compiling r2d2 v0.8.10
[INFO] [stderr]    Compiling itertools v0.11.0
[INFO] [stderr]    Compiling is-terminal v0.4.13
[INFO] [stderr]    Compiling mediatype v0.19.18
[INFO] [stderr]    Compiling arc-swap v1.7.1
[INFO] [stderr]    Compiling termcolor v1.4.1
[INFO] [stderr]    Compiling dotenv v0.15.0
[INFO] [stderr]    Compiling regex v1.10.6
[INFO] [stderr]    Compiling darling_core v0.20.10
[INFO] [stderr]    Compiling diesel_table_macro_syntax v0.2.0
[INFO] [stderr]    Compiling env_logger v0.10.2
[INFO] [stderr]    Compiling futures-enum v0.1.17
[INFO] [stderr]    Compiling juniper_codegen v0.15.9
[INFO] [stderr]    Compiling actix-web-lab-derive v0.19.0
[INFO] [stderr]    Compiling serde_derive v1.0.208
[INFO] [stderr]    Compiling zerocopy-derive v0.7.35
[INFO] [stderr]    Compiling tokio-macros v2.4.0
[INFO] [stderr]    Compiling tracing-attributes v0.1.27
[INFO] [stderr]    Compiling derive_more v0.99.18
[INFO] [stderr]    Compiling actix-web-codegen v4.3.0
[INFO] [stderr]    Compiling actix-macros v0.2.4
[INFO] [stderr]    Compiling thiserror-impl v1.0.63
[INFO] [stderr]    Compiling async-trait v0.1.81
[INFO] [stderr]    Compiling tokio v1.39.3
[INFO] [stderr]    Compiling zerocopy v0.7.35
[INFO] [stderr]    Compiling darling_macro v0.20.10
[INFO] [stderr]    Compiling ppv-lite86 v0.2.20
[INFO] [stderr]    Compiling graphql-parser v0.3.0
[INFO] [stderr]    Compiling zstd v0.13.2
[INFO] [stderr]    Compiling darling v0.20.10
[INFO] [stderr]    Compiling dsl_auto_type v0.1.2
[INFO] [stderr]    Compiling rand_chacha v0.3.1
[INFO] [stderr]    Compiling rand_chacha v0.2.2
[INFO] [stderr]    Compiling rand v0.7.3
[INFO] [stderr]    Compiling rand v0.8.5
[INFO] [stderr]    Compiling diesel_derives v2.2.2
[INFO] [stderr]    Compiling tokio-util v0.7.11
[INFO] [stderr]    Compiling actix-rt v2.10.0
[INFO] [stderr]    Compiling actix-server v2.5.0
[INFO] [stderr]    Compiling h2 v0.3.26
[INFO] [stderr]    Compiling actix-codec v0.5.2
[INFO] [stderr]    Compiling serde_urlencoded v0.7.1
[INFO] [stderr]    Compiling bigdecimal v0.3.1
[INFO] [stderr]    Compiling ipnetwork v0.18.0
[INFO] [stderr]    Compiling serde_html_form v0.2.6
[INFO] [stderr]    Compiling csv v1.3.0
[INFO] [stderr]    Compiling bson v1.2.4
[INFO] [stderr]    Compiling diesel v2.2.2
[INFO] [stderr]    Compiling juniper v0.15.12
[INFO] [stderr]    Compiling actix-http v3.9.0
[INFO] [stderr]    Compiling actix-web v4.9.0
[INFO] [stderr]    Compiling actix-web-lab v0.19.2
[INFO] [stderr]    Compiling actix-cors v0.6.5
[INFO] [stderr]    Compiling vf v0.1.0 (/opt/rustwide/workdir)
[INFO] [stdout] warning: unused import: `recipe_template_blacklist::RecipeTemplateBlacklist`
[INFO] [stdout]   --> src/templates/recipe_template.rs:12:83
[INFO] [stdout]    |
[INFO] [stdout] 12 | use super::{recipe_flow_template::{ActionType, RecipeFlowTemplateWithDataFields}, recipe_template_blacklist::RecipeTemplateBlacklist};
[INFO] [stdout]    |                                                                                   ^^^^^^^^^^^^^^^^^^^^^^^^^^^^^^^^^^^^^^^^^^^^^^^^^^
[INFO] [stdout]    |
[INFO] [stdout]    = note: `#[warn(unused_imports)]` on by default
[INFO] [stdout] 
[INFO] [stdout] 
[INFO] [stdout] warning: variable does not need to be mutable
[INFO] [stdout]    --> src/graphql/modules/templates/template.rs:236:13
[INFO] [stdout]     |
[INFO] [stdout] 236 |         let mut recipe = get_template_by_id(context, template_id)?;
[INFO] [stdout]     |             ----^^^^^^
[INFO] [stdout]     |             |
[INFO] [stdout]     |             help: remove this `mut`
[INFO] [stdout]     |
[INFO] [stdout]     = note: `#[warn(unused_mut)]` on by default
[INFO] [stdout] 
[INFO] [stdout] 
[INFO] [stdout] warning: associated items `new`, `add_recipe_process_flow`, and `add_output_of` are never used
[INFO] [stdout]    --> src/recipe/process/process.rs:102:12
[INFO] [stdout]     |
[INFO] [stdout] 101 | impl RecipeProcessResponse {
[INFO] [stdout]     | -------------------------- associated items in this implementation
[INFO] [stdout] 102 |     pub fn new(recipe_process: RecipeProcess) -> Self {
[INFO] [stdout]     |            ^^^
[INFO] [stdout] ...
[INFO] [stdout] 114 |     pub fn add_recipe_process_flow(&mut self, recipe_process_flow: RecipeProcessFlowResponse) {
[INFO] [stdout]     |            ^^^^^^^^^^^^^^^^^^^^^^^
[INFO] [stdout] ...
[INFO] [stdout] 118 |     pub fn add_output_of(&mut self, id: Uuid) {
[INFO] [stdout]     |            ^^^^^^^^^^^^^
[INFO] [stdout]     |
[INFO] [stdout]     = note: `#[warn(dead_code)]` on by default
[INFO] [stdout] 
[INFO] [stdout] 
[INFO] [stdout] warning: associated items `new` and `add_data_field` are never used
[INFO] [stdout]   --> src/recipe/process/flow.rs:66:12
[INFO] [stdout]    |
[INFO] [stdout] 65 | impl RecipeProcessFlowResponse {
[INFO] [stdout]    | ------------------------------ associated items in this implementation
[INFO] [stdout] 66 |     pub fn new(recipe_process_flow: RecipeProcessFlow) -> Self {
[INFO] [stdout]    |            ^^^
[INFO] [stdout] ...
[INFO] [stdout] 77 |     pub fn add_data_field(&mut self, data_field: RecipeFlowDataField) {
[INFO] [stdout]    |            ^^^^^^^^^^^^^^
[INFO] [stdout] 
[INFO] [stdout] 
[INFO] [stdout] warning: function `establish_connection_pool` is never used
[INFO] [stdout]  --> src/db/conn.rs:7:8
[INFO] [stdout]   |
[INFO] [stdout] 7 | pub fn establish_connection_pool() -> Pool {
[INFO] [stdout]   |        ^^^^^^^^^^^^^^^^^^^^^^^^^
[INFO] [stdout] 
[INFO] [stdout] 
[INFO] [stdout] warning: function `create_schema` is never used
[INFO] [stdout]  --> src/graphql/schema.rs:8:8
[INFO] [stdout]   |
[INFO] [stdout] 8 | pub fn create_schema() -> Schema {
[INFO] [stdout]   |        ^^^^^^^^^^^^^
[INFO] [stdout] 
[INFO] [stdout] 
[INFO] [stdout] warning: function `start_server` is never used
[INFO] [stdout]   --> src/graphql/handler.rs:32:14
[INFO] [stdout]    |
[INFO] [stdout] 32 | pub async fn start_server(pool: Arc<Pool>) -> std::io::Result<()> {
[INFO] [stdout]    |              ^^^^^^^^^^^^
[INFO] [stdout] 
[INFO] [stdout] 
[INFO] [stdout] warning: unused import: `recipe_template_blacklist::RecipeTemplateBlacklist`
[INFO] [stdout]   --> src/templates/recipe_template.rs:12:83
[INFO] [stdout]    |
[INFO] [stdout] 12 | use super::{recipe_flow_template::{ActionType, RecipeFlowTemplateWithDataFields}, recipe_template_blacklist::RecipeTemplateBlacklist};
[INFO] [stdout]    |                                                                                   ^^^^^^^^^^^^^^^^^^^^^^^^^^^^^^^^^^^^^^^^^^^^^^^^^^
[INFO] [stdout]    |
[INFO] [stdout]    = note: `#[warn(unused_imports)]` on by default
[INFO] [stdout] 
[INFO] [stdout] 
[INFO] [stdout] warning: variable does not need to be mutable
[INFO] [stdout]    --> src/graphql/modules/templates/template.rs:236:13
[INFO] [stdout]     |
[INFO] [stdout] 236 |         let mut recipe = get_template_by_id(context, template_id)?;
[INFO] [stdout]     |             ----^^^^^^
[INFO] [stdout]     |             |
[INFO] [stdout]     |             help: remove this `mut`
[INFO] [stdout]     |
[INFO] [stdout]     = note: `#[warn(unused_mut)]` on by default
[INFO] [stdout] 
[INFO] [stdout] 
[INFO] [stdout] warning: associated items `new`, `add_recipe_process_flow`, and `add_output_of` are never used
[INFO] [stdout]    --> src/recipe/process/process.rs:102:12
[INFO] [stdout]     |
[INFO] [stdout] 101 | impl RecipeProcessResponse {
[INFO] [stdout]     | -------------------------- associated items in this implementation
[INFO] [stdout] 102 |     pub fn new(recipe_process: RecipeProcess) -> Self {
[INFO] [stdout]     |            ^^^
[INFO] [stdout] ...
[INFO] [stdout] 114 |     pub fn add_recipe_process_flow(&mut self, recipe_process_flow: RecipeProcessFlowResponse) {
[INFO] [stdout]     |            ^^^^^^^^^^^^^^^^^^^^^^^
[INFO] [stdout] ...
[INFO] [stdout] 118 |     pub fn add_output_of(&mut self, id: Uuid) {
[INFO] [stdout]     |            ^^^^^^^^^^^^^
[INFO] [stdout]     |
[INFO] [stdout]     = note: `#[warn(dead_code)]` on by default
[INFO] [stdout] 
[INFO] [stdout] 
[INFO] [stdout] warning: associated items `new` and `add_data_field` are never used
[INFO] [stdout]   --> src/recipe/process/flow.rs:66:12
[INFO] [stdout]    |
[INFO] [stdout] 65 | impl RecipeProcessFlowResponse {
[INFO] [stdout]    | ------------------------------ associated items in this implementation
[INFO] [stdout] 66 |     pub fn new(recipe_process_flow: RecipeProcessFlow) -> Self {
[INFO] [stdout]    |            ^^^
[INFO] [stdout] ...
[INFO] [stdout] 77 |     pub fn add_data_field(&mut self, data_field: RecipeFlowDataField) {
[INFO] [stdout]    |            ^^^^^^^^^^^^^^
[INFO] [stdout] 
[INFO] [stdout] 
[INFO] [stderr]     Finished `dev` profile [unoptimized + debuginfo] target(s) in 2m 14s
[INFO] running `Command { std: "docker" "inspect" "cf3ff084b8ec75f9b0ffa0f58cc00d0d3e4cd2ab25ff3270ce2222be58c121fb", kill_on_drop: false }`
[INFO] running `Command { std: "docker" "rm" "-f" "cf3ff084b8ec75f9b0ffa0f58cc00d0d3e4cd2ab25ff3270ce2222be58c121fb", kill_on_drop: false }`
[INFO] [stdout] cf3ff084b8ec75f9b0ffa0f58cc00d0d3e4cd2ab25ff3270ce2222be58c121fb
[INFO] running `Command { std: "docker" "create" "-v" "/var/lib/crater-agent-workspace/builds/worker-7-tc2/target:/opt/rustwide/target:rw,Z" "-v" "/var/lib/crater-agent-workspace/builds/worker-7-tc2/source:/opt/rustwide/workdir:ro,Z" "-v" "/var/lib/crater-agent-workspace/cargo-home:/opt/rustwide/cargo-home:ro,Z" "-v" "/var/lib/crater-agent-workspace/rustup-home:/opt/rustwide/rustup-home:ro,Z" "-e" "SOURCE_DIR=/opt/rustwide/workdir" "-e" "CARGO_TARGET_DIR=/opt/rustwide/target" "-e" "CARGO_INCREMENTAL=0" "-e" "RUST_BACKTRACE=full" "-e" "RUSTFLAGS=--cap-lints=warn" "-e" "RUSTDOCFLAGS=--cap-lints=warn" "-e" "CARGO_HOME=/opt/rustwide/cargo-home" "-e" "RUSTUP_HOME=/opt/rustwide/rustup-home" "-w" "/opt/rustwide/workdir" "-m" "1610612736" "--user" "0:0" "--network" "none" "ghcr.io/rust-lang/crates-build-env/linux@sha256:3959728d45483eb673ba100a951a6b9f5012970368db2a9e08e0ac9b67c8a5ad" "/opt/rustwide/cargo-home/bin/cargo" "+beta-2025-02-28" "test" "--frozen" "--no-run" "--message-format=json", kill_on_drop: false }`
[INFO] [stdout] 1f16cc2e7ac65fd61db8f60af1f7e29e56e220bbdc3c2c0ef41f8137c36a18b6
[INFO] running `Command { std: "docker" "start" "-a" "1f16cc2e7ac65fd61db8f60af1f7e29e56e220bbdc3c2c0ef41f8137c36a18b6", kill_on_drop: false }`
[INFO] [stdout] warning: unused import: `recipe_template_blacklist::RecipeTemplateBlacklist`
[INFO] [stdout]   --> src/templates/recipe_template.rs:12:83
[INFO] [stdout]    |
[INFO] [stdout] 12 | use super::{recipe_flow_template::{ActionType, RecipeFlowTemplateWithDataFields}, recipe_template_blacklist::RecipeTemplateBlacklist};
[INFO] [stdout]    |                                                                                   ^^^^^^^^^^^^^^^^^^^^^^^^^^^^^^^^^^^^^^^^^^^^^^^^^^
[INFO] [stdout]    |
[INFO] [stdout]    = note: `#[warn(unused_imports)]` on by default
[INFO] [stdout] 
[INFO] [stdout] 
[INFO] [stdout] warning: variable does not need to be mutable
[INFO] [stdout]    --> src/graphql/modules/templates/template.rs:236:13
[INFO] [stdout]     |
[INFO] [stdout] 236 |         let mut recipe = get_template_by_id(context, template_id)?;
[INFO] [stdout]     |             ----^^^^^^
[INFO] [stdout]     |             |
[INFO] [stdout]     |             help: remove this `mut`
[INFO] [stdout]     |
[INFO] [stdout]     = note: `#[warn(unused_mut)]` on by default
[INFO] [stdout] 
[INFO] [stdout] 
[INFO] [stdout] warning: associated items `new`, `add_recipe_process_flow`, and `add_output_of` are never used
[INFO] [stdout]    --> src/recipe/process/process.rs:102:12
[INFO] [stdout]     |
[INFO] [stdout] 101 | impl RecipeProcessResponse {
[INFO] [stdout]     | -------------------------- associated items in this implementation
[INFO] [stdout] 102 |     pub fn new(recipe_process: RecipeProcess) -> Self {
[INFO] [stdout]     |            ^^^
[INFO] [stdout] ...
[INFO] [stdout] 114 |     pub fn add_recipe_process_flow(&mut self, recipe_process_flow: RecipeProcessFlowResponse) {
[INFO] [stdout]     |            ^^^^^^^^^^^^^^^^^^^^^^^
[INFO] [stdout] ...
[INFO] [stdout] 118 |     pub fn add_output_of(&mut self, id: Uuid) {
[INFO] [stdout]     |            ^^^^^^^^^^^^^
[INFO] [stdout]     |
[INFO] [stdout]     = note: `#[warn(dead_code)]` on by default
[INFO] [stdout] 
[INFO] [stdout] 
[INFO] [stderr]    Compiling vf v0.1.0 (/opt/rustwide/workdir)
[INFO] [stdout] warning: associated items `new` and `add_data_field` are never used
[INFO] [stdout]   --> src/recipe/process/flow.rs:66:12
[INFO] [stdout]    |
[INFO] [stdout] 65 | impl RecipeProcessFlowResponse {
[INFO] [stdout]    | ------------------------------ associated items in this implementation
[INFO] [stdout] 66 |     pub fn new(recipe_process_flow: RecipeProcessFlow) -> Self {
[INFO] [stdout]    |            ^^^
[INFO] [stdout] ...
[INFO] [stdout] 77 |     pub fn add_data_field(&mut self, data_field: RecipeFlowDataField) {
[INFO] [stdout]    |            ^^^^^^^^^^^^^^
[INFO] [stdout] 
[INFO] [stdout] 
[INFO] [stdout] warning: function `establish_connection_pool` is never used
[INFO] [stdout]  --> src/db/conn.rs:7:8
[INFO] [stdout]   |
[INFO] [stdout] 7 | pub fn establish_connection_pool() -> Pool {
[INFO] [stdout]   |        ^^^^^^^^^^^^^^^^^^^^^^^^^
[INFO] [stdout] 
[INFO] [stdout] 
[INFO] [stdout] warning: function `create_schema` is never used
[INFO] [stdout]  --> src/graphql/schema.rs:8:8
[INFO] [stdout]   |
[INFO] [stdout] 8 | pub fn create_schema() -> Schema {
[INFO] [stdout]   |        ^^^^^^^^^^^^^
[INFO] [stdout] 
[INFO] [stdout] 
[INFO] [stdout] warning: function `start_server` is never used
[INFO] [stdout]   --> src/graphql/handler.rs:32:14
[INFO] [stdout]    |
[INFO] [stdout] 32 | pub async fn start_server(pool: Arc<Pool>) -> std::io::Result<()> {
[INFO] [stdout]    |              ^^^^^^^^^^^^
[INFO] [stdout] 
[INFO] [stdout] 
[INFO] [stdout] warning: unused import: `std::env`
[INFO] [stdout]    --> src/graphql/modules/templates/template.rs:522:9
[INFO] [stdout]     |
[INFO] [stdout] 522 |     use std::env;
[INFO] [stdout]     |         ^^^^^^^^
[INFO] [stdout]     |
[INFO] [stdout]     = note: `#[warn(unused_imports)]` on by default
[INFO] [stdout] 
[INFO] [stdout] 
[INFO] [stdout] warning: unused import: `diesel::prelude::*`
[INFO] [stdout]    --> src/graphql/modules/templates/template.rs:525:9
[INFO] [stdout]     |
[INFO] [stdout] 525 |     use diesel::prelude::*;
[INFO] [stdout]     |         ^^^^^^^^^^^^^^^^^^
[INFO] [stdout] 
[INFO] [stdout] 
[INFO] [stdout] warning: unused import: `recipe_template_blacklist::RecipeTemplateBlacklist`
[INFO] [stdout]   --> src/templates/recipe_template.rs:12:83
[INFO] [stdout]    |
[INFO] [stdout] 12 | use super::{recipe_flow_template::{ActionType, RecipeFlowTemplateWithDataFields}, recipe_template_blacklist::RecipeTemplateBlacklist};
[INFO] [stdout]    |                                                                                   ^^^^^^^^^^^^^^^^^^^^^^^^^^^^^^^^^^^^^^^^^^^^^^^^^^
[INFO] [stdout] 
[INFO] [stdout] 
[INFO] [stdout] warning: unused import: `std::env`
[INFO] [stdout]    --> src/graphql/modules/templates/template.rs:522:9
[INFO] [stdout]     |
[INFO] [stdout] 522 |     use std::env;
[INFO] [stdout]     |         ^^^^^^^^
[INFO] [stdout]     |
[INFO] [stdout]     = note: `#[warn(unused_imports)]` on by default
[INFO] [stdout] 
[INFO] [stdout] 
[INFO] [stdout] warning: unused import: `diesel::prelude::*`
[INFO] [stdout]    --> src/graphql/modules/templates/template.rs:525:9
[INFO] [stdout]     |
[INFO] [stdout] 525 |     use diesel::prelude::*;
[INFO] [stdout]     |         ^^^^^^^^^^^^^^^^^^
[INFO] [stdout] 
[INFO] [stdout] 
[INFO] [stdout] warning: unused import: `recipe_template_blacklist::RecipeTemplateBlacklist`
[INFO] [stdout]   --> src/templates/recipe_template.rs:12:83
[INFO] [stdout]    |
[INFO] [stdout] 12 | use super::{recipe_flow_template::{ActionType, RecipeFlowTemplateWithDataFields}, recipe_template_blacklist::RecipeTemplateBlacklist};
[INFO] [stdout]    |                                                                                   ^^^^^^^^^^^^^^^^^^^^^^^^^^^^^^^^^^^^^^^^^^^^^^^^^^
[INFO] [stdout] 
[INFO] [stdout] 
[INFO] [stdout] warning: variable does not need to be mutable
[INFO] [stdout]    --> src/graphql/modules/templates/template.rs:236:13
[INFO] [stdout]     |
[INFO] [stdout] 236 |         let mut recipe = get_template_by_id(context, template_id)?;
[INFO] [stdout]     |             ----^^^^^^
[INFO] [stdout]     |             |
[INFO] [stdout]     |             help: remove this `mut`
[INFO] [stdout]     |
[INFO] [stdout]     = note: `#[warn(unused_mut)]` on by default
[INFO] [stdout] 
[INFO] [stdout] 
[INFO] [stdout] warning: variable does not need to be mutable
[INFO] [stdout]    --> src/graphql/modules/templates/template.rs:236:13
[INFO] [stdout]     |
[INFO] [stdout] 236 |         let mut recipe = get_template_by_id(context, template_id)?;
[INFO] [stdout]     |             ----^^^^^^
[INFO] [stdout]     |             |
[INFO] [stdout]     |             help: remove this `mut`
[INFO] [stdout]     |
[INFO] [stdout]     = note: `#[warn(unused_mut)]` on by default
[INFO] [stdout] 
[INFO] [stdout] 
[INFO] [stdout] warning: associated items `new`, `add_recipe_process_flow`, and `add_output_of` are never used
[INFO] [stdout]    --> src/recipe/process/process.rs:102:12
[INFO] [stdout]     |
[INFO] [stdout] 101 | impl RecipeProcessResponse {
[INFO] [stdout]     | -------------------------- associated items in this implementation
[INFO] [stdout] 102 |     pub fn new(recipe_process: RecipeProcess) -> Self {
[INFO] [stdout]     |            ^^^
[INFO] [stdout] ...
[INFO] [stdout] 114 |     pub fn add_recipe_process_flow(&mut self, recipe_process_flow: RecipeProcessFlowResponse) {
[INFO] [stdout]     |            ^^^^^^^^^^^^^^^^^^^^^^^
[INFO] [stdout] ...
[INFO] [stdout] 118 |     pub fn add_output_of(&mut self, id: Uuid) {
[INFO] [stdout]     |            ^^^^^^^^^^^^^
[INFO] [stdout]     |
[INFO] [stdout]     = note: `#[warn(dead_code)]` on by default
[INFO] [stdout] 
[INFO] [stdout] 
[INFO] [stdout] warning: associated items `new` and `add_data_field` are never used
[INFO] [stdout]   --> src/recipe/process/flow.rs:66:12
[INFO] [stdout]    |
[INFO] [stdout] 65 | impl RecipeProcessFlowResponse {
[INFO] [stdout]    | ------------------------------ associated items in this implementation
[INFO] [stdout] 66 |     pub fn new(recipe_process_flow: RecipeProcessFlow) -> Self {
[INFO] [stdout]    |            ^^^
[INFO] [stdout] ...
[INFO] [stdout] 77 |     pub fn add_data_field(&mut self, data_field: RecipeFlowDataField) {
[INFO] [stdout]    |            ^^^^^^^^^^^^^^
[INFO] [stdout] 
[INFO] [stdout] 
[INFO] [stdout] warning: function `establish_connection_pool` is never used
[INFO] [stdout]  --> src/db/conn.rs:7:8
[INFO] [stdout]   |
[INFO] [stdout] 7 | pub fn establish_connection_pool() -> Pool {
[INFO] [stdout]   |        ^^^^^^^^^^^^^^^^^^^^^^^^^
[INFO] [stdout] 
[INFO] [stdout] 
[INFO] [stdout] warning: function `create_schema` is never used
[INFO] [stdout]  --> src/graphql/schema.rs:8:8
[INFO] [stdout]   |
[INFO] [stdout] 8 | pub fn create_schema() -> Schema {
[INFO] [stdout]   |        ^^^^^^^^^^^^^
[INFO] [stdout] 
[INFO] [stdout] 
[INFO] [stdout] warning: function `start_server` is never used
[INFO] [stdout]   --> src/graphql/handler.rs:32:14
[INFO] [stdout]    |
[INFO] [stdout] 32 | pub async fn start_server(pool: Arc<Pool>) -> std::io::Result<()> {
[INFO] [stdout]    |              ^^^^^^^^^^^^
[INFO] [stdout] 
[INFO] [stdout] 
[INFO] [stdout] warning: associated items `new`, `add_recipe_process_flow`, and `add_output_of` are never used
[INFO] [stdout]    --> src/recipe/process/process.rs:102:12
[INFO] [stdout]     |
[INFO] [stdout] 101 | impl RecipeProcessResponse {
[INFO] [stdout]     | -------------------------- associated items in this implementation
[INFO] [stdout] 102 |     pub fn new(recipe_process: RecipeProcess) -> Self {
[INFO] [stdout]     |            ^^^
[INFO] [stdout] ...
[INFO] [stdout] 114 |     pub fn add_recipe_process_flow(&mut self, recipe_process_flow: RecipeProcessFlowResponse) {
[INFO] [stdout]     |            ^^^^^^^^^^^^^^^^^^^^^^^
[INFO] [stdout] ...
[INFO] [stdout] 118 |     pub fn add_output_of(&mut self, id: Uuid) {
[INFO] [stdout]     |            ^^^^^^^^^^^^^
[INFO] [stdout]     |
[INFO] [stdout]     = note: `#[warn(dead_code)]` on by default
[INFO] [stdout] 
[INFO] [stdout] 
[INFO] [stdout] warning: associated items `new` and `add_data_field` are never used
[INFO] [stdout]   --> src/recipe/process/flow.rs:66:12
[INFO] [stdout]    |
[INFO] [stdout] 65 | impl RecipeProcessFlowResponse {
[INFO] [stdout]    | ------------------------------ associated items in this implementation
[INFO] [stdout] 66 |     pub fn new(recipe_process_flow: RecipeProcessFlow) -> Self {
[INFO] [stdout]    |            ^^^
[INFO] [stdout] ...
[INFO] [stdout] 77 |     pub fn add_data_field(&mut self, data_field: RecipeFlowDataField) {
[INFO] [stdout]    |            ^^^^^^^^^^^^^^
[INFO] [stdout] 
[INFO] [stdout] 
[INFO] [stderr]     Finished `test` profile [unoptimized + debuginfo] target(s) in 11.43s
[INFO] running `Command { std: "docker" "inspect" "1f16cc2e7ac65fd61db8f60af1f7e29e56e220bbdc3c2c0ef41f8137c36a18b6", kill_on_drop: false }`
[INFO] running `Command { std: "docker" "rm" "-f" "1f16cc2e7ac65fd61db8f60af1f7e29e56e220bbdc3c2c0ef41f8137c36a18b6", kill_on_drop: false }`
[INFO] [stdout] 1f16cc2e7ac65fd61db8f60af1f7e29e56e220bbdc3c2c0ef41f8137c36a18b6
[INFO] running `Command { std: "docker" "create" "-v" "/var/lib/crater-agent-workspace/builds/worker-7-tc2/target:/opt/rustwide/target:rw,Z" "-v" "/var/lib/crater-agent-workspace/builds/worker-7-tc2/source:/opt/rustwide/workdir:ro,Z" "-v" "/var/lib/crater-agent-workspace/cargo-home:/opt/rustwide/cargo-home:ro,Z" "-v" "/var/lib/crater-agent-workspace/rustup-home:/opt/rustwide/rustup-home:ro,Z" "-e" "SOURCE_DIR=/opt/rustwide/workdir" "-e" "CARGO_TARGET_DIR=/opt/rustwide/target" "-e" "CARGO_INCREMENTAL=0" "-e" "RUST_BACKTRACE=full" "-e" "RUSTFLAGS=--cap-lints=warn" "-e" "RUSTDOCFLAGS=--cap-lints=warn" "-e" "CARGO_HOME=/opt/rustwide/cargo-home" "-e" "RUSTUP_HOME=/opt/rustwide/rustup-home" "-w" "/opt/rustwide/workdir" "-m" "1610612736" "--user" "0:0" "--network" "none" "ghcr.io/rust-lang/crates-build-env/linux@sha256:3959728d45483eb673ba100a951a6b9f5012970368db2a9e08e0ac9b67c8a5ad" "/opt/rustwide/cargo-home/bin/cargo" "+beta-2025-02-28" "test" "--frozen", kill_on_drop: false }`
[INFO] [stdout] c7620d4a3625c9816b592f14ce8d09cadea7127bbef314febfc294fbb29f3609
[INFO] running `Command { std: "docker" "start" "-a" "c7620d4a3625c9816b592f14ce8d09cadea7127bbef314febfc294fbb29f3609", kill_on_drop: false }`
[INFO] [stderr] warning: unused import: `recipe_template_blacklist::RecipeTemplateBlacklist`
[INFO] [stderr]   --> src/templates/recipe_template.rs:12:83
[INFO] [stderr]    |
[INFO] [stderr] 12 | use super::{recipe_flow_template::{ActionType, RecipeFlowTemplateWithDataFields}, recipe_template_blacklist::RecipeTemplateBlacklist};
[INFO] [stderr]    |                                                                                   ^^^^^^^^^^^^^^^^^^^^^^^^^^^^^^^^^^^^^^^^^^^^^^^^^^
[INFO] [stderr]    |
[INFO] [stderr]    = note: `#[warn(unused_imports)]` on by default
[INFO] [stderr] 
[INFO] [stderr] warning: variable does not need to be mutable
[INFO] [stderr]    --> src/graphql/modules/templates/template.rs:236:13
[INFO] [stderr]     |
[INFO] [stderr] 236 |         let mut recipe = get_template_by_id(context, template_id)?;
[INFO] [stderr]     |             ----^^^^^^
[INFO] [stderr]     |             |
[INFO] [stderr]     |             help: remove this `mut`
[INFO] [stderr]     |
[INFO] [stderr]     = note: `#[warn(unused_mut)]` on by default
[INFO] [stderr] 
[INFO] [stderr] warning: associated items `new`, `add_recipe_process_flow`, and `add_output_of` are never used
[INFO] [stderr]    --> src/recipe/process/process.rs:102:12
[INFO] [stderr]     |
[INFO] [stderr] 101 | impl RecipeProcessResponse {
[INFO] [stderr]     | -------------------------- associated items in this implementation
[INFO] [stderr] 102 |     pub fn new(recipe_process: RecipeProcess) -> Self {
[INFO] [stderr]     |            ^^^
[INFO] [stderr] ...
[INFO] [stderr] 114 |     pub fn add_recipe_process_flow(&mut self, recipe_process_flow: RecipeProcessFlowResponse) {
[INFO] [stderr]     |            ^^^^^^^^^^^^^^^^^^^^^^^
[INFO] [stderr] ...
[INFO] [stderr] 118 |     pub fn add_output_of(&mut self, id: Uuid) {
[INFO] [stderr]     |            ^^^^^^^^^^^^^
[INFO] [stderr]     |
[INFO] [stderr]     = note: `#[warn(dead_code)]` on by default
[INFO] [stderr] 
[INFO] [stderr] warning: associated items `new` and `add_data_field` are never used
[INFO] [stderr]   --> src/recipe/process/flow.rs:66:12
[INFO] [stderr]    |
[INFO] [stderr] 65 | impl RecipeProcessFlowResponse {
[INFO] [stderr]    | ------------------------------ associated items in this implementation
[INFO] [stderr] 66 |     pub fn new(recipe_process_flow: RecipeProcessFlow) -> Self {
[INFO] [stderr]    |            ^^^
[INFO] [stderr] ...
[INFO] [stderr] 77 |     pub fn add_data_field(&mut self, data_field: RecipeFlowDataField) {
[INFO] [stderr]    |            ^^^^^^^^^^^^^^
[INFO] [stderr] 
[INFO] [stderr] warning: function `establish_connection_pool` is never used
[INFO] [stderr]  --> src/db/conn.rs:7:8
[INFO] [stderr]   |
[INFO] [stderr] 7 | pub fn establish_connection_pool() -> Pool {
[INFO] [stderr]   |        ^^^^^^^^^^^^^^^^^^^^^^^^^
[INFO] [stderr] 
[INFO] [stderr] warning: function `create_schema` is never used
[INFO] [stderr]  --> src/graphql/schema.rs:8:8
[INFO] [stderr]   |
[INFO] [stderr] 8 | pub fn create_schema() -> Schema {
[INFO] [stderr]   |        ^^^^^^^^^^^^^
[INFO] [stderr] 
[INFO] [stderr] warning: function `start_server` is never used
[INFO] [stderr]   --> src/graphql/handler.rs:32:14
[INFO] [stderr]    |
[INFO] [stderr] 32 | pub async fn start_server(pool: Arc<Pool>) -> std::io::Result<()> {
[INFO] [stderr]    |              ^^^^^^^^^^^^
[INFO] [stderr] 
[INFO] [stderr] warning: unused import: `std::env`
[INFO] [stderr]    --> src/graphql/modules/templates/template.rs:522:9
[INFO] [stderr]     |
[INFO] [stderr] 522 |     use std::env;
[INFO] [stderr]     |         ^^^^^^^^
[INFO] [stderr]     |
[INFO] [stderr]     = note: `#[warn(unused_imports)]` on by default
[INFO] [stderr] 
[INFO] [stderr] warning: unused import: `diesel::prelude::*`
[INFO] [stderr]    --> src/graphql/modules/templates/template.rs:525:9
[INFO] [stderr]     |
[INFO] [stderr] 525 |     use diesel::prelude::*;
[INFO] [stderr]     |         ^^^^^^^^^^^^^^^^^^
[INFO] [stderr] 
[INFO] [stderr] warning: unused import: `recipe_template_blacklist::RecipeTemplateBlacklist`
[INFO] [stderr]   --> src/templates/recipe_template.rs:12:83
[INFO] [stderr]    |
[INFO] [stderr] 12 | use super::{recipe_flow_template::{ActionType, RecipeFlowTemplateWithDataFields}, recipe_template_blacklist::RecipeTemplateBlacklist};
[INFO] [stderr]    |                                                                                   ^^^^^^^^^^^^^^^^^^^^^^^^^^^^^^^^^^^^^^^^^^^^^^^^^^
[INFO] [stderr] 
[INFO] [stderr] warning: `vf` (lib) generated 7 warnings (run `cargo fix --lib -p vf` to apply 2 suggestions)
[INFO] [stderr] warning: `vf` (lib test) generated 9 warnings (6 duplicates) (run `cargo fix --lib -p vf --tests` to apply 3 suggestions)
[INFO] [stderr] warning: `vf` (bin "vf" test) generated 6 warnings (6 duplicates)
[INFO] [stderr]     Finished `test` profile [unoptimized + debuginfo] target(s) in 0.12s
[INFO] [stderr]      Running unittests src/lib.rs (/opt/rustwide/target/debug/deps/vf-6875c405497c70ec)
[INFO] [stdout] 
[INFO] [stdout] running 1 test
[INFO] [stdout] test graphql::modules::templates::template::tests::logic_delete ... FAILED
[INFO] [stdout] 
[INFO] [stdout] failures:
[INFO] [stdout] 
[INFO] [stdout] ---- graphql::modules::templates::template::tests::logic_delete stdout ----
[INFO] [stdout] 
[INFO] [stdout] thread 'graphql::modules::templates::template::tests::logic_delete' panicked at src/graphql/modules/templates/template.rs:542:14:
[INFO] [stdout] Failed to create pool.: Error(Some("connection to server at \"localhost\" (::1), port 5432 failed: Connection refused\n\tIs the server running on that host and accepting TCP/IP connections?\nconnection to server at \"localhost\" (127.0.0.1), port 5432 failed: Connection refused\n\tIs the server running on that host and accepting TCP/IP connections?\n"))
[INFO] [stdout] stack backtrace:
[INFO] [stdout]    0:     0x5df7640f8760 - std::backtrace_rs::backtrace::libunwind::trace::hbdc173d6b02f109a
[INFO] [stdout]                                at /rustc/42212a5c45ab623e38a36a74ea288a2b0277b911/library/std/src/../../backtrace/src/backtrace/libunwind.rs:117:9
[INFO] [stdout]    1:     0x5df7640f8760 - std::backtrace_rs::backtrace::trace_unsynchronized::hbf2455cd8fabe77b
[INFO] [stdout]                                at /rustc/42212a5c45ab623e38a36a74ea288a2b0277b911/library/std/src/../../backtrace/src/backtrace/mod.rs:66:14
[INFO] [stdout]    2:     0x5df7640f8760 - std::sys::backtrace::_print_fmt::h310d04dbb3341536
[INFO] [stdout]                                at /rustc/42212a5c45ab623e38a36a74ea288a2b0277b911/library/std/src/sys/backtrace.rs:66:9
[INFO] [stdout]    3:     0x5df7640f8760 - <std::sys::backtrace::BacktraceLock::print::DisplayBacktrace as core::fmt::Display>::fmt::h109c0a3e31db436f
[INFO] [stdout]                                at /rustc/42212a5c45ab623e38a36a74ea288a2b0277b911/library/std/src/sys/backtrace.rs:39:26
[INFO] [stdout]    4:     0x5df76411ee93 - core::fmt::rt::Argument::fmt::hd720e0c1f088b034
[INFO] [stdout]                                at /rustc/42212a5c45ab623e38a36a74ea288a2b0277b911/library/core/src/fmt/rt.rs:177:76
[INFO] [stdout]    5:     0x5df76411ee93 - core::fmt::write::hd3671829af6364f1
[INFO] [stdout]                                at /rustc/42212a5c45ab623e38a36a74ea288a2b0277b911/library/core/src/fmt/mod.rs:1449:21
[INFO] [stdout]    6:     0x5df7640f59b3 - std::io::Write::write_fmt::hb8a67d04d85c214e
[INFO] [stdout]                                at /rustc/42212a5c45ab623e38a36a74ea288a2b0277b911/library/std/src/io/mod.rs:1890:15
[INFO] [stdout]    7:     0x5df7640f85b2 - std::sys::backtrace::BacktraceLock::print::h0c74b492af7c203e
[INFO] [stdout]                                at /rustc/42212a5c45ab623e38a36a74ea288a2b0277b911/library/std/src/sys/backtrace.rs:42:9
[INFO] [stdout]    8:     0x5df7640f9b8f - std::panicking::default_hook::{{closure}}::ha3187647a2c71f3f
[INFO] [stdout]                                at /rustc/42212a5c45ab623e38a36a74ea288a2b0277b911/library/std/src/panicking.rs:298:22
[INFO] [stdout]    9:     0x5df7640f99a8 - std::panicking::default_hook::hd30ec41e71bae477
[INFO] [stdout]                                at /rustc/42212a5c45ab623e38a36a74ea288a2b0277b911/library/std/src/panicking.rs:322:9
[INFO] [stdout]   10:     0x5df764064b25 - <alloc::boxed::Box<F,A> as core::ops::function::Fn<Args>>::call::h820f658ddaf0181b
[INFO] [stdout]                                at /rustc/42212a5c45ab623e38a36a74ea288a2b0277b911/library/alloc/src/boxed.rs:1990:9
[INFO] [stdout]   11:     0x5df764064b25 - test::test_main::{{closure}}::hbb4df7f5323acfb7
[INFO] [stdout]                                at /rustc/42212a5c45ab623e38a36a74ea288a2b0277b911/library/test/src/lib.rs:135:21
[INFO] [stdout]   12:     0x5df7640fa603 - <alloc::boxed::Box<F,A> as core::ops::function::Fn<Args>>::call::hb0f28446cb5c48d4
[INFO] [stdout]                                at /rustc/42212a5c45ab623e38a36a74ea288a2b0277b911/library/alloc/src/boxed.rs:1990:9
[INFO] [stdout]   13:     0x5df7640fa603 - std::panicking::rust_panic_with_hook::h27266a0abed10aa3
[INFO] [stdout]                                at /rustc/42212a5c45ab623e38a36a74ea288a2b0277b911/library/std/src/panicking.rs:839:13
[INFO] [stdout]   14:     0x5df7640fa2da - std::panicking::begin_panic_handler::{{closure}}::h3b855edddb50a621
[INFO] [stdout]                                at /rustc/42212a5c45ab623e38a36a74ea288a2b0277b911/library/std/src/panicking.rs:704:13
[INFO] [stdout]   15:     0x5df7640f8c79 - std::sys::backtrace::__rust_end_short_backtrace::hd74a78f3727f3f2f
[INFO] [stdout]                                at /rustc/42212a5c45ab623e38a36a74ea288a2b0277b911/library/std/src/sys/backtrace.rs:168:18
[INFO] [stdout]   16:     0x5df7640f9f6d - rust_begin_unwind
[INFO] [stdout]                                at /rustc/42212a5c45ab623e38a36a74ea288a2b0277b911/library/std/src/panicking.rs:695:5
[INFO] [stdout]   17:     0x5df763ff6cf0 - core::panicking::panic_fmt::hfb8006ac977ca2c2
[INFO] [stdout]                                at /rustc/42212a5c45ab623e38a36a74ea288a2b0277b911/library/core/src/panicking.rs:75:14
[INFO] [stdout]   18:     0x5df763ff7166 - core::result::unwrap_failed::h0f2a4ebb099b60a5
[INFO] [stdout]                                at /rustc/42212a5c45ab623e38a36a74ea288a2b0277b911/library/core/src/result.rs:1704:5
[INFO] [stdout]   19:     0x5df763ff802a - core::result::Result<T,E>::expect::h52add45ee343fbf2
[INFO] [stdout]                                at /rustc/42212a5c45ab623e38a36a74ea288a2b0277b911/library/core/src/result.rs:1061:23
[INFO] [stdout]   20:     0x5df764024a9e - vf::graphql::modules::templates::template::tests::get_test_pool::hfa8ddf5f92eac0b4
[INFO] [stdout]                                at /opt/rustwide/workdir/src/graphql/modules/templates/template.rs:540:9
[INFO] [stdout]   21:     0x5df764024c9c - vf::graphql::modules::templates::template::tests::logic_delete::ha2e89a0fa3e75fdb
[INFO] [stdout]                                at /opt/rustwide/workdir/src/graphql/modules/templates/template.rs:548:20
[INFO] [stdout]   22:     0x5df764024c77 - vf::graphql::modules::templates::template::tests::logic_delete::{{closure}}::h806870e2fbfa012e
[INFO] [stdout]                                at /opt/rustwide/workdir/src/graphql/modules/templates/template.rs:546:22
[INFO] [stdout]   23:     0x5df764028ae6 - core::ops::function::FnOnce::call_once::hb8015fdadf1e5d27
[INFO] [stdout]                                at /rustc/42212a5c45ab623e38a36a74ea288a2b0277b911/library/core/src/ops/function.rs:250:5
[INFO] [stdout]   24:     0x5df76406a28b - core::ops::function::FnOnce::call_once::hfc980b37ee564fd5
[INFO] [stdout]                                at /rustc/42212a5c45ab623e38a36a74ea288a2b0277b911/library/core/src/ops/function.rs:250:5
[INFO] [stdout]   25:     0x5df76406a28b - test::__rust_begin_short_backtrace::h368b4ea047339665
[INFO] [stdout]                                at /rustc/42212a5c45ab623e38a36a74ea288a2b0277b911/library/test/src/lib.rs:637:18
[INFO] [stdout]   26:     0x5df764069198 - test::run_test_in_process::{{closure}}::hc337d402eb5d3b20
[INFO] [stdout]                                at /rustc/42212a5c45ab623e38a36a74ea288a2b0277b911/library/test/src/lib.rs:660:60
[INFO] [stdout]   27:     0x5df764069198 - <core::panic::unwind_safe::AssertUnwindSafe<F> as core::ops::function::FnOnce<()>>::call_once::h784eea0510033d16
[INFO] [stdout]                                at /rustc/42212a5c45ab623e38a36a74ea288a2b0277b911/library/core/src/panic/unwind_safe.rs:272:9
[INFO] [stdout]   28:     0x5df764069198 - std::panicking::try::do_call::h4ac543f5ac9f601e
[INFO] [stdout]                                at /rustc/42212a5c45ab623e38a36a74ea288a2b0277b911/library/std/src/panicking.rs:587:40
[INFO] [stdout]   29:     0x5df764069198 - std::panicking::try::h7cd25d12e6b32f31
[INFO] [stdout]                                at /rustc/42212a5c45ab623e38a36a74ea288a2b0277b911/library/std/src/panicking.rs:550:19
[INFO] [stdout]   30:     0x5df764069198 - std::panic::catch_unwind::h9241e8b503f17ed6
[INFO] [stdout]                                at /rustc/42212a5c45ab623e38a36a74ea288a2b0277b911/library/std/src/panic.rs:358:14
[INFO] [stdout]   31:     0x5df764069198 - test::run_test_in_process::h9d79244bd07cbf67
[INFO] [stdout]                                at /rustc/42212a5c45ab623e38a36a74ea288a2b0277b911/library/test/src/lib.rs:660:27
[INFO] [stdout]   32:     0x5df764069198 - test::run_test::{{closure}}::h8956dbf4000fc27f
[INFO] [stdout]                                at /rustc/42212a5c45ab623e38a36a74ea288a2b0277b911/library/test/src/lib.rs:581:43
[INFO] [stdout]   33:     0x5df76402d155 - test::run_test::{{closure}}::h85a46de4136d4def
[INFO] [stdout]                                at /rustc/42212a5c45ab623e38a36a74ea288a2b0277b911/library/test/src/lib.rs:611:41
[INFO] [stdout]   34:     0x5df76402d155 - std::sys::backtrace::__rust_begin_short_backtrace::h9975729e3d3e75dd
[INFO] [stdout]                                at /rustc/42212a5c45ab623e38a36a74ea288a2b0277b911/library/std/src/sys/backtrace.rs:152:18
[INFO] [stdout]   35:     0x5df764030aca - std::thread::Builder::spawn_unchecked_::{{closure}}::{{closure}}::hc76cda43ecf21eb7
[INFO] [stdout]                                at /rustc/42212a5c45ab623e38a36a74ea288a2b0277b911/library/std/src/thread/mod.rs:559:17
[INFO] [stdout]   36:     0x5df764030aca - <core::panic::unwind_safe::AssertUnwindSafe<F> as core::ops::function::FnOnce<()>>::call_once::h3a15156e6031d8d5
[INFO] [stdout]                                at /rustc/42212a5c45ab623e38a36a74ea288a2b0277b911/library/core/src/panic/unwind_safe.rs:272:9
[INFO] [stdout]   37:     0x5df764030aca - std::panicking::try::do_call::hd3fff24e2b851346
[INFO] [stdout]                                at /rustc/42212a5c45ab623e38a36a74ea288a2b0277b911/library/std/src/panicking.rs:587:40
[INFO] [stdout]   38:     0x5df764030aca - std::panicking::try::h4f63a178c8d2fcee
[INFO] [stdout]                                at /rustc/42212a5c45ab623e38a36a74ea288a2b0277b911/library/std/src/panicking.rs:550:19
[INFO] [stdout]   39:     0x5df764030aca - std::panic::catch_unwind::ha465bcd87c32e925
[INFO] [stdout]                                at /rustc/42212a5c45ab623e38a36a74ea288a2b0277b911/library/std/src/panic.rs:358:14
[INFO] [stdout]   40:     0x5df764030aca - std::thread::Builder::spawn_unchecked_::{{closure}}::hb5abd0121f0c5f39
[INFO] [stdout]                                at /rustc/42212a5c45ab623e38a36a74ea288a2b0277b911/library/std/src/thread/mod.rs:557:30
[INFO] [stdout]   41:     0x5df764030aca - core::ops::function::FnOnce::call_once{{vtable.shim}}::h004882719769312d
[INFO] [stdout]                                at /rustc/42212a5c45ab623e38a36a74ea288a2b0277b911/library/core/src/ops/function.rs:250:5
[INFO] [stdout]   42:     0x5df7640fe34b - <alloc::boxed::Box<F,A> as core::ops::function::FnOnce<Args>>::call_once::h7c6d7f466cecdb42
[INFO] [stdout]                                at /rustc/42212a5c45ab623e38a36a74ea288a2b0277b911/library/alloc/src/boxed.rs:1976:9
[INFO] [stdout]   43:     0x5df7640fe34b - <alloc::boxed::Box<F,A> as core::ops::function::FnOnce<Args>>::call_once::had600e8c8715c12c
[INFO] [stdout]                                at /rustc/42212a5c45ab623e38a36a74ea288a2b0277b911/library/alloc/src/boxed.rs:1976:9
[INFO] [stdout]   44:     0x5df7640fe34b - std::sys::pal::unix::thread::Thread::new::thread_start::h671b94df33d4fdac
[INFO] [stdout]                                at /rustc/42212a5c45ab623e38a36a74ea288a2b0277b911/library/std/src/sys/pal/unix/thread.rs:106:17
[INFO] [stdout]   45:     0x73bcc8208ac3 - <unknown>
[INFO] [stdout]   46:     0x73bcc8299a04 - clone
[INFO] [stdout]   47:                0x0 - <unknown>
[INFO] [stdout] 
[INFO] [stdout] 
[INFO] [stdout] failures:
[INFO] [stdout]     graphql::modules::templates::template::tests::logic_delete
[INFO] [stdout] 
[INFO] [stdout] test result: FAILED. 0 passed; 1 failed; 0 ignored; 0 measured; 0 filtered out; finished in 30.05s
[INFO] [stdout] 
[INFO] [stderr] error: test failed, to rerun pass `--lib`
[INFO] running `Command { std: "docker" "inspect" "c7620d4a3625c9816b592f14ce8d09cadea7127bbef314febfc294fbb29f3609", kill_on_drop: false }`
[INFO] running `Command { std: "docker" "rm" "-f" "c7620d4a3625c9816b592f14ce8d09cadea7127bbef314febfc294fbb29f3609", kill_on_drop: false }`
[INFO] [stdout] c7620d4a3625c9816b592f14ce8d09cadea7127bbef314febfc294fbb29f3609
