[INFO] fetching crate summon-client-sdk 0.1.78...
[INFO] testing summon-client-sdk-0.1.78 against 1.85.0 for beta-1.86-3
[INFO] extracting crate summon-client-sdk 0.1.78 into /workspace/builds/worker-3-tc1/source
[INFO] validating manifest of crates.io crate summon-client-sdk 0.1.78 on toolchain 1.85.0
[INFO] running `Command { std: CARGO_HOME="/workspace/cargo-home" RUSTUP_HOME="/workspace/rustup-home" "/workspace/cargo-home/bin/cargo" "+1.85.0" "metadata" "--manifest-path" "Cargo.toml" "--no-deps", kill_on_drop: false }`
[INFO] started tweaking crates.io crate summon-client-sdk 0.1.78
[INFO] finished tweaking crates.io crate summon-client-sdk 0.1.78
[INFO] tweaked toml for crates.io crate summon-client-sdk 0.1.78 written to /workspace/builds/worker-3-tc1/source/Cargo.toml
[INFO] running `Command { std: CARGO_HOME="/workspace/cargo-home" RUSTUP_HOME="/workspace/rustup-home" "/workspace/cargo-home/bin/cargo" "+1.85.0" "generate-lockfile" "--manifest-path" "Cargo.toml", kill_on_drop: false }`
[INFO] [stderr]     Updating crates.io index
[INFO] [stderr]      Locking 106 packages to latest compatible versions
[INFO] [stderr]       Adding base64 v0.21.7 (available: v0.22.1)
[INFO] [stderr]       Adding cardano-multiplatform-lib v3.1.3 (available: v6.1.0)
[INFO] [stderr]       Adding iana-time-zone v0.1.60 (available: v0.1.61)
[INFO] [stderr]       Adding js-sys v0.3.59 (available: v0.3.77)
[INFO] [stderr]       Adding serde-wasm-bindgen v0.4.5 (available: v0.6.5)
[INFO] [stderr]       Adding wasm-bindgen v0.2.83 (available: v0.2.100)
[INFO] [stderr]       Adding wasm-bindgen-backend v0.2.83 (available: v0.2.100)
[INFO] [stderr]       Adding wasm-bindgen-macro v0.2.83 (available: v0.2.100)
[INFO] [stderr]       Adding wasm-bindgen-macro-support v0.2.83 (available: v0.2.100)
[INFO] [stderr]       Adding wasm-bindgen-shared v0.2.83 (available: v0.2.100)
[INFO] running `Command { std: CARGO_HOME="/workspace/cargo-home" RUSTUP_HOME="/workspace/rustup-home" "/workspace/cargo-home/bin/cargo" "+1.85.0" "fetch" "--manifest-path" "Cargo.toml", kill_on_drop: false }`
[INFO] [stderr]  Downloading crates ...
[INFO] [stderr]   Downloaded windows-link v0.1.0
[INFO] [stderr]   Downloaded windows-targets v0.52.6
[INFO] [stderr]   Downloaded noop_proc_macro v0.3.0
[INFO] [stderr]   Downloaded digest v0.6.1
[INFO] [stderr]   Downloaded fuchsia-cprng v0.1.1
[INFO] [stderr]   Downloaded base64-url v1.4.13
[INFO] [stderr]   Downloaded byteorder v1.5.0
[INFO] [stderr]   Downloaded nodrop v0.1.14
[INFO] [stderr]   Downloaded clear_on_drop v0.2.5
[INFO] [stderr]   Downloaded generic-array v0.8.4
[INFO] [stderr]   Downloaded iana-time-zone v0.1.60
[INFO] [stderr]   Downloaded num v0.2.1
[INFO] [stderr]   Downloaded ed25519-bip32 v0.4.1
[INFO] [stderr]   Downloaded pruefung v0.2.1
[INFO] [stderr]   Downloaded cbor_event v2.4.0
[INFO] [stderr]   Downloaded base64 v0.21.7
[INFO] [stderr]   Downloaded num-bigint v0.4.6
[INFO] [stderr]   Downloaded typenum v1.18.0
[INFO] [stderr]   Downloaded cryptoxide v0.3.6
[INFO] [stderr]   Downloaded serde_json v1.0.139
[INFO] [stderr]   Downloaded zerocopy v0.7.35
[INFO] [stderr]   Downloaded bumpalo v3.17.0
[INFO] [stderr]   Downloaded cryptoxide v0.4.4
[INFO] [stderr]   Downloaded chrono v0.4.40
[INFO] [stderr]   Downloaded num-bigint v0.2.6
[INFO] [stderr]   Downloaded fraction v0.10.0
[INFO] [stderr]   Downloaded schemars v0.8.22
[INFO] [stderr]   Downloaded num-traits v0.2.19
[INFO] [stderr]   Downloaded serde_derive v1.0.218
[INFO] [stderr]   Downloaded num-iter v0.1.45
[INFO] [stderr]   Downloaded ppv-lite86 v0.2.20
[INFO] [stderr]   Downloaded getrandom v0.2.15
[INFO] [stderr]   Downloaded serde_derive_internals v0.29.1
[INFO] [stderr]   Downloaded sha2 v0.10.8
[INFO] [stderr]   Downloaded windows-core v0.52.0
[INFO] [stderr]   Downloaded windows_aarch64_gnullvm v0.52.6
[INFO] [stderr]   Downloaded windows_i686_gnullvm v0.52.6
[INFO] [stderr]   Downloaded windows_x86_64_gnullvm v0.52.6
[INFO] [stderr]   Downloaded cardano-message-signing v1.0.1
[INFO] [stderr]   Downloaded num-integer v0.1.46
[INFO] [stderr]   Downloaded zerocopy-derive v0.7.35
[INFO] [stderr]   Downloaded schemars_derive v0.8.22
[INFO] [stderr]   Downloaded core-foundation-sys v0.8.7
[INFO] [stderr]   Downloaded either v1.14.0
[INFO] [stderr]   Downloaded linked-hash-map v0.5.6
[INFO] [stderr]   Downloaded cloudabi v0.0.3
[INFO] [stderr]   Downloaded rand_core v0.4.2
[INFO] [stderr]   Downloaded rand_core v0.3.1
[INFO] [stderr]   Downloaded rdrand v0.4.0
[INFO] [stderr]   Downloaded rand_os v0.1.3
[INFO] [stderr]   Downloaded dyn-clone v1.0.18
[INFO] [stderr]   Downloaded cpufeatures v0.2.17
[INFO] [stderr]   Downloaded android-tzdata v0.1.1
[INFO] [stderr]   Downloaded iana-time-zone-haiku v0.1.2
[INFO] [stderr]   Downloaded windows_x86_64_gnu v0.52.6
[INFO] [stderr]   Downloaded windows_aarch64_msvc v0.52.6
[INFO] [stderr]   Downloaded windows_x86_64_msvc v0.52.6
[INFO] [stderr]   Downloaded windows_i686_gnu v0.52.6
[INFO] [stderr]   Downloaded windows_i686_msvc v0.52.6
[INFO] [stderr]   Downloaded cardano-multiplatform-lib v3.1.3
[INFO] running `Command { std: "docker" "create" "-v" "/var/lib/crater-agent-workspace/builds/worker-3-tc1/target:/opt/rustwide/target:rw,Z" "-v" "/var/lib/crater-agent-workspace/builds/worker-3-tc1/source:/opt/rustwide/workdir:ro,Z" "-v" "/var/lib/crater-agent-workspace/cargo-home:/opt/rustwide/cargo-home:ro,Z" "-v" "/var/lib/crater-agent-workspace/rustup-home:/opt/rustwide/rustup-home:ro,Z" "-e" "SOURCE_DIR=/opt/rustwide/workdir" "-e" "CARGO_TARGET_DIR=/opt/rustwide/target" "-e" "CARGO_HOME=/opt/rustwide/cargo-home" "-e" "RUSTUP_HOME=/opt/rustwide/rustup-home" "-w" "/opt/rustwide/workdir" "-m" "1610612736" "--user" "0:0" "--network" "none" "ghcr.io/rust-lang/crates-build-env/linux@sha256:3959728d45483eb673ba100a951a6b9f5012970368db2a9e08e0ac9b67c8a5ad" "/opt/rustwide/cargo-home/bin/cargo" "+1.85.0" "metadata" "--no-deps" "--format-version=1", kill_on_drop: false }`
[INFO] [stdout] 043d4ed011f2647c1f9c94b80e4e8c7cdde192cfd98c61395de2c0a7e3bd5b5e
[INFO] running `Command { std: "docker" "start" "-a" "043d4ed011f2647c1f9c94b80e4e8c7cdde192cfd98c61395de2c0a7e3bd5b5e", kill_on_drop: false }`
[INFO] running `Command { std: "docker" "inspect" "043d4ed011f2647c1f9c94b80e4e8c7cdde192cfd98c61395de2c0a7e3bd5b5e", kill_on_drop: false }`
[INFO] running `Command { std: "docker" "rm" "-f" "043d4ed011f2647c1f9c94b80e4e8c7cdde192cfd98c61395de2c0a7e3bd5b5e", kill_on_drop: false }`
[INFO] [stdout] 043d4ed011f2647c1f9c94b80e4e8c7cdde192cfd98c61395de2c0a7e3bd5b5e
[INFO] running `Command { std: "docker" "create" "-v" "/var/lib/crater-agent-workspace/builds/worker-3-tc1/target:/opt/rustwide/target:rw,Z" "-v" "/var/lib/crater-agent-workspace/builds/worker-3-tc1/source:/opt/rustwide/workdir:ro,Z" "-v" "/var/lib/crater-agent-workspace/cargo-home:/opt/rustwide/cargo-home:ro,Z" "-v" "/var/lib/crater-agent-workspace/rustup-home:/opt/rustwide/rustup-home:ro,Z" "-e" "SOURCE_DIR=/opt/rustwide/workdir" "-e" "CARGO_TARGET_DIR=/opt/rustwide/target" "-e" "CARGO_INCREMENTAL=0" "-e" "RUST_BACKTRACE=full" "-e" "RUSTFLAGS=--cap-lints=warn" "-e" "RUSTDOCFLAGS=--cap-lints=warn" "-e" "CARGO_HOME=/opt/rustwide/cargo-home" "-e" "RUSTUP_HOME=/opt/rustwide/rustup-home" "-w" "/opt/rustwide/workdir" "-m" "1610612736" "--user" "0:0" "--network" "none" "ghcr.io/rust-lang/crates-build-env/linux@sha256:3959728d45483eb673ba100a951a6b9f5012970368db2a9e08e0ac9b67c8a5ad" "/opt/rustwide/cargo-home/bin/cargo" "+1.85.0" "build" "--frozen" "--message-format=json", kill_on_drop: false }`
[INFO] [stdout] a35779b3a6daf2976ecaa84a28923f3e1e535dfc09df650c68c67c39e23955c3
[INFO] running `Command { std: "docker" "start" "-a" "a35779b3a6daf2976ecaa84a28923f3e1e535dfc09df650c68c67c39e23955c3", kill_on_drop: false }`
[INFO] [stderr]    Compiling proc-macro2 v1.0.93
[INFO] [stderr]    Compiling unicode-ident v1.0.17
[INFO] [stderr]    Compiling autocfg v1.4.0
[INFO] [stderr]    Compiling typenum v1.18.0
[INFO] [stderr]    Compiling version_check v0.9.5
[INFO] [stderr]    Compiling serde v1.0.218
[INFO] [stderr]    Compiling libc v0.2.170
[INFO] [stderr]    Compiling syn v1.0.109
[INFO] [stderr]    Compiling serde_json v1.0.139
[INFO] [stderr]    Compiling bumpalo v3.17.0
[INFO] [stderr]    Compiling byteorder v1.5.0
[INFO] [stderr]    Compiling ryu v1.0.19
[INFO] [stderr]    Compiling log v0.4.26
[INFO] [stderr]    Compiling memchr v2.7.4
[INFO] [stderr]    Compiling once_cell v1.20.3
[INFO] [stderr]    Compiling itoa v1.0.14
[INFO] [stderr]    Compiling shlex v1.3.0
[INFO] [stderr]    Compiling nodrop v0.1.14
[INFO] [stderr]    Compiling wasm-bindgen v0.2.83
[INFO] [stderr]    Compiling base64 v0.13.1
[INFO] [stderr]    Compiling schemars v0.8.22
[INFO] [stderr]    Compiling lazy_static v1.5.0
[INFO] [stderr]    Compiling cc v1.2.16
[INFO] [stderr]    Compiling cbor_event v2.4.0
[INFO] [stderr]    Compiling either v1.14.0
[INFO] [stderr]    Compiling cpufeatures v0.2.17
[INFO] [stderr]    Compiling linked-hash-map v0.5.6
[INFO] [stderr]    Compiling cryptoxide v0.4.4
[INFO] [stderr]    Compiling dyn-clone v1.0.18
[INFO] [stderr]    Compiling rand_core v0.4.2
[INFO] [stderr]    Compiling generic-array v0.14.7
[INFO] [stderr]    Compiling hex v0.4.3
[INFO] [stderr]    Compiling itertools v0.10.5
[INFO] [stderr]    Compiling base64-url v1.4.13
[INFO] [stderr]    Compiling cryptoxide v0.3.6
[INFO] [stderr]    Compiling num-traits v0.2.19
[INFO] [stderr]    Compiling num-bigint v0.2.6
[INFO] [stderr]    Compiling num-complex v0.2.4
[INFO] [stderr]    Compiling num-rational v0.2.4
[INFO] [stderr]    Compiling unicode-segmentation v1.12.0
[INFO] [stderr]    Compiling iana-time-zone v0.1.60
[INFO] [stderr]    Compiling bech32 v0.7.3
[INFO] [stderr]    Compiling noop_proc_macro v0.3.0
[INFO] [stderr]    Compiling base64 v0.21.7
[INFO] [stderr]    Compiling quote v1.0.38
[INFO] [stderr]    Compiling generic-array v0.8.4
[INFO] [stderr]    Compiling getrandom v0.2.15
[INFO] [stderr]    Compiling rand_os v0.1.3
[INFO] [stderr]    Compiling rand_core v0.6.4
[INFO] [stderr]    Compiling digest v0.6.1
[INFO] [stderr]    Compiling pruefung v0.2.1
[INFO] [stderr]    Compiling syn v2.0.98
[INFO] [stderr]    Compiling num-integer v0.1.46
[INFO] [stderr]    Compiling chrono v0.4.40
[INFO] [stderr]    Compiling crypto-common v0.1.6
[INFO] [stderr]    Compiling block-buffer v0.10.4
[INFO] [stderr]    Compiling digest v0.9.0
[INFO] [stderr]    Compiling clear_on_drop v0.2.5
[INFO] [stderr]    Compiling digest v0.10.7
[INFO] [stderr]    Compiling sha2 v0.10.8
[INFO] [stderr]    Compiling num-iter v0.1.45
[INFO] [stderr]    Compiling num-bigint v0.4.6
[INFO] [stderr]    Compiling cardano-message-signing v1.0.1
[INFO] [stderr]    Compiling ed25519-bip32 v0.4.1
[INFO] [stderr]    Compiling num v0.2.1
[INFO] [stderr]    Compiling fraction v0.10.0
[INFO] [stderr]    Compiling wasm-bindgen-backend v0.2.83
[INFO] [stderr]    Compiling serde_derive_internals v0.29.1
[INFO] [stderr]    Compiling serde_derive v1.0.218
[INFO] [stderr]    Compiling zerocopy-derive v0.7.35
[INFO] [stderr]    Compiling schemars_derive v0.8.22
[INFO] [stderr]    Compiling wasm-bindgen-macro-support v0.2.83
[INFO] [stderr]    Compiling zerocopy v0.7.35
[INFO] [stderr]    Compiling wasm-bindgen-macro v0.2.83
[INFO] [stderr]    Compiling ppv-lite86 v0.2.20
[INFO] [stderr]    Compiling rand_chacha v0.3.1
[INFO] [stderr]    Compiling rand v0.8.5
[INFO] [stderr]    Compiling js-sys v0.3.59
[INFO] [stderr]    Compiling cardano-multiplatform-lib v3.1.3
[INFO] [stderr]    Compiling serde-wasm-bindgen v0.4.5
[INFO] [stderr]    Compiling summon-client-sdk v0.1.78 (/opt/rustwide/workdir)
[INFO] [stdout] warning: unused import: `serde_json::to_string`
[INFO] [stdout]   --> src/lib.rs:14:5
[INFO] [stdout]    |
[INFO] [stdout] 14 | use serde_json::to_string;
[INFO] [stdout]    |     ^^^^^^^^^^^^^^^^^^^^^
[INFO] [stdout]    |
[INFO] [stdout]    = note: `#[warn(unused_imports)]` on by default
[INFO] [stdout] 
[INFO] [stdout] 
[INFO] [stderr]     Finished `dev` profile [unoptimized + debuginfo] target(s) in 1m 04s
[INFO] [stderr] warning: the following packages contain code that will be rejected by a future version of Rust: wasm-bindgen v0.2.83
[INFO] [stderr] note: to see what the problems were, use the option `--future-incompat-report`, or run `cargo report future-incompatibilities --id 2`
[INFO] running `Command { std: "docker" "inspect" "a35779b3a6daf2976ecaa84a28923f3e1e535dfc09df650c68c67c39e23955c3", kill_on_drop: false }`
[INFO] running `Command { std: "docker" "rm" "-f" "a35779b3a6daf2976ecaa84a28923f3e1e535dfc09df650c68c67c39e23955c3", kill_on_drop: false }`
[INFO] [stdout] a35779b3a6daf2976ecaa84a28923f3e1e535dfc09df650c68c67c39e23955c3
[INFO] running `Command { std: "docker" "create" "-v" "/var/lib/crater-agent-workspace/builds/worker-3-tc1/target:/opt/rustwide/target:rw,Z" "-v" "/var/lib/crater-agent-workspace/builds/worker-3-tc1/source:/opt/rustwide/workdir:ro,Z" "-v" "/var/lib/crater-agent-workspace/cargo-home:/opt/rustwide/cargo-home:ro,Z" "-v" "/var/lib/crater-agent-workspace/rustup-home:/opt/rustwide/rustup-home:ro,Z" "-e" "SOURCE_DIR=/opt/rustwide/workdir" "-e" "CARGO_TARGET_DIR=/opt/rustwide/target" "-e" "CARGO_INCREMENTAL=0" "-e" "RUST_BACKTRACE=full" "-e" "RUSTFLAGS=--cap-lints=warn" "-e" "RUSTDOCFLAGS=--cap-lints=warn" "-e" "CARGO_HOME=/opt/rustwide/cargo-home" "-e" "RUSTUP_HOME=/opt/rustwide/rustup-home" "-w" "/opt/rustwide/workdir" "-m" "1610612736" "--user" "0:0" "--network" "none" "ghcr.io/rust-lang/crates-build-env/linux@sha256:3959728d45483eb673ba100a951a6b9f5012970368db2a9e08e0ac9b67c8a5ad" "/opt/rustwide/cargo-home/bin/cargo" "+1.85.0" "test" "--frozen" "--no-run" "--message-format=json", kill_on_drop: false }`
[INFO] [stdout] de1c31888b667c0491cc80c189313dc6d51c013c8ba73eee5677a925a779c9df
[INFO] running `Command { std: "docker" "start" "-a" "de1c31888b667c0491cc80c189313dc6d51c013c8ba73eee5677a925a779c9df", kill_on_drop: false }`
[INFO] [stdout] warning: unused import: `serde_json::to_string`
[INFO] [stdout]   --> src/lib.rs:14:5
[INFO] [stdout]    |
[INFO] [stdout] 14 | use serde_json::to_string;
[INFO] [stdout]    |     ^^^^^^^^^^^^^^^^^^^^^
[INFO] [stdout]    |
[INFO] [stdout]    = note: `#[warn(unused_imports)]` on by default
[INFO] [stdout] 
[INFO] [stdout] 
[INFO] [stderr]    Compiling summon-client-sdk v0.1.78 (/opt/rustwide/workdir)
[INFO] [stdout] warning: unused import: `serde_json::to_string`
[INFO] [stdout]   --> src/lib.rs:14:5
[INFO] [stdout]    |
[INFO] [stdout] 14 | use serde_json::to_string;
[INFO] [stdout]    |     ^^^^^^^^^^^^^^^^^^^^^
[INFO] [stdout]    |
[INFO] [stdout]    = note: `#[warn(unused_imports)]` on by default
[INFO] [stdout] 
[INFO] [stdout] 
[INFO] [stderr]     Finished `test` profile [unoptimized + debuginfo] target(s) in 0.73s
[INFO] [stderr] warning: the following packages contain code that will be rejected by a future version of Rust: wasm-bindgen v0.2.83
[INFO] [stderr] note: to see what the problems were, use the option `--future-incompat-report`, or run `cargo report future-incompatibilities --id 2`
[INFO] running `Command { std: "docker" "inspect" "de1c31888b667c0491cc80c189313dc6d51c013c8ba73eee5677a925a779c9df", kill_on_drop: false }`
[INFO] running `Command { std: "docker" "rm" "-f" "de1c31888b667c0491cc80c189313dc6d51c013c8ba73eee5677a925a779c9df", kill_on_drop: false }`
[INFO] [stdout] de1c31888b667c0491cc80c189313dc6d51c013c8ba73eee5677a925a779c9df
[INFO] running `Command { std: "docker" "create" "-v" "/var/lib/crater-agent-workspace/builds/worker-3-tc1/target:/opt/rustwide/target:rw,Z" "-v" "/var/lib/crater-agent-workspace/builds/worker-3-tc1/source:/opt/rustwide/workdir:ro,Z" "-v" "/var/lib/crater-agent-workspace/cargo-home:/opt/rustwide/cargo-home:ro,Z" "-v" "/var/lib/crater-agent-workspace/rustup-home:/opt/rustwide/rustup-home:ro,Z" "-e" "SOURCE_DIR=/opt/rustwide/workdir" "-e" "CARGO_TARGET_DIR=/opt/rustwide/target" "-e" "CARGO_INCREMENTAL=0" "-e" "RUST_BACKTRACE=full" "-e" "RUSTFLAGS=--cap-lints=warn" "-e" "RUSTDOCFLAGS=--cap-lints=warn" "-e" "CARGO_HOME=/opt/rustwide/cargo-home" "-e" "RUSTUP_HOME=/opt/rustwide/rustup-home" "-w" "/opt/rustwide/workdir" "-m" "1610612736" "--user" "0:0" "--network" "none" "ghcr.io/rust-lang/crates-build-env/linux@sha256:3959728d45483eb673ba100a951a6b9f5012970368db2a9e08e0ac9b67c8a5ad" "/opt/rustwide/cargo-home/bin/cargo" "+1.85.0" "test" "--frozen", kill_on_drop: false }`
[INFO] [stdout] 1c2e7e63698598686cc5156f232e4011e4b61118e80ac06e79c4a5c60c4d8f87
[INFO] running `Command { std: "docker" "start" "-a" "1c2e7e63698598686cc5156f232e4011e4b61118e80ac06e79c4a5c60c4d8f87", kill_on_drop: false }`
[INFO] [stderr] warning: unused import: `serde_json::to_string`
[INFO] [stderr]   --> src/lib.rs:14:5
[INFO] [stderr]    |
[INFO] [stderr] 14 | use serde_json::to_string;
[INFO] [stderr]    |     ^^^^^^^^^^^^^^^^^^^^^
[INFO] [stderr]    |
[INFO] [stderr]    = note: `#[warn(unused_imports)]` on by default
[INFO] [stderr] 
[INFO] [stderr] warning: `summon-client-sdk` (lib) generated 1 warning (run `cargo fix --lib -p summon-client-sdk` to apply 1 suggestion)
[INFO] [stderr] warning: `summon-client-sdk` (lib test) generated 1 warning (1 duplicate)
[INFO] [stderr]     Finished `test` profile [unoptimized + debuginfo] target(s) in 0.06s
[INFO] [stderr] warning: the following packages contain code that will be rejected by a future version of Rust: wasm-bindgen v0.2.83
[INFO] [stderr] note: to see what the problems were, use the option `--future-incompat-report`, or run `cargo report future-incompatibilities --id 2`
[INFO] [stderr]      Running unittests src/lib.rs (/opt/rustwide/target/debug/deps/summon_client_sdk-3d079e75a0fae588)
[INFO] [stdout] 
[INFO] [stdout] running 0 tests
[INFO] [stdout] 
[INFO] [stdout] test result: ok. 0 passed; 0 failed; 0 ignored; 0 measured; 0 filtered out; finished in 0.00s
[INFO] [stdout] 
[INFO] [stderr]    Doc-tests summon_client_sdk
[INFO] [stdout] 
[INFO] [stdout] running 30 tests
[INFO] [stdout] test src/lib.rs - __wasm_bindgen_generated_sign_data_with_bech32__const::__wasm_bindgen_generated_sign_data_with_bech32 (line 233) ... FAILED
[INFO] [stdout] test src/lib.rs - __wasm_bindgen_generated_sign_data_with_bech32__const::__wasm_bindgen_generated_sign_data_with_bech32 (line 234) ... FAILED
[INFO] [stdout] test src/lib.rs - sign_data_with_bech32 (line 234) ... FAILED
[INFO] [stdout] test src/lib.rs - __wasm_bindgen_generated_sign_request_with_extended_bytes__const::__wasm_bindgen_generated_sign_request_with_extended_bytes (line 109) ... FAILED
[INFO] [stdout] test src/lib.rs - __wasm_bindgen_generated_sign_data_with_bech32__const::__wasm_bindgen_generated_sign_data_with_bech32 (line 238) ... FAILED
[INFO] [stdout] test src/lib.rs - __wasm_bindgen_generated_sign_data_with_bech32__const::__wasm_bindgen_generated_sign_data_with_bech32 (line 237) ... FAILED
[INFO] [stdout] test src/lib.rs - __wasm_bindgen_generated_sign_data_with_extended_bytes__const::__wasm_bindgen_generated_sign_data_with_extended_bytes (line 164) ... FAILED
[INFO] [stdout] test src/lib.rs - sign_data_with_bech32 (line 233) ... FAILED
[INFO] [stdout] test src/lib.rs - __wasm_bindgen_generated_sign_data_with_normal_bytes__const::__wasm_bindgen_generated_sign_data_with_normal_bytes (line 196) ... FAILED
[INFO] [stdout] test src/lib.rs - __wasm_bindgen_generated_sign_data_with_extended_bytes__const::__wasm_bindgen_generated_sign_data_with_extended_bytes (line 160) ... FAILED
[INFO] [stdout] test src/lib.rs - __wasm_bindgen_generated_sign_request_with_extended_bytes__const::__wasm_bindgen_generated_sign_request_with_extended_bytes (line 110) ... FAILED
[INFO] [stdout] test src/lib.rs - __wasm_bindgen_generated_sign_data_with_extended_bytes__const::__wasm_bindgen_generated_sign_data_with_extended_bytes (line 163) ... FAILED
[INFO] [stdout] test src/lib.rs - __wasm_bindgen_generated_sign_data_with_normal_bytes__const::__wasm_bindgen_generated_sign_data_with_normal_bytes (line 201) ... FAILED
[INFO] [stdout] test src/lib.rs - __wasm_bindgen_generated_sign_data_with_normal_bytes__const::__wasm_bindgen_generated_sign_data_with_normal_bytes (line 200) ... FAILED
[INFO] [stdout] test src/lib.rs - __wasm_bindgen_generated_sign_data_with_extended_bytes__const::__wasm_bindgen_generated_sign_data_with_extended_bytes (line 159) ... FAILED
[INFO] [stdout] test src/lib.rs - __wasm_bindgen_generated_sign_data_with_normal_bytes__const::__wasm_bindgen_generated_sign_data_with_normal_bytes (line 197) ... FAILED
[INFO] [stdout] test src/lib.rs - sign_data_with_extended_bytes (line 160) ... FAILED
[INFO] [stdout] test src/lib.rs - sign_data_with_extended_bytes (line 159) ... FAILED
[INFO] [stdout] test src/lib.rs - sign_data_with_normal_bytes (line 197) ... FAILED
[INFO] [stdout] test src/lib.rs - sign_request_with_extended_bytes (line 110) ... FAILED
[INFO] [stdout] test src/signatures.rs - signatures::DataSignatureRes (line 12) ... FAILED
[INFO] [stdout] test src/signatures.rs - signatures::DataSignatureRes (line 13) ... FAILED
[INFO] [stdout] test src/lib.rs - sign_data_with_extended_bytes (line 164) ... FAILED
[INFO] [stdout] test src/lib.rs - sign_request_with_extended_bytes (line 109) ... FAILED
[INFO] [stdout] test src/lib.rs - sign_data_with_bech32 (line 237) ... FAILED
[INFO] [stdout] test src/lib.rs - sign_data_with_normal_bytes (line 196) ... FAILED
[INFO] [stdout] test src/lib.rs - sign_data_with_normal_bytes (line 201) ... FAILED
[INFO] [stdout] test src/lib.rs - sign_data_with_normal_bytes (line 200) ... FAILED
[INFO] [stdout] test src/lib.rs - sign_data_with_bech32 (line 238) ... FAILED
[INFO] [stdout] test src/lib.rs - sign_data_with_extended_bytes (line 163) ... FAILED
[INFO] [stdout] 
[INFO] [stdout] failures:
[INFO] [stdout] 
[INFO] [stdout] ---- src/lib.rs - __wasm_bindgen_generated_sign_data_with_bech32__const::__wasm_bindgen_generated_sign_data_with_bech32 (line 233) stdout ----
[INFO] [stdout] error: expected identifier, found `:`
[INFO] [stdout]  --> src/lib.rs:234:10
[INFO] [stdout]   |
[INFO] [stdout] 3 | signature:  COSESign1 bytes
[INFO] [stdout]   |          ^ expected identifier
[INFO] [stdout] 
[INFO] [stdout] error: aborting due to 1 previous error
[INFO] [stdout] 
[INFO] [stdout] Couldn't compile the test.
[INFO] [stdout] ---- src/lib.rs - __wasm_bindgen_generated_sign_data_with_bech32__const::__wasm_bindgen_generated_sign_data_with_bech32 (line 234) stdout ----
[INFO] [stdout] error: expected identifier, found `:`
[INFO] [stdout]  --> src/lib.rs:235:4
[INFO] [stdout]   |
[INFO] [stdout] 3 | key: COSEKey bytes
[INFO] [stdout]   |    ^ expected identifier
[INFO] [stdout] 
[INFO] [stdout] error: aborting due to 1 previous error
[INFO] [stdout] 
[INFO] [stdout] Couldn't compile the test.
[INFO] [stdout] ---- src/lib.rs - sign_data_with_bech32 (line 234) stdout ----
[INFO] [stdout] error: expected identifier, found `:`
[INFO] [stdout]  --> src/lib.rs:235:4
[INFO] [stdout]   |
[INFO] [stdout] 3 | key: COSEKey bytes
[INFO] [stdout]   |    ^ expected identifier
[INFO] [stdout] 
[INFO] [stdout] error: aborting due to 1 previous error
[INFO] [stdout] 
[INFO] [stdout] Couldn't compile the test.
[INFO] [stdout] ---- src/lib.rs - __wasm_bindgen_generated_sign_request_with_extended_bytes__const::__wasm_bindgen_generated_sign_request_with_extended_bytes (line 109) stdout ----
[INFO] [stdout] error: expected identifier, found `:`
[INFO] [stdout]  --> src/lib.rs:110:15
[INFO] [stdout]   |
[INFO] [stdout] 3 | signed_request: Option<String>,
[INFO] [stdout]   |               ^ expected identifier
[INFO] [stdout] 
[INFO] [stdout] error: aborting due to 1 previous error
[INFO] [stdout] 
[INFO] [stdout] Couldn't compile the test.
[INFO] [stdout] ---- src/lib.rs - __wasm_bindgen_generated_sign_data_with_bech32__const::__wasm_bindgen_generated_sign_data_with_bech32 (line 238) stdout ----
[INFO] [stdout] error: struct literal body without path
[INFO] [stdout]  --> src/lib.rs:238:74
[INFO] [stdout]   |
[INFO] [stdout] 2 |   fn main() { #[allow(non_snake_case)] fn _doctest_main_src_lib_rs_238_1() {
[INFO] [stdout]   |  __________________________________________________________________________^
[INFO] [stdout] 3 | | error: String
[INFO] [stdout] 4 | | } _doctest_main_src_lib_rs_238_1() }
[INFO] [stdout]   | |_^
[INFO] [stdout]   |
[INFO] [stdout] help: you might have forgotten to add the struct literal inside the block
[INFO] [stdout]   |
[INFO] [stdout] 2 ~ fn main() { #[allow(non_snake_case)] fn _doctest_main_src_lib_rs_238_1() { SomeStruct {
[INFO] [stdout] 3 | error: String
[INFO] [stdout] 4 ~ } } _doctest_main_src_lib_rs_238_1() }
[INFO] [stdout]   |
[INFO] [stdout] 
[INFO] [stdout] error: aborting due to 1 previous error
[INFO] [stdout] 
[INFO] [stdout] Couldn't compile the test.
[INFO] [stdout] ---- src/lib.rs - __wasm_bindgen_generated_sign_data_with_bech32__const::__wasm_bindgen_generated_sign_data_with_bech32 (line 237) stdout ----
[INFO] [stdout] error: struct literal body without path
[INFO] [stdout]  --> src/lib.rs:237:74
[INFO] [stdout]   |
[INFO] [stdout] 2 |   fn main() { #[allow(non_snake_case)] fn _doctest_main_src_lib_rs_237_1() {
[INFO] [stdout]   |  __________________________________________________________________________^
[INFO] [stdout] 3 | | dt: DataSignature | None,
[INFO] [stdout] 4 | | } _doctest_main_src_lib_rs_237_1() }
[INFO] [stdout]   | |_^
[INFO] [stdout]   |
[INFO] [stdout] help: you might have forgotten to add the struct literal inside the block
[INFO] [stdout]   |
[INFO] [stdout] 2 ~ fn main() { #[allow(non_snake_case)] fn _doctest_main_src_lib_rs_237_1() { SomeStruct {
[INFO] [stdout] 3 | dt: DataSignature | None,
[INFO] [stdout] 4 ~ } } _doctest_main_src_lib_rs_237_1() }
[INFO] [stdout]   |
[INFO] [stdout] 
[INFO] [stdout] error: aborting due to 1 previous error
[INFO] [stdout] 
[INFO] [stdout] Couldn't compile the test.
[INFO] [stdout] ---- src/lib.rs - __wasm_bindgen_generated_sign_data_with_extended_bytes__const::__wasm_bindgen_generated_sign_data_with_extended_bytes (line 164) stdout ----
[INFO] [stdout] error: struct literal body without path
[INFO] [stdout]  --> src/lib.rs:164:74
[INFO] [stdout]   |
[INFO] [stdout] 2 |   fn main() { #[allow(non_snake_case)] fn _doctest_main_src_lib_rs_164_1() {
[INFO] [stdout]   |  __________________________________________________________________________^
[INFO] [stdout] 3 | | error: String
[INFO] [stdout] 4 | | } _doctest_main_src_lib_rs_164_1() }
[INFO] [stdout]   | |_^
[INFO] [stdout]   |
[INFO] [stdout] help: you might have forgotten to add the struct literal inside the block
[INFO] [stdout]   |
[INFO] [stdout] 2 ~ fn main() { #[allow(non_snake_case)] fn _doctest_main_src_lib_rs_164_1() { SomeStruct {
[INFO] [stdout] 3 | error: String
[INFO] [stdout] 4 ~ } } _doctest_main_src_lib_rs_164_1() }
[INFO] [stdout]   |
[INFO] [stdout] 
[INFO] [stdout] error: aborting due to 1 previous error
[INFO] [stdout] 
[INFO] [stdout] Couldn't compile the test.
[INFO] [stdout] ---- src/lib.rs - sign_data_with_bech32 (line 233) stdout ----
[INFO] [stdout] error: expected identifier, found `:`
[INFO] [stdout]  --> src/lib.rs:234:10
[INFO] [stdout]   |
[INFO] [stdout] 3 | signature:  COSESign1 bytes
[INFO] [stdout]   |          ^ expected identifier
[INFO] [stdout] 
[INFO] [stdout] error: aborting due to 1 previous error
[INFO] [stdout] 
[INFO] [stdout] Couldn't compile the test.
[INFO] [stdout] ---- src/lib.rs - __wasm_bindgen_generated_sign_data_with_normal_bytes__const::__wasm_bindgen_generated_sign_data_with_normal_bytes (line 196) stdout ----
[INFO] [stdout] error: expected identifier, found `:`
[INFO] [stdout]  --> src/lib.rs:197:10
[INFO] [stdout]   |
[INFO] [stdout] 3 | signature:  COSESign1 bytes
[INFO] [stdout]   |          ^ expected identifier
[INFO] [stdout] 
[INFO] [stdout] error: aborting due to 1 previous error
[INFO] [stdout] 
[INFO] [stdout] Couldn't compile the test.
[INFO] [stdout] ---- src/lib.rs - __wasm_bindgen_generated_sign_data_with_extended_bytes__const::__wasm_bindgen_generated_sign_data_with_extended_bytes (line 160) stdout ----
[INFO] [stdout] error: expected identifier, found `:`
[INFO] [stdout]  --> src/lib.rs:161:4
[INFO] [stdout]   |
[INFO] [stdout] 3 | key: COSEKey bytes
[INFO] [stdout]   |    ^ expected identifier
[INFO] [stdout] 
[INFO] [stdout] error: aborting due to 1 previous error
[INFO] [stdout] 
[INFO] [stdout] Couldn't compile the test.
[INFO] [stdout] ---- src/lib.rs - __wasm_bindgen_generated_sign_request_with_extended_bytes__const::__wasm_bindgen_generated_sign_request_with_extended_bytes (line 110) stdout ----
[INFO] [stdout] error: expected identifier, found `:`
[INFO] [stdout]  --> src/lib.rs:111:6
[INFO] [stdout]   |
[INFO] [stdout] 3 | error: Option<String>,
[INFO] [stdout]   |      ^ expected identifier
[INFO] [stdout] 
[INFO] [stdout] error: aborting due to 1 previous error
[INFO] [stdout] 
[INFO] [stdout] Couldn't compile the test.
[INFO] [stdout] ---- src/lib.rs - __wasm_bindgen_generated_sign_data_with_extended_bytes__const::__wasm_bindgen_generated_sign_data_with_extended_bytes (line 163) stdout ----
[INFO] [stdout] error: struct literal body without path
[INFO] [stdout]  --> src/lib.rs:163:74
[INFO] [stdout]   |
[INFO] [stdout] 2 |   fn main() { #[allow(non_snake_case)] fn _doctest_main_src_lib_rs_163_1() {
[INFO] [stdout]   |  __________________________________________________________________________^
[INFO] [stdout] 3 | | dt: DataSignature | None,
[INFO] [stdout] 4 | | } _doctest_main_src_lib_rs_163_1() }
[INFO] [stdout]   | |_^
[INFO] [stdout]   |
[INFO] [stdout] help: you might have forgotten to add the struct literal inside the block
[INFO] [stdout]   |
[INFO] [stdout] 2 ~ fn main() { #[allow(non_snake_case)] fn _doctest_main_src_lib_rs_163_1() { SomeStruct {
[INFO] [stdout] 3 | dt: DataSignature | None,
[INFO] [stdout] 4 ~ } } _doctest_main_src_lib_rs_163_1() }
[INFO] [stdout]   |
[INFO] [stdout] 
[INFO] [stdout] error: aborting due to 1 previous error
[INFO] [stdout] 
[INFO] [stdout] Couldn't compile the test.
[INFO] [stdout] ---- src/lib.rs - __wasm_bindgen_generated_sign_data_with_normal_bytes__const::__wasm_bindgen_generated_sign_data_with_normal_bytes (line 201) stdout ----
[INFO] [stdout] error: struct literal body without path
[INFO] [stdout]  --> src/lib.rs:201:74
[INFO] [stdout]   |
[INFO] [stdout] 2 |   fn main() { #[allow(non_snake_case)] fn _doctest_main_src_lib_rs_201_1() {
[INFO] [stdout]   |  __________________________________________________________________________^
[INFO] [stdout] 3 | | error: String
[INFO] [stdout] 4 | | } _doctest_main_src_lib_rs_201_1() }
[INFO] [stdout]   | |_^
[INFO] [stdout]   |
[INFO] [stdout] help: you might have forgotten to add the struct literal inside the block
[INFO] [stdout]   |
[INFO] [stdout] 2 ~ fn main() { #[allow(non_snake_case)] fn _doctest_main_src_lib_rs_201_1() { SomeStruct {
[INFO] [stdout] 3 | error: String
[INFO] [stdout] 4 ~ } } _doctest_main_src_lib_rs_201_1() }
[INFO] [stdout]   |
[INFO] [stdout] 
[INFO] [stdout] error: aborting due to 1 previous error
[INFO] [stdout] 
[INFO] [stdout] Couldn't compile the test.
[INFO] [stdout] ---- src/lib.rs - __wasm_bindgen_generated_sign_data_with_normal_bytes__const::__wasm_bindgen_generated_sign_data_with_normal_bytes (line 200) stdout ----
[INFO] [stdout] error: struct literal body without path
[INFO] [stdout]  --> src/lib.rs:200:74
[INFO] [stdout]   |
[INFO] [stdout] 2 |   fn main() { #[allow(non_snake_case)] fn _doctest_main_src_lib_rs_200_1() {
[INFO] [stdout]   |  __________________________________________________________________________^
[INFO] [stdout] 3 | | dt: DataSignature | None,
[INFO] [stdout] 4 | | } _doctest_main_src_lib_rs_200_1() }
[INFO] [stdout]   | |_^
[INFO] [stdout]   |
[INFO] [stdout] help: you might have forgotten to add the struct literal inside the block
[INFO] [stdout]   |
[INFO] [stdout] 2 ~ fn main() { #[allow(non_snake_case)] fn _doctest_main_src_lib_rs_200_1() { SomeStruct {
[INFO] [stdout] 3 | dt: DataSignature | None,
[INFO] [stdout] 4 ~ } } _doctest_main_src_lib_rs_200_1() }
[INFO] [stdout]   |
[INFO] [stdout] 
[INFO] [stdout] error: aborting due to 1 previous error
[INFO] [stdout] 
[INFO] [stdout] Couldn't compile the test.
[INFO] [stdout] ---- src/lib.rs - __wasm_bindgen_generated_sign_data_with_extended_bytes__const::__wasm_bindgen_generated_sign_data_with_extended_bytes (line 159) stdout ----
[INFO] [stdout] error: expected identifier, found `:`
[INFO] [stdout]  --> src/lib.rs:160:10
[INFO] [stdout]   |
[INFO] [stdout] 3 | signature:  COSESign1 bytes
[INFO] [stdout]   |          ^ expected identifier
[INFO] [stdout] 
[INFO] [stdout] error: aborting due to 1 previous error
[INFO] [stdout] 
[INFO] [stdout] Couldn't compile the test.
[INFO] [stdout] ---- src/lib.rs - __wasm_bindgen_generated_sign_data_with_normal_bytes__const::__wasm_bindgen_generated_sign_data_with_normal_bytes (line 197) stdout ----
[INFO] [stdout] error: expected identifier, found `:`
[INFO] [stdout]  --> src/lib.rs:198:4
[INFO] [stdout]   |
[INFO] [stdout] 3 | key: COSEKey bytes
[INFO] [stdout]   |    ^ expected identifier
[INFO] [stdout] 
[INFO] [stdout] error: aborting due to 1 previous error
[INFO] [stdout] 
[INFO] [stdout] Couldn't compile the test.
[INFO] [stdout] ---- src/lib.rs - sign_data_with_extended_bytes (line 160) stdout ----
[INFO] [stdout] error: expected identifier, found `:`
[INFO] [stdout]  --> src/lib.rs:161:4
[INFO] [stdout]   |
[INFO] [stdout] 3 | key: COSEKey bytes
[INFO] [stdout]   |    ^ expected identifier
[INFO] [stdout] 
[INFO] [stdout] error: aborting due to 1 previous error
[INFO] [stdout] 
[INFO] [stdout] Couldn't compile the test.
[INFO] [stdout] ---- src/lib.rs - sign_data_with_extended_bytes (line 159) stdout ----
[INFO] [stdout] error: expected identifier, found `:`
[INFO] [stdout]  --> src/lib.rs:160:10
[INFO] [stdout]   |
[INFO] [stdout] 3 | signature:  COSESign1 bytes
[INFO] [stdout]   |          ^ expected identifier
[INFO] [stdout] 
[INFO] [stdout] error: aborting due to 1 previous error
[INFO] [stdout] 
[INFO] [stdout] Couldn't compile the test.
[INFO] [stdout] ---- src/lib.rs - sign_data_with_normal_bytes (line 197) stdout ----
[INFO] [stdout] error: expected identifier, found `:`
[INFO] [stdout]  --> src/lib.rs:198:4
[INFO] [stdout]   |
[INFO] [stdout] 3 | key: COSEKey bytes
[INFO] [stdout]   |    ^ expected identifier
[INFO] [stdout] 
[INFO] [stdout] error: aborting due to 1 previous error
[INFO] [stdout] 
[INFO] [stdout] Couldn't compile the test.
[INFO] [stdout] ---- src/lib.rs - sign_request_with_extended_bytes (line 110) stdout ----
[INFO] [stdout] error: expected identifier, found `:`
[INFO] [stdout]  --> src/lib.rs:111:6
[INFO] [stdout]   |
[INFO] [stdout] 3 | error: Option<String>,
[INFO] [stdout]   |      ^ expected identifier
[INFO] [stdout] 
[INFO] [stdout] error: aborting due to 1 previous error
[INFO] [stdout] 
[INFO] [stdout] Couldn't compile the test.
[INFO] [stdout] ---- src/signatures.rs - signatures::DataSignatureRes (line 12) stdout ----
[INFO] [stdout] error: struct literal body without path
[INFO] [stdout]  --> src/signatures.rs:12:80
[INFO] [stdout]   |
[INFO] [stdout] 2 |   fn main() { #[allow(non_snake_case)] fn _doctest_main_src_signatures_rs_12_0() {
[INFO] [stdout]   |  ________________________________________________________________________________^
[INFO] [stdout] 3 | | dt: DataSignature | None,
[INFO] [stdout] 4 | | } _doctest_main_src_signatures_rs_12_0() }
[INFO] [stdout]   | |_^
[INFO] [stdout]   |
[INFO] [stdout] help: you might have forgotten to add the struct literal inside the block
[INFO] [stdout]   |
[INFO] [stdout] 2 ~ fn main() { #[allow(non_snake_case)] fn _doctest_main_src_signatures_rs_12_0() { SomeStruct {
[INFO] [stdout] 3 | dt: DataSignature | None,
[INFO] [stdout] 4 ~ } } _doctest_main_src_signatures_rs_12_0() }
[INFO] [stdout]   |
[INFO] [stdout] 
[INFO] [stdout] error: aborting due to 1 previous error
[INFO] [stdout] 
[INFO] [stdout] Couldn't compile the test.
[INFO] [stdout] ---- src/signatures.rs - signatures::DataSignatureRes (line 13) stdout ----
[INFO] [stdout] error: struct literal body without path
[INFO] [stdout]  --> src/signatures.rs:13:80
[INFO] [stdout]   |
[INFO] [stdout] 2 |   fn main() { #[allow(non_snake_case)] fn _doctest_main_src_signatures_rs_13_0() {
[INFO] [stdout]   |  ________________________________________________________________________________^
[INFO] [stdout] 3 | | error: String
[INFO] [stdout] 4 | | } _doctest_main_src_signatures_rs_13_0() }
[INFO] [stdout]   | |_^
[INFO] [stdout]   |
[INFO] [stdout] help: you might have forgotten to add the struct literal inside the block
[INFO] [stdout]   |
[INFO] [stdout] 2 ~ fn main() { #[allow(non_snake_case)] fn _doctest_main_src_signatures_rs_13_0() { SomeStruct {
[INFO] [stdout] 3 | error: String
[INFO] [stdout] 4 ~ } } _doctest_main_src_signatures_rs_13_0() }
[INFO] [stdout]   |
[INFO] [stdout] 
[INFO] [stdout] error: aborting due to 1 previous error
[INFO] [stdout] 
[INFO] [stdout] Couldn't compile the test.
[INFO] [stdout] ---- src/lib.rs - sign_data_with_extended_bytes (line 164) stdout ----
[INFO] [stdout] error: struct literal body without path
[INFO] [stdout]  --> src/lib.rs:164:74
[INFO] [stdout]   |
[INFO] [stdout] 2 |   fn main() { #[allow(non_snake_case)] fn _doctest_main_src_lib_rs_164_0() {
[INFO] [stdout]   |  __________________________________________________________________________^
[INFO] [stdout] 3 | | error: String
[INFO] [stdout] 4 | | } _doctest_main_src_lib_rs_164_0() }
[INFO] [stdout]   | |_^
[INFO] [stdout]   |
[INFO] [stdout] help: you might have forgotten to add the struct literal inside the block
[INFO] [stdout]   |
[INFO] [stdout] 2 ~ fn main() { #[allow(non_snake_case)] fn _doctest_main_src_lib_rs_164_0() { SomeStruct {
[INFO] [stdout] 3 | error: String
[INFO] [stdout] 4 ~ } } _doctest_main_src_lib_rs_164_0() }
[INFO] [stdout]   |
[INFO] [stdout] 
[INFO] [stdout] error: aborting due to 1 previous error
[INFO] [stdout] 
[INFO] [stdout] Couldn't compile the test.
[INFO] [stdout] ---- src/lib.rs - sign_request_with_extended_bytes (line 109) stdout ----
[INFO] [stdout] error: expected identifier, found `:`
[INFO] [stdout]  --> src/lib.rs:110:15
[INFO] [stdout]   |
[INFO] [stdout] 3 | signed_request: Option<String>,
[INFO] [stdout]   |               ^ expected identifier
[INFO] [stdout] 
[INFO] [stdout] error: aborting due to 1 previous error
[INFO] [stdout] 
[INFO] [stdout] Couldn't compile the test.
[INFO] [stdout] ---- src/lib.rs - sign_data_with_bech32 (line 237) stdout ----
[INFO] [stdout] error: struct literal body without path
[INFO] [stdout]  --> src/lib.rs:237:74
[INFO] [stdout]   |
[INFO] [stdout] 2 |   fn main() { #[allow(non_snake_case)] fn _doctest_main_src_lib_rs_237_0() {
[INFO] [stdout]   |  __________________________________________________________________________^
[INFO] [stdout] 3 | | dt: DataSignature | None,
[INFO] [stdout] 4 | | } _doctest_main_src_lib_rs_237_0() }
[INFO] [stdout]   | |_^
[INFO] [stdout]   |
[INFO] [stdout] help: you might have forgotten to add the struct literal inside the block
[INFO] [stdout]   |
[INFO] [stdout] 2 ~ fn main() { #[allow(non_snake_case)] fn _doctest_main_src_lib_rs_237_0() { SomeStruct {
[INFO] [stdout] 3 | dt: DataSignature | None,
[INFO] [stdout] 4 ~ } } _doctest_main_src_lib_rs_237_0() }
[INFO] [stdout]   |
[INFO] [stdout] 
[INFO] [stdout] error: aborting due to 1 previous error
[INFO] [stdout] 
[INFO] [stdout] Couldn't compile the test.
[INFO] [stdout] ---- src/lib.rs - sign_data_with_normal_bytes (line 196) stdout ----
[INFO] [stdout] error: expected identifier, found `:`
[INFO] [stdout]  --> src/lib.rs:197:10
[INFO] [stdout]   |
[INFO] [stdout] 3 | signature:  COSESign1 bytes
[INFO] [stdout]   |          ^ expected identifier
[INFO] [stdout] 
[INFO] [stdout] error: aborting due to 1 previous error
[INFO] [stdout] 
[INFO] [stdout] Couldn't compile the test.
[INFO] [stdout] ---- src/lib.rs - sign_data_with_normal_bytes (line 201) stdout ----
[INFO] [stdout] error: struct literal body without path
[INFO] [stdout]  --> src/lib.rs:201:74
[INFO] [stdout]   |
[INFO] [stdout] 2 |   fn main() { #[allow(non_snake_case)] fn _doctest_main_src_lib_rs_201_0() {
[INFO] [stdout]   |  __________________________________________________________________________^
[INFO] [stdout] 3 | | error: String
[INFO] [stdout] 4 | | } _doctest_main_src_lib_rs_201_0() }
[INFO] [stdout]   | |_^
[INFO] [stdout]   |
[INFO] [stdout] help: you might have forgotten to add the struct literal inside the block
[INFO] [stdout]   |
[INFO] [stdout] 2 ~ fn main() { #[allow(non_snake_case)] fn _doctest_main_src_lib_rs_201_0() { SomeStruct {
[INFO] [stdout] 3 | error: String
[INFO] [stdout] 4 ~ } } _doctest_main_src_lib_rs_201_0() }
[INFO] [stdout]   |
[INFO] [stdout] 
[INFO] [stdout] error: aborting due to 1 previous error
[INFO] [stdout] 
[INFO] [stdout] Couldn't compile the test.
[INFO] [stdout] ---- src/lib.rs - sign_data_with_normal_bytes (line 200) stdout ----
[INFO] [stdout] error: struct literal body without path
[INFO] [stdout]  --> src/lib.rs:200:74
[INFO] [stdout]   |
[INFO] [stdout] 2 |   fn main() { #[allow(non_snake_case)] fn _doctest_main_src_lib_rs_200_0() {
[INFO] [stdout]   |  __________________________________________________________________________^
[INFO] [stdout] 3 | | dt: DataSignature | None,
[INFO] [stdout] 4 | | } _doctest_main_src_lib_rs_200_0() }
[INFO] [stdout]   | |_^
[INFO] [stdout]   |
[INFO] [stdout] help: you might have forgotten to add the struct literal inside the block
[INFO] [stdout]   |
[INFO] [stdout] 2 ~ fn main() { #[allow(non_snake_case)] fn _doctest_main_src_lib_rs_200_0() { SomeStruct {
[INFO] [stdout] 3 | dt: DataSignature | None,
[INFO] [stdout] 4 ~ } } _doctest_main_src_lib_rs_200_0() }
[INFO] [stdout]   |
[INFO] [stdout] 
[INFO] [stdout] error: aborting due to 1 previous error
[INFO] [stdout] 
[INFO] [stdout] Couldn't compile the test.
[INFO] [stdout] ---- src/lib.rs - sign_data_with_bech32 (line 238) stdout ----
[INFO] [stdout] error: struct literal body without path
[INFO] [stdout]  --> src/lib.rs:238:74
[INFO] [stdout]   |
[INFO] [stdout] 2 |   fn main() { #[allow(non_snake_case)] fn _doctest_main_src_lib_rs_238_0() {
[INFO] [stdout]   |  __________________________________________________________________________^
[INFO] [stdout] 3 | | error: String
[INFO] [stdout] 4 | | } _doctest_main_src_lib_rs_238_0() }
[INFO] [stdout]   | |_^
[INFO] [stdout]   |
[INFO] [stdout] help: you might have forgotten to add the struct literal inside the block
[INFO] [stdout]   |
[INFO] [stdout] 2 ~ fn main() { #[allow(non_snake_case)] fn _doctest_main_src_lib_rs_238_0() { SomeStruct {
[INFO] [stdout] 3 | error: String
[INFO] [stdout] 4 ~ } } _doctest_main_src_lib_rs_238_0() }
[INFO] [stdout]   |
[INFO] [stdout] 
[INFO] [stdout] error: aborting due to 1 previous error
[INFO] [stdout] 
[INFO] [stdout] Couldn't compile the test.
[INFO] [stdout] ---- src/lib.rs - sign_data_with_extended_bytes (line 163) stdout ----
[INFO] [stdout] error: struct literal body without path
[INFO] [stdout]  --> src/lib.rs:163:74
[INFO] [stdout]   |
[INFO] [stdout] 2 |   fn main() { #[allow(non_snake_case)] fn _doctest_main_src_lib_rs_163_0() {
[INFO] [stdout]   |  __________________________________________________________________________^
[INFO] [stdout] 3 | | dt: DataSignature | None,
[INFO] [stdout] 4 | | } _doctest_main_src_lib_rs_163_0() }
[INFO] [stdout]   | |_^
[INFO] [stdout]   |
[INFO] [stdout] help: you might have forgotten to add the struct literal inside the block
[INFO] [stdout]   |
[INFO] [stdout] 2 ~ fn main() { #[allow(non_snake_case)] fn _doctest_main_src_lib_rs_163_0() { SomeStruct {
[INFO] [stdout] 3 | dt: DataSignature | None,
[INFO] [stdout] 4 ~ } } _doctest_main_src_lib_rs_163_0() }
[INFO] [stdout]   |
[INFO] [stdout] 
[INFO] [stdout] error: aborting due to 1 previous error
[INFO] [stdout] 
[INFO] [stdout] Couldn't compile the test.
[INFO] [stdout] 
[INFO] [stdout] failures:
[INFO] [stdout]     src/lib.rs - __wasm_bindgen_generated_sign_data_with_bech32__const::__wasm_bindgen_generated_sign_data_with_bech32 (line 233)
[INFO] [stdout]     src/lib.rs - __wasm_bindgen_generated_sign_data_with_bech32__const::__wasm_bindgen_generated_sign_data_with_bech32 (line 234)
[INFO] [stdout]     src/lib.rs - __wasm_bindgen_generated_sign_data_with_bech32__const::__wasm_bindgen_generated_sign_data_with_bech32 (line 237)
[INFO] [stdout]     src/lib.rs - __wasm_bindgen_generated_sign_data_with_bech32__const::__wasm_bindgen_generated_sign_data_with_bech32 (line 238)
[INFO] [stdout]     src/lib.rs - __wasm_bindgen_generated_sign_data_with_extended_bytes__const::__wasm_bindgen_generated_sign_data_with_extended_bytes (line 159)
[INFO] [stdout]     src/lib.rs - __wasm_bindgen_generated_sign_data_with_extended_bytes__const::__wasm_bindgen_generated_sign_data_with_extended_bytes (line 160)
[INFO] [stdout]     src/lib.rs - __wasm_bindgen_generated_sign_data_with_extended_bytes__const::__wasm_bindgen_generated_sign_data_with_extended_bytes (line 163)
[INFO] [stdout]     src/lib.rs - __wasm_bindgen_generated_sign_data_with_extended_bytes__const::__wasm_bindgen_generated_sign_data_with_extended_bytes (line 164)
[INFO] [stdout]     src/lib.rs - __wasm_bindgen_generated_sign_data_with_normal_bytes__const::__wasm_bindgen_generated_sign_data_with_normal_bytes (line 196)
[INFO] [stdout]     src/lib.rs - __wasm_bindgen_generated_sign_data_with_normal_bytes__const::__wasm_bindgen_generated_sign_data_with_normal_bytes (line 197)
[INFO] [stdout]     src/lib.rs - __wasm_bindgen_generated_sign_data_with_normal_bytes__const::__wasm_bindgen_generated_sign_data_with_normal_bytes (line 200)
[INFO] [stdout]     src/lib.rs - __wasm_bindgen_generated_sign_data_with_normal_bytes__const::__wasm_bindgen_generated_sign_data_with_normal_bytes (line 201)
[INFO] [stdout]     src/lib.rs - __wasm_bindgen_generated_sign_request_with_extended_bytes__const::__wasm_bindgen_generated_sign_request_with_extended_bytes (line 109)
[INFO] [stdout]     src/lib.rs - __wasm_bindgen_generated_sign_request_with_extended_bytes__const::__wasm_bindgen_generated_sign_request_with_extended_bytes (line 110)
[INFO] [stdout]     src/lib.rs - sign_data_with_bech32 (line 233)
[INFO] [stdout]     src/lib.rs - sign_data_with_bech32 (line 234)
[INFO] [stdout]     src/lib.rs - sign_data_with_bech32 (line 237)
[INFO] [stdout]     src/lib.rs - sign_data_with_bech32 (line 238)
[INFO] [stdout]     src/lib.rs - sign_data_with_extended_bytes (line 159)
[INFO] [stdout]     src/lib.rs - sign_data_with_extended_bytes (line 160)
[INFO] [stdout]     src/lib.rs - sign_data_with_extended_bytes (line 163)
[INFO] [stdout]     src/lib.rs - sign_data_with_extended_bytes (line 164)
[INFO] [stdout]     src/lib.rs - sign_data_with_normal_bytes (line 196)
[INFO] [stdout]     src/lib.rs - sign_data_with_normal_bytes (line 197)
[INFO] [stdout]     src/lib.rs - sign_data_with_normal_bytes (line 200)
[INFO] [stdout]     src/lib.rs - sign_data_with_normal_bytes (line 201)
[INFO] [stdout]     src/lib.rs - sign_request_with_extended_bytes (line 109)
[INFO] [stdout]     src/lib.rs - sign_request_with_extended_bytes (line 110)
[INFO] [stdout]     src/signatures.rs - signatures::DataSignatureRes (line 12)
[INFO] [stdout]     src/signatures.rs - signatures::DataSignatureRes (line 13)
[INFO] [stdout] 
[INFO] [stdout] test result: FAILED. 0 passed; 30 failed; 0 ignored; 0 measured; 0 filtered out; finished in 0.13s
[INFO] [stdout] 
[INFO] [stderr] error: doctest failed, to rerun pass `--doc`
[INFO] running `Command { std: "docker" "inspect" "1c2e7e63698598686cc5156f232e4011e4b61118e80ac06e79c4a5c60c4d8f87", kill_on_drop: false }`
[INFO] running `Command { std: "docker" "rm" "-f" "1c2e7e63698598686cc5156f232e4011e4b61118e80ac06e79c4a5c60c4d8f87", kill_on_drop: false }`
[INFO] [stdout] 1c2e7e63698598686cc5156f232e4011e4b61118e80ac06e79c4a5c60c4d8f87
